92.184.141.140 - - [14/Sep/2026:11:00:23 +0200] "GET /wp-content/plugins/elementor/assets/js/frontend.min.js?ver=4.2.4 HTTP/1.1" 200 32098 "https://lecocondalfred.fr/" "Mozilla/5.0 (iPhone; CPU iPhone OS 18_7 like Mac OS X) AppleWebKit/605.1.15 (KHTML, like Gecko) Version/18.7.7 Mobile/15E148 Safari/604.1"
92.184.141.140 - - [14/Sep/2026:11:00:23 +0200] "GET /wp-content/plugins/elementor-pro/assets/lib/smartmenus/jquery.smartmenus.min.js?ver=1.2.1 HTTP/1.1" 200 24109 "https://lecocondalfred.fr/" "Mozilla/5.0 (iPhone; CPU iPhone OS 18_7 like Mac OS X) AppleWebKit/605.1.15 (KHTML, like Gecko) Version/18.7.7 Mobile/15E148 Safari/604.1"
92.184.141.140 - - [14/Sep/2026:11:00:23 +0200] "GET /wp-includes/js/imagesloaded.min.js?ver=5.0.0 HTTP/1.1" 200 5520 "https://lecocondalfred.fr/" "Mozilla/5.0 (iPhone; CPU iPhone OS 18_7 like Mac OS X) AppleWebKit/605.1.15 (KHTML, like Gecko) Version/18.7.7 Mobile/15E148 Safari/604.1"
92.184.141.140 - - [14/Sep/2026:11:00:23 +0200] "GET /wp-content/plugins/elementor/assets/lib/swiper/v8/swiper.min.js?ver=8.4.5 HTTP/1.1" 200 143709 "https://lecocondalfred.fr/" "Mozilla/5.0 (iPhone; CPU iPhone OS 18_7 like Mac OS X) AppleWebKit/605.1.15 (KHTML, like Gecko) Version/18.7.7 Mobile/15E148 Safari/604.1"
92.184.141.140 - - [14/Sep/2026:11:00:23 +0200] "GET /wp-content/plugins/wp-smushit/app/assets/js/smush-lazy-load.min.js?ver=4.3.0 HTTP/1.1" 200 23727 "https://lecocondalfred.fr/" "Mozilla/5.0 (iPhone; CPU iPhone OS 18_7 like Mac OS X) AppleWebKit/605.1.15 (KHTML, like Gecko) Version/18.7.7 Mobile/15E148 Safari/604.1"
92.184.141.140 - - [14/Sep/2026:11:00:23 +0200] "GET /wp-content/plugins/wp-consent-api/assets/js/wp-consent-api.min.js?ver=2.0.1 HTTP/1.1" 200 2235 "https://lecocondalfred.fr/" "Mozilla/5.0 (iPhone; CPU iPhone OS 18_7 like Mac OS X) AppleWebKit/605.1.15 (KHTML, like Gecko) Version/18.7.7 Mobile/15E148 Safari/604.1"
92.184.141.140 - - [14/Sep/2026:11:00:23 +0200] "GET /wp-content/plugins/mailpoet/assets/dist/js/public.min.js?ver=5.37.0 HTTP/1.1" 200 121063 "https://lecocondalfred.fr/" "Mozilla/5.0 (iPhone; CPU iPhone OS 18_7 like Mac OS X) AppleWebKit/605.1.15 (KHTML, like Gecko) Version/18.7.7 Mobile/15E148 Safari/604.1"
92.184.141.140 - - [14/Sep/2026:11:00:23 +0200] "GET /wp-content/plugins/elementor-pro/assets/js/webpack-pro.runtime.min.js?ver=4.2.1 HTTP/1.1" 200 6242 "https://lecocondalfred.fr/" "Mozilla/5.0 (iPhone; CPU iPhone OS 18_7 like Mac OS X) AppleWebKit/605.1.15 (KHTML, like Gecko) Version/18.7.7 Mobile/15E148 Safari/604.1"
92.184.141.140 - - [14/Sep/2026:11:00:23 +0200] "GET /wp-includes/js/dist/hooks.min.js?ver=f0f188028580e8dc1255 HTTP/1.1" 200 5107 "https://lecocondalfred.fr/" "Mozilla/5.0 (iPhone; CPU iPhone OS 18_7 like Mac OS X) AppleWebKit/605.1.15 (KHTML, like Gecko) Version/18.7.7 Mobile/15E148 Safari/604.1"
92.184.141.140 - - [14/Sep/2026:11:00:23 +0200] "GET /wp-includes/js/dist/i18n.min.js?ver=1dfe7db3940c23ea9216 HTTP/1.1" 200 5791 "https://lecocondalfred.fr/" "Mozilla/5.0 (iPhone; CPU iPhone OS 18_7 like Mac OS X) AppleWebKit/605.1.15 (KHTML, like Gecko) Version/18.7.7 Mobile/15E148 Safari/604.1"
92.184.141.140 - - [14/Sep/2026:11:00:23 +0200] "GET /wp-content/plugins/elementor-pro/assets/js/frontend.min.js?ver=4.2.1 HTTP/1.1" 200 23939 "https://lecocondalfred.fr/" "Mozilla/5.0 (iPhone; CPU iPhone OS 18_7 like Mac OS X) AppleWebKit/605.1.15 (KHTML, like Gecko) Version/18.7.7 Mobile/15E148 Safari/604.1"
92.184.141.140 - - [14/Sep/2026:11:00:23 +0200] "GET /wp-content/plugins/elementor-pro/assets/js/elements-handlers.min.js?ver=4.2.1 HTTP/1.1" 200 43922 "https://lecocondalfred.fr/" "Mozilla/5.0 (iPhone; CPU iPhone OS 18_7 like Mac OS X) AppleWebKit/605.1.15 (KHTML, like Gecko) Version/18.7.7 Mobile/15E148 Safari/604.1"
92.184.141.140 - - [14/Sep/2026:11:00:23 +0200] "GET /wp-content/uploads/elementor/google-fonts/fonts/roboto-kfo7cnqeu92fr1me7ksn66agldtyluama3yuba.woff2 HTTP/1.1" 200 40128 "https://lecocondalfred.fr/" "Mozilla/5.0 (iPhone; CPU iPhone OS 18_7 like Mac OS X) AppleWebKit/605.1.15 (KHTML, like Gecko) Version/18.7.7 Mobile/15E148 Safari/604.1"
92.184.141.140 - - [14/Sep/2026:11:00:23 +0200] "GET /wp-content/plugins/elementor/assets/lib/eicons/fonts/eicons.woff2?5.53.0 HTTP/1.1" 200 108000 "https://lecocondalfred.fr/" "Mozilla/5.0 (iPhone; CPU iPhone OS 18_7 like Mac OS X) AppleWebKit/605.1.15 (KHTML, like Gecko) Version/18.7.7 Mobile/15E148 Safari/604.1"
92.184.141.140 - - [14/Sep/2026:11:00:23 +0200] "GET /wp-content/uploads/elementor/google-fonts/fonts/roboto-kfo5cnqeu92fr1mu53zec9_vu3r1gihoszmkbnka.woff2 HTTP/1.1" 200 44192 "https://lecocondalfred.fr/" "Mozilla/5.0 (iPhone; CPU iPhone OS 18_7 like Mac OS X) AppleWebKit/605.1.15 (KHTML, like Gecko) Version/18.7.7 Mobile/15E148 Safari/604.1"
92.184.141.140 - - [14/Sep/2026:11:00:23 +0200] "GET /wp-content/plugins/elementor/assets/lib/font-awesome/webfonts/fa-brands-400.woff2 HTTP/1.1" 200 81612 "https://lecocondalfred.fr/" "Mozilla/5.0 (iPhone; CPU iPhone OS 18_7 like Mac OS X) AppleWebKit/605.1.15 (KHTML, like Gecko) Version/18.7.7 Mobile/15E148 Safari/604.1"
92.184.141.140 - - [14/Sep/2026:11:00:23 +0200] "GET /wp-content/uploads/elementor/google-fonts/fonts/alatsi-tk3iwkujaxq2nln2gt8g.woff2 HTTP/1.1" 200 49868 "https://lecocondalfred.fr/" "Mozilla/5.0 (iPhone; CPU iPhone OS 18_7 like Mac OS X) AppleWebKit/605.1.15 (KHTML, like Gecko) Version/18.7.7 Mobile/15E148 Safari/604.1"
92.184.141.140 - - [14/Sep/2026:11:00:23 +0200] "GET /wp-content/uploads/elementor/google-fonts/fonts/baskervville-ya9kr0yu4l_xorogbkun3kqqtamrrvi.woff2 HTTP/1.1" 200 26968 "https://lecocondalfred.fr/" "Mozilla/5.0 (iPhone; CPU iPhone OS 18_7 like Mac OS X) AppleWebKit/605.1.15 (KHTML, like Gecko) Version/18.7.7 Mobile/15E148 Safari/604.1"
92.184.141.140 - - [14/Sep/2026:11:00:23 +0200] "GET /wp-content/uploads/elementor/google-fonts/fonts/alata-pbytfmztewbioce9zqy.woff2 HTTP/1.1" 200 39844 "https://lecocondalfred.fr/" "Mozilla/5.0 (iPhone; CPU iPhone OS 18_7 like Mac OS X) AppleWebKit/605.1.15 (KHTML, like Gecko) Version/18.7.7 Mobile/15E148 Safari/604.1"
92.184.141.140 - - [14/Sep/2026:11:00:23 +0200] "GET /wp-content/uploads/elementor/google-fonts/fonts/actor-weozebbckc5co0ejvsk.woff2 HTTP/1.1" 200 21976 "https://lecocondalfred.fr/" "Mozilla/5.0 (iPhone; CPU iPhone OS 18_7 like Mac OS X) AppleWebKit/605.1.15 (KHTML, like Gecko) Version/18.7.7 Mobile/15E148 Safari/604.1"
92.184.141.140 - - [14/Sep/2026:11:00:23 +0200] "GET /wp-content/plugins/elementor/assets/lib/font-awesome/webfonts/fa-solid-900.woff2 HTTP/1.1" 200 78196 "https://lecocondalfred.fr/" "Mozilla/5.0 (iPhone; CPU iPhone OS 18_7 like Mac OS X) AppleWebKit/605.1.15 (KHTML, like Gecko) Version/18.7.7 Mobile/15E148 Safari/604.1"
109.234.165.65 - - [14/Sep/2026:11:00:23 +0200] "POST /?wordfence_syncAttackData=1789376423.1762 HTTP/1.1" 200 - "-" "WordPress/7.1; https://lecocondalfred.fr"
92.184.141.140 - - [14/Sep/2026:11:00:23 +0200] "GET /wp-content/plugins/google-site-kit/dist/assets/js/googlesitekit-events-provider-content-events-33078016c5e1e9f07c35.js HTTP/1.1" 404 146171 "https://lecocondalfred.fr/" "Mozilla/5.0 (iPhone; CPU iPhone OS 18_7 like Mac OS X) AppleWebKit/605.1.15 (KHTML, like Gecko) Version/18.7.7 Mobile/15E148 Safari/604.1"
92.184.141.140 - - [14/Sep/2026:11:00:23 +0200] "GET /wp-content/plugins/google-site-kit/dist/assets/js/googlesitekit-events-provider-wpforms-063cb453c64ecfd3dafe.js HTTP/1.1" 404 146163 "https://lecocondalfred.fr/" "Mozilla/5.0 (iPhone; CPU iPhone OS 18_7 like Mac OS X) AppleWebKit/605.1.15 (KHTML, like Gecko) Version/18.7.7 Mobile/15E148 Safari/604.1"
92.184.141.140 - - [14/Sep/2026:11:00:22 +0200] "GET /wp-content/plugins/mailpoet/assets/dist/css/mailpoet-public.a7375e83.css?ver=7.1 HTTP/1.1" 404 146127 "https://lecocondalfred.fr/" "Mozilla/5.0 (iPhone; CPU iPhone OS 18_7 like Mac OS X) AppleWebKit/605.1.15 (KHTML, like Gecko) Version/18.7.7 Mobile/15E148 Safari/604.1"
109.234.165.65 - - [14/Sep/2026:11:00:23 +0200] "POST /?wordfence_syncAttackData=1789376423.3045 HTTP/1.1" 200 233955 "-" "WordPress/7.1; https://lecocondalfred.fr"
92.184.141.140 - - [14/Sep/2026:11:00:23 +0200] "GET /wp-content/plugins/google-site-kit/dist/assets/js/googlesitekit-consent-mode-86cb52dcb9f2b27ed244.js HTTP/1.1" 404 146147 "https://lecocondalfred.fr/" "Mozilla/5.0 (iPhone; CPU iPhone OS 18_7 like Mac OS X) AppleWebKit/605.1.15 (KHTML, like Gecko) Version/18.7.7 Mobile/15E148 Safari/604.1"
92.184.141.140 - - [14/Sep/2026:11:00:24 +0200] "GET /wp-content/uploads/2021/10/20211019_175052-3-scaled-e1634679864644.jpg HTTP/1.1" 200 35291 "https://lecocondalfred.fr/" "Mozilla/5.0 (iPhone; CPU iPhone OS 18_7 like Mac OS X) AppleWebKit/605.1.15 (KHTML, like Gecko) Version/18.7.7 Mobile/15E148 Safari/604.1"
92.184.141.140 - - [14/Sep/2026:11:00:24 +0200] "GET /wp-content/uploads/2021/10/PA190119-2-e1634680143122.jpg HTTP/1.1" 200 39843 "https://lecocondalfred.fr/" "Mozilla/5.0 (iPhone; CPU iPhone OS 18_7 like Mac OS X) AppleWebKit/605.1.15 (KHTML, like Gecko) Version/18.7.7 Mobile/15E148 Safari/604.1"
92.184.141.140 - - [14/Sep/2026:11:00:24 +0200] "GET /wp/wp-content/uploads/fbrfg/site.webmanifest HTTP/1.1" 404 146091 "https://lecocondalfred.fr/" "Mozilla/5.0 (iPhone; CPU iPhone OS 18_7 like Mac OS X) AppleWebKit/605.1.15 (KHTML, like Gecko) Version/18.7.7 Mobile/15E148 Safari/604.1"
92.184.141.140 - - [14/Sep/2026:11:00:24 +0200] "GET /wp-content/uploads/2021/10/20211019_174946-2-scaled-e1634679961218.jpg HTTP/1.1" 200 40860 "https://lecocondalfred.fr/" "Mozilla/5.0 (iPhone; CPU iPhone OS 18_7 like Mac OS X) AppleWebKit/605.1.15 (KHTML, like Gecko) Version/18.7.7 Mobile/15E148 Safari/604.1"
92.184.141.140 - - [14/Sep/2026:11:00:24 +0200] "GET /wp-content/uploads/2021/11/elephant-cocon.jpg HTTP/1.1" 200 17428 "https://lecocondalfred.fr/" "Mozilla/5.0 (iPhone; CPU iPhone OS 18_7 like Mac OS X) AppleWebKit/605.1.15 (KHTML, like Gecko) Version/18.7.7 Mobile/15E148 Safari/604.1"
92.184.141.140 - - [14/Sep/2026:11:00:24 +0200] "GET /wp-content/uploads/2023/02/20230213_174801-scaled.jpg HTTP/1.1" 200 441289 "https://lecocondalfred.fr/" "Mozilla/5.0 (iPhone; CPU iPhone OS 18_7 like Mac OS X) AppleWebKit/605.1.15 (KHTML, like Gecko) Version/18.7.7 Mobile/15E148 Safari/604.1"
92.184.141.140 - - [14/Sep/2026:11:00:24 +0200] "GET /wp-content/uploads/2021/09/Image-Footer.jpg HTTP/1.1" 200 65284 "https://lecocondalfred.fr/" "Mozilla/5.0 (iPhone; CPU iPhone OS 18_7 like Mac OS X) AppleWebKit/605.1.15 (KHTML, like Gecko) Version/18.7.7 Mobile/15E148 Safari/604.1"
92.184.141.140 - - [14/Sep/2026:11:00:24 +0200] "GET /wp-content/plugins/elementor/assets/js/section-frontend-handlers.d85ab872da118940910d.bundle.min.js HTTP/1.1" 200 449 "https://lecocondalfred.fr/" "Mozilla/5.0 (iPhone; CPU iPhone OS 18_7 like Mac OS X) AppleWebKit/605.1.15 (KHTML, like Gecko) Version/18.7.7 Mobile/15E148 Safari/604.1"
92.184.141.140 - - [14/Sep/2026:11:00:24 +0200] "GET /wp-content/plugins/elementor/assets/js/shared-frontend-handlers.03caa53373b56d3bab67.bundle.min.js HTTP/1.1" 200 8481 "https://lecocondalfred.fr/" "Mozilla/5.0 (iPhone; CPU iPhone OS 18_7 like Mac OS X) AppleWebKit/605.1.15 (KHTML, like Gecko) Version/18.7.7 Mobile/15E148 Safari/604.1"
92.184.141.140 - - [14/Sep/2026:11:00:24 +0200] "GET /wp-content/plugins/elementor-pro/assets/js/nav-menu.dc8790fd04afa5b6c0a3.bundle.min.js HTTP/1.1" 200 5038 "https://lecocondalfred.fr/" "Mozilla/5.0 (iPhone; CPU iPhone OS 18_7 like Mac OS X) AppleWebKit/605.1.15 (KHTML, like Gecko) Version/18.7.7 Mobile/15E148 Safari/604.1"
92.184.141.140 - - [14/Sep/2026:11:00:24 +0200] "GET /wp-content/plugins/elementor/assets/js/text-editor.45609661e409413f1cef.bundle.min.js HTTP/1.1" 200 1348 "https://lecocondalfred.fr/" "Mozilla/5.0 (iPhone; CPU iPhone OS 18_7 like Mac OS X) AppleWebKit/605.1.15 (KHTML, like Gecko) Version/18.7.7 Mobile/15E148 Safari/604.1"
92.184.141.140 - - [14/Sep/2026:11:00:24 +0200] "GET /wp-content/plugins/elementor-pro/assets/js/slides.8e9b74f1b31471377df8.bundle.min.js HTTP/1.1" 200 3918 "https://lecocondalfred.fr/" "Mozilla/5.0 (iPhone; CPU iPhone OS 18_7 like Mac OS X) AppleWebKit/605.1.15 (KHTML, like Gecko) Version/18.7.7 Mobile/15E148 Safari/604.1"
92.184.141.140 - - [14/Sep/2026:11:00:24 +0200] "GET /wp-includes/js/wp-emoji-release.min.js?ver=7.1 HTTP/1.1" 200 22752 "https://lecocondalfred.fr/" "Mozilla/5.0 (iPhone; CPU iPhone OS 18_7 like Mac OS X) AppleWebKit/605.1.15 (KHTML, like Gecko) Version/18.7.7 Mobile/15E148 Safari/604.1"
92.184.141.140 - - [14/Sep/2026:11:00:25 +0200] "GET /wp-content/plugins/wpfront-scroll-top/includes/assets/icons/116.png HTTP/1.1" 200 543 "https://lecocondalfred.fr/" "Mozilla/5.0 (iPhone; CPU iPhone OS 18_7 like Mac OS X) AppleWebKit/605.1.15 (KHTML, like Gecko) Version/18.7.7 Mobile/15E148 Safari/604.1"
92.184.141.140 - - [14/Sep/2026:11:00:25 +0200] "GET /wp-content/uploads/2021/08/cropped-FAVICON-lecocondalfred-192x192.png HTTP/1.1" 200 1935 "https://lecocondalfred.fr/" "Mozilla/5.0 (iPhone; CPU iPhone OS 18_7 like Mac OS X) AppleWebKit/605.1.15 (KHTML, like Gecko) Version/18.7.7 Mobile/15E148 Safari/604.1"
92.184.141.140 - - [14/Sep/2026:11:00:25 +0200] "GET /wp-content/uploads/2021/08/cropped-FAVICON-lecocondalfred-32x32.png HTTP/1.1" 200 340 "https://lecocondalfred.fr/" "Mozilla/5.0 (iPhone; CPU iPhone OS 18_7 like Mac OS X) AppleWebKit/605.1.15 (KHTML, like Gecko) Version/18.7.7 Mobile/15E148 Safari/604.1"
92.184.141.140 - - [14/Sep/2026:11:00:25 +0200] "GET /wp-content/uploads/2021/10/PA190122-2-scaled-e1634680406494.jpg HTTP/1.1" 200 51984 "https://lecocondalfred.fr/" "Mozilla/5.0 (iPhone; CPU iPhone OS 18_7 like Mac OS X) AppleWebKit/605.1.15 (KHTML, like Gecko) Version/18.7.7 Mobile/15E148 Safari/604.1"
92.184.141.140 - - [14/Sep/2026:11:00:25 +0200] "GET /wp/wp-content/uploads/fbrfg/favicon-32x32.png HTTP/1.1" 404 146095 "https://lecocondalfred.fr/" "Mozilla/5.0 (iPhone; CPU iPhone OS 18_7 like Mac OS X) AppleWebKit/605.1.15 (KHTML, like Gecko) Version/18.7.7 Mobile/15E148 Safari/604.1"
92.184.141.140 - - [14/Sep/2026:11:00:25 +0200] "GET /wp/wp-content/uploads/fbrfg/favicon-16x16.png HTTP/1.1" 404 146095 "https://lecocondalfred.fr/" "Mozilla/5.0 (iPhone; CPU iPhone OS 18_7 like Mac OS X) AppleWebKit/605.1.15 (KHTML, like Gecko) Version/18.7.7 Mobile/15E148 Safari/604.1"
92.184.141.140 - - [14/Sep/2026:11:00:25 +0200] "GET /wp/wp-content/uploads/fbrfg/favicon.ico HTTP/1.1" 404 146087 "https://lecocondalfred.fr/" "Mozilla/5.0 (iPhone; CPU iPhone OS 18_7 like Mac OS X) AppleWebKit/605.1.15 (KHTML, like Gecko) Version/18.7.7 Mobile/15E148 Safari/604.1"
116.102.186.254 - - [14/Sep/2026:11:00:33 +0200] "POST /xmlrpc.php HTTP/1.1" 503 18035 "-" "Jetpack by WordPress.com"
92.184.141.140 - - [14/Sep/2026:11:00:33 +0200] "GET /wp-content/uploads/2021/09/Categorie-enfant.jpg HTTP/1.1" 200 9432 "https://lecocondalfred.fr/" "Mozilla/5.0 (iPhone; CPU iPhone OS 18_7 like Mac OS X) AppleWebKit/605.1.15 (KHTML, like Gecko) Version/18.7.7 Mobile/15E148 Safari/604.1"
92.184.141.140 - - [14/Sep/2026:11:00:34 +0200] "GET /wp-content/uploads/2021/09/Categorie-ados.jpg HTTP/1.1" 200 15340 "https://lecocondalfred.fr/" "Mozilla/5.0 (iPhone; CPU iPhone OS 18_7 like Mac OS X) AppleWebKit/605.1.15 (KHTML, like Gecko) Version/18.7.7 Mobile/15E148 Safari/604.1"
92.184.141.140 - - [14/Sep/2026:11:00:35 +0200] "GET /wp-content/uploads/2021/09/Categorie-famille.jpg HTTP/1.1" 200 11639 "https://lecocondalfred.fr/" "Mozilla/5.0 (iPhone; CPU iPhone OS 18_7 like Mac OS X) AppleWebKit/605.1.15 (KHTML, like Gecko) Version/18.7.7 Mobile/15E148 Safari/604.1"
92.184.141.140 - - [14/Sep/2026:11:00:36 +0200] "GET /wp-content/uploads/2026/09/Line-1-1024x693.jpg HTTP/1.1" 200 93641 "https://lecocondalfred.fr/" "Mozilla/5.0 (iPhone; CPU iPhone OS 18_7 like Mac OS X) AppleWebKit/605.1.15 (KHTML, like Gecko) Version/18.7.7 Mobile/15E148 Safari/604.1"
116.102.186.254 - - [14/Sep/2026:11:00:43 +0200] "POST /xmlrpc.php HTTP/1.1" 503 18035 "-" "Jetpack by WordPress.com (Jetpack 12.0; WordPress 6.2)"
92.184.141.140 - - [14/Sep/2026:11:00:45 +0200] "GET /orthophonistes-du-cocon/ HTTP/1.1" 200 251447 "https://lecocondalfred.fr/" "Mozilla/5.0 (iPhone; CPU iPhone OS 18_7 like Mac OS X) AppleWebKit/605.1.15 (KHTML, like Gecko) Version/18.7.7 Mobile/15E148 Safari/604.1"
92.184.141.140 - - [14/Sep/2026:11:00:45 +0200] "GET /wp-content/plugins/elementor-pro/assets/css/widget-flip-box.min.css?ver=4.2.1 HTTP/1.1" 200 11659 "https://lecocondalfred.fr/orthophonistes-du-cocon/" "Mozilla/5.0 (iPhone; CPU iPhone OS 18_7 like Mac OS X) AppleWebKit/605.1.15 (KHTML, like Gecko) Version/18.7.7 Mobile/15E148 Safari/604.1"
109.234.165.65 - - [14/Sep/2026:11:00:46 +0200] "POST /wp-cron.php?doing_wp_cron=1789376446.5878250598907470703125 HTTP/1.1" 200 - "-" "WordPress/7.1; https://lecocondalfred.fr"
109.234.165.65 - - [14/Sep/2026:11:00:46 +0200] "POST /?wordfence_syncAttackData=1789376446.1391 HTTP/1.1" 200 - "-" "WordPress/7.1; https://lecocondalfred.fr"
109.234.165.65 - - [14/Sep/2026:11:00:46 +0200] "POST /?wordfence_syncAttackData=1789376446.1391 HTTP/1.1" 200 - "-" "WordPress/7.1; https://lecocondalfred.fr"
109.234.165.65 - - [14/Sep/2026:11:00:46 +0200] "POST /?wordfence_syncAttackData=1789376446.1175 HTTP/1.1" 200 233955 "-" "WordPress/7.1; https://lecocondalfred.fr"
92.184.141.140 - - [14/Sep/2026:11:00:45 +0200] "GET /wp-content/plugins/google-site-kit/dist/assets/js/googlesitekit-events-provider-wpforms-063cb453c64ecfd3dafe.js HTTP/1.1" 404 146163 "https://lecocondalfred.fr/orthophonistes-du-cocon/" "Mozilla/5.0 (iPhone; CPU iPhone OS 18_7 like Mac OS X) AppleWebKit/605.1.15 (KHTML, like Gecko) Version/18.7.7 Mobile/15E148 Safari/604.1"
92.184.141.140 - - [14/Sep/2026:11:00:45 +0200] "GET /wp-content/plugins/google-site-kit/dist/assets/js/googlesitekit-events-provider-content-events-33078016c5e1e9f07c35.js HTTP/1.1" 404 146171 "https://lecocondalfred.fr/orthophonistes-du-cocon/" "Mozilla/5.0 (iPhone; CPU iPhone OS 18_7 like Mac OS X) AppleWebKit/605.1.15 (KHTML, like Gecko) Version/18.7.7 Mobile/15E148 Safari/604.1"
92.184.141.140 - - [14/Sep/2026:11:00:45 +0200] "GET /wp-content/plugins/google-site-kit/dist/assets/js/googlesitekit-consent-mode-86cb52dcb9f2b27ed244.js HTTP/1.1" 404 146147 "https://lecocondalfred.fr/orthophonistes-du-cocon/" "Mozilla/5.0 (iPhone; CPU iPhone OS 18_7 like Mac OS X) AppleWebKit/605.1.15 (KHTML, like Gecko) Version/18.7.7 Mobile/15E148 Safari/604.1"
92.184.141.140 - - [14/Sep/2026:11:00:47 +0200] "GET /wp-content/uploads/2025/09/IMG_20250915_104859-scaled-e1757927670336.jpg HTTP/1.1" 200 67731 "https://lecocondalfred.fr/orthophonistes-du-cocon/" "Mozilla/5.0 (iPhone; CPU iPhone OS 18_7 like Mac OS X) AppleWebKit/605.1.15 (KHTML, like Gecko) Version/18.7.7 Mobile/15E148 Safari/604.1"
92.184.141.140 - - [14/Sep/2026:11:00:47 +0200] "GET /wp-content/uploads/2024/09/DSC00457.jpg HTTP/1.1" 200 207472 "https://lecocondalfred.fr/orthophonistes-du-cocon/" "Mozilla/5.0 (iPhone; CPU iPhone OS 18_7 like Mac OS X) AppleWebKit/605.1.15 (KHTML, like Gecko) Version/18.7.7 Mobile/15E148 Safari/604.1"
92.184.141.140 - - [14/Sep/2026:11:00:47 +0200] "GET /wp-content/uploads/2024/09/DSC00517.jpg HTTP/1.1" 200 304030 "https://lecocondalfred.fr/orthophonistes-du-cocon/" "Mozilla/5.0 (iPhone; CPU iPhone OS 18_7 like Mac OS X) AppleWebKit/605.1.15 (KHTML, like Gecko) Version/18.7.7 Mobile/15E148 Safari/604.1"
92.184.141.140 - - [14/Sep/2026:11:00:47 +0200] "GET /wp/wp-content/uploads/fbrfg/site.webmanifest HTTP/1.1" 404 146091 "https://lecocondalfred.fr/orthophonistes-du-cocon/" "Mozilla/5.0 (iPhone; CPU iPhone OS 18_7 like Mac OS X) AppleWebKit/605.1.15 (KHTML, like Gecko) Version/18.7.7 Mobile/15E148 Safari/604.1"
116.102.186.254 - - [14/Sep/2026:11:00:54 +0200] "POST /xmlrpc.php HTTP/1.1" 503 18035 "-" "Jetpack/12.1; WordPress/6.4; http://site15518406.com"
116.102.186.254 - - [14/Sep/2026:11:00:54 +0200] "POST /xmlrpc.php HTTP/1.1" 503 18035 "-" "Jetpack/12.1; WordPress/6.4; http://site15518406.com"
92.184.141.140 - - [14/Sep/2026:11:00:57 +0200] "GET /eulalie-brobbel-dorsman-orthophoniste/ HTTP/1.1" 200 268503 "https://lecocondalfred.fr/orthophonistes-du-cocon/" "Mozilla/5.0 (iPhone; CPU iPhone OS 18_7 like Mac OS X) AppleWebKit/605.1.15 (KHTML, like Gecko) Version/18.7.7 Mobile/15E148 Safari/604.1"
92.184.141.140 - - [14/Sep/2026:11:00:57 +0200] "GET /wp-content/plugins/elementor/assets/lib/animations/styles/fadeInLeft.min.css?ver=4.2.4 HTTP/1.1" 200 137 "https://lecocondalfred.fr/eulalie-brobbel-dorsman-orthophoniste/" "Mozilla/5.0 (iPhone; CPU iPhone OS 18_7 like Mac OS X) AppleWebKit/605.1.15 (KHTML, like Gecko) Version/18.7.7 Mobile/15E148 Safari/604.1"
92.184.141.140 - - [14/Sep/2026:11:00:57 +0200] "GET /wp-content/plugins/elementor/assets/css/widget-accordion.min.css?ver=4.2.4 HTTP/1.1" 200 1744 "https://lecocondalfred.fr/eulalie-brobbel-dorsman-orthophoniste/" "Mozilla/5.0 (iPhone; CPU iPhone OS 18_7 like Mac OS X) AppleWebKit/605.1.15 (KHTML, like Gecko) Version/18.7.7 Mobile/15E148 Safari/604.1"
92.184.141.140 - - [14/Sep/2026:11:00:57 +0200] "GET /wp-content/plugins/elementor-pro/assets/css/widget-form.min.css?ver=4.2.1 HTTP/1.1" 200 6797 "https://lecocondalfred.fr/eulalie-brobbel-dorsman-orthophoniste/" "Mozilla/5.0 (iPhone; CPU iPhone OS 18_7 like Mac OS X) AppleWebKit/605.1.15 (KHTML, like Gecko) Version/18.7.7 Mobile/15E148 Safari/604.1"
92.184.141.140 - - [14/Sep/2026:11:00:58 +0200] "GET /wp-content/uploads/elementor/google-fonts/fonts/baskervville-ya9ur0yu4l_xorogbkun3kqqsjmp.woff2 HTTP/1.1" 200 24992 "https://lecocondalfred.fr/" "Mozilla/5.0 (iPhone; CPU iPhone OS 18_7 like Mac OS X) AppleWebKit/605.1.15 (KHTML, like Gecko) Version/18.7.7 Mobile/15E148 Safari/604.1"
109.234.165.65 - - [14/Sep/2026:11:00:58 +0200] "POST /?wordfence_syncAttackData=1789376458.1697 HTTP/1.1" 200 - "-" "WordPress/7.1; https://lecocondalfred.fr"
109.234.165.65 - - [14/Sep/2026:11:00:58 +0200] "POST /wp-cron.php?doing_wp_cron=1789376458.6014399528503417968750 HTTP/1.1" 200 - "-" "WordPress/7.1; https://lecocondalfred.fr"
109.234.165.65 - - [14/Sep/2026:11:00:58 +0200] "POST /?wordfence_syncAttackData=1789376458.1696 HTTP/1.1" 200 - "-" "WordPress/7.1; https://lecocondalfred.fr"
109.234.165.65 - - [14/Sep/2026:11:00:58 +0200] "POST /?wordfence_syncAttackData=1789376458.1928 HTTP/1.1" 200 233955 "-" "WordPress/7.1; https://lecocondalfred.fr"
92.184.141.140 - - [14/Sep/2026:11:00:57 +0200] "GET /wp-content/plugins/google-site-kit/dist/assets/js/googlesitekit-events-provider-content-events-33078016c5e1e9f07c35.js HTTP/1.1" 404 146171 "https://lecocondalfred.fr/eulalie-brobbel-dorsman-orthophoniste/" "Mozilla/5.0 (iPhone; CPU iPhone OS 18_7 like Mac OS X) AppleWebKit/605.1.15 (KHTML, like Gecko) Version/18.7.7 Mobile/15E148 Safari/604.1"
92.184.141.140 - - [14/Sep/2026:11:00:57 +0200] "GET /wp-content/plugins/google-site-kit/dist/assets/js/googlesitekit-consent-mode-86cb52dcb9f2b27ed244.js HTTP/1.1" 404 146147 "https://lecocondalfred.fr/eulalie-brobbel-dorsman-orthophoniste/" "Mozilla/5.0 (iPhone; CPU iPhone OS 18_7 like Mac OS X) AppleWebKit/605.1.15 (KHTML, like Gecko) Version/18.7.7 Mobile/15E148 Safari/604.1"
109.234.165.65 - - [14/Sep/2026:11:00:59 +0200] "POST /wp-cron.php?doing_wp_cron=1789376459.2790079116821289062500 HTTP/1.1" 200 - "-" "WordPress/7.1; https://lecocondalfred.fr"
92.184.141.140 - - [14/Sep/2026:11:00:57 +0200] "GET /wp-content/plugins/google-site-kit/dist/assets/js/googlesitekit-events-provider-wpforms-063cb453c64ecfd3dafe.js HTTP/1.1" 404 146163 "https://lecocondalfred.fr/eulalie-brobbel-dorsman-orthophoniste/" "Mozilla/5.0 (iPhone; CPU iPhone OS 18_7 like Mac OS X) AppleWebKit/605.1.15 (KHTML, like Gecko) Version/18.7.7 Mobile/15E148 Safari/604.1"
92.184.141.140 - - [14/Sep/2026:11:00:59 +0200] "GET /wp-content/plugins/elementor/assets/js/accordion.8b0db5058afeb74622f5.bundle.min.js HTTP/1.1" 200 3739 "https://lecocondalfred.fr/eulalie-brobbel-dorsman-orthophoniste/" "Mozilla/5.0 (iPhone; CPU iPhone OS 18_7 like Mac OS X) AppleWebKit/605.1.15 (KHTML, like Gecko) Version/18.7.7 Mobile/15E148 Safari/604.1"
92.184.141.140 - - [14/Sep/2026:11:00:59 +0200] "GET /wp-content/plugins/elementor-pro/assets/js/form.cfd61a9174be80f835c6.bundle.min.js HTTP/1.1" 200 19710 "https://lecocondalfred.fr/eulalie-brobbel-dorsman-orthophoniste/" "Mozilla/5.0 (iPhone; CPU iPhone OS 18_7 like Mac OS X) AppleWebKit/605.1.15 (KHTML, like Gecko) Version/18.7.7 Mobile/15E148 Safari/604.1"
92.184.141.140 - - [14/Sep/2026:11:00:59 +0200] "GET /wp-content/plugins/elementor-pro/assets/js/popup.61d4fcab8891b2e07802.bundle.min.js HTTP/1.1" 200 746 "https://lecocondalfred.fr/eulalie-brobbel-dorsman-orthophoniste/" "Mozilla/5.0 (iPhone; CPU iPhone OS 18_7 like Mac OS X) AppleWebKit/605.1.15 (KHTML, like Gecko) Version/18.7.7 Mobile/15E148 Safari/604.1"
92.184.141.140 - - [14/Sep/2026:11:00:59 +0200] "GET /wp-content/uploads/2026/07/IMG_1172-1152x1536.jpeg HTTP/1.1" 200 224676 "https://lecocondalfred.fr/eulalie-brobbel-dorsman-orthophoniste/" "Mozilla/5.0 (iPhone; CPU iPhone OS 18_7 like Mac OS X) AppleWebKit/605.1.15 (KHTML, like Gecko) Version/18.7.7 Mobile/15E148 Safari/604.1"
92.184.141.140 - - [14/Sep/2026:11:00:59 +0200] "GET /wp-content/uploads/2021/10/EULALIE-BOBBELS-DORMAN-540x670-1.jpg HTTP/1.1" 200 114745 "https://lecocondalfred.fr/eulalie-brobbel-dorsman-orthophoniste/" "Mozilla/5.0 (iPhone; CPU iPhone OS 18_7 like Mac OS X) AppleWebKit/605.1.15 (KHTML, like Gecko) Version/18.7.7 Mobile/15E148 Safari/604.1"
92.184.141.140 - - [14/Sep/2026:11:00:59 +0200] "GET /wp/wp-content/uploads/fbrfg/site.webmanifest HTTP/1.1" 404 146091 "https://lecocondalfred.fr/eulalie-brobbel-dorsman-orthophoniste/" "Mozilla/5.0 (iPhone; CPU iPhone OS 18_7 like Mac OS X) AppleWebKit/605.1.15 (KHTML, like Gecko) Version/18.7.7 Mobile/15E148 Safari/604.1"
92.184.125.27 - - [14/Sep/2026:11:01:00 +0200] "GET /sabine-damongeot-orientation-scolaire-professionnelle/ HTTP/1.1" 200 274284 "https://lecocondalfred.fr/nos-professionnels/" "Mozilla/5.0 (iPhone; CPU iPhone OS 26_6_1 like Mac OS X) AppleWebKit/605.1.15 (KHTML, like Gecko) EdgiOS/152.0.4191.65 Version/26.0 Mobile/15E148 Safari/604.1"
92.184.125.27 - - [14/Sep/2026:11:01:00 +0200] "GET /wp-content/plugins/google-site-kit/dist/assets/js/googlesitekit-consent-mode-86cb52dcb9f2b27ed244.js HTTP/1.1" 404 146147 "https://lecocondalfred.fr/sabine-damongeot-orientation-scolaire-professionnelle/" "Mozilla/5.0 (iPhone; CPU iPhone OS 26_6_1 like Mac OS X) AppleWebKit/605.1.15 (KHTML, like Gecko) EdgiOS/152.0.4191.65 Version/26.0 Mobile/15E148 Safari/604.1"
92.184.125.27 - - [14/Sep/2026:11:01:00 +0200] "GET /wp-content/plugins/google-site-kit/dist/assets/js/googlesitekit-events-provider-wpforms-063cb453c64ecfd3dafe.js HTTP/1.1" 404 146163 "https://lecocondalfred.fr/sabine-damongeot-orientation-scolaire-professionnelle/" "Mozilla/5.0 (iPhone; CPU iPhone OS 26_6_1 like Mac OS X) AppleWebKit/605.1.15 (KHTML, like Gecko) EdgiOS/152.0.4191.65 Version/26.0 Mobile/15E148 Safari/604.1"
92.184.125.27 - - [14/Sep/2026:11:01:00 +0200] "GET /wp-content/plugins/google-site-kit/dist/assets/js/googlesitekit-events-provider-content-events-33078016c5e1e9f07c35.js HTTP/1.1" 404 146171 "https://lecocondalfred.fr/sabine-damongeot-orientation-scolaire-professionnelle/" "Mozilla/5.0 (iPhone; CPU iPhone OS 26_6_1 like Mac OS X) AppleWebKit/605.1.15 (KHTML, like Gecko) EdgiOS/152.0.4191.65 Version/26.0 Mobile/15E148 Safari/604.1"
92.184.125.27 - - [14/Sep/2026:11:01:01 +0200] "GET /wp/wp-content/uploads/fbrfg/site.webmanifest HTTP/1.1" 404 146091 "https://lecocondalfred.fr/sabine-damongeot-orientation-scolaire-professionnelle/" "Mozilla/5.0 (iPhone; CPU iPhone OS 26_6_1 like Mac OS X) AppleWebKit/605.1.15 (KHTML, like Gecko) EdgiOS/152.0.4191.65 Version/26.0 Mobile/15E148 Safari/604.1"
92.184.125.27 - - [14/Sep/2026:11:01:01 +0200] "GET /wp/wp-content/uploads/fbrfg/apple-touch-icon.png HTTP/1.1" 404 146099 "-" "Mozilla/5.0 (iPhone; CPU iPhone OS 26_6_1 like Mac OS X) AppleWebKit/605.1.15 (KHTML, like Gecko) EdgiOS/152.0.4191.65 Version/26.0 Mobile/15E148 Safari/604.1"
116.102.186.254 - - [14/Sep/2026:11:01:04 +0200] "POST /xmlrpc.php HTTP/1.1" 503 18035 "-" "Jetpack/13.0; WordPress/6.1; http://site91805146.com"
116.102.186.254 - - [14/Sep/2026:11:01:04 +0200] "POST /xmlrpc.php HTTP/1.1" 503 18035 "-" "Jetpack/13.0; WordPress/6.1; http://site91805146.com"
92.184.125.27 - - [14/Sep/2026:11:01:04 +0200] "GET /sabine-damongeot-orientation-scolaire-professionnelle/ HTTP/1.1" 200 274284 "https://lecocondalfred.fr/nos-professionnels/" "Mozilla/5.0 (iPhone; CPU iPhone OS 26_6_1 like Mac OS X) AppleWebKit/605.1.15 (KHTML, like Gecko) EdgiOS/152.0.4191.65 Version/26.0 Mobile/15E148 Safari/604.1"
92.184.125.27 - - [14/Sep/2026:11:01:05 +0200] "GET /wp-content/plugins/google-site-kit/dist/assets/js/googlesitekit-consent-mode-86cb52dcb9f2b27ed244.js HTTP/1.1" 404 146147 "https://lecocondalfred.fr/sabine-damongeot-orientation-scolaire-professionnelle/" "Mozilla/5.0 (iPhone; CPU iPhone OS 26_6_1 like Mac OS X) AppleWebKit/605.1.15 (KHTML, like Gecko) EdgiOS/152.0.4191.65 Version/26.0 Mobile/15E148 Safari/604.1"
92.184.125.27 - - [14/Sep/2026:11:01:05 +0200] "GET /wp-content/plugins/google-site-kit/dist/assets/js/googlesitekit-events-provider-wpforms-063cb453c64ecfd3dafe.js HTTP/1.1" 404 146163 "https://lecocondalfred.fr/sabine-damongeot-orientation-scolaire-professionnelle/" "Mozilla/5.0 (iPhone; CPU iPhone OS 26_6_1 like Mac OS X) AppleWebKit/605.1.15 (KHTML, like Gecko) EdgiOS/152.0.4191.65 Version/26.0 Mobile/15E148 Safari/604.1"
92.184.125.27 - - [14/Sep/2026:11:01:05 +0200] "GET /wp-content/plugins/google-site-kit/dist/assets/js/googlesitekit-events-provider-content-events-33078016c5e1e9f07c35.js HTTP/1.1" 404 146171 "https://lecocondalfred.fr/sabine-damongeot-orientation-scolaire-professionnelle/" "Mozilla/5.0 (iPhone; CPU iPhone OS 26_6_1 like Mac OS X) AppleWebKit/605.1.15 (KHTML, like Gecko) EdgiOS/152.0.4191.65 Version/26.0 Mobile/15E148 Safari/604.1"
92.184.125.27 - - [14/Sep/2026:11:01:05 +0200] "GET /wp/wp-content/uploads/fbrfg/site.webmanifest HTTP/1.1" 404 146091 "https://lecocondalfred.fr/sabine-damongeot-orientation-scolaire-professionnelle/" "Mozilla/5.0 (iPhone; CPU iPhone OS 26_6_1 like Mac OS X) AppleWebKit/605.1.15 (KHTML, like Gecko) EdgiOS/152.0.4191.65 Version/26.0 Mobile/15E148 Safari/604.1"
92.184.125.27 - - [14/Sep/2026:11:01:06 +0200] "GET /favicon.ico HTTP/1.1" 302 - "-" "Mozilla/5.0 (iPhone; CPU iPhone OS 26_6_1 like Mac OS X) AppleWebKit/605.1.15 (KHTML, like Gecko) EdgiOS/152.0.4191.65 Version/26.0 Mobile/15E148 Safari/604.1"
92.184.125.27 - - [14/Sep/2026:11:01:06 +0200] "GET /wp-content/uploads/2021/08/cropped-FAVICON-lecocondalfred-32x32.png HTTP/1.1" 200 340 "-" "Mozilla/5.0 (iPhone; CPU iPhone OS 26_6_1 like Mac OS X) AppleWebKit/605.1.15 (KHTML, like Gecko) EdgiOS/152.0.4191.65 Version/26.0 Mobile/15E148 Safari/604.1"
116.102.186.254 - - [14/Sep/2026:11:01:15 +0200] "POST /xmlrpc.php HTTP/1.1" 503 18035 "-" "Jetpack/13.0; WordPress/6.3; http://site97691074.com"
116.102.186.254 - - [14/Sep/2026:11:01:15 +0200] "POST /xmlrpc.php HTTP/1.1" 503 18035 "-" "Jetpack/13.0; WordPress/6.3; http://site97691074.com"
116.102.186.254 - - [14/Sep/2026:11:01:25 +0200] "POST /xmlrpc.php HTTP/1.1" 503 18035 "-" "Jetpack/13.0; WordPress/6.3; http://site68845242.com"
116.102.186.254 - - [14/Sep/2026:11:01:25 +0200] "POST /xmlrpc.php HTTP/1.1" 503 18035 "-" "Jetpack/13.0; WordPress/6.3; http://site68845242.com"
92.184.141.140 - - [14/Sep/2026:11:01:26 +0200] "GET /orthophonistes-du-cocon/ HTTP/1.1" 200 251447 "https://lecocondalfred.fr/" "Mozilla/5.0 (iPhone; CPU iPhone OS 18_7 like Mac OS X) AppleWebKit/605.1.15 (KHTML, like Gecko) Version/18.7.7 Mobile/15E148 Safari/604.1"
109.234.165.65 - - [14/Sep/2026:11:01:27 +0200] "POST /?wordfence_syncAttackData=1789376487.0346 HTTP/1.1" 200 - "-" "WordPress/7.1; https://lecocondalfred.fr"
92.184.141.140 - - [14/Sep/2026:11:01:26 +0200] "GET /wp/wp-content/uploads/fbrfg/site.webmanifest HTTP/1.1" 404 146091 "https://lecocondalfred.fr/orthophonistes-du-cocon/" "Mozilla/5.0 (iPhone; CPU iPhone OS 18_7 like Mac OS X) AppleWebKit/605.1.15 (KHTML, like Gecko) Version/18.7.7 Mobile/15E148 Safari/604.1"
92.184.141.140 - - [14/Sep/2026:11:01:31 +0200] "GET /laure-elziere/ HTTP/1.1" 200 267971 "https://lecocondalfred.fr/orthophonistes-du-cocon/" "Mozilla/5.0 (iPhone; CPU iPhone OS 18_7 like Mac OS X) AppleWebKit/605.1.15 (KHTML, like Gecko) Version/18.7.7 Mobile/15E148 Safari/604.1"
92.184.141.140 - - [14/Sep/2026:11:01:31 +0200] "GET /wp-content/plugins/elementor/assets/lib/animations/styles/fadeInRight.min.css?ver=4.2.4 HTTP/1.1" 200 139 "https://lecocondalfred.fr/laure-elziere/" "Mozilla/5.0 (iPhone; CPU iPhone OS 18_7 like Mac OS X) AppleWebKit/605.1.15 (KHTML, like Gecko) Version/18.7.7 Mobile/15E148 Safari/604.1"
92.184.141.140 - - [14/Sep/2026:11:01:31 +0200] "GET /wp-content/uploads/elementor/google-fonts/fonts/robotocondensed-ievl2zhzi2ecn5jzbjeets9weq8-19k7dq.woff2 HTTP/1.1" 200 51404 "https://lecocondalfred.fr/" "Mozilla/5.0 (iPhone; CPU iPhone OS 18_7 like Mac OS X) AppleWebKit/605.1.15 (KHTML, like Gecko) Version/18.7.7 Mobile/15E148 Safari/604.1"
92.184.141.140 - - [14/Sep/2026:11:01:31 +0200] "GET /wp-content/plugins/google-site-kit/dist/assets/js/googlesitekit-events-provider-content-events-33078016c5e1e9f07c35.js HTTP/1.1" 404 146171 "https://lecocondalfred.fr/laure-elziere/" "Mozilla/5.0 (iPhone; CPU iPhone OS 18_7 like Mac OS X) AppleWebKit/605.1.15 (KHTML, like Gecko) Version/18.7.7 Mobile/15E148 Safari/604.1"
92.184.141.140 - - [14/Sep/2026:11:01:31 +0200] "GET /wp-content/plugins/google-site-kit/dist/assets/js/googlesitekit-consent-mode-86cb52dcb9f2b27ed244.js HTTP/1.1" 404 146147 "https://lecocondalfred.fr/laure-elziere/" "Mozilla/5.0 (iPhone; CPU iPhone OS 18_7 like Mac OS X) AppleWebKit/605.1.15 (KHTML, like Gecko) Version/18.7.7 Mobile/15E148 Safari/604.1"
92.184.141.140 - - [14/Sep/2026:11:01:31 +0200] "GET /wp-content/uploads/2025/09/IMG_20250915_104859-1-scaled-e1757926776521-1218x1536.jpg HTTP/1.1" 200 400873 "https://lecocondalfred.fr/laure-elziere/" "Mozilla/5.0 (iPhone; CPU iPhone OS 18_7 like Mac OS X) AppleWebKit/605.1.15 (KHTML, like Gecko) Version/18.7.7 Mobile/15E148 Safari/604.1"
92.184.141.140 - - [14/Sep/2026:11:01:31 +0200] "GET /wp-content/plugins/google-site-kit/dist/assets/js/googlesitekit-events-provider-wpforms-063cb453c64ecfd3dafe.js HTTP/1.1" 404 146163 "https://lecocondalfred.fr/laure-elziere/" "Mozilla/5.0 (iPhone; CPU iPhone OS 18_7 like Mac OS X) AppleWebKit/605.1.15 (KHTML, like Gecko) Version/18.7.7 Mobile/15E148 Safari/604.1"
92.184.141.140 - - [14/Sep/2026:11:01:31 +0200] "GET /wp/wp-content/uploads/fbrfg/site.webmanifest HTTP/1.1" 404 146091 "https://lecocondalfred.fr/laure-elziere/" "Mozilla/5.0 (iPhone; CPU iPhone OS 18_7 like Mac OS X) AppleWebKit/605.1.15 (KHTML, like Gecko) Version/18.7.7 Mobile/15E148 Safari/604.1"
116.102.186.254 - - [14/Sep/2026:11:01:37 +0200] "POST /xmlrpc.php HTTP/1.1" 503 18035 "-" "Jetpack/12.0; WordPress/6.3; http://site10379960.com"
116.102.186.254 - - [14/Sep/2026:11:01:37 +0200] "POST /xmlrpc.php HTTP/1.1" 503 18035 "-" "Jetpack/12.0; WordPress/6.3; http://site10379960.com"
116.102.186.254 - - [14/Sep/2026:11:01:47 +0200] "POST /xmlrpc.php HTTP/1.1" 503 18035 "-" "Jetpack/13.0; WordPress/6.4; http://site59616628.com"
116.102.186.254 - - [14/Sep/2026:11:01:47 +0200] "POST /xmlrpc.php HTTP/1.1" 503 18035 "-" "Jetpack/13.0; WordPress/6.4; http://site59616628.com"
92.184.141.140 - - [14/Sep/2026:11:01:48 +0200] "GET /orthophonistes-du-cocon/ HTTP/1.1" 200 251447 "https://lecocondalfred.fr/" "Mozilla/5.0 (iPhone; CPU iPhone OS 18_7 like Mac OS X) AppleWebKit/605.1.15 (KHTML, like Gecko) Version/18.7.7 Mobile/15E148 Safari/604.1"
109.234.165.65 - - [14/Sep/2026:11:01:48 +0200] "POST /?wordfence_syncAttackData=1789376508.9396 HTTP/1.1" 200 - "-" "WordPress/7.1; https://lecocondalfred.fr"
92.184.141.140 - - [14/Sep/2026:11:01:48 +0200] "GET /wp/wp-content/uploads/fbrfg/site.webmanifest HTTP/1.1" 404 146091 "https://lecocondalfred.fr/orthophonistes-du-cocon/" "Mozilla/5.0 (iPhone; CPU iPhone OS 18_7 like Mac OS X) AppleWebKit/605.1.15 (KHTML, like Gecko) Version/18.7.7 Mobile/15E148 Safari/604.1"
92.184.141.140 - - [14/Sep/2026:11:01:52 +0200] "GET /delphine-courtier/ HTTP/1.1" 301 - "https://lecocondalfred.fr/orthophonistes-du-cocon/" "Mozilla/5.0 (iPhone; CPU iPhone OS 18_7 like Mac OS X) AppleWebKit/605.1.15 (KHTML, like Gecko) Version/18.7.7 Mobile/15E148 Safari/604.1"
92.184.141.140 - - [14/Sep/2026:11:01:53 +0200] "GET /delphine-courtier-orthophoniste/ HTTP/1.1" 200 270725 "https://lecocondalfred.fr/orthophonistes-du-cocon/" "Mozilla/5.0 (iPhone; CPU iPhone OS 18_7 like Mac OS X) AppleWebKit/605.1.15 (KHTML, like Gecko) Version/18.7.7 Mobile/15E148 Safari/604.1"
92.184.141.140 - - [14/Sep/2026:11:01:53 +0200] "GET /wp-content/plugins/elementor/assets/css/widget-menu-anchor.min.css?ver=4.2.4 HTTP/1.1" 200 69 "https://lecocondalfred.fr/delphine-courtier-orthophoniste/" "Mozilla/5.0 (iPhone; CPU iPhone OS 18_7 like Mac OS X) AppleWebKit/605.1.15 (KHTML, like Gecko) Version/18.7.7 Mobile/15E148 Safari/604.1"
92.184.141.140 - - [14/Sep/2026:11:01:53 +0200] "GET /wp-content/plugins/elementor/assets/css/widget-image-gallery.min.css?ver=4.2.4 HTTP/1.1" 200 2419 "https://lecocondalfred.fr/delphine-courtier-orthophoniste/" "Mozilla/5.0 (iPhone; CPU iPhone OS 18_7 like Mac OS X) AppleWebKit/605.1.15 (KHTML, like Gecko) Version/18.7.7 Mobile/15E148 Safari/604.1"
92.184.141.140 - - [14/Sep/2026:11:01:53 +0200] "GET /wp-content/themes/astra/assets/css/minified/galleries.min.css?ver=4.13.10 HTTP/1.1" 200 1051 "https://lecocondalfred.fr/delphine-courtier-orthophoniste/" "Mozilla/5.0 (iPhone; CPU iPhone OS 18_7 like Mac OS X) AppleWebKit/605.1.15 (KHTML, like Gecko) Version/18.7.7 Mobile/15E148 Safari/604.1"
92.184.141.140 - - [14/Sep/2026:11:01:53 +0200] "GET /wp-content/plugins/google-site-kit/dist/assets/js/googlesitekit-consent-mode-86cb52dcb9f2b27ed244.js HTTP/1.1" 404 146147 "https://lecocondalfred.fr/delphine-courtier-orthophoniste/" "Mozilla/5.0 (iPhone; CPU iPhone OS 18_7 like Mac OS X) AppleWebKit/605.1.15 (KHTML, like Gecko) Version/18.7.7 Mobile/15E148 Safari/604.1"
92.184.141.140 - - [14/Sep/2026:11:01:53 +0200] "GET /wp-content/plugins/google-site-kit/dist/assets/js/googlesitekit-events-provider-content-events-33078016c5e1e9f07c35.js HTTP/1.1" 404 146171 "https://lecocondalfred.fr/delphine-courtier-orthophoniste/" "Mozilla/5.0 (iPhone; CPU iPhone OS 18_7 like Mac OS X) AppleWebKit/605.1.15 (KHTML, like Gecko) Version/18.7.7 Mobile/15E148 Safari/604.1"
92.184.141.140 - - [14/Sep/2026:11:01:53 +0200] "GET /wp-content/plugins/google-site-kit/dist/assets/js/googlesitekit-events-provider-wpforms-063cb453c64ecfd3dafe.js HTTP/1.1" 404 146163 "https://lecocondalfred.fr/delphine-courtier-orthophoniste/" "Mozilla/5.0 (iPhone; CPU iPhone OS 18_7 like Mac OS X) AppleWebKit/605.1.15 (KHTML, like Gecko) Version/18.7.7 Mobile/15E148 Safari/604.1"
92.184.141.140 - - [14/Sep/2026:11:01:54 +0200] "GET /wp-content/plugins/elementor/assets/js/397f2d183c19202777d6.bundle.min.js HTTP/1.1" 200 23933 "https://lecocondalfred.fr/delphine-courtier-orthophoniste/" "Mozilla/5.0 (iPhone; CPU iPhone OS 18_7 like Mac OS X) AppleWebKit/605.1.15 (KHTML, like Gecko) Version/18.7.7 Mobile/15E148 Safari/604.1"
92.184.141.140 - - [14/Sep/2026:11:01:54 +0200] "GET /wp-content/plugins/elementor/assets/js/lightbox.3f9b3a051b2336dd5372.bundle.min.js HTTP/1.1" 200 29496 "https://lecocondalfred.fr/delphine-courtier-orthophoniste/" "Mozilla/5.0 (iPhone; CPU iPhone OS 18_7 like Mac OS X) AppleWebKit/605.1.15 (KHTML, like Gecko) Version/18.7.7 Mobile/15E148 Safari/604.1"
92.184.141.140 - - [14/Sep/2026:11:01:54 +0200] "GET /wp-content/plugins/elementor/assets/lib/dialog/dialog.min.js?ver=4.9.3 HTTP/1.1" 200 11622 "https://lecocondalfred.fr/delphine-courtier-orthophoniste/" "Mozilla/5.0 (iPhone; CPU iPhone OS 18_7 like Mac OS X) AppleWebKit/605.1.15 (KHTML, like Gecko) Version/18.7.7 Mobile/15E148 Safari/604.1"
92.184.141.140 - - [14/Sep/2026:11:01:54 +0200] "GET /wp-content/plugins/elementor/assets/css/conditionals/dialog.min.css?ver=4.2.4 HTTP/1.1" 200 16528 "https://lecocondalfred.fr/delphine-courtier-orthophoniste/" "Mozilla/5.0 (iPhone; CPU iPhone OS 18_7 like Mac OS X) AppleWebKit/605.1.15 (KHTML, like Gecko) Version/18.7.7 Mobile/15E148 Safari/604.1"
92.184.141.140 - - [14/Sep/2026:11:01:54 +0200] "GET /wp-content/plugins/elementor/assets/lib/share-link/share-link.min.js?ver=4.2.4 HTTP/1.1" 200 2752 "https://lecocondalfred.fr/delphine-courtier-orthophoniste/" "Mozilla/5.0 (iPhone; CPU iPhone OS 18_7 like Mac OS X) AppleWebKit/605.1.15 (KHTML, like Gecko) Version/18.7.7 Mobile/15E148 Safari/604.1"
92.184.141.140 - - [14/Sep/2026:11:01:54 +0200] "GET /wp-content/plugins/elementor/assets/css/conditionals/lightbox.min.css?ver=4.2.4 HTTP/1.1" 200 11305 "https://lecocondalfred.fr/delphine-courtier-orthophoniste/" "Mozilla/5.0 (iPhone; CPU iPhone OS 18_7 like Mac OS X) AppleWebKit/605.1.15 (KHTML, like Gecko) Version/18.7.7 Mobile/15E148 Safari/604.1"
92.184.141.140 - - [14/Sep/2026:11:01:54 +0200] "GET /wp/wp-content/uploads/fbrfg/site.webmanifest HTTP/1.1" 404 146091 "https://lecocondalfred.fr/delphine-courtier-orthophoniste/" "Mozilla/5.0 (iPhone; CPU iPhone OS 18_7 like Mac OS X) AppleWebKit/605.1.15 (KHTML, like Gecko) Version/18.7.7 Mobile/15E148 Safari/604.1"
116.102.186.254 - - [14/Sep/2026:11:01:58 +0200] "POST /xmlrpc.php HTTP/1.1" 503 18035 "-" "Jetpack by WordPress.com (Jetpack 13.0; WordPress 6.3)"
116.102.186.254 - - [14/Sep/2026:11:01:58 +0200] "POST /xmlrpc.php HTTP/1.1" 503 18035 "-" "Jetpack by WordPress.com (Jetpack 13.0; WordPress 6.3)"
92.184.141.140 - - [14/Sep/2026:11:01:58 +0200] "GET /wp-content/uploads/2021/10/les-champs-intervention-orthophoniste.png HTTP/1.1" 200 79716 "https://lecocondalfred.fr/delphine-courtier-orthophoniste/" "Mozilla/5.0 (iPhone; CPU iPhone OS 18_7 like Mac OS X) AppleWebKit/605.1.15 (KHTML, like Gecko) Version/18.7.7 Mobile/15E148 Safari/604.1"
116.102.186.254 - - [14/Sep/2026:11:02:08 +0200] "POST /xmlrpc.php HTTP/1.1" 503 18035 "-" "WordPress.com; https://wordpress.com"
116.102.186.254 - - [14/Sep/2026:11:02:08 +0200] "POST /xmlrpc.php HTTP/1.1" 503 18035 "-" "WordPress.com; https://wordpress.com"
116.102.186.254 - - [14/Sep/2026:11:02:19 +0200] "POST /xmlrpc.php HTTP/1.1" 503 18035 "-" "WordPress.com; https://wordpress.com"
116.102.186.254 - - [14/Sep/2026:11:02:19 +0200] "POST /xmlrpc.php HTTP/1.1" 503 18035 "-" "WordPress.com; https://wordpress.com"
116.102.186.254 - - [14/Sep/2026:11:02:29 +0200] "POST /xmlrpc.php HTTP/1.1" 503 18035 "-" "Jetpack/12.0; WordPress/6.1; http://site18486050.com"
116.102.186.254 - - [14/Sep/2026:11:02:29 +0200] "POST /xmlrpc.php HTTP/1.1" 503 18035 "-" "Jetpack/12.0; WordPress/6.1; http://site18486050.com"
116.102.186.254 - - [14/Sep/2026:11:02:40 +0200] "POST /xmlrpc.php HTTP/1.1" 503 18035 "-" "Jetpack by WordPress.com"
116.102.186.254 - - [14/Sep/2026:11:02:40 +0200] "POST /xmlrpc.php HTTP/1.1" 503 18035 "-" "Jetpack by WordPress.com"
116.102.186.254 - - [14/Sep/2026:11:02:50 +0200] "POST /xmlrpc.php HTTP/1.1" 503 18035 "-" "WordPress.com; https://wordpress.com"
116.102.186.254 - - [14/Sep/2026:11:02:50 +0200] "POST /xmlrpc.php HTTP/1.1" 503 18035 "-" "WordPress.com; https://wordpress.com"
116.102.186.254 - - [14/Sep/2026:11:03:02 +0200] "POST /xmlrpc.php HTTP/1.1" 503 18035 "-" "Jetpack/12.1; WordPress/6.3; http://site88515260.com"
116.102.186.254 - - [14/Sep/2026:11:03:02 +0200] "POST /xmlrpc.php HTTP/1.1" 503 18035 "-" "Jetpack/12.1; WordPress/6.3; http://site88515260.com"
116.102.186.254 - - [14/Sep/2026:11:03:11 +0200] "POST /xmlrpc.php HTTP/1.1" 503 18035 "-" "Jetpack by WordPress.com (Jetpack 12.5; WordPress 6.3)"
116.102.186.254 - - [14/Sep/2026:11:03:11 +0200] "POST /xmlrpc.php HTTP/1.1" 503 18035 "-" "Jetpack by WordPress.com (Jetpack 12.5; WordPress 6.3)"
116.102.186.254 - - [14/Sep/2026:11:03:23 +0200] "POST /xmlrpc.php HTTP/1.1" 503 18035 "-" "WordPress.com; https://wordpress.com"
116.102.186.254 - - [14/Sep/2026:11:03:23 +0200] "POST /xmlrpc.php HTTP/1.1" 503 18035 "-" "WordPress.com; https://wordpress.com"
116.102.186.254 - - [14/Sep/2026:11:03:33 +0200] "POST /xmlrpc.php HTTP/1.1" 503 18035 "-" "Jetpack by WordPress.com"
116.102.186.254 - - [14/Sep/2026:11:03:33 +0200] "POST /xmlrpc.php HTTP/1.1" 503 18035 "-" "Jetpack by WordPress.com"
116.102.186.254 - - [14/Sep/2026:11:03:44 +0200] "POST /xmlrpc.php HTTP/1.1" 503 18035 "-" "WordPress.com; https://wordpress.com"
116.102.186.254 - - [14/Sep/2026:11:03:44 +0200] "POST /xmlrpc.php HTTP/1.1" 503 18035 "-" "WordPress.com; https://wordpress.com"
116.102.186.254 - - [14/Sep/2026:11:03:54 +0200] "POST /xmlrpc.php HTTP/1.1" 503 18035 "-" "WordPress.com; https://wordpress.com"
116.102.186.254 - - [14/Sep/2026:11:03:54 +0200] "POST /xmlrpc.php HTTP/1.1" 503 18035 "-" "WordPress.com; https://wordpress.com"
104.28.62.12 - - [14/Sep/2026:11:03:56 +0200] "GET / HTTP/1.1" 200 224621 "-" "Mozilla/5.0 (iPhone; CPU iPhone OS 18_7 like Mac OS X) AppleWebKit/605.1.15 (KHTML, like Gecko) Version/26.5.2 Mobile/15E148 Safari/604.1"
104.28.62.12 - - [14/Sep/2026:11:03:56 +0200] "GET /wp-content/plugins/cookie-law-info/legacy/public/css/cookie-law-info-gdpr.css?ver=3.5.5 HTTP/1.1" 200 27203 "https://lecocondalfred.fr/" "Mozilla/5.0 (iPhone; CPU iPhone OS 18_7 like Mac OS X) AppleWebKit/605.1.15 (KHTML, like Gecko) Version/26.5.2 Mobile/15E148 Safari/604.1"
104.28.62.12 - - [14/Sep/2026:11:03:56 +0200] "GET /wp-content/plugins/the-events-calendar/build/css/tribe-events-single-full.css?ver=6.17.2 HTTP/1.1" 200 21027 "https://lecocondalfred.fr/" "Mozilla/5.0 (iPhone; CPU iPhone OS 18_7 like Mac OS X) AppleWebKit/605.1.15 (KHTML, like Gecko) Version/26.5.2 Mobile/15E148 Safari/604.1"
104.28.62.12 - - [14/Sep/2026:11:03:56 +0200] "GET /wp-content/plugins/the-events-calendar/build/css/integrations/plugins/elementor/widgets/widget-base.css?ver=6.17.2 HTTP/1.1" 200 1128 "https://lecocondalfred.fr/" "Mozilla/5.0 (iPhone; CPU iPhone OS 18_7 like Mac OS X) AppleWebKit/605.1.15 (KHTML, like Gecko) Version/26.5.2 Mobile/15E148 Safari/604.1"
51.195.183.41 - - [14/Sep/2026:11:03:58 +0200] "GET /diplomes-de-decembre-en-graphopedagogie/ HTTP/1.1" 200 178543 "-" "Mozilla/5.0 (compatible; AhrefsBot/7.0; +http://ahrefs.com/robot/)"
116.102.186.254 - - [14/Sep/2026:11:04:05 +0200] "POST /xmlrpc.php HTTP/1.1" 503 18035 "-" "WordPress.com; https://wordpress.com"
116.102.186.254 - - [14/Sep/2026:11:04:05 +0200] "POST /xmlrpc.php HTTP/1.1" 503 18035 "-" "WordPress.com; https://wordpress.com"
116.102.186.254 - - [14/Sep/2026:11:04:15 +0200] "POST /xmlrpc.php HTTP/1.1" 503 18035 "-" "WordPress.com; https://wordpress.com"
116.102.186.254 - - [14/Sep/2026:11:04:15 +0200] "POST /xmlrpc.php HTTP/1.1" 503 18035 "-" "WordPress.com; https://wordpress.com"
116.102.186.254 - - [14/Sep/2026:11:04:26 +0200] "POST /xmlrpc.php HTTP/1.1" 503 18035 "-" "Jetpack by WordPress.com (Jetpack 13.0; WordPress 6.4)"
116.102.186.254 - - [14/Sep/2026:11:04:26 +0200] "POST /xmlrpc.php HTTP/1.1" 503 18035 "-" "Jetpack by WordPress.com (Jetpack 13.0; WordPress 6.4)"
116.102.186.254 - - [14/Sep/2026:11:04:36 +0200] "POST /xmlrpc.php HTTP/1.1" 503 18035 "-" "Jetpack/13.0; WordPress/6.1; http://site38150450.com"
116.102.186.254 - - [14/Sep/2026:11:04:36 +0200] "POST /xmlrpc.php HTTP/1.1" 503 18035 "-" "Jetpack/13.0; WordPress/6.1; http://site38150450.com"
109.234.165.65 - - [14/Sep/2026:11:04:48 +0200] "POST /wp-cron.php?doing_wp_cron=1789376688.8677439689636230468750 HTTP/1.1" 200 - "-" "WordPress/7.1; https://lecocondalfred.fr"
109.234.165.65 - - [14/Sep/2026:11:04:48 +0200] "POST /?wordfence_syncAttackData=1789376688.3171 HTTP/1.1" 200 - "-" "WordPress/7.1; https://lecocondalfred.fr"
109.234.165.65 - - [14/Sep/2026:11:04:49 +0200] "POST /wp-cron.php?doing_wp_cron=1789376689.1269009113311767578125 HTTP/1.1" 200 - "-" "WordPress/7.1; https://lecocondalfred.fr"
109.234.165.65 - - [14/Sep/2026:11:04:48 +0200] "POST /?wordfence_syncAttackData=1789376688.3381 HTTP/1.1" 200 233955 "-" "WordPress/7.1; https://lecocondalfred.fr"
109.234.165.65 - - [14/Sep/2026:11:04:49 +0200] "POST /wp-cron.php?doing_wp_cron=1789376689.2629070281982421875000 HTTP/1.1" 200 - "-" "WordPress/7.1; https://lecocondalfred.fr"
116.102.186.254 - - [14/Sep/2026:11:04:48 +0200] "POST /xmlrpc.php HTTP/1.1" 404 138354 "-" "Jetpack by WordPress.com (Jetpack 12.0; WordPress 6.4)"
109.234.165.65 - - [14/Sep/2026:11:04:49 +0200] "POST /wp-cron.php?doing_wp_cron=1789376689.5405960083007812500000 HTTP/1.1" 200 - "-" "WordPress/7.1; https://lecocondalfred.fr"
116.102.186.254 - - [14/Sep/2026:11:04:48 +0200] "POST /xmlrpc.php HTTP/1.1" 404 138354 "-" "Jetpack by WordPress.com (Jetpack 12.0; WordPress 6.4)"
109.234.165.65 - - [14/Sep/2026:11:04:58 +0200] "POST /wp-cron.php?doing_wp_cron=1789376698.4243769645690917968750 HTTP/1.1" 200 - "-" "WordPress/7.1; https://lecocondalfred.fr"
109.234.165.65 - - [14/Sep/2026:11:04:58 +0200] "POST /wp-cron.php?doing_wp_cron=1789376698.4243459701538085937500 HTTP/1.1" 200 - "-" "WordPress/7.1; https://lecocondalfred.fr"
116.102.186.254 - - [14/Sep/2026:11:04:57 +0200] "POST /xmlrpc.php HTTP/1.1" 404 138354 "-" "WordPress.com; https://wordpress.com"
116.102.186.254 - - [14/Sep/2026:11:04:57 +0200] "POST /xmlrpc.php HTTP/1.1" 404 138354 "-" "WordPress.com; https://wordpress.com"
116.102.186.254 - - [14/Sep/2026:11:05:09 +0200] "POST /xmlrpc.php HTTP/1.1" 404 138354 "-" "Jetpack by WordPress.com"
116.102.186.254 - - [14/Sep/2026:11:05:09 +0200] "POST /xmlrpc.php HTTP/1.1" 404 138354 "-" "Jetpack by WordPress.com"
116.102.186.254 - - [14/Sep/2026:11:05:19 +0200] "POST /xmlrpc.php HTTP/1.1" 404 138354 "-" "Jetpack by WordPress.com (Jetpack 12.1; WordPress 6.1)"
