78.123.100.37 - - [14/Sep/2026:09:40:20 +0200] "GET /wp-content/plugins/bookly-responsive-appointment-booking-tool/backend/resources/tailwind/tailwind.css?ver=28.0 HTTP/1.1" 200 218377 "https://lecocondalfred.fr/prendre-rendez-vous/" "Mozilla/5.0 (Macintosh; Intel Mac OS X 10_15_7) AppleWebKit/537.36 (KHTML, like Gecko) Chrome/151.0.0.0 Safari/537.36"
78.123.100.37 - - [14/Sep/2026:09:40:20 +0200] "GET /wp-content/plugins/bookly-responsive-appointment-booking-tool/frontend/resources/js/bookly.min.js?ver=28.0 HTTP/1.1" 200 243408 "https://lecocondalfred.fr/prendre-rendez-vous/" "Mozilla/5.0 (Macintosh; Intel Mac OS X 10_15_7) AppleWebKit/537.36 (KHTML, like Gecko) Chrome/151.0.0.0 Safari/537.36"
78.123.100.37 - - [14/Sep/2026:09:40:20 +0200] "GET /wp-content/plugins/bookly-responsive-appointment-booking-tool/frontend/resources/js/intlTelInput.min.js?ver=28.0 HTTP/1.1" 200 292952 "https://lecocondalfred.fr/prendre-rendez-vous/" "Mozilla/5.0 (Macintosh; Intel Mac OS X 10_15_7) AppleWebKit/537.36 (KHTML, like Gecko) Chrome/151.0.0.0 Safari/537.36"
78.123.100.37 - - [14/Sep/2026:09:40:20 +0200] "GET /wp-content/plugins/google-site-kit/dist/assets/js/googlesitekit-consent-mode-755f1678e260138d789e.js HTTP/1.1" 200 73097 "https://lecocondalfred.fr/prendre-rendez-vous/" "Mozilla/5.0 (Macintosh; Intel Mac OS X 10_15_7) AppleWebKit/537.36 (KHTML, like Gecko) Chrome/151.0.0.0 Safari/537.36"
78.123.100.37 - - [14/Sep/2026:09:40:20 +0200] "GET /wp-content/uploads/2021/11/reservations.jpg HTTP/1.1" 200 151872 "https://lecocondalfred.fr/prendre-rendez-vous/" "Mozilla/5.0 (Macintosh; Intel Mac OS X 10_15_7) AppleWebKit/537.36 (KHTML, like Gecko) Chrome/151.0.0.0 Safari/537.36"
78.123.100.37 - - [14/Sep/2026:09:40:20 +0200] "GET /wp-content/uploads/elementor/google-fonts/fonts/baloo2-wxkre3ktposypryd51jcaa.woff2 HTTP/1.1" 200 32676 "https://lecocondalfred.fr/wp-content/uploads/elementor/google-fonts/css/baloo2.css?ver=1742478820" "Mozilla/5.0 (Macintosh; Intel Mac OS X 10_15_7) AppleWebKit/537.36 (KHTML, like Gecko) Chrome/151.0.0.0 Safari/537.36"
78.123.100.37 - - [14/Sep/2026:09:40:20 +0200] "POST /wp-admin/admin-ajax.php HTTP/1.1" 200 88 "https://lecocondalfred.fr/prendre-rendez-vous/" "Mozilla/5.0 (Macintosh; Intel Mac OS X 10_15_7) AppleWebKit/537.36 (KHTML, like Gecko) Chrome/151.0.0.0 Safari/537.36"
78.123.100.37 - - [14/Sep/2026:09:40:20 +0200] "GET /wp/wp-content/uploads/fbrfg/site.webmanifest HTTP/1.1" 404 146080 "https://lecocondalfred.fr/prendre-rendez-vous/" "Mozilla/5.0 (Macintosh; Intel Mac OS X 10_15_7) AppleWebKit/537.36 (KHTML, like Gecko) Chrome/151.0.0.0 Safari/537.36"
78.123.100.37 - - [14/Sep/2026:09:40:21 +0200] "GET /wp-content/uploads/2023/09/Copie-de-Succulents-and-Cactus-Daily-Agenda-Slide-2.jpg HTTP/1.1" 200 200296 "https://lecocondalfred.fr/prendre-rendez-vous/" "Mozilla/5.0 (Macintosh; Intel Mac OS X 10_15_7) AppleWebKit/537.36 (KHTML, like Gecko) Chrome/151.0.0.0 Safari/537.36"
78.123.100.37 - - [14/Sep/2026:09:40:21 +0200] "GET /wp-admin/admin-ajax.php?action=bookly_render_service&form_id=fc5127d09f34e026b8af797245db49f8&new_chain=true&csrf_token=4d0610f653 HTTP/1.1" 200 32160 "https://lecocondalfred.fr/prendre-rendez-vous/" "Mozilla/5.0 (Macintosh; Intel Mac OS X 10_15_7) AppleWebKit/537.36 (KHTML, like Gecko) Chrome/151.0.0.0 Safari/537.36"
78.123.100.37 - - [14/Sep/2026:09:40:24 +0200] "GET /wp-content/plugins/bookly-responsive-appointment-booking-tool/frontend/resources/css/fonts/bootstrap-icons.woff2?dd67030699838ea613ee6dbda90effa6 HTTP/1.1" 200 130396 "https://lecocondalfred.fr/wp-content/plugins/bookly-responsive-appointment-booking-tool/frontend/resources/css/bootstrap-icons.min.css?ver=28.0" "Mozilla/5.0 (Macintosh; Intel Mac OS X 10_15_7) AppleWebKit/537.36 (KHTML, like Gecko) Chrome/151.0.0.0 Safari/537.36"
78.123.100.37 - - [14/Sep/2026:09:40:32 +0200] "POST /wp-admin/admin-ajax.php HTTP/1.1" 200 16 "https://lecocondalfred.fr/prendre-rendez-vous/" "Mozilla/5.0 (Macintosh; Intel Mac OS X 10_15_7) AppleWebKit/537.36 (KHTML, like Gecko) Chrome/151.0.0.0 Safari/537.36"
78.123.100.37 - - [14/Sep/2026:09:40:34 +0200] "GET /wp-admin/admin-ajax.php?action=bookly_render_time&form_id=fc5127d09f34e026b8af797245db49f8&csrf_token=4d0610f653 HTTP/1.1" 200 9409 "https://lecocondalfred.fr/prendre-rendez-vous/" "Mozilla/5.0 (Macintosh; Intel Mac OS X 10_15_7) AppleWebKit/537.36 (KHTML, like Gecko) Chrome/151.0.0.0 Safari/537.36"
78.123.100.37 - - [14/Sep/2026:09:40:37 +0200] "GET /wp-admin/admin-ajax.php?action=bookly_render_time&form_id=fc5127d09f34e026b8af797245db49f8&selected_date=2026-10-01&dir=next&csrf_token=4d0610f653 HTTP/1.1" 200 12567 "https://lecocondalfred.fr/prendre-rendez-vous/" "Mozilla/5.0 (Macintosh; Intel Mac OS X 10_15_7) AppleWebKit/537.36 (KHTML, like Gecko) Chrome/151.0.0.0 Safari/537.36"
78.123.100.37 - - [14/Sep/2026:09:40:38 +0200] "GET /wp-admin/admin-ajax.php?action=bookly_render_time&form_id=fc5127d09f34e026b8af797245db49f8&selected_date=2026-11-01&dir=next&csrf_token=4d0610f653 HTTP/1.1" 200 12494 "https://lecocondalfred.fr/prendre-rendez-vous/" "Mozilla/5.0 (Macintosh; Intel Mac OS X 10_15_7) AppleWebKit/537.36 (KHTML, like Gecko) Chrome/151.0.0.0 Safari/537.36"
78.123.100.37 - - [14/Sep/2026:09:40:40 +0200] "GET /wp-admin/admin-ajax.php?action=bookly_render_time&form_id=fc5127d09f34e026b8af797245db49f8&selected_date=2026-12-01&dir=next&csrf_token=4d0610f653 HTTP/1.1" 200 8668 "https://lecocondalfred.fr/prendre-rendez-vous/" "Mozilla/5.0 (Macintosh; Intel Mac OS X 10_15_7) AppleWebKit/537.36 (KHTML, like Gecko) Chrome/151.0.0.0 Safari/537.36"
78.123.100.37 - - [14/Sep/2026:09:40:42 +0200] "GET /wp-admin/admin-ajax.php?action=bookly_render_time&form_id=fc5127d09f34e026b8af797245db49f8&selected_date=2027-01-01&dir=next&csrf_token=4d0610f653 HTTP/1.1" 200 12357 "https://lecocondalfred.fr/prendre-rendez-vous/" "Mozilla/5.0 (Macintosh; Intel Mac OS X 10_15_7) AppleWebKit/537.36 (KHTML, like Gecko) Chrome/151.0.0.0 Safari/537.36"
78.123.100.37 - - [14/Sep/2026:09:40:45 +0200] "POST /wp-admin/admin-ajax.php HTTP/1.1" 200 16 "https://lecocondalfred.fr/prendre-rendez-vous/" "Mozilla/5.0 (Macintosh; Intel Mac OS X 10_15_7) AppleWebKit/537.36 (KHTML, like Gecko) Chrome/151.0.0.0 Safari/537.36"
78.123.100.37 - - [14/Sep/2026:09:40:46 +0200] "GET /wp-admin/admin-ajax.php?action=bookly_render_details&form_id=fc5127d09f34e026b8af797245db49f8&add_to_cart=true&csrf_token=4d0610f653 HTTP/1.1" 200 5403 "https://lecocondalfred.fr/prendre-rendez-vous/" "Mozilla/5.0 (Macintosh; Intel Mac OS X 10_15_7) AppleWebKit/537.36 (KHTML, like Gecko) Chrome/151.0.0.0 Safari/537.36"
78.123.100.37 - - [14/Sep/2026:09:40:46 +0200] "GET /wp-content/plugins/bookly-responsive-appointment-booking-tool/frontend/resources/images/flags@2x.png HTTP/1.1" 200 183962 "https://lecocondalfred.fr/wp-content/plugins/bookly-responsive-appointment-booking-tool/backend/resources/tailwind/tailwind.css?ver=28.0" "Mozilla/5.0 (Macintosh; Intel Mac OS X 10_15_7) AppleWebKit/537.36 (KHTML, like Gecko) Chrome/151.0.0.0 Safari/537.36"
78.123.100.37 - - [14/Sep/2026:09:41:06 +0200] "POST /wp-admin/admin-ajax.php HTTP/1.1" 200 16 "https://lecocondalfred.fr/prendre-rendez-vous/" "Mozilla/5.0 (Macintosh; Intel Mac OS X 10_15_7) AppleWebKit/537.36 (KHTML, like Gecko) Chrome/151.0.0.0 Safari/537.36"
78.123.100.37 - - [14/Sep/2026:09:41:06 +0200] "POST /wp-admin/admin-ajax.php HTTP/1.1" 200 32 "https://lecocondalfred.fr/prendre-rendez-vous/" "Mozilla/5.0 (Macintosh; Intel Mac OS X 10_15_7) AppleWebKit/537.36 (KHTML, like Gecko) Chrome/151.0.0.0 Safari/537.36"
78.123.100.37 - - [14/Sep/2026:09:41:07 +0200] "POST /wp-admin/admin-ajax.php HTTP/1.1" 200 16 "https://lecocondalfred.fr/prendre-rendez-vous/" "Mozilla/5.0 (Macintosh; Intel Mac OS X 10_15_7) AppleWebKit/537.36 (KHTML, like Gecko) Chrome/151.0.0.0 Safari/537.36"
78.123.100.37 - - [14/Sep/2026:09:41:08 +0200] "GET /wp-admin/admin-ajax.php?action=bookly_render_complete&form_id=fc5127d09f34e026b8af797245db49f8&csrf_token=4d0610f653 HTTP/1.1" 200 1486 "https://lecocondalfred.fr/prendre-rendez-vous/" "Mozilla/5.0 (Macintosh; Intel Mac OS X 10_15_7) AppleWebKit/537.36 (KHTML, like Gecko) Chrome/151.0.0.0 Safari/537.36"
109.234.165.65 - - [14/Sep/2026:09:41:36 +0200] "POST /wp-cron.php?doing_wp_cron=1789371696.2332620620727539062500 HTTP/1.1" 200 - "-" "WordPress/7.1; https://lecocondalfred.fr"
160.79.106.163 - - [14/Sep/2026:09:41:35 +0200] "POST /wp-json/royal-mcp/v1 HTTP/1.1" 400 125 "-" "Claude-User"
160.79.106.163 - - [14/Sep/2026:09:41:36 +0200] "POST /wp-json/royal-mcp/v1 HTTP/1.1" 200 165 "-" "Claude-User"
160.79.106.163 - - [14/Sep/2026:09:41:37 +0200] "POST /wp-json/royal-mcp/v1 HTTP/1.1" 202 - "-" "Claude-User"
160.79.106.163 - - [14/Sep/2026:09:41:38 +0200] "POST /wp-json/royal-mcp/v1 HTTP/1.1" 200 65999 "-" "Claude-User"
109.234.165.65 - - [14/Sep/2026:09:42:25 +0200] "POST /wp-cron.php?doing_wp_cron=1789371745.4183959960937500000000 HTTP/1.1" 200 - "-" "WordPress/7.1; https://lecocondalfred.fr"
78.123.100.37 - - [14/Sep/2026:09:42:24 +0200] "GET /wp-admin/admin-ajax.php?action=bookly_render_service&form_id=fc5127d09f34e026b8af797245db49f8&reset_form=true&new_chain=true&csrf_token=4d0610f653 HTTP/1.1" 200 32160 "https://lecocondalfred.fr/prendre-rendez-vous/" "Mozilla/5.0 (Macintosh; Intel Mac OS X 10_15_7) AppleWebKit/537.36 (KHTML, like Gecko) Chrome/151.0.0.0 Safari/537.36"
78.123.100.37 - - [14/Sep/2026:09:42:32 +0200] "POST /wp-admin/admin-ajax.php HTTP/1.1" 200 16 "https://lecocondalfred.fr/prendre-rendez-vous/" "Mozilla/5.0 (Macintosh; Intel Mac OS X 10_15_7) AppleWebKit/537.36 (KHTML, like Gecko) Chrome/151.0.0.0 Safari/537.36"
78.123.100.37 - - [14/Sep/2026:09:42:34 +0200] "GET /wp-admin/admin-ajax.php?action=bookly_render_time&form_id=fc5127d09f34e026b8af797245db49f8&csrf_token=4d0610f653 HTTP/1.1" 200 9409 "https://lecocondalfred.fr/prendre-rendez-vous/" "Mozilla/5.0 (Macintosh; Intel Mac OS X 10_15_7) AppleWebKit/537.36 (KHTML, like Gecko) Chrome/151.0.0.0 Safari/537.36"
109.234.165.65 - - [14/Sep/2026:09:42:53 +0200] "POST /wp-cron.php?doing_wp_cron=1789371773.5700469017028808593750 HTTP/1.1" 200 - "-" "WordPress/7.1; https://lecocondalfred.fr"
78.123.100.37 - - [14/Sep/2026:09:42:52 +0200] "GET /wp-admin/admin-ajax.php?action=bookly_render_time&form_id=fc5127d09f34e026b8af797245db49f8&selected_date=2026-10-01&dir=next&csrf_token=4d0610f653 HTTP/1.1" 200 12567 "https://lecocondalfred.fr/prendre-rendez-vous/" "Mozilla/5.0 (Macintosh; Intel Mac OS X 10_15_7) AppleWebKit/537.36 (KHTML, like Gecko) Chrome/151.0.0.0 Safari/537.36"
78.123.100.37 - - [14/Sep/2026:09:43:14 +0200] "GET /wp-admin/admin-ajax.php?action=bookly_render_time&form_id=fc5127d09f34e026b8af797245db49f8&selected_date=2026-11-01&dir=next&csrf_token=4d0610f653 HTTP/1.1" 200 12494 "https://lecocondalfred.fr/prendre-rendez-vous/" "Mozilla/5.0 (Macintosh; Intel Mac OS X 10_15_7) AppleWebKit/537.36 (KHTML, like Gecko) Chrome/151.0.0.0 Safari/537.36"
78.123.100.37 - - [14/Sep/2026:09:43:30 +0200] "GET /wp-admin/admin-ajax.php?action=bookly_render_time&form_id=fc5127d09f34e026b8af797245db49f8&selected_date=2026-12-01&dir=next&csrf_token=4d0610f653 HTTP/1.1" 200 8668 "https://lecocondalfred.fr/prendre-rendez-vous/" "Mozilla/5.0 (Macintosh; Intel Mac OS X 10_15_7) AppleWebKit/537.36 (KHTML, like Gecko) Chrome/151.0.0.0 Safari/537.36"
78.123.100.37 - - [14/Sep/2026:09:43:43 +0200] "GET /wp-admin/admin-ajax.php?action=bookly_render_time&form_id=fc5127d09f34e026b8af797245db49f8&selected_date=2027-01-01&dir=next&csrf_token=4d0610f653 HTTP/1.1" 200 12363 "https://lecocondalfred.fr/prendre-rendez-vous/" "Mozilla/5.0 (Macintosh; Intel Mac OS X 10_15_7) AppleWebKit/537.36 (KHTML, like Gecko) Chrome/151.0.0.0 Safari/537.36"
109.234.165.65 - - [14/Sep/2026:09:43:52 +0200] "POST /wp-cron.php?doing_wp_cron=1789371832.6008889675140380859375 HTTP/1.1" 200 - "-" "WordPress/7.1; https://lecocondalfred.fr"
78.123.100.37 - - [14/Sep/2026:09:43:51 +0200] "GET /wp-admin/admin-ajax.php?action=bookly_render_time&form_id=fc5127d09f34e026b8af797245db49f8&selected_date=2027-02-01&dir=next&csrf_token=4d0610f653 HTTP/1.1" 200 10930 "https://lecocondalfred.fr/prendre-rendez-vous/" "Mozilla/5.0 (Macintosh; Intel Mac OS X 10_15_7) AppleWebKit/537.36 (KHTML, like Gecko) Chrome/151.0.0.0 Safari/537.36"
78.123.100.37 - - [14/Sep/2026:09:43:59 +0200] "POST /wp-admin/admin-ajax.php HTTP/1.1" 200 16 "https://lecocondalfred.fr/prendre-rendez-vous/" "Mozilla/5.0 (Macintosh; Intel Mac OS X 10_15_7) AppleWebKit/537.36 (KHTML, like Gecko) Chrome/151.0.0.0 Safari/537.36"
78.123.100.37 - - [14/Sep/2026:09:44:00 +0200] "GET /wp-admin/admin-ajax.php?action=bookly_render_details&form_id=fc5127d09f34e026b8af797245db49f8&add_to_cart=true&csrf_token=4d0610f653 HTTP/1.1" 200 5409 "https://lecocondalfred.fr/prendre-rendez-vous/" "Mozilla/5.0 (Macintosh; Intel Mac OS X 10_15_7) AppleWebKit/537.36 (KHTML, like Gecko) Chrome/151.0.0.0 Safari/537.36"
78.123.100.37 - - [14/Sep/2026:09:44:29 +0200] "POST /wp-admin/admin-ajax.php HTTP/1.1" 200 16 "https://lecocondalfred.fr/prendre-rendez-vous/" "Mozilla/5.0 (Macintosh; Intel Mac OS X 10_15_7) AppleWebKit/537.36 (KHTML, like Gecko) Chrome/151.0.0.0 Safari/537.36"
78.123.100.37 - - [14/Sep/2026:09:44:30 +0200] "POST /wp-admin/admin-ajax.php HTTP/1.1" 200 32 "https://lecocondalfred.fr/prendre-rendez-vous/" "Mozilla/5.0 (Macintosh; Intel Mac OS X 10_15_7) AppleWebKit/537.36 (KHTML, like Gecko) Chrome/151.0.0.0 Safari/537.36"
78.123.100.37 - - [14/Sep/2026:09:44:30 +0200] "POST /wp-admin/admin-ajax.php HTTP/1.1" 200 16 "https://lecocondalfred.fr/prendre-rendez-vous/" "Mozilla/5.0 (Macintosh; Intel Mac OS X 10_15_7) AppleWebKit/537.36 (KHTML, like Gecko) Chrome/151.0.0.0 Safari/537.36"
78.123.100.37 - - [14/Sep/2026:09:44:32 +0200] "GET /wp-admin/admin-ajax.php?action=bookly_render_complete&form_id=fc5127d09f34e026b8af797245db49f8&csrf_token=4d0610f653 HTTP/1.1" 200 1486 "https://lecocondalfred.fr/prendre-rendez-vous/" "Mozilla/5.0 (Macintosh; Intel Mac OS X 10_15_7) AppleWebKit/537.36 (KHTML, like Gecko) Chrome/151.0.0.0 Safari/537.36"
78.123.100.37 - - [14/Sep/2026:09:44:50 +0200] "GET /wp-admin/admin-ajax.php?action=bookly_render_service&form_id=fc5127d09f34e026b8af797245db49f8&reset_form=true&new_chain=true&csrf_token=4d0610f653 HTTP/1.1" 200 32160 "https://lecocondalfred.fr/prendre-rendez-vous/" "Mozilla/5.0 (Macintosh; Intel Mac OS X 10_15_7) AppleWebKit/537.36 (KHTML, like Gecko) Chrome/151.0.0.0 Safari/537.36"
109.234.165.65 - - [14/Sep/2026:09:44:58 +0200] "POST /wp-cron.php?doing_wp_cron=1789371898.7581729888916015625000 HTTP/1.1" 200 - "-" "WordPress/7.1; https://lecocondalfred.fr"
78.123.100.37 - - [14/Sep/2026:09:44:58 +0200] "POST /wp-admin/admin-ajax.php HTTP/1.1" 200 16 "https://lecocondalfred.fr/prendre-rendez-vous/" "Mozilla/5.0 (Macintosh; Intel Mac OS X 10_15_7) AppleWebKit/537.36 (KHTML, like Gecko) Chrome/151.0.0.0 Safari/537.36"
78.123.100.37 - - [14/Sep/2026:09:44:58 +0200] "GET /wp-admin/admin-ajax.php?action=bookly_render_time&form_id=fc5127d09f34e026b8af797245db49f8&csrf_token=4d0610f653 HTTP/1.1" 200 9409 "https://lecocondalfred.fr/prendre-rendez-vous/" "Mozilla/5.0 (Macintosh; Intel Mac OS X 10_15_7) AppleWebKit/537.36 (KHTML, like Gecko) Chrome/151.0.0.0 Safari/537.36"
78.123.100.37 - - [14/Sep/2026:09:45:02 +0200] "GET /wp-admin/admin-ajax.php?action=bookly_render_time&form_id=fc5127d09f34e026b8af797245db49f8&selected_date=2026-10-01&dir=next&csrf_token=4d0610f653 HTTP/1.1" 200 12567 "https://lecocondalfred.fr/prendre-rendez-vous/" "Mozilla/5.0 (Macintosh; Intel Mac OS X 10_15_7) AppleWebKit/537.36 (KHTML, like Gecko) Chrome/151.0.0.0 Safari/537.36"
172.71.159.126 - - [14/Sep/2026:09:45:04 +0200] "GET / HTTP/1.1" 200 224621 "-" "Mozilla/5.0 (Macintosh; Intel Mac OS X 10_15_7) AppleWebKit/537.36 (KHTML, like Gecko) Chrome/147.0.0.0 Safari/537.36 CloudflareWebScanner/1.0"
78.123.100.37 - - [14/Sep/2026:09:45:10 +0200] "GET /wp-admin/admin-ajax.php?action=bookly_render_time&form_id=fc5127d09f34e026b8af797245db49f8&selected_date=2026-11-01&dir=next&csrf_token=4d0610f653 HTTP/1.1" 200 12494 "https://lecocondalfred.fr/prendre-rendez-vous/" "Mozilla/5.0 (Macintosh; Intel Mac OS X 10_15_7) AppleWebKit/537.36 (KHTML, like Gecko) Chrome/151.0.0.0 Safari/537.36"
78.123.100.37 - - [14/Sep/2026:09:45:12 +0200] "GET /wp-admin/admin-ajax.php?action=bookly_render_time&form_id=fc5127d09f34e026b8af797245db49f8&selected_date=2026-12-01&dir=next&csrf_token=4d0610f653 HTTP/1.1" 200 8668 "https://lecocondalfred.fr/prendre-rendez-vous/" "Mozilla/5.0 (Macintosh; Intel Mac OS X 10_15_7) AppleWebKit/537.36 (KHTML, like Gecko) Chrome/151.0.0.0 Safari/537.36"
206.81.5.253 - - [14/Sep/2026:09:45:15 +0200] "POST /wp-json/batch/v1 HTTP/1.1" 207 16 "-" "Mozilla/5.0 (Windows NT 10.0; Win64; x64) AppleWebKit/537.36 (KHTML, like Gecko) Chrome/131.0.0.0 Safari/537.36"
206.81.5.253 - - [14/Sep/2026:09:45:16 +0200] "POST /wp-json/batch/v1 HTTP/1.1" 207 557 "-" "Mozilla/5.0 (Windows NT 10.0; Win64; x64) AppleWebKit/537.36 (KHTML, like Gecko) Chrome/131.0.0.0 Safari/537.36"
206.81.5.253 - - [14/Sep/2026:09:45:17 +0200] "POST /wp-json/batch/v1 HTTP/1.1" 207 557 "-" "Mozilla/5.0 (Windows NT 10.0; Win64; x64) AppleWebKit/537.36 (KHTML, like Gecko) Chrome/131.0.0.0 Safari/537.36"
206.81.5.253 - - [14/Sep/2026:09:45:18 +0200] "POST /wp-json/batch/v1 HTTP/1.1" 207 557 "-" "Mozilla/5.0 (Windows NT 10.0; Win64; x64) AppleWebKit/537.36 (KHTML, like Gecko) Chrome/131.0.0.0 Safari/537.36"
206.81.5.253 - - [14/Sep/2026:09:45:19 +0200] "POST /wp-json/batch/v1 HTTP/1.1" 207 557 "-" "Mozilla/5.0 (Windows NT 10.0; Win64; x64) AppleWebKit/537.36 (KHTML, like Gecko) Chrome/131.0.0.0 Safari/537.36"
206.81.5.253 - - [14/Sep/2026:09:45:19 +0200] "POST /wp-json/batch/v1 HTTP/1.1" 207 557 "-" "Mozilla/5.0 (Windows NT 10.0; Win64; x64) AppleWebKit/537.36 (KHTML, like Gecko) Chrome/131.0.0.0 Safari/537.36"
206.81.5.253 - - [14/Sep/2026:09:45:20 +0200] "POST /wp-json/batch/v1 HTTP/1.1" 207 557 "-" "Mozilla/5.0 (Windows NT 10.0; Win64; x64) AppleWebKit/537.36 (KHTML, like Gecko) Chrome/131.0.0.0 Safari/537.36"
78.123.100.37 - - [14/Sep/2026:09:45:22 +0200] "GET /wp-admin/admin-ajax.php?action=bookly_render_time&form_id=fc5127d09f34e026b8af797245db49f8&selected_date=2027-01-01&dir=next&csrf_token=4d0610f653 HTTP/1.1" 200 12363 "https://lecocondalfred.fr/prendre-rendez-vous/" "Mozilla/5.0 (Macintosh; Intel Mac OS X 10_15_7) AppleWebKit/537.36 (KHTML, like Gecko) Chrome/151.0.0.0 Safari/537.36"
78.123.100.37 - - [14/Sep/2026:09:45:38 +0200] "GET /wp-admin/admin-ajax.php?action=bookly_render_time&form_id=fc5127d09f34e026b8af797245db49f8&selected_date=2027-02-01&dir=next&csrf_token=4d0610f653 HTTP/1.1" 200 10936 "https://lecocondalfred.fr/prendre-rendez-vous/" "Mozilla/5.0 (Macintosh; Intel Mac OS X 10_15_7) AppleWebKit/537.36 (KHTML, like Gecko) Chrome/151.0.0.0 Safari/537.36"
109.234.165.65 - - [14/Sep/2026:09:45:51 +0200] "POST /wp-cron.php?doing_wp_cron=1789371951.6541240215301513671875 HTTP/1.1" 200 - "-" "WordPress/7.1; https://lecocondalfred.fr"
78.123.100.37 - - [14/Sep/2026:09:45:50 +0200] "GET /wp-admin/admin-ajax.php?action=bookly_render_time&form_id=fc5127d09f34e026b8af797245db49f8&selected_date=2027-03-01&dir=next&csrf_token=4d0610f653 HTTP/1.1" 200 7820 "https://lecocondalfred.fr/prendre-rendez-vous/" "Mozilla/5.0 (Macintosh; Intel Mac OS X 10_15_7) AppleWebKit/537.36 (KHTML, like Gecko) Chrome/151.0.0.0 Safari/537.36"
78.123.100.37 - - [14/Sep/2026:09:45:57 +0200] "GET /wp-admin/admin-ajax.php?action=bookly_render_time&form_id=fc5127d09f34e026b8af797245db49f8&selected_date=2027-02-01&dir=prev&csrf_token=4d0610f653 HTTP/1.1" 200 10936 "https://lecocondalfred.fr/prendre-rendez-vous/" "Mozilla/5.0 (Macintosh; Intel Mac OS X 10_15_7) AppleWebKit/537.36 (KHTML, like Gecko) Chrome/151.0.0.0 Safari/537.36"
78.123.100.37 - - [14/Sep/2026:09:45:59 +0200] "GET /wp-admin/admin-ajax.php?action=bookly_render_time&form_id=fc5127d09f34e026b8af797245db49f8&selected_date=2027-03-01&dir=next&csrf_token=4d0610f653 HTTP/1.1" 200 7820 "https://lecocondalfred.fr/prendre-rendez-vous/" "Mozilla/5.0 (Macintosh; Intel Mac OS X 10_15_7) AppleWebKit/537.36 (KHTML, like Gecko) Chrome/151.0.0.0 Safari/537.36"
109.234.165.65 - - [14/Sep/2026:09:46:05 +0200] "POST /wp-cron.php?doing_wp_cron=1789371965.3768739700317382812500 HTTP/1.1" 200 - "-" "WordPress/7.1; https://lecocondalfred.fr"
78.123.100.37 - - [14/Sep/2026:09:46:04 +0200] "GET /wp-admin/admin-ajax.php?action=bookly_render_time&form_id=fc5127d09f34e026b8af797245db49f8&selected_date=2027-02-01&dir=prev&csrf_token=4d0610f653 HTTP/1.1" 200 10936 "https://lecocondalfred.fr/prendre-rendez-vous/" "Mozilla/5.0 (Macintosh; Intel Mac OS X 10_15_7) AppleWebKit/537.36 (KHTML, like Gecko) Chrome/151.0.0.0 Safari/537.36"
78.123.100.37 - - [14/Sep/2026:09:46:06 +0200] "GET /wp-admin/admin-ajax.php?action=bookly_render_time&form_id=fc5127d09f34e026b8af797245db49f8&selected_date=2027-03-01&dir=next&csrf_token=4d0610f653 HTTP/1.1" 200 7820 "https://lecocondalfred.fr/prendre-rendez-vous/" "Mozilla/5.0 (Macintosh; Intel Mac OS X 10_15_7) AppleWebKit/537.36 (KHTML, like Gecko) Chrome/151.0.0.0 Safari/537.36"
78.123.100.37 - - [14/Sep/2026:09:46:16 +0200] "POST /wp-admin/admin-ajax.php HTTP/1.1" 200 16 "https://lecocondalfred.fr/prendre-rendez-vous/" "Mozilla/5.0 (Macintosh; Intel Mac OS X 10_15_7) AppleWebKit/537.36 (KHTML, like Gecko) Chrome/151.0.0.0 Safari/537.36"
78.123.100.37 - - [14/Sep/2026:09:46:16 +0200] "GET /wp-admin/admin-ajax.php?action=bookly_render_details&form_id=fc5127d09f34e026b8af797245db49f8&add_to_cart=true&csrf_token=4d0610f653 HTTP/1.1" 200 5401 "https://lecocondalfred.fr/prendre-rendez-vous/" "Mozilla/5.0 (Macintosh; Intel Mac OS X 10_15_7) AppleWebKit/537.36 (KHTML, like Gecko) Chrome/151.0.0.0 Safari/537.36"
109.234.165.65 - - [14/Sep/2026:09:46:41 +0200] "POST /wp-cron.php?doing_wp_cron=1789372001.5623369216918945312500 HTTP/1.1" 200 - "-" "WordPress/7.1; https://lecocondalfred.fr"
78.123.100.37 - - [14/Sep/2026:09:46:41 +0200] "POST /wp-admin/admin-ajax.php HTTP/1.1" 200 16 "https://lecocondalfred.fr/prendre-rendez-vous/" "Mozilla/5.0 (Macintosh; Intel Mac OS X 10_15_7) AppleWebKit/537.36 (KHTML, like Gecko) Chrome/151.0.0.0 Safari/537.36"
78.123.100.37 - - [14/Sep/2026:09:46:41 +0200] "POST /wp-admin/admin-ajax.php HTTP/1.1" 200 32 "https://lecocondalfred.fr/prendre-rendez-vous/" "Mozilla/5.0 (Macintosh; Intel Mac OS X 10_15_7) AppleWebKit/537.36 (KHTML, like Gecko) Chrome/151.0.0.0 Safari/537.36"
78.123.100.37 - - [14/Sep/2026:09:46:42 +0200] "POST /wp-admin/admin-ajax.php HTTP/1.1" 200 16 "https://lecocondalfred.fr/prendre-rendez-vous/" "Mozilla/5.0 (Macintosh; Intel Mac OS X 10_15_7) AppleWebKit/537.36 (KHTML, like Gecko) Chrome/151.0.0.0 Safari/537.36"
78.123.100.37 - - [14/Sep/2026:09:46:43 +0200] "GET /wp-admin/admin-ajax.php?action=bookly_render_complete&form_id=fc5127d09f34e026b8af797245db49f8&csrf_token=4d0610f653 HTTP/1.1" 200 1486 "https://lecocondalfred.fr/prendre-rendez-vous/" "Mozilla/5.0 (Macintosh; Intel Mac OS X 10_15_7) AppleWebKit/537.36 (KHTML, like Gecko) Chrome/151.0.0.0 Safari/537.36"
78.123.100.37 - - [14/Sep/2026:09:48:12 +0200] "GET /venir-au-cocon/ HTTP/1.1" 200 190177 "https://lecocondalfred.fr/prendre-rendez-vous/" "Mozilla/5.0 (Macintosh; Intel Mac OS X 10_15_7) AppleWebKit/537.36 (KHTML, like Gecko) Chrome/151.0.0.0 Safari/537.36"
109.234.165.65 - - [14/Sep/2026:09:48:13 +0200] "POST /wp-cron.php?doing_wp_cron=1789372093.6877028942108154296875 HTTP/1.1" 200 - "-" "WordPress/7.1; https://lecocondalfred.fr"
78.123.100.37 - - [14/Sep/2026:09:48:12 +0200] "GET /prendre-rendez-vous/ HTTP/1.1" 200 366738 "https://lecocondalfred.fr/prendre-rendez-vous/" "Mozilla/5.0 (Macintosh; Intel Mac OS X 10_15_7) AppleWebKit/537.36 (KHTML, like Gecko) Chrome/151.0.0.0 Safari/537.36"
78.123.100.37 - - [14/Sep/2026:09:48:13 +0200] "POST /wp-admin/admin-ajax.php HTTP/1.1" 200 88 "https://lecocondalfred.fr/prendre-rendez-vous/" "Mozilla/5.0 (Macintosh; Intel Mac OS X 10_15_7) AppleWebKit/537.36 (KHTML, like Gecko) Chrome/151.0.0.0 Safari/537.36"
78.123.100.37 - - [14/Sep/2026:09:48:13 +0200] "GET /wp/wp-content/uploads/fbrfg/site.webmanifest HTTP/1.1" 404 146080 "https://lecocondalfred.fr/prendre-rendez-vous/" "Mozilla/5.0 (Macintosh; Intel Mac OS X 10_15_7) AppleWebKit/537.36 (KHTML, like Gecko) Chrome/151.0.0.0 Safari/537.36"
78.123.100.37 - - [14/Sep/2026:09:48:14 +0200] "GET /wp-admin/admin-ajax.php?action=bookly_render_service&form_id=9098ab1129d189b189198cfae4a6c5ce&new_chain=true&csrf_token=4d0610f653 HTTP/1.1" 200 32160 "https://lecocondalfred.fr/prendre-rendez-vous/" "Mozilla/5.0 (Macintosh; Intel Mac OS X 10_15_7) AppleWebKit/537.36 (KHTML, like Gecko) Chrome/151.0.0.0 Safari/537.36"
78.123.100.37 - - [14/Sep/2026:09:48:15 +0200] "GET /prendre-rendez-vous/ HTTP/1.1" 200 366738 "https://lecocondalfred.fr/prendre-rendez-vous/" "Mozilla/5.0 (Macintosh; Intel Mac OS X 10_15_7) AppleWebKit/537.36 (KHTML, like Gecko) Chrome/151.0.0.0 Safari/537.36"
78.123.100.37 - - [14/Sep/2026:09:48:16 +0200] "POST /wp-admin/admin-ajax.php HTTP/1.1" 200 88 "https://lecocondalfred.fr/prendre-rendez-vous/" "Mozilla/5.0 (Macintosh; Intel Mac OS X 10_15_7) AppleWebKit/537.36 (KHTML, like Gecko) Chrome/151.0.0.0 Safari/537.36"
78.123.100.37 - - [14/Sep/2026:09:48:16 +0200] "GET /wp/wp-content/uploads/fbrfg/site.webmanifest HTTP/1.1" 404 146080 "https://lecocondalfred.fr/prendre-rendez-vous/" "Mozilla/5.0 (Macintosh; Intel Mac OS X 10_15_7) AppleWebKit/537.36 (KHTML, like Gecko) Chrome/151.0.0.0 Safari/537.36"
78.123.100.37 - - [14/Sep/2026:09:48:16 +0200] "GET /wp-admin/admin-ajax.php?action=bookly_render_service&form_id=de99eda35eef6f473f208ce2dd4a56bb&new_chain=true&csrf_token=4d0610f653 HTTP/1.1" 200 32160 "https://lecocondalfred.fr/prendre-rendez-vous/" "Mozilla/5.0 (Macintosh; Intel Mac OS X 10_15_7) AppleWebKit/537.36 (KHTML, like Gecko) Chrome/151.0.0.0 Safari/537.36"
78.123.100.37 - - [14/Sep/2026:09:48:29 +0200] "POST /wp-admin/admin-ajax.php HTTP/1.1" 200 16 "https://lecocondalfred.fr/prendre-rendez-vous/" "Mozilla/5.0 (Macintosh; Intel Mac OS X 10_15_7) AppleWebKit/537.36 (KHTML, like Gecko) Chrome/151.0.0.0 Safari/537.36"
78.123.100.37 - - [14/Sep/2026:09:48:29 +0200] "GET /wp-admin/admin-ajax.php?action=bookly_render_time&form_id=de99eda35eef6f473f208ce2dd4a56bb&csrf_token=4d0610f653 HTTP/1.1" 200 9409 "https://lecocondalfred.fr/prendre-rendez-vous/" "Mozilla/5.0 (Macintosh; Intel Mac OS X 10_15_7) AppleWebKit/537.36 (KHTML, like Gecko) Chrome/151.0.0.0 Safari/537.36"
109.234.165.65 - - [14/Sep/2026:09:48:58 +0200] "POST /wp-cron.php?doing_wp_cron=1789372138.3021619319915771484375 HTTP/1.1" 200 - "-" "WordPress/7.1; https://lecocondalfred.fr"
78.123.100.37 - - [14/Sep/2026:09:48:57 +0200] "GET /wp-admin/admin-ajax.php?action=bookly_render_time&form_id=de99eda35eef6f473f208ce2dd4a56bb&selected_date=2026-10-01&dir=next&csrf_token=4d0610f653 HTTP/1.1" 200 12567 "https://lecocondalfred.fr/prendre-rendez-vous/" "Mozilla/5.0 (Macintosh; Intel Mac OS X 10_15_7) AppleWebKit/537.36 (KHTML, like Gecko) Chrome/151.0.0.0 Safari/537.36"
78.123.100.37 - - [14/Sep/2026:09:48:58 +0200] "GET /wp-admin/admin-ajax.php?action=bookly_render_time&form_id=de99eda35eef6f473f208ce2dd4a56bb&selected_date=2026-11-01&dir=next&csrf_token=4d0610f653 HTTP/1.1" 200 12494 "https://lecocondalfred.fr/prendre-rendez-vous/" "Mozilla/5.0 (Macintosh; Intel Mac OS X 10_15_7) AppleWebKit/537.36 (KHTML, like Gecko) Chrome/151.0.0.0 Safari/537.36"
78.123.100.37 - - [14/Sep/2026:09:49:00 +0200] "GET /wp-admin/admin-ajax.php?action=bookly_render_time&form_id=de99eda35eef6f473f208ce2dd4a56bb&selected_date=2026-12-01&dir=next&csrf_token=4d0610f653 HTTP/1.1" 200 8668 "https://lecocondalfred.fr/prendre-rendez-vous/" "Mozilla/5.0 (Macintosh; Intel Mac OS X 10_15_7) AppleWebKit/537.36 (KHTML, like Gecko) Chrome/151.0.0.0 Safari/537.36"
216.73.217.79 - - [14/Sep/2026:09:49:35 +0200] "GET / HTTP/1.1" 200 224621 "-" "Mozilla/5.0 AppleWebKit/537.36 (KHTML, like Gecko; compatible; ClaudeBot/1.0; +claudebot@anthropic.com)"
45.138.12.10 - - [14/Sep/2026:09:53:01 +0200] "GET / HTTP/1.1" 200 224621 "-" "Mozilla/5.0 (Windows NT 10.0; Win64; x64) AppleWebKit/537.36 (KHTML, like Gecko) Chrome/124.0.0.0 Safari/537.36"
109.234.165.65 - - [14/Sep/2026:09:53:10 +0200] "POST /wp-cron.php?doing_wp_cron=1789372390.5558049678802490234375 HTTP/1.1" 200 - "-" "WordPress/7.1; https://lecocondalfred.fr"
45.138.12.10 - - [14/Sep/2026:09:53:09 +0200] "POST /?rest_route=/batch/v1 HTTP/1.1" 207 729 "-" "Mozilla/5.0 (Macintosh; Intel Mac OS X 10_15_7) AppleWebKit/537.36 (KHTML, like Gecko) Chrome/124.0 Safari/537.36"
45.138.12.10 - - [14/Sep/2026:09:53:10 +0200] "GET /wp-content/plugins/elementor/assets/js/frontend-modules.min.js?ver=4.2.4 HTTP/1.1" 200 50602 "-" "Mozilla/5.0 (Windows NT 10.0; Win64; x64) AppleWebKit/537.36 (KHTML, like Gecko) Chrome/124.0.0.0 Safari/537.36"
45.138.12.10 - - [14/Sep/2026:09:53:11 +0200] "GET /wp-includes/js/jquery/jquery-migrate.min.js?ver=3.4.1 HTTP/1.1" 200 13577 "-" "Mozilla/5.0 (Windows NT 10.0; Win64; x64) AppleWebKit/537.36 (KHTML, like Gecko) Chrome/124.0.0.0 Safari/537.36"
45.138.12.10 - - [14/Sep/2026:09:53:11 +0200] "GET /wp-includes/js/jquery/jquery.min.js?ver=3.7.1 HTTP/1.1" 200 87553 "-" "Mozilla/5.0 (Windows NT 10.0; Win64; x64) AppleWebKit/537.36 (KHTML, like Gecko) Chrome/124.0.0.0 Safari/537.36"
45.138.12.10 - - [14/Sep/2026:09:53:11 +0200] "GET /wp-includes/js/jquery/jquery.min.js.map HTTP/1.1" 404 146072 "-" "Mozilla/5.0 (Windows NT 10.0; Win64; x64) AppleWebKit/537.36 (KHTML, like Gecko) Chrome/124.0.0.0 Safari/537.36"
45.138.12.10 - - [14/Sep/2026:09:53:15 +0200] "GET /wp-content/plugins/elementor/assets/lib/font-awesome/js/v4-shims.min.js?ver=4.2.4 HTTP/1.1" 200 15073 "-" "Mozilla/5.0 (Windows NT 10.0; Win64; x64) AppleWebKit/537.36 (KHTML, like Gecko) Chrome/124.0.0.0 Safari/537.36"
45.138.12.10 - - [14/Sep/2026:09:53:14 +0200] "GET /wp-content/plugins/cookie-law-info/legacy/public/js/cookie-law-info-public.js.map HTTP/1.1" 404 146136 "-" "Mozilla/5.0 (Windows NT 10.0; Win64; x64) AppleWebKit/537.36 (KHTML, like Gecko) Chrome/124.0.0.0 Safari/537.36"
45.138.12.10 - - [14/Sep/2026:09:53:15 +0200] "GET /wp-includes/js/jquery/jquery-migrate.min.js.map HTTP/1.1" 404 146084 "-" "Mozilla/5.0 (Windows NT 10.0; Win64; x64) AppleWebKit/537.36 (KHTML, like Gecko) Chrome/124.0.0.0 Safari/537.36"
45.138.12.10 - - [14/Sep/2026:09:53:17 +0200] "GET /wp-content/plugins/cookie-law-info/legacy/public/js/cookie-law-info-public.js?ver=3.5.5 HTTP/1.1" 200 34121 "-" "Mozilla/5.0 (Windows NT 10.0; Win64; x64) AppleWebKit/537.36 (KHTML, like Gecko) Chrome/124.0.0.0 Safari/537.36"
45.138.12.10 - - [14/Sep/2026:09:53:17 +0200] "GET /wp-content/plugins/elementor/assets/lib/font-awesome/js/v4-shims.min.js.map HTTP/1.1" 404 146132 "-" "Mozilla/5.0 (Windows NT 10.0; Win64; x64) AppleWebKit/537.36 (KHTML, like Gecko) Chrome/124.0.0.0 Safari/537.36"
45.138.12.10 - - [14/Sep/2026:09:53:18 +0200] "GET /wp-content/themes/astra/assets/js/minified/frontend.min.js?ver=4.13.10 HTTP/1.1" 200 26311 "-" "Mozilla/5.0 (Windows NT 10.0; Win64; x64) AppleWebKit/537.36 (KHTML, like Gecko) Chrome/124.0.0.0 Safari/537.36"
45.138.12.10 - - [14/Sep/2026:09:53:18 +0200] "GET /wp-content/themes/astra/assets/js/minified/frontend.min.js.map HTTP/1.1" 404 146112 "-" "Mozilla/5.0 (Windows NT 10.0; Win64; x64) AppleWebKit/537.36 (KHTML, like Gecko) Chrome/124.0.0.0 Safari/537.36"
45.138.12.10 - - [14/Sep/2026:09:53:20 +0200] "GET /wp-content/plugins/the-events-calendar/common/build/js/user-agent.js?ver=da75d0bdea6dde3898df HTTP/1.1" 200 291 "-" "Mozilla/5.0 (Windows NT 10.0; Win64; x64) AppleWebKit/537.36 (KHTML, like Gecko) Chrome/124.0.0.0 Safari/537.36"
45.138.12.10 - - [14/Sep/2026:09:53:20 +0200] "GET /wp-includes/js/dist/dom-ready.min.js.map HTTP/1.1" 404 146072 "-" "Mozilla/5.0 (Windows NT 10.0; Win64; x64) AppleWebKit/537.36 (KHTML, like Gecko) Chrome/124.0.0.0 Safari/537.36"
45.138.12.10 - - [14/Sep/2026:09:53:21 +0200] "GET /wp-content/plugins/the-events-calendar/common/build/js/user-agent.js.map HTTP/1.1" 404 146124 "-" "Mozilla/5.0 (Windows NT 10.0; Win64; x64) AppleWebKit/537.36 (KHTML, like Gecko) Chrome/124.0.0.0 Safari/537.36"
45.138.12.10 - - [14/Sep/2026:09:53:22 +0200] "GET /wp-content/plugins/astra-sites/inc/lib/onboarding/assets/dist/template-preview/main.js?ver=09382f635556bec359b3 HTTP/1.1" 200 6587 "-" "Mozilla/5.0 (Windows NT 10.0; Win64; x64) AppleWebKit/537.36 (KHTML, like Gecko) Chrome/124.0.0.0 Safari/537.36"
45.138.12.10 - - [14/Sep/2026:09:53:22 +0200] "GET /wp-includes/js/dist/dom-ready.min.js?ver=3fe927cab37bf38d6a23 HTTP/1.1" 200 881 "-" "Mozilla/5.0 (Windows NT 10.0; Win64; x64) AppleWebKit/537.36 (KHTML, like Gecko) Chrome/124.0.0.0 Safari/537.36"
45.138.12.10 - - [14/Sep/2026:09:53:24 +0200] "GET /wp-content/plugins/wpfront-scroll-top/includes/assets/wpfront-scroll-top.min.js?ver=3.0.1.09211 HTTP/1.1" 200 1490 "-" "Mozilla/5.0 (Windows NT 10.0; Win64; x64) AppleWebKit/537.36 (KHTML, like Gecko) Chrome/124.0.0.0 Safari/537.36"
45.138.12.10 - - [14/Sep/2026:09:53:24 +0200] "GET /wp-content/plugins/astra-sites/inc/lib/onboarding/assets/dist/template-preview/main.js.map HTTP/1.1" 404 146156 "-" "Mozilla/5.0 (Windows NT 10.0; Win64; x64) AppleWebKit/537.36 (KHTML, like Gecko) Chrome/124.0.0.0 Safari/537.36"
45.138.12.10 - - [14/Sep/2026:09:53:28 +0200] "GET /wp-content/plugins/elementor/assets/js/webpack.runtime.min.js?ver=4.2.4 HTTP/1.1" 200 5819 "-" "Mozilla/5.0 (Windows NT 10.0; Win64; x64) AppleWebKit/537.36 (KHTML, like Gecko) Chrome/124.0.0.0 Safari/537.36"
45.138.12.10 - - [14/Sep/2026:09:53:28 +0200] "GET /wp-content/plugins/google-site-kit/dist/assets/js/googlesitekit-consent-mode-86cb52dcb9f2b27ed244.js HTTP/1.1" 404 146136 "-" "Mozilla/5.0 (Windows NT 10.0; Win64; x64) AppleWebKit/537.36 (KHTML, like Gecko) Chrome/124.0.0.0 Safari/537.36"
45.138.12.10 - - [14/Sep/2026:09:53:33 +0200] "GET /rest/api/1.0/application-properties HTTP/1.1" 404 146068 "-" "Mozilla/5.0 (Windows NT 10.0; Win64; x64) AppleWebKit/537.36 (KHTML, like Gecko) Chrome/124.0.0.0 Safari/537.36"
92.243.65.48 - - [14/Sep/2026:09:53:34 +0200] "GET / HTTP/1.1" 200 224621 "-" "Mozilla/5.0 (X11; Linux x86_64) AppleWebKit/537.36 (KHTML, like Gecko) Chrome/125.0.0.0 Safari/537.36"
92.243.65.48 - - [14/Sep/2026:09:53:37 +0200] "GET /wp-content/plugins/the-events-calendar/readme.txt HTTP/1.1" 200 27949 "-" "Mozilla/5.0 (X11; Linux x86_64) AppleWebKit/537.36 (KHTML, like Gecko) Chrome/125.0.0.0 Safari/537.36"
92.243.65.48 - - [14/Sep/2026:09:53:38 +0200] "GET /wp-json/wp/v2/tribe_events?per_page=5 HTTP/1.1" 200 2 "-" "Mozilla/5.0 (X11; Linux x86_64) AppleWebKit/537.36 (KHTML, like Gecko) Chrome/125.0.0.0 Safari/537.36"
92.243.65.48 - - [14/Sep/2026:09:53:40 +0200] "GET /?rest_route=/wp/v2/tribe_events&per_page=5 HTTP/1.1" 200 2 "-" "Mozilla/5.0 (X11; Linux x86_64) AppleWebKit/537.36 (KHTML, like Gecko) Chrome/125.0.0.0 Safari/537.36"
45.138.12.10 - - [14/Sep/2026:09:53:41 +0200] "GET /.git/HEAD HTTP/1.1" 404 138358 "-" "Mozilla/5.0 (Windows NT 10.0; Win64; x64) AppleWebKit/537.36 (KHTML, like Gecko) Chrome/124.0.0.0 Safari/537.36"
45.138.12.10 - - [14/Sep/2026:09:53:41 +0200] "GET /.env HTTP/1.1" 404 138346 "-" "Mozilla/5.0 (Windows NT 10.0; Win64; x64) AppleWebKit/537.36 (KHTML, like Gecko) Chrome/124.0.0.0 Safari/537.36"
92.243.65.48 - - [14/Sep/2026:09:53:42 +0200] "GET /wp-json/tribe/events/v1/events?start_date=1970-01-01&end_date=2100-01-01&per_page=5 HTTP/1.1" 400 201 "-" "Mozilla/5.0 (X11; Linux x86_64) AppleWebKit/537.36 (KHTML, like Gecko) Chrome/125.0.0.0 Safari/537.36"
92.243.65.48 - - [14/Sep/2026:09:53:42 +0200] "GET /wp-content/plugins/the-events-calendar/readme.txt HTTP/1.1" 200 27949 "-" "Mozilla/5.0 (X11; Linux x86_64; rv:128.0) Gecko/20100101 Firefox/128.0"
45.138.12.10 - - [14/Sep/2026:09:53:43 +0200] "GET /.env.production HTTP/1.1" 404 138362 "-" "Mozilla/5.0 (Windows NT 10.0; Win64; x64) AppleWebKit/537.36 (KHTML, like Gecko) Chrome/124.0.0.0 Safari/537.36"
92.243.65.48 - - [14/Sep/2026:09:53:43 +0200] "GET /wp-json/wp/v2/tribe_events?per_page=30&status=publish&orderby=date&order=desc HTTP/1.1" 200 2 "-" "Mozilla/5.0 (X11; Linux x86_64; rv:128.0) Gecko/20100101 Firefox/128.0"
93.152.209.11 - - [14/Sep/2026:09:53:43 +0200] "GET / HTTP/1.1" 200 224621 "-" "Mozilla/5.0 (Macintosh; Intel Mac OS X 10_15_7) AppleWebKit/537.36 (KHTML, like Gecko) Chrome/124.0.0.0 Safari/537.36"
92.243.65.48 - - [14/Sep/2026:09:53:43 +0200] "GET /wp-json/wp/v2/tribe_events?per_page=30&status=publish&orderby=date&order=asc HTTP/1.1" 200 2 "-" "Mozilla/5.0 (X11; Linux x86_64; rv:128.0) Gecko/20100101 Firefox/128.0"
92.243.65.48 - - [14/Sep/2026:09:53:44 +0200] "GET /wp-sitemap.xml HTTP/1.1" 301 - "-" "Mozilla/5.0 (X11; Linux x86_64) AppleWebKit/537.36 (KHTML, like Gecko) Chrome/125.0.0.0 Safari/537.36"
92.243.65.48 - - [14/Sep/2026:09:53:44 +0200] "GET /wp-json/wp/v2/tribe_events?per_page=30&status=publish&orderby=modified&order=desc HTTP/1.1" 200 2 "-" "Mozilla/5.0 (X11; Linux x86_64; rv:128.0) Gecko/20100101 Firefox/128.0"
92.243.65.48 - - [14/Sep/2026:09:53:45 +0200] "GET /wp-json/tribe/events/v1/events?per_page=50 HTTP/1.1" 200 212 "-" "Mozilla/5.0 (X11; Linux x86_64; rv:128.0) Gecko/20100101 Firefox/128.0"
92.243.65.48 - - [14/Sep/2026:09:53:46 +0200] "GET /sitemap_index.xml HTTP/1.1" 200 796 "-" "Mozilla/5.0 (X11; Linux x86_64) AppleWebKit/537.36 (KHTML, like Gecko) Chrome/125.0.0.0 Safari/537.36"
92.243.65.48 - - [14/Sep/2026:09:53:45 +0200] "GET /wp-json/tribe/events/v1/events?per_page=50&start_date=2020-01-01 HTTP/1.1" 200 12742 "-" "Mozilla/5.0 (X11; Linux x86_64; rv:128.0) Gecko/20100101 Firefox/128.0"
92.243.65.48 - - [14/Sep/2026:09:53:46 +0200] "GET /events/ HTTP/1.1" 200 149442 "-" "Mozilla/5.0 (X11; Linux x86_64; rv:128.0) Gecko/20100101 Firefox/128.0"
92.243.65.48 - - [14/Sep/2026:09:53:47 +0200] "GET /events/list/ HTTP/1.1" 200 149257 "-" "Mozilla/5.0 (X11; Linux x86_64; rv:128.0) Gecko/20100101 Firefox/128.0"
92.243.65.48 - - [14/Sep/2026:09:53:47 +0200] "GET /events/past/ HTTP/1.1" 404 138362 "-" "Mozilla/5.0 (X11; Linux x86_64; rv:128.0) Gecko/20100101 Firefox/128.0"
92.243.65.48 - - [14/Sep/2026:09:53:48 +0200] "GET /events/ HTTP/1.1" 200 149442 "-" "Mozilla/5.0 (X11; Linux x86_64) AppleWebKit/537.36 (KHTML, like Gecko) Chrome/125.0.0.0 Safari/537.36"
92.243.65.48 - - [14/Sep/2026:09:53:48 +0200] "GET /events/month/ HTTP/1.1" 200 149423 "-" "Mozilla/5.0 (X11; Linux x86_64; rv:128.0) Gecko/20100101 Firefox/128.0"
92.243.65.48 - - [14/Sep/2026:09:53:48 +0200] "GET /tribe_events/ HTTP/1.1" 404 138362 "-" "Mozilla/5.0 (X11; Linux x86_64; rv:128.0) Gecko/20100101 Firefox/128.0"
92.243.65.48 - - [14/Sep/2026:09:53:48 +0200] "GET /calendario/ HTTP/1.1" 404 138358 "-" "Mozilla/5.0 (X11; Linux x86_64; rv:128.0) Gecko/20100101 Firefox/128.0"
92.243.65.48 - - [14/Sep/2026:09:53:49 +0200] "GET /events/list/?eventDisplay=all HTTP/1.1" 404 144492 "-" "Mozilla/5.0 (X11; Linux x86_64) AppleWebKit/537.36 (KHTML, like Gecko) Chrome/125.0.0.0 Safari/537.36"
92.243.65.48 - - [14/Sep/2026:09:53:49 +0200] "GET /evenementen/ HTTP/1.1" 404 138362 "-" "Mozilla/5.0 (X11; Linux x86_64; rv:128.0) Gecko/20100101 Firefox/128.0"
109.234.165.65 - - [14/Sep/2026:09:53:51 +0200] "POST /wp-cron.php?doing_wp_cron=1789372431.3702690601348876953125 HTTP/1.1" 200 - "-" "WordPress/7.1; https://lecocondalfred.fr"
92.243.65.48 - - [14/Sep/2026:09:53:50 +0200] "GET /eventos/ HTTP/1.1" 404 138354 "-" "Mozilla/5.0 (X11; Linux x86_64; rv:128.0) Gecko/20100101 Firefox/128.0"
92.243.65.48 - - [14/Sep/2026:09:53:51 +0200] "GET /?post_type=tribe_events HTTP/1.1" 200 159734 "-" "Mozilla/5.0 (X11; Linux x86_64; rv:128.0) Gecko/20100101 Firefox/128.0"
92.243.65.48 - - [14/Sep/2026:09:53:52 +0200] "GET /?post_type=tribe_events HTTP/1.1" 200 159734 "-" "Mozilla/5.0 (X11; Linux x86_64) AppleWebKit/537.36 (KHTML, like Gecko) Chrome/125.0.0.0 Safari/537.36"
66.249.65.201 - - [14/Sep/2026:09:53:53 +0200] "GET /nos-professionnels/ HTTP/1.1" 200 274928 "-" "Mozilla/5.0 (Linux; Android 6.0.1; Nexus 5X Build/MMB29P) AppleWebKit/537.36 (KHTML, like Gecko) Chrome/152.0.7977.82 Mobile Safari/537.36 (compatible; Googlebot/2.1; +http://www.google.com/bot.html)"
92.243.65.48 - - [14/Sep/2026:09:53:53 +0200] "GET /wp-sitemap-posts-tribe_events-1.xml HTTP/1.1" 301 - "-" "Mozilla/5.0 (X11; Linux x86_64; rv:128.0) Gecko/20100101 Firefox/128.0"
92.243.65.48 - - [14/Sep/2026:09:53:53 +0200] "GET /tribe_events-sitemap.xml HTTP/1.1" 200 1253 "-" "Mozilla/5.0 (X11; Linux x86_64; rv:128.0) Gecko/20100101 Firefox/128.0"
92.243.65.48 - - [14/Sep/2026:09:53:54 +0200] "GET /wp-sitemap-posts-tribe_events-2.xml HTTP/1.1" 301 - "-" "Mozilla/5.0 (X11; Linux x86_64; rv:128.0) Gecko/20100101 Firefox/128.0"
92.243.65.48 - - [14/Sep/2026:09:53:54 +0200] "GET /tribe_events-sitemap1.xml HTTP/1.1" 301 - "-" "Mozilla/5.0 (X11; Linux x86_64; rv:128.0) Gecko/20100101 Firefox/128.0"
92.243.65.48 - - [14/Sep/2026:09:53:55 +0200] "GET /tribe_events-sitemap.xml HTTP/1.1" 200 1253 "-" "Mozilla/5.0 (X11; Linux x86_64; rv:128.0) Gecko/20100101 Firefox/128.0"
92.243.65.48 - - [14/Sep/2026:09:53:55 +0200] "GET /tribe_events-sitemap.xml HTTP/1.1" 200 1253 "-" "Mozilla/5.0 (X11; Linux x86_64; rv:128.0) Gecko/20100101 Firefox/128.0"
92.243.65.48 - - [14/Sep/2026:09:53:55 +0200] "GET /calendario/ HTTP/1.1" 404 138358 "-" "Mozilla/5.0 (X11; Linux x86_64) AppleWebKit/537.36 (KHTML, like Gecko) Chrome/125.0.0.0 Safari/537.36"
92.243.65.48 - - [14/Sep/2026:09:53:56 +0200] "GET /event-sitemap.xml HTTP/1.1" 404 146036 "-" "Mozilla/5.0 (X11; Linux x86_64; rv:128.0) Gecko/20100101 Firefox/128.0"
92.243.65.48 - - [14/Sep/2026:09:53:56 +0200] "GET /sitemap.xml HTTP/1.1" 301 - "-" "Mozilla/5.0 (X11; Linux x86_64; rv:128.0) Gecko/20100101 Firefox/128.0"
92.243.65.48 - - [14/Sep/2026:09:53:57 +0200] "GET /sitemap_index.xml HTTP/1.1" 200 796 "-" "Mozilla/5.0 (X11; Linux x86_64; rv:128.0) Gecko/20100101 Firefox/128.0"
92.243.65.48 - - [14/Sep/2026:09:53:57 +0200] "GET /tribe_events-sitemap.xml HTTP/1.1" 200 1253 "-" "Mozilla/5.0 (X11; Linux x86_64; rv:128.0) Gecko/20100101 Firefox/128.0"
92.243.65.48 - - [14/Sep/2026:09:53:58 +0200] "GET /post-sitemap.xml HTTP/1.1" 200 33944 "-" "Mozilla/5.0 (X11; Linux x86_64; rv:128.0) Gecko/20100101 Firefox/128.0"
92.243.65.48 - - [14/Sep/2026:09:53:58 +0200] "GET /events/feed/ HTTP/1.1" 200 1313 "-" "Mozilla/5.0 (X11; Linux x86_64; rv:128.0) Gecko/20100101 Firefox/128.0"
92.243.65.48 - - [14/Sep/2026:09:53:58 +0200] "GET /feed/?post_type=tribe_events HTTP/1.1" 200 1329 "-" "Mozilla/5.0 (X11; Linux x86_64; rv:128.0) Gecko/20100101 Firefox/128.0"
66.249.65.200 - - [14/Sep/2026:09:53:59 +0200] "GET /wp-includes/js/dist/hooks.min.js?ver=f0f188028580e8dc1255 HTTP/1.1" 200 5107 "https://lecocondalfred.fr/nos-professionnels/" "Mozilla/5.0 (Linux; Android 6.0.1; Nexus 5X Build/MMB29P) AppleWebKit/537.36 (KHTML, like Gecko) Chrome/152.0.7977.82 Mobile Safari/537.36 (compatible; Googlebot/2.1; +http://www.google.com/bot.html)"
92.243.65.48 - - [14/Sep/2026:09:53:59 +0200] "GET /evenementen/ HTTP/1.1" 404 138362 "-" "Mozilla/5.0 (X11; Linux x86_64) AppleWebKit/537.36 (KHTML, like Gecko) Chrome/125.0.0.0 Safari/537.36"
92.243.65.48 - - [14/Sep/2026:09:53:59 +0200] "GET /event/portes-ouvertes-du-cocon HTTP/1.1" 301 - "-" "Mozilla/5.0 (X11; Linux x86_64; rv:128.0) Gecko/20100101 Firefox/128.0"
92.243.65.48 - - [14/Sep/2026:09:53:59 +0200] "GET /event/portes-ouvertes-du-cocon/ HTTP/1.1" 200 154630 "-" "Mozilla/5.0 (X11; Linux x86_64; rv:128.0) Gecko/20100101 Firefox/128.0"
92.243.65.48 - - [14/Sep/2026:09:54:00 +0200] "GET /event/atelier-test-du-x-decembre HTTP/1.1" 301 - "-" "Mozilla/5.0 (X11; Linux x86_64; rv:128.0) Gecko/20100101 Firefox/128.0"
92.243.65.48 - - [14/Sep/2026:09:54:00 +0200] "GET /event/atelier-test-du-x-decembre/ HTTP/1.1" 200 158493 "-" "Mozilla/5.0 (X11; Linux x86_64; rv:128.0) Gecko/20100101 Firefox/128.0"
92.243.65.48 - - [14/Sep/2026:09:54:00 +0200] "GET /event/atelier-sophrologie HTTP/1.1" 301 - "-" "Mozilla/5.0 (X11; Linux x86_64; rv:128.0) Gecko/20100101 Firefox/128.0"
92.243.65.48 - - [14/Sep/2026:09:54:01 +0200] "GET /event/atelier-sophrologie/ HTTP/1.1" 200 161748 "-" "Mozilla/5.0 (X11; Linux x86_64; rv:128.0) Gecko/20100101 Firefox/128.0"
92.243.65.48 - - [14/Sep/2026:09:54:01 +0200] "GET /events HTTP/1.1" 301 - "-" "Mozilla/5.0 (X11; Linux x86_64; rv:128.0) Gecko/20100101 Firefox/128.0"
92.243.65.48 - - [14/Sep/2026:09:54:02 +0200] "GET /events/ HTTP/1.1" 200 149442 "-" "Mozilla/5.0 (X11; Linux x86_64; rv:128.0) Gecko/20100101 Firefox/128.0"
92.243.65.48 - - [14/Sep/2026:09:54:02 +0200] "GET /events/?ical=1 HTTP/1.1" 200 - "-" "Mozilla/5.0 (X11; Linux x86_64; rv:128.0) Gecko/20100101 Firefox/128.0"
92.243.65.48 - - [14/Sep/2026:09:54:02 +0200] "GET /eventos/ HTTP/1.1" 404 138354 "-" "Mozilla/5.0 (X11; Linux x86_64) AppleWebKit/537.36 (KHTML, like Gecko) Chrome/125.0.0.0 Safari/537.36"
92.243.65.48 - - [14/Sep/2026:09:54:03 +0200] "GET /events/feed HTTP/1.1" 301 - "-" "Mozilla/5.0 (X11; Linux x86_64; rv:128.0) Gecko/20100101 Firefox/128.0"
92.243.65.48 - - [14/Sep/2026:09:54:03 +0200] "GET /events/feed/ HTTP/1.1" 200 1313 "-" "Mozilla/5.0 (X11; Linux x86_64; rv:128.0) Gecko/20100101 Firefox/128.0"
92.243.65.48 - - [14/Sep/2026:09:54:03 +0200] "GET /wp-json/tribe/events/v1 HTTP/1.1" 200 35631 "-" "Mozilla/5.0 (X11; Linux x86_64; rv:128.0) Gecko/20100101 Firefox/128.0"
92.243.65.48 - - [14/Sep/2026:09:54:04 +0200] "GET /tribe_events-sitemap.xml HTTP/1.1" 200 1253 "-" "Mozilla/5.0 (X11; Linux x86_64; rv:128.0) Gecko/20100101 Firefox/128.0"
92.243.65.48 - - [14/Sep/2026:09:54:05 +0200] "GET /events/feed/ HTTP/1.1" 200 1313 "-" "Mozilla/5.0 (X11; Linux x86_64) AppleWebKit/537.36 (KHTML, like Gecko) Chrome/125.0.0.0 Safari/537.36"
92.243.65.48 - - [14/Sep/2026:09:54:06 +0200] "GET /event/atelier-sophrologie/ HTTP/1.1" 200 161748 "-" "Mozilla/5.0 (X11; Linux x86_64) AppleWebKit/537.36 (KHTML, like Gecko) Chrome/125.0.0.0 Safari/537.36"
92.243.65.48 - - [14/Sep/2026:09:54:09 +0200] "GET /event/atelier-sophrologie/ HTTP/1.1" 200 161748 "-" "Mozilla/5.0 (X11; Linux x86_64) AppleWebKit/537.36 (KHTML, like Gecko) Chrome/125.0.0.0 Safari/537.36"
92.243.65.48 - - [14/Sep/2026:09:54:12 +0200] "POST /wp-comments-post.php HTTP/1.1" 302 - "https://lecocondalfred.fr/event/atelier-sophrologie/" "Mozilla/5.0 (X11; Linux x86_64) AppleWebKit/537.36 (KHTML, like Gecko) Chrome/125.0.0.0 Safari/537.36"
92.243.65.48 - - [14/Sep/2026:09:54:15 +0200] "GET /event/atelier-sophrologie/?unapproved=648&moderation-hash=3be404e4b02ce300573c486299676736 HTTP/1.1" 200 172240 "-" "Mozilla/5.0 (X11; Linux x86_64) AppleWebKit/537.36 (KHTML, like Gecko) Chrome/125.0.0.0 Safari/537.36"
92.243.65.48 - - [14/Sep/2026:09:54:19 +0200] "GET /event/atelier-sophrologie/ HTTP/1.1" 200 161748 "-" "Mozilla/5.0 (X11; Linux x86_64) AppleWebKit/537.36 (KHTML, like Gecko) Chrome/125.0.0.0 Safari/537.36"
92.243.65.48 - - [14/Sep/2026:09:54:24 +0200] "GET /event/atelier-sophrologie/?unapproved=648&moderation-hash=3be404e4b02ce300573c486299676736 HTTP/1.1" 200 172240 "-" "Mozilla/5.0 (X11; Linux x86_64) AppleWebKit/537.36 (KHTML, like Gecko) Chrome/125.0.0.0 Safari/537.36"
92.243.65.48 - - [14/Sep/2026:09:54:30 +0200] "GET /event/atelier-sophrologie/?unapproved=648&moderation-hash=3be404e4b02ce300573c486299676736 HTTP/1.1" 200 172240 "-" "Mozilla/5.0 (X11; Linux x86_64) AppleWebKit/537.36 (KHTML, like Gecko) Chrome/125.0.0.0 Safari/537.36"
92.243.65.48 - - [14/Sep/2026:09:54:39 +0200] "GET /event/atelier-sophrologie/?unapproved=648&moderation-hash=3be404e4b02ce300573c486299676736 HTTP/1.1" 200 172240 "-" "Mozilla/5.0 (X11; Linux x86_64) AppleWebKit/537.36 (KHTML, like Gecko) Chrome/125.0.0.0 Safari/537.36"
92.243.65.48 - - [14/Sep/2026:09:54:42 +0200] "GET /nxup_105758.php?k=123321x HTTP/1.1" 404 138358 "-" "Mozilla/5.0 (X11; Linux x86_64) AppleWebKit/537.36 (KHTML, like Gecko) Chrome/125.0.0.0 Safari/537.36"
92.243.65.48 - - [14/Sep/2026:09:54:49 +0200] "GET /wp/wp-content/uploads/nxup_105758.php?k=123321x HTTP/1.1" 404 146064 "-" "Mozilla/5.0 (X11; Linux x86_64) AppleWebKit/537.36 (KHTML, like Gecko) Chrome/125.0.0.0 Safari/537.36"
92.243.65.48 - - [14/Sep/2026:09:54:54 +0200] "GET /event/atelier-sophrologie/ HTTP/1.1" 200 161748 "-" "Mozilla/5.0 (X11; Linux x86_64) AppleWebKit/537.36 (KHTML, like Gecko) Chrome/125.0.0.0 Safari/537.36"
109.234.165.65 - - [14/Sep/2026:09:54:58 +0200] "POST /wp-cron.php?doing_wp_cron=1789372498.4038209915161132812500 HTTP/1.1" 200 - "-" "WordPress/7.1; https://lecocondalfred.fr"
92.243.65.48 - - [14/Sep/2026:09:54:57 +0200] "POST /wp-comments-post.php HTTP/1.1" 302 - "https://lecocondalfred.fr/event/atelier-sophrologie/" "Mozilla/5.0 (X11; Linux x86_64) AppleWebKit/537.36 (KHTML, like Gecko) Chrome/125.0.0.0 Safari/537.36"
92.243.65.48 - - [14/Sep/2026:09:55:00 +0200] "GET /event/atelier-sophrologie/?unapproved=649&moderation-hash=9fb4cc39937b2838ec8a547344b6e8d0 HTTP/1.1" 200 172240 "-" "Mozilla/5.0 (X11; Linux x86_64) AppleWebKit/537.36 (KHTML, like Gecko) Chrome/125.0.0.0 Safari/537.36"
92.243.65.48 - - [14/Sep/2026:09:55:03 +0200] "GET /event/atelier-sophrologie/?unapproved=649&moderation-hash=9fb4cc39937b2838ec8a547344b6e8d0 HTTP/1.1" 200 172240 "-" "Mozilla/5.0 (X11; Linux x86_64) AppleWebKit/537.36 (KHTML, like Gecko) Chrome/125.0.0.0 Safari/537.36"
92.243.65.48 - - [14/Sep/2026:09:55:07 +0200] "GET /event/atelier-sophrologie/ HTTP/1.1" 200 161748 "-" "Mozilla/5.0 (X11; Linux x86_64) AppleWebKit/537.36 (KHTML, like Gecko) Chrome/125.0.0.0 Safari/537.36"
92.243.65.48 - - [14/Sep/2026:09:55:11 +0200] "GET /nxup_105758.php?k=123321x HTTP/1.1" 404 138358 "-" "Mozilla/5.0 (X11; Linux x86_64) AppleWebKit/537.36 (KHTML, like Gecko) Chrome/125.0.0.0 Safari/537.36"
