176.165.9.33 - - [14/Sep/2026:10:08:22 +0200] "GET /wp-content/plugins/google-site-kit/dist/assets/js/googlesitekit-events-provider-content-events-bb83c1a0aedefa5d25d1.js HTTP/1.1" 200 6525 "https://lecocondalfred.fr/prendre-rendez-vous/" "Mozilla/5.0 (Linux; Android 10; K) AppleWebKit/537.36 (KHTML, like Gecko) Chrome/153.0.0.0 Mobile Safari/537.36"
176.165.9.33 - - [14/Sep/2026:10:08:22 +0200] "GET /wp-content/plugins/google-site-kit/dist/assets/js/googlesitekit-events-provider-wpforms-fdbd42f50702ca1e0c36.js HTTP/1.1" 200 7653 "https://lecocondalfred.fr/prendre-rendez-vous/" "Mozilla/5.0 (Linux; Android 10; K) AppleWebKit/537.36 (KHTML, like Gecko) Chrome/153.0.0.0 Mobile Safari/537.36"
176.165.9.33 - - [14/Sep/2026:10:08:22 +0200] "GET /wp-content/uploads/2021/11/reservations.jpg HTTP/1.1" 200 151872 "https://lecocondalfred.fr/prendre-rendez-vous/" "Mozilla/5.0 (Linux; Android 10; K) AppleWebKit/537.36 (KHTML, like Gecko) Chrome/153.0.0.0 Mobile Safari/537.36"
176.165.9.33 - - [14/Sep/2026:10:08:22 +0200] "GET /wp-content/uploads/2021/09/Image-Footer.jpg HTTP/1.1" 200 65284 "https://lecocondalfred.fr/prendre-rendez-vous/" "Mozilla/5.0 (Linux; Android 10; K) AppleWebKit/537.36 (KHTML, like Gecko) Chrome/153.0.0.0 Mobile Safari/537.36"
176.165.9.33 - - [14/Sep/2026:10:08:22 +0200] "GET /wp-content/uploads/elementor/google-fonts/fonts/roboto-kfo7cnqeu92fr1me7ksn66agldtyluama3yuba.woff2 HTTP/1.1" 200 40128 "https://lecocondalfred.fr/wp-content/uploads/elementor/google-fonts/css/roboto.css?ver=1742247286" "Mozilla/5.0 (Linux; Android 10; K) AppleWebKit/537.36 (KHTML, like Gecko) Chrome/153.0.0.0 Mobile Safari/537.36"
176.165.9.33 - - [14/Sep/2026:10:08:22 +0200] "GET /wp-content/plugins/elementor/assets/lib/eicons/fonts/eicons.woff2?5.53.0 HTTP/1.1" 200 108000 "https://lecocondalfred.fr/wp-content/plugins/elementor/assets/lib/eicons/css/elementor-icons.min.css?ver=5.53.0" "Mozilla/5.0 (Linux; Android 10; K) AppleWebKit/537.36 (KHTML, like Gecko) Chrome/153.0.0.0 Mobile Safari/537.36"
176.165.9.33 - - [14/Sep/2026:10:08:22 +0200] "GET /wp-content/uploads/elementor/google-fonts/fonts/baskervville-ya9kr0yu4l_xorogbkun3kqqtamrrvi.woff2 HTTP/1.1" 200 26968 "https://lecocondalfred.fr/wp-content/uploads/elementor/google-fonts/css/baskervville.css?ver=1742247287" "Mozilla/5.0 (Linux; Android 10; K) AppleWebKit/537.36 (KHTML, like Gecko) Chrome/153.0.0.0 Mobile Safari/537.36"
176.165.9.33 - - [14/Sep/2026:10:08:22 +0200] "GET /wp-content/uploads/elementor/google-fonts/fonts/roboto-kfo5cnqeu92fr1mu53zec9_vu3r1gihoszmkbnka.woff2 HTTP/1.1" 200 44192 "https://lecocondalfred.fr/wp-content/uploads/elementor/google-fonts/css/roboto.css?ver=1742247286" "Mozilla/5.0 (Linux; Android 10; K) AppleWebKit/537.36 (KHTML, like Gecko) Chrome/153.0.0.0 Mobile Safari/537.36"
176.165.9.33 - - [14/Sep/2026:10:08:22 +0200] "GET /wp-content/plugins/elementor/assets/lib/font-awesome/webfonts/fa-solid-900.woff2 HTTP/1.1" 200 78196 "https://lecocondalfred.fr/wp-content/plugins/elementor/assets/lib/font-awesome/css/all.min.css?ver=4.2.4" "Mozilla/5.0 (Linux; Android 10; K) AppleWebKit/537.36 (KHTML, like Gecko) Chrome/153.0.0.0 Mobile Safari/537.36"
176.165.9.33 - - [14/Sep/2026:10:08:22 +0200] "GET /wp-content/plugins/elementor/assets/lib/font-awesome/webfonts/fa-regular-400.woff2 HTTP/1.1" 200 13276 "https://lecocondalfred.fr/wp-content/plugins/elementor/assets/lib/font-awesome/css/all.min.css?ver=4.2.4" "Mozilla/5.0 (Linux; Android 10; K) AppleWebKit/537.36 (KHTML, like Gecko) Chrome/153.0.0.0 Mobile Safari/537.36"
176.165.9.33 - - [14/Sep/2026:10:08:22 +0200] "GET /wp-content/uploads/elementor/google-fonts/fonts/baloo2-wxkre3ktposypryd51jcaa.woff2 HTTP/1.1" 200 32676 "https://lecocondalfred.fr/wp-content/uploads/elementor/google-fonts/css/baloo2.css?ver=1742478820" "Mozilla/5.0 (Linux; Android 10; K) AppleWebKit/537.36 (KHTML, like Gecko) Chrome/153.0.0.0 Mobile Safari/537.36"
176.165.9.33 - - [14/Sep/2026:10:08:22 +0200] "GET /wp-content/plugins/elementor/assets/lib/font-awesome/webfonts/fa-brands-400.woff2 HTTP/1.1" 200 81612 "https://lecocondalfred.fr/wp-content/plugins/elementor/assets/lib/font-awesome/css/all.min.css?ver=4.2.4" "Mozilla/5.0 (Linux; Android 10; K) AppleWebKit/537.36 (KHTML, like Gecko) Chrome/153.0.0.0 Mobile Safari/537.36"
176.165.9.33 - - [14/Sep/2026:10:08:22 +0200] "GET /wp-content/plugins/elementor/assets/js/section-frontend-handlers.d85ab872da118940910d.bundle.min.js HTTP/1.1" 200 449 "https://lecocondalfred.fr/prendre-rendez-vous/" "Mozilla/5.0 (Linux; Android 10; K) AppleWebKit/537.36 (KHTML, like Gecko) Chrome/153.0.0.0 Mobile Safari/537.36"
176.165.9.33 - - [14/Sep/2026:10:08:22 +0200] "GET /wp-content/plugins/elementor/assets/js/shared-frontend-handlers.03caa53373b56d3bab67.bundle.min.js HTTP/1.1" 200 8481 "https://lecocondalfred.fr/prendre-rendez-vous/" "Mozilla/5.0 (Linux; Android 10; K) AppleWebKit/537.36 (KHTML, like Gecko) Chrome/153.0.0.0 Mobile Safari/537.36"
176.165.9.33 - - [14/Sep/2026:10:08:22 +0200] "GET /wp-content/plugins/elementor-pro/assets/js/nav-menu.dc8790fd04afa5b6c0a3.bundle.min.js HTTP/1.1" 200 5038 "https://lecocondalfred.fr/prendre-rendez-vous/" "Mozilla/5.0 (Linux; Android 10; K) AppleWebKit/537.36 (KHTML, like Gecko) Chrome/153.0.0.0 Mobile Safari/537.36"
176.165.9.33 - - [14/Sep/2026:10:08:22 +0200] "GET /wp-content/plugins/elementor/assets/js/text-editor.45609661e409413f1cef.bundle.min.js HTTP/1.1" 200 1348 "https://lecocondalfred.fr/prendre-rendez-vous/" "Mozilla/5.0 (Linux; Android 10; K) AppleWebKit/537.36 (KHTML, like Gecko) Chrome/153.0.0.0 Mobile Safari/537.36"
176.165.9.33 - - [14/Sep/2026:10:08:22 +0200] "GET /wp-content/plugins/wpfront-scroll-top/includes/assets/icons/116.png HTTP/1.1" 200 543 "https://lecocondalfred.fr/prendre-rendez-vous/" "Mozilla/5.0 (Linux; Android 10; K) AppleWebKit/537.36 (KHTML, like Gecko) Chrome/153.0.0.0 Mobile Safari/537.36"
176.165.9.33 - - [14/Sep/2026:10:08:23 +0200] "GET /wp-includes/js/tinymce/skins/lightgray/img/loader.gif HTTP/1.1" 200 2608 "https://lecocondalfred.fr/prendre-rendez-vous/" "Mozilla/5.0 (Linux; Android 10; K) AppleWebKit/537.36 (KHTML, like Gecko) Chrome/153.0.0.0 Mobile Safari/537.36"
176.165.9.33 - - [14/Sep/2026:10:08:23 +0200] "GET /wp-content/uploads/2021/08/cropped-FAVICON-lecocondalfred-192x192.png HTTP/1.1" 200 1935 "https://lecocondalfred.fr/prendre-rendez-vous/" "Mozilla/5.0 (Linux; Android 10; K) AppleWebKit/537.36 (KHTML, like Gecko) Chrome/153.0.0.0 Mobile Safari/537.36"
176.165.9.33 - - [14/Sep/2026:10:08:23 +0200] "GET /wp-content/uploads/2023/09/Copie-de-Succulents-and-Cactus-Daily-Agenda-Slide-2-1320x743.jpg HTTP/1.1" 200 114011 "https://lecocondalfred.fr/prendre-rendez-vous/" "Mozilla/5.0 (Linux; Android 10; K) AppleWebKit/537.36 (KHTML, like Gecko) Chrome/153.0.0.0 Mobile Safari/537.36"
176.165.9.33 - - [14/Sep/2026:10:08:22 +0200] "POST /wp-admin/admin-ajax.php HTTP/1.1" 200 88 "https://lecocondalfred.fr/prendre-rendez-vous/" "Mozilla/5.0 (Linux; Android 10; K) AppleWebKit/537.36 (KHTML, like Gecko) Chrome/153.0.0.0 Mobile Safari/537.36"
176.165.9.33 - - [14/Sep/2026:10:08:23 +0200] "GET /wp/wp-content/uploads/fbrfg/apple-touch-icon.png HTTP/1.1" 404 146099 "https://lecocondalfred.fr/prendre-rendez-vous/" "Mozilla/5.0 (Linux; Android 10; K) AppleWebKit/537.36 (KHTML, like Gecko) Chrome/153.0.0.0 Mobile Safari/537.36"
176.165.9.33 - - [14/Sep/2026:10:08:23 +0200] "GET /wp/wp-content/uploads/fbrfg/site.webmanifest HTTP/1.1" 404 146091 "https://lecocondalfred.fr/prendre-rendez-vous/" "Mozilla/5.0 (Linux; Android 10; K) AppleWebKit/537.36 (KHTML, like Gecko) Chrome/153.0.0.0 Mobile Safari/537.36"
176.165.9.33 - - [14/Sep/2026:10:08:23 +0200] "GET /wp-content/uploads/2021/08/cropped-FAVICON-lecocondalfred-180x180.png HTTP/1.1" 200 1615 "https://lecocondalfred.fr/prendre-rendez-vous/" "Mozilla/5.0 (Linux; Android 10; K) AppleWebKit/537.36 (KHTML, like Gecko) Chrome/153.0.0.0 Mobile Safari/537.36"
176.165.9.33 - - [14/Sep/2026:10:08:23 +0200] "GET /wp-admin/admin-ajax.php?action=bookly_render_service&form_id=ab517f009e4bc2cf9ce5f92fdea65308&new_chain=true&csrf_token=4d0610f653 HTTP/1.1" 200 32160 "https://lecocondalfred.fr/prendre-rendez-vous/" "Mozilla/5.0 (Linux; Android 10; K) AppleWebKit/537.36 (KHTML, like Gecko) Chrome/153.0.0.0 Mobile Safari/537.36"
92.184.125.169 - - [14/Sep/2026:10:08:37 +0200] "GET /sabine-damongeot-orientation-scolaire-professionnelle/ HTTP/1.1" 200 274284 "https://lecocondalfred.fr/nos-professionnels/" "Mozilla/5.0 (iPhone; CPU iPhone OS 26_6_1 like Mac OS X) AppleWebKit/605.1.15 (KHTML, like Gecko) EdgiOS/152.0.4191.65 Version/26.0 Mobile/15E148 Safari/604.1"
92.184.125.169 - - [14/Sep/2026:10:08:37 +0200] "GET /wp-content/plugins/google-site-kit/dist/assets/js/googlesitekit-consent-mode-86cb52dcb9f2b27ed244.js HTTP/1.1" 404 146147 "https://lecocondalfred.fr/sabine-damongeot-orientation-scolaire-professionnelle/" "Mozilla/5.0 (iPhone; CPU iPhone OS 26_6_1 like Mac OS X) AppleWebKit/605.1.15 (KHTML, like Gecko) EdgiOS/152.0.4191.65 Version/26.0 Mobile/15E148 Safari/604.1"
92.184.125.169 - - [14/Sep/2026:10:08:37 +0200] "GET /wp-content/plugins/google-site-kit/dist/assets/js/googlesitekit-events-provider-content-events-33078016c5e1e9f07c35.js HTTP/1.1" 404 146171 "https://lecocondalfred.fr/sabine-damongeot-orientation-scolaire-professionnelle/" "Mozilla/5.0 (iPhone; CPU iPhone OS 26_6_1 like Mac OS X) AppleWebKit/605.1.15 (KHTML, like Gecko) EdgiOS/152.0.4191.65 Version/26.0 Mobile/15E148 Safari/604.1"
92.184.125.169 - - [14/Sep/2026:10:08:38 +0200] "GET /wp-content/plugins/google-site-kit/dist/assets/js/googlesitekit-events-provider-wpforms-063cb453c64ecfd3dafe.js HTTP/1.1" 404 146163 "https://lecocondalfred.fr/sabine-damongeot-orientation-scolaire-professionnelle/" "Mozilla/5.0 (iPhone; CPU iPhone OS 26_6_1 like Mac OS X) AppleWebKit/605.1.15 (KHTML, like Gecko) EdgiOS/152.0.4191.65 Version/26.0 Mobile/15E148 Safari/604.1"
92.184.125.169 - - [14/Sep/2026:10:08:38 +0200] "GET /wp/wp-content/uploads/fbrfg/site.webmanifest HTTP/1.1" 404 146091 "https://lecocondalfred.fr/sabine-damongeot-orientation-scolaire-professionnelle/" "Mozilla/5.0 (iPhone; CPU iPhone OS 26_6_1 like Mac OS X) AppleWebKit/605.1.15 (KHTML, like Gecko) EdgiOS/152.0.4191.65 Version/26.0 Mobile/15E148 Safari/604.1"
92.184.125.169 - - [14/Sep/2026:10:08:40 +0200] "GET /wp/wp-content/uploads/fbrfg/apple-touch-icon.png HTTP/1.1" 404 146099 "-" "Mozilla/5.0 (iPhone; CPU iPhone OS 26_6_1 like Mac OS X) AppleWebKit/605.1.15 (KHTML, like Gecko) EdgiOS/152.0.4191.65 Version/26.0 Mobile/15E148 Safari/604.1"
176.165.9.33 - - [14/Sep/2026:10:09:01 +0200] "GET /wp-content/plugins/bookly-responsive-appointment-booking-tool/frontend/resources/images/checkbox.svg HTTP/1.1" 200 285 "https://lecocondalfred.fr/wp-content/plugins/bookly-responsive-appointment-booking-tool/frontend/resources/css/bookly-main.css?ver=28.0" "Mozilla/5.0 (Linux; Android 10; K) AppleWebKit/537.36 (KHTML, like Gecko) Chrome/153.0.0.0 Mobile Safari/537.36"
9.129.54.160 - - [14/Sep/2026:10:09:38 +0200] "GET / HTTP/1.1" 200 224621 "-" "Mozilla/5.0 AppleWebKit/537.36 (KHTML, like Gecko); compatible; ChatGPT-User/1.0; +https://openai.com/bot"
109.234.165.65 - - [14/Sep/2026:10:10:28 +0200] "POST /wp-cron.php?doing_wp_cron=1789373428.1777789592742919921875 HTTP/1.1" 200 - "-" "WordPress/7.1; https://lecocondalfred.fr"
176.165.9.33 - - [14/Sep/2026:10:10:22 +0200] "POST /wp-admin/admin-ajax.php HTTP/1.1" 200 16 "https://lecocondalfred.fr/prendre-rendez-vous/" "Mozilla/5.0 (Linux; Android 10; K) AppleWebKit/537.36 (KHTML, like Gecko) Chrome/153.0.0.0 Mobile Safari/537.36"
176.165.9.33 - - [14/Sep/2026:10:10:28 +0200] "GET /wp-admin/admin-ajax.php?action=bookly_render_time&form_id=ab517f009e4bc2cf9ce5f92fdea65308&csrf_token=4d0610f653 HTTP/1.1" 200 9575 "https://lecocondalfred.fr/prendre-rendez-vous/" "Mozilla/5.0 (Linux; Android 10; K) AppleWebKit/537.36 (KHTML, like Gecko) Chrome/153.0.0.0 Mobile Safari/537.36"
176.165.9.33 - - [14/Sep/2026:10:10:29 +0200] "GET /wp-content/plugins/bookly-responsive-appointment-booking-tool/frontend/resources/css/fonts/bootstrap-icons.woff2?dd67030699838ea613ee6dbda90effa6 HTTP/1.1" 200 130396 "https://lecocondalfred.fr/wp-content/plugins/bookly-responsive-appointment-booking-tool/frontend/resources/css/bootstrap-icons.min.css?ver=28.0" "Mozilla/5.0 (Linux; Android 10; K) AppleWebKit/537.36 (KHTML, like Gecko) Chrome/153.0.0.0 Mobile Safari/537.36"
109.234.165.65 - - [14/Sep/2026:10:10:43 +0200] "POST /wp-cron.php?doing_wp_cron=1789373443.7532470226287841796875 HTTP/1.1" 200 - "-" "WordPress/7.1; https://lecocondalfred.fr"
109.234.165.65 - - [14/Sep/2026:10:10:23 +0200] "POST /?mailpoet_router&endpoint=cron_daemon&action=run&data=eyJ0b2tlbiI6IjFlYnM5In0 HTTP/1.1" 200 - "-" "MailPoet Cron"
176.165.9.33 - - [14/Sep/2026:10:10:50 +0200] "GET /category/ateliers/ HTTP/1.1" 200 169274 "https://lecocondalfred.fr/prendre-rendez-vous/" "Mozilla/5.0 (Linux; Android 10; K) AppleWebKit/537.36 (KHTML, like Gecko) Chrome/153.0.0.0 Mobile Safari/537.36"
78.123.96.56 - - [14/Sep/2026:10:12:38 +0200] "GET / HTTP/1.1" 200 224621 "https://lecocondalfred.fr/prendre-rendez-vous/" "Mozilla/5.0 (iPhone; CPU iPhone OS 18_7 like Mac OS X) AppleWebKit/605.1.15 (KHTML, like Gecko) Version/26.3 Mobile/15E148 Safari/604.1"
109.234.165.65 - - [14/Sep/2026:10:12:39 +0200] "POST /wp-cron.php?doing_wp_cron=1789373559.6185109615325927734375 HTTP/1.1" 200 - "-" "WordPress/7.1; https://lecocondalfred.fr"
109.234.165.65 - - [14/Sep/2026:10:12:39 +0200] "POST /wp-cron.php?doing_wp_cron=1789373559.6186039447784423828125 HTTP/1.1" 200 - "-" "WordPress/7.1; https://lecocondalfred.fr"
78.123.96.56 - - [14/Sep/2026:10:12:38 +0200] "GET /wp-content/plugins/mailpoet/assets/dist/css/mailpoet-public.a7375e83.css?ver=7.1 HTTP/1.1" 404 146127 "https://lecocondalfred.fr/" "Mozilla/5.0 (iPhone; CPU iPhone OS 18_7 like Mac OS X) AppleWebKit/605.1.15 (KHTML, like Gecko) Version/26.3 Mobile/15E148 Safari/604.1"
78.123.96.56 - - [14/Sep/2026:10:12:39 +0200] "GET /wp-content/plugins/google-site-kit/dist/assets/js/googlesitekit-consent-mode-86cb52dcb9f2b27ed244.js HTTP/1.1" 404 146147 "https://lecocondalfred.fr/" "Mozilla/5.0 (iPhone; CPU iPhone OS 18_7 like Mac OS X) AppleWebKit/605.1.15 (KHTML, like Gecko) Version/26.3 Mobile/15E148 Safari/604.1"
109.234.165.65 - - [14/Sep/2026:10:12:39 +0200] "POST /wp-cron.php?doing_wp_cron=1789373559.6525371074676513671875 HTTP/1.1" 200 - "-" "WordPress/7.1; https://lecocondalfred.fr"
109.234.165.65 - - [14/Sep/2026:10:12:39 +0200] "POST /wp-cron.php?doing_wp_cron=1789373559.6525359153747558593750 HTTP/1.1" 200 - "-" "WordPress/7.1; https://lecocondalfred.fr"
78.123.96.56 - - [14/Sep/2026:10:12:39 +0200] "GET /wp-content/plugins/google-site-kit/dist/assets/js/googlesitekit-events-provider-content-events-33078016c5e1e9f07c35.js HTTP/1.1" 404 146171 "https://lecocondalfred.fr/" "Mozilla/5.0 (iPhone; CPU iPhone OS 18_7 like Mac OS X) AppleWebKit/605.1.15 (KHTML, like Gecko) Version/26.3 Mobile/15E148 Safari/604.1"
78.123.96.56 - - [14/Sep/2026:10:12:39 +0200] "GET /wp-content/plugins/google-site-kit/dist/assets/js/googlesitekit-events-provider-wpforms-063cb453c64ecfd3dafe.js HTTP/1.1" 404 146163 "https://lecocondalfred.fr/" "Mozilla/5.0 (iPhone; CPU iPhone OS 18_7 like Mac OS X) AppleWebKit/605.1.15 (KHTML, like Gecko) Version/26.3 Mobile/15E148 Safari/604.1"
78.123.96.56 - - [14/Sep/2026:10:12:40 +0200] "GET /wp-content/uploads/2021/10/PA190122-2-scaled-e1634680406494.jpg HTTP/1.1" 200 51984 "https://lecocondalfred.fr/" "Mozilla/5.0 (iPhone; CPU iPhone OS 18_7 like Mac OS X) AppleWebKit/605.1.15 (KHTML, like Gecko) Version/26.3 Mobile/15E148 Safari/604.1"
78.123.96.56 - - [14/Sep/2026:10:12:39 +0200] "GET /wp/wp-content/uploads/fbrfg/site.webmanifest HTTP/1.1" 404 146091 "https://lecocondalfred.fr/" "Mozilla/5.0 (iPhone; CPU iPhone OS 18_7 like Mac OS X) AppleWebKit/605.1.15 (KHTML, like Gecko) Version/26.3 Mobile/15E148 Safari/604.1"
78.123.96.56 - - [14/Sep/2026:10:12:42 +0200] "GET /wp-content/uploads/2021/09/Categorie-enfant.jpg HTTP/1.1" 200 9432 "https://lecocondalfred.fr/" "Mozilla/5.0 (iPhone; CPU iPhone OS 18_7 like Mac OS X) AppleWebKit/605.1.15 (KHTML, like Gecko) Version/26.3 Mobile/15E148 Safari/604.1"
78.123.96.56 - - [14/Sep/2026:10:12:43 +0200] "GET /wp-content/uploads/2021/09/Categorie-ados.jpg HTTP/1.1" 200 15340 "https://lecocondalfred.fr/" "Mozilla/5.0 (iPhone; CPU iPhone OS 18_7 like Mac OS X) AppleWebKit/605.1.15 (KHTML, like Gecko) Version/26.3 Mobile/15E148 Safari/604.1"
78.123.96.56 - - [14/Sep/2026:10:12:44 +0200] "GET /wp-content/uploads/2021/09/Categorie-famille.jpg HTTP/1.1" 200 11639 "https://lecocondalfred.fr/" "Mozilla/5.0 (iPhone; CPU iPhone OS 18_7 like Mac OS X) AppleWebKit/605.1.15 (KHTML, like Gecko) Version/26.3 Mobile/15E148 Safari/604.1"
78.123.96.56 - - [14/Sep/2026:10:12:44 +0200] "GET /wp-content/uploads/2026/09/Line-1-1320x893.jpg HTTP/1.1" 200 138799 "https://lecocondalfred.fr/" "Mozilla/5.0 (iPhone; CPU iPhone OS 18_7 like Mac OS X) AppleWebKit/605.1.15 (KHTML, like Gecko) Version/26.3 Mobile/15E148 Safari/604.1"
77.75.78.161 - - [14/Sep/2026:10:12:49 +0200] "GET /tag/graphopedagogie/ HTTP/1.1" 200 151516 "-" "Mozilla/5.0 (compatible; SeznamBot/4.0; +https://o-seznam.cz/napoveda/vyhledavani/en/seznambot-crawler/)"
109.234.165.65 - - [14/Sep/2026:10:14:46 +0200] "POST /wp-cron.php?doing_wp_cron=1789373686.0913050174713134765625 HTTP/1.1" 200 - "-" "WordPress/7.1; https://lecocondalfred.fr"
176.165.9.33 - - [14/Sep/2026:10:14:40 +0200] "GET /wp-admin/admin-ajax.php?action=bookly_render_time&form_id=ab517f009e4bc2cf9ce5f92fdea65308&selected_date=2026-10-01&dir=next&csrf_token=4d0610f653 HTTP/1.1" 200 12701 "https://lecocondalfred.fr/prendre-rendez-vous/" "Mozilla/5.0 (Linux; Android 10; K) AppleWebKit/537.36 (KHTML, like Gecko) Chrome/153.0.0.0 Mobile Safari/537.36"
109.234.165.65 - - [14/Sep/2026:10:15:01 +0200] "POST /wp-cron.php?doing_wp_cron=1789373701.1128649711608886718750 HTTP/1.1" 200 - "-" "WordPress/7.1; https://lecocondalfred.fr"
109.234.165.65 - - [14/Sep/2026:10:14:40 +0200] "POST /?mailpoet_router&endpoint=cron_daemon&action=run&data=eyJ0b2tlbiI6Imtjb3V1In0 HTTP/1.1" 200 - "-" "MailPoet Cron"
176.165.9.33 - - [14/Sep/2026:10:15:05 +0200] "GET /wp-admin/admin-ajax.php?action=bookly_render_time&form_id=ab517f009e4bc2cf9ce5f92fdea65308&selected_date=2026-09-01&dir=prev&csrf_token=4d0610f653 HTTP/1.1" 200 9583 "https://lecocondalfred.fr/prendre-rendez-vous/" "Mozilla/5.0 (Linux; Android 10; K) AppleWebKit/537.36 (KHTML, like Gecko) Chrome/153.0.0.0 Mobile Safari/537.36"
176.165.9.33 - - [14/Sep/2026:10:15:20 +0200] "POST /wp-admin/admin-ajax.php HTTP/1.1" 200 16 "https://lecocondalfred.fr/prendre-rendez-vous/" "Mozilla/5.0 (Linux; Android 10; K) AppleWebKit/537.36 (KHTML, like Gecko) Chrome/153.0.0.0 Mobile Safari/537.36"
176.165.9.33 - - [14/Sep/2026:10:15:21 +0200] "GET /wp-admin/admin-ajax.php?action=bookly_render_details&form_id=ab517f009e4bc2cf9ce5f92fdea65308&add_to_cart=true&csrf_token=4d0610f653 HTTP/1.1" 200 5337 "https://lecocondalfred.fr/prendre-rendez-vous/" "Mozilla/5.0 (Linux; Android 10; K) AppleWebKit/537.36 (KHTML, like Gecko) Chrome/153.0.0.0 Mobile Safari/537.36"
176.165.9.33 - - [14/Sep/2026:10:15:22 +0200] "GET /wp-content/plugins/bookly-responsive-appointment-booking-tool/frontend/resources/images/flags@2x.png HTTP/1.1" 200 183962 "https://lecocondalfred.fr/wp-content/plugins/bookly-responsive-appointment-booking-tool/backend/resources/tailwind/tailwind.css?ver=28.0" "Mozilla/5.0 (Linux; Android 10; K) AppleWebKit/537.36 (KHTML, like Gecko) Chrome/153.0.0.0 Mobile Safari/537.36"
109.234.165.65 - - [14/Sep/2026:10:16:36 +0200] "POST /wp-cron.php?doing_wp_cron=1789373796.1083209514617919921875 HTTP/1.1" 200 - "-" "WordPress/7.1; https://lecocondalfred.fr"
176.165.9.33 - - [14/Sep/2026:10:16:35 +0200] "POST /wp-admin/admin-ajax.php HTTP/1.1" 200 16 "https://lecocondalfred.fr/prendre-rendez-vous/" "Mozilla/5.0 (Linux; Android 10; K) AppleWebKit/537.36 (KHTML, like Gecko) Chrome/153.0.0.0 Mobile Safari/537.36"
176.165.9.33 - - [14/Sep/2026:10:16:36 +0200] "POST /wp-admin/admin-ajax.php HTTP/1.1" 200 32 "https://lecocondalfred.fr/prendre-rendez-vous/" "Mozilla/5.0 (Linux; Android 10; K) AppleWebKit/537.36 (KHTML, like Gecko) Chrome/153.0.0.0 Mobile Safari/537.36"
176.165.9.33 - - [14/Sep/2026:10:16:36 +0200] "POST /wp-admin/admin-ajax.php HTTP/1.1" 200 16 "https://lecocondalfred.fr/prendre-rendez-vous/" "Mozilla/5.0 (Linux; Android 10; K) AppleWebKit/537.36 (KHTML, like Gecko) Chrome/153.0.0.0 Mobile Safari/537.36"
176.165.9.33 - - [14/Sep/2026:10:16:38 +0200] "GET /wp-admin/admin-ajax.php?action=bookly_render_complete&form_id=ab517f009e4bc2cf9ce5f92fdea65308&csrf_token=4d0610f653 HTTP/1.1" 200 1486 "https://lecocondalfred.fr/prendre-rendez-vous/" "Mozilla/5.0 (Linux; Android 10; K) AppleWebKit/537.36 (KHTML, like Gecko) Chrome/153.0.0.0 Mobile Safari/537.36"
54.201.149.124 - - [14/Sep/2026:10:17:54 +0200] "GET /line-grenet/ HTTP/1.1" 200 272869 "-" "Mozilla/5.0 (Windows NT 10.0; Win64; x64) AppleWebKit/537.36 (KHTML, like Gecko) Chrome/113.0.0.0 Safari/537.36"
40.68.190.20 - - [14/Sep/2026:10:18:00 +0200] "GET /line-grenet/ HTTP/1.1" 200 272869 "-" "Mozilla/5.0 (Windows NT 10.0; WOW64) AppleWebKit/537.36 (KHTML, like Gecko) Chrome/63.0.3239.84 Safari/537.36"
109.234.165.65 - - [14/Sep/2026:10:19:16 +0200] "POST /wp-cron.php?doing_wp_cron=1789373956.9057080745697021484375 HTTP/1.1" 200 - "-" "WordPress/7.1; https://lecocondalfred.fr"
160.79.106.163 - - [14/Sep/2026:10:19:16 +0200] "POST /wp-json/royal-mcp/v1 HTTP/1.1" 200 119 "-" "Claude-User"
160.79.106.160 - - [14/Sep/2026:10:19:46 +0200] "POST /wp-json/royal-mcp/v1 HTTP/1.1" 200 157 "-" "Claude-User"
160.79.106.161 - - [14/Sep/2026:10:19:47 +0200] "POST /wp-json/royal-mcp/v1 HTTP/1.1" 202 - "-" "Claude-User"
160.79.106.161 - - [14/Sep/2026:10:19:48 +0200] "POST /wp-json/royal-mcp/v1 HTTP/1.1" 200 157 "-" "Claude-User"
160.79.106.168 - - [14/Sep/2026:10:19:48 +0200] "POST /wp-json/royal-mcp/v1 HTTP/1.1" 200 65991 "-" "Claude-User"
160.79.106.175 - - [14/Sep/2026:10:19:49 +0200] "POST /wp-json/royal-mcp/v1 HTTP/1.1" 202 - "-" "Claude-User"
160.79.106.160 - - [14/Sep/2026:10:19:50 +0200] "POST /wp-json/royal-mcp/v1 HTTP/1.1" 200 65991 "-" "Claude-User"
160.79.106.163 - - [14/Sep/2026:10:19:55 +0200] "POST /wp-json/royal-mcp/v1 HTTP/1.1" 200 157 "-" "Claude-User"
160.79.106.169 - - [14/Sep/2026:10:19:56 +0200] "POST /wp-json/royal-mcp/v1 HTTP/1.1" 202 - "-" "Claude-User"
46.224.156.27 - - [14/Sep/2026:10:19:57 +0200] "GET / HTTP/1.1" 200 224621 "http://lecocondalfred.fr" "Mozilla/5.0 (Windows NT 10.0; Win64; x64) AppleWebKit/537.36 (KHTML, like Gecko) Chrome/134.0.0.0 Safari/537.36 Trailer/93.3.8652.5"
160.79.106.165 - - [14/Sep/2026:10:19:57 +0200] "POST /wp-json/royal-mcp/v1 HTTP/1.1" 200 65991 "-" "Claude-User"
40.77.167.158 - - [14/Sep/2026:10:22:33 +0200] "GET /la-graphopedagogie/ HTTP/1.1" 200 206377 "-" "Mozilla/5.0 AppleWebKit/537.36 (KHTML, like Gecko; compatible; bingbot/2.0; +http://www.bing.com/bingbot.htm) Chrome/116.0.1938.76 Safari/537.36"
109.234.165.65 - - [14/Sep/2026:10:22:49 +0200] "POST /wp-cron.php?doing_wp_cron=1789374169.4557809829711914062500 HTTP/1.1" 200 - "-" "WordPress/7.1; https://lecocondalfred.fr"
93.23.16.165 - - [14/Sep/2026:10:22:48 +0200] "GET /wp/wp-content/uploads/fbrfg/site.webmanifest HTTP/1.1" 404 146091 "https://lecocondalfred.fr/graphopedagogue-julie-baverel-besancon/" "Mozilla/5.0 (Linux; Android 10; K) AppleWebKit/537.36 (KHTML, like Gecko) SamsungBrowser/30.0 Chrome/143.0.0.0 Mobile Safari/537.36"
109.234.165.65 - - [14/Sep/2026:10:22:54 +0200] "POST /wp-cron.php?doing_wp_cron=1789374174.3545091152191162109375 HTTP/1.1" 200 - "-" "WordPress/7.1; https://lecocondalfred.fr"
93.23.16.165 - - [14/Sep/2026:10:22:48 +0200] "GET /wp/wp-content/uploads/fbrfg/apple-touch-icon.png HTTP/1.1" 404 146099 "https://lecocondalfred.fr/graphopedagogue-julie-baverel-besancon/" "Mozilla/5.0 (Linux; Android 10; K) AppleWebKit/537.36 (KHTML, like Gecko) SamsungBrowser/30.0 Chrome/143.0.0.0 Mobile Safari/537.36"
109.234.165.65 - - [14/Sep/2026:10:23:09 +0200] "POST /wp-cron.php?doing_wp_cron=1789374189.6551389694213867187500 HTTP/1.1" 200 - "-" "WordPress/7.1; https://lecocondalfred.fr"
109.234.165.65 - - [14/Sep/2026:10:22:49 +0200] "POST /?mailpoet_router&endpoint=cron_daemon&action=run&data=eyJ0b2tlbiI6IjFwMnlyIn0 HTTP/1.1" 200 - "-" "MailPoet Cron"
90.89.255.39 - - [14/Sep/2026:10:25:03 +0200] "GET /la-graphopedagogie/ HTTP/1.1" 200 206377 "https://www.google.com/" "Mozilla/5.0 (Linux; Android 10; K) AppleWebKit/537.36 (KHTML, like Gecko) Chrome/153.0.0.0 Safari/537.36"
90.89.255.39 - - [14/Sep/2026:10:25:03 +0200] "GET /wp-content/themes/astra/assets/css/minified/main.min.css?ver=4.13.10 HTTP/1.1" 200 44905 "https://lecocondalfred.fr/la-graphopedagogie/" "Mozilla/5.0 (Linux; Android 10; K) AppleWebKit/537.36 (KHTML, like Gecko) Chrome/153.0.0.0 Safari/537.36"
90.89.255.39 - - [14/Sep/2026:10:25:03 +0200] "GET /wp-content/astra-local-fonts/astra-local-fonts.css?ver=4.13.10 HTTP/1.1" 200 11134 "https://lecocondalfred.fr/la-graphopedagogie/" "Mozilla/5.0 (Linux; Android 10; K) AppleWebKit/537.36 (KHTML, like Gecko) Chrome/153.0.0.0 Safari/537.36"
90.89.255.39 - - [14/Sep/2026:10:25:03 +0200] "GET /wp-content/plugins/cookie-law-info/legacy/public/css/cookie-law-info-public.css?ver=3.5.5 HTTP/1.1" 200 3106 "https://lecocondalfred.fr/la-graphopedagogie/" "Mozilla/5.0 (Linux; Android 10; K) AppleWebKit/537.36 (KHTML, like Gecko) Chrome/153.0.0.0 Safari/537.36"
90.89.255.39 - - [14/Sep/2026:10:25:03 +0200] "GET /wp-content/plugins/cookie-law-info/legacy/public/css/cookie-law-info-gdpr.css?ver=3.5.5 HTTP/1.1" 200 27203 "https://lecocondalfred.fr/la-graphopedagogie/" "Mozilla/5.0 (Linux; Android 10; K) AppleWebKit/537.36 (KHTML, like Gecko) Chrome/153.0.0.0 Safari/537.36"
90.89.255.39 - - [14/Sep/2026:10:25:04 +0200] "GET /wp-content/plugins/the-events-calendar/build/css/tribe-events-single-skeleton.css?ver=6.17.2 HTTP/1.1" 200 18813 "https://lecocondalfred.fr/la-graphopedagogie/" "Mozilla/5.0 (Linux; Android 10; K) AppleWebKit/537.36 (KHTML, like Gecko) Chrome/153.0.0.0 Safari/537.36"
90.89.255.39 - - [14/Sep/2026:10:25:04 +0200] "GET /wp-content/plugins/the-events-calendar/build/css/tribe-events-single-full.css?ver=6.17.2 HTTP/1.1" 200 21027 "https://lecocondalfred.fr/la-graphopedagogie/" "Mozilla/5.0 (Linux; Android 10; K) AppleWebKit/537.36 (KHTML, like Gecko) Chrome/153.0.0.0 Safari/537.36"
90.89.255.39 - - [14/Sep/2026:10:25:04 +0200] "GET /wp-content/plugins/the-events-calendar/build/css/integrations/plugins/elementor/widgets/widget-base.css?ver=6.17.2 HTTP/1.1" 200 1128 "https://lecocondalfred.fr/la-graphopedagogie/" "Mozilla/5.0 (Linux; Android 10; K) AppleWebKit/537.36 (KHTML, like Gecko) Chrome/153.0.0.0 Safari/537.36"
90.89.255.39 - - [14/Sep/2026:10:25:04 +0200] "GET /wp-content/plugins/complianz-gdpr/assets/css/cookieblocker.min.css?ver=1787065124 HTTP/1.1" 200 2782 "https://lecocondalfred.fr/la-graphopedagogie/" "Mozilla/5.0 (Linux; Android 10; K) AppleWebKit/537.36 (KHTML, like Gecko) Chrome/153.0.0.0 Safari/537.36"
90.89.255.39 - - [14/Sep/2026:10:25:04 +0200] "GET /wp-content/plugins/elementor/assets/css/frontend.min.css?ver=4.2.4 HTTP/1.1" 200 54666 "https://lecocondalfred.fr/la-graphopedagogie/" "Mozilla/5.0 (Linux; Android 10; K) AppleWebKit/537.36 (KHTML, like Gecko) Chrome/153.0.0.0 Safari/537.36"
90.89.255.39 - - [14/Sep/2026:10:25:04 +0200] "GET /wp-content/plugins/elementor/assets/css/widget-image.min.css?ver=4.2.4 HTTP/1.1" 200 214 "https://lecocondalfred.fr/la-graphopedagogie/" "Mozilla/5.0 (Linux; Android 10; K) AppleWebKit/537.36 (KHTML, like Gecko) Chrome/153.0.0.0 Safari/537.36"
90.89.255.39 - - [14/Sep/2026:10:25:04 +0200] "GET /wp-content/plugins/elementor/assets/lib/animations/styles/fadeIn.min.css?ver=4.2.4 HTTP/1.1" 200 77 "https://lecocondalfred.fr/la-graphopedagogie/" "Mozilla/5.0 (Linux; Android 10; K) AppleWebKit/537.36 (KHTML, like Gecko) Chrome/153.0.0.0 Safari/537.36"
90.89.255.39 - - [14/Sep/2026:10:25:04 +0200] "GET /wp-content/plugins/elementor-pro/assets/css/widget-nav-menu.min.css?ver=4.2.1 HTTP/1.1" 200 27363 "https://lecocondalfred.fr/la-graphopedagogie/" "Mozilla/5.0 (Linux; Android 10; K) AppleWebKit/537.36 (KHTML, like Gecko) Chrome/153.0.0.0 Safari/537.36"
90.89.255.39 - - [14/Sep/2026:10:25:04 +0200] "GET /wp-content/plugins/elementor/assets/lib/animations/styles/e-animation-pulse.min.css?ver=4.2.4 HTTP/1.1" 200 318 "https://lecocondalfred.fr/la-graphopedagogie/" "Mozilla/5.0 (Linux; Android 10; K) AppleWebKit/537.36 (KHTML, like Gecko) Chrome/153.0.0.0 Safari/537.36"
90.89.255.39 - - [14/Sep/2026:10:25:04 +0200] "GET /wp-content/plugins/elementor/assets/lib/eicons/css/elementor-icons.min.css?ver=5.53.0 HTTP/1.1" 200 22258 "https://lecocondalfred.fr/la-graphopedagogie/" "Mozilla/5.0 (Linux; Android 10; K) AppleWebKit/537.36 (KHTML, like Gecko) Chrome/153.0.0.0 Safari/537.36"
90.89.255.39 - - [14/Sep/2026:10:25:04 +0200] "GET /wp-content/plugins/elementor/assets/lib/font-awesome/css/all.min.css?ver=4.2.4 HTTP/1.1" 200 59344 "https://lecocondalfred.fr/la-graphopedagogie/" "Mozilla/5.0 (Linux; Android 10; K) AppleWebKit/537.36 (KHTML, like Gecko) Chrome/153.0.0.0 Safari/537.36"
90.89.255.39 - - [14/Sep/2026:10:25:04 +0200] "GET /wp-content/plugins/elementor/assets/lib/font-awesome/css/v4-shims.min.css?ver=4.2.4 HTTP/1.1" 200 26702 "https://lecocondalfred.fr/la-graphopedagogie/" "Mozilla/5.0 (Linux; Android 10; K) AppleWebKit/537.36 (KHTML, like Gecko) Chrome/153.0.0.0 Safari/537.36"
90.89.255.39 - - [14/Sep/2026:10:25:04 +0200] "GET /wp-content/plugins/elementor/assets/css/widget-heading.min.css?ver=4.2.4 HTTP/1.1" 200 560 "https://lecocondalfred.fr/la-graphopedagogie/" "Mozilla/5.0 (Linux; Android 10; K) AppleWebKit/537.36 (KHTML, like Gecko) Chrome/153.0.0.0 Safari/537.36"
90.89.255.39 - - [14/Sep/2026:10:25:04 +0200] "GET /wp-content/plugins/elementor/assets/css/widget-video.min.css?ver=4.2.4 HTTP/1.1" 200 1243 "https://lecocondalfred.fr/la-graphopedagogie/" "Mozilla/5.0 (Linux; Android 10; K) AppleWebKit/537.36 (KHTML, like Gecko) Chrome/153.0.0.0 Safari/537.36"
90.89.255.39 - - [14/Sep/2026:10:25:04 +0200] "GET /wp-content/plugins/elementor/assets/css/widget-spacer.min.css?ver=4.2.4 HTTP/1.1" 200 1793 "https://lecocondalfred.fr/la-graphopedagogie/" "Mozilla/5.0 (Linux; Android 10; K) AppleWebKit/537.36 (KHTML, like Gecko) Chrome/153.0.0.0 Safari/537.36"
90.89.255.39 - - [14/Sep/2026:10:25:04 +0200] "GET /wp-content/uploads/elementor/google-fonts/css/robotoslab.css?ver=1742247279 HTTP/1.1" 200 23625 "https://lecocondalfred.fr/la-graphopedagogie/" "Mozilla/5.0 (Linux; Android 10; K) AppleWebKit/537.36 (KHTML, like Gecko) Chrome/153.0.0.0 Safari/537.36"
90.89.255.39 - - [14/Sep/2026:10:25:04 +0200] "GET /wp-content/uploads/elementor/google-fonts/css/roboto.css?ver=1742247286 HTTP/1.1" 200 104004 "https://lecocondalfred.fr/la-graphopedagogie/" "Mozilla/5.0 (Linux; Android 10; K) AppleWebKit/537.36 (KHTML, like Gecko) Chrome/153.0.0.0 Safari/537.36"
90.89.255.39 - - [14/Sep/2026:10:25:04 +0200] "GET /wp-content/uploads/elementor/google-fonts/css/baskervville.css?ver=1742247287 HTTP/1.1" 200 1828 "https://lecocondalfred.fr/la-graphopedagogie/" "Mozilla/5.0 (Linux; Android 10; K) AppleWebKit/537.36 (KHTML, like Gecko) Chrome/153.0.0.0 Safari/537.36"
90.89.255.39 - - [14/Sep/2026:10:25:04 +0200] "GET /wp-content/uploads/elementor/google-fonts/css/robotocondensed.css?ver=1742247293 HTTP/1.1" 200 49464 "https://lecocondalfred.fr/la-graphopedagogie/" "Mozilla/5.0 (Linux; Android 10; K) AppleWebKit/537.36 (KHTML, like Gecko) Chrome/153.0.0.0 Safari/537.36"
90.89.255.39 - - [14/Sep/2026:10:25:04 +0200] "GET /wp-includes/js/jquery/jquery.min.js?ver=3.7.1 HTTP/1.1" 200 87553 "https://lecocondalfred.fr/la-graphopedagogie/" "Mozilla/5.0 (Linux; Android 10; K) AppleWebKit/537.36 (KHTML, like Gecko) Chrome/153.0.0.0 Safari/537.36"
90.89.255.39 - - [14/Sep/2026:10:25:04 +0200] "GET /wp-includes/js/jquery/jquery-migrate.min.js?ver=3.4.1 HTTP/1.1" 200 13577 "https://lecocondalfred.fr/la-graphopedagogie/" "Mozilla/5.0 (Linux; Android 10; K) AppleWebKit/537.36 (KHTML, like Gecko) Chrome/153.0.0.0 Safari/537.36"
90.89.255.39 - - [14/Sep/2026:10:25:04 +0200] "GET /wp-content/plugins/cookie-law-info/legacy/public/js/cookie-law-info-public.js?ver=3.5.5 HTTP/1.1" 200 34121 "https://lecocondalfred.fr/la-graphopedagogie/" "Mozilla/5.0 (Linux; Android 10; K) AppleWebKit/537.36 (KHTML, like Gecko) Chrome/153.0.0.0 Safari/537.36"
90.89.255.39 - - [14/Sep/2026:10:25:04 +0200] "GET /wp-content/plugins/elementor/assets/lib/font-awesome/js/v4-shims.min.js?ver=4.2.4 HTTP/1.1" 200 15073 "https://lecocondalfred.fr/la-graphopedagogie/" "Mozilla/5.0 (Linux; Android 10; K) AppleWebKit/537.36 (KHTML, like Gecko) Chrome/153.0.0.0 Safari/537.36"
90.89.255.39 - - [14/Sep/2026:10:25:04 +0200] "GET /wp-content/uploads/2021/07/LOGO-BLEU-COCON-768x543.png HTTP/1.1" 200 28221 "https://lecocondalfred.fr/la-graphopedagogie/" "Mozilla/5.0 (Linux; Android 10; K) AppleWebKit/537.36 (KHTML, like Gecko) Chrome/153.0.0.0 Safari/537.36"
90.89.255.39 - - [14/Sep/2026:10:25:04 +0200] "GET /wp-content/plugins/cookie-law-info/legacy/public/css/cookie-law-info-table.css?ver=3.5.5 HTTP/1.1" 200 6113 "https://lecocondalfred.fr/la-graphopedagogie/" "Mozilla/5.0 (Linux; Android 10; K) AppleWebKit/537.36 (KHTML, like Gecko) Chrome/153.0.0.0 Safari/537.36"
90.89.255.39 - - [14/Sep/2026:10:25:04 +0200] "GET /wp-content/themes/astra/assets/js/minified/frontend.min.js?ver=4.13.10 HTTP/1.1" 200 26311 "https://lecocondalfred.fr/la-graphopedagogie/" "Mozilla/5.0 (Linux; Android 10; K) AppleWebKit/537.36 (KHTML, like Gecko) Chrome/153.0.0.0 Safari/537.36"
90.89.255.39 - - [14/Sep/2026:10:25:04 +0200] "GET /wp-content/plugins/the-events-calendar/common/build/js/user-agent.js?ver=da75d0bdea6dde3898df HTTP/1.1" 200 291 "https://lecocondalfred.fr/la-graphopedagogie/" "Mozilla/5.0 (Linux; Android 10; K) AppleWebKit/537.36 (KHTML, like Gecko) Chrome/153.0.0.0 Safari/537.36"
90.89.255.39 - - [14/Sep/2026:10:25:04 +0200] "GET /wp-includes/js/dist/dom-ready.min.js?ver=3fe927cab37bf38d6a23 HTTP/1.1" 200 881 "https://lecocondalfred.fr/la-graphopedagogie/" "Mozilla/5.0 (Linux; Android 10; K) AppleWebKit/537.36 (KHTML, like Gecko) Chrome/153.0.0.0 Safari/537.36"
90.89.255.39 - - [14/Sep/2026:10:25:04 +0200] "GET /wp-content/plugins/astra-sites/inc/lib/onboarding/assets/dist/template-preview/main.js?ver=09382f635556bec359b3 HTTP/1.1" 200 6587 "https://lecocondalfred.fr/la-graphopedagogie/" "Mozilla/5.0 (Linux; Android 10; K) AppleWebKit/537.36 (KHTML, like Gecko) Chrome/153.0.0.0 Safari/537.36"
90.89.255.39 - - [14/Sep/2026:10:25:04 +0200] "GET /wp-content/plugins/elementor/assets/js/webpack.runtime.min.js?ver=4.2.4 HTTP/1.1" 200 5819 "https://lecocondalfred.fr/la-graphopedagogie/" "Mozilla/5.0 (Linux; Android 10; K) AppleWebKit/537.36 (KHTML, like Gecko) Chrome/153.0.0.0 Safari/537.36"
90.89.255.39 - - [14/Sep/2026:10:25:04 +0200] "GET /wp-content/plugins/elementor/assets/js/frontend-modules.min.js?ver=4.2.4 HTTP/1.1" 200 50602 "https://lecocondalfred.fr/la-graphopedagogie/" "Mozilla/5.0 (Linux; Android 10; K) AppleWebKit/537.36 (KHTML, like Gecko) Chrome/153.0.0.0 Safari/537.36"
90.89.255.39 - - [14/Sep/2026:10:25:04 +0200] "GET /wp-includes/js/jquery/ui/core.min.js?ver=1.14.2 HTTP/1.1" 200 18674 "https://lecocondalfred.fr/la-graphopedagogie/" "Mozilla/5.0 (Linux; Android 10; K) AppleWebKit/537.36 (KHTML, like Gecko) Chrome/153.0.0.0 Safari/537.36"
90.89.255.39 - - [14/Sep/2026:10:25:04 +0200] "GET /wp-content/plugins/elementor/assets/js/frontend.min.js?ver=4.2.4 HTTP/1.1" 200 32098 "https://lecocondalfred.fr/la-graphopedagogie/" "Mozilla/5.0 (Linux; Android 10; K) AppleWebKit/537.36 (KHTML, like Gecko) Chrome/153.0.0.0 Safari/537.36"
90.89.255.39 - - [14/Sep/2026:10:25:04 +0200] "GET /wp-content/plugins/elementor-pro/assets/lib/smartmenus/jquery.smartmenus.min.js?ver=1.2.1 HTTP/1.1" 200 24109 "https://lecocondalfred.fr/la-graphopedagogie/" "Mozilla/5.0 (Linux; Android 10; K) AppleWebKit/537.36 (KHTML, like Gecko) Chrome/153.0.0.0 Safari/537.36"
90.89.255.39 - - [14/Sep/2026:10:25:04 +0200] "GET /wp-content/plugins/wp-smushit/app/assets/js/smush-lazy-load.min.js?ver=4.3.0 HTTP/1.1" 200 23727 "https://lecocondalfred.fr/la-graphopedagogie/" "Mozilla/5.0 (Linux; Android 10; K) AppleWebKit/537.36 (KHTML, like Gecko) Chrome/153.0.0.0 Safari/537.36"
90.89.255.39 - - [14/Sep/2026:10:25:04 +0200] "GET /wp-content/plugins/wp-consent-api/assets/js/wp-consent-api.min.js?ver=2.0.1 HTTP/1.1" 200 2235 "https://lecocondalfred.fr/la-graphopedagogie/" "Mozilla/5.0 (Linux; Android 10; K) AppleWebKit/537.36 (KHTML, like Gecko) Chrome/153.0.0.0 Safari/537.36"
90.89.255.39 - - [14/Sep/2026:10:25:04 +0200] "GET /wp-content/plugins/elementor-pro/assets/js/webpack-pro.runtime.min.js?ver=4.2.1 HTTP/1.1" 200 6242 "https://lecocondalfred.fr/la-graphopedagogie/" "Mozilla/5.0 (Linux; Android 10; K) AppleWebKit/537.36 (KHTML, like Gecko) Chrome/153.0.0.0 Safari/537.36"
90.89.255.39 - - [14/Sep/2026:10:25:04 +0200] "GET /wp-includes/js/dist/hooks.min.js?ver=f0f188028580e8dc1255 HTTP/1.1" 200 5107 "https://lecocondalfred.fr/la-graphopedagogie/" "Mozilla/5.0 (Linux; Android 10; K) AppleWebKit/537.36 (KHTML, like Gecko) Chrome/153.0.0.0 Safari/537.36"
90.89.255.39 - - [14/Sep/2026:10:25:04 +0200] "GET /wp-includes/js/dist/i18n.min.js?ver=1dfe7db3940c23ea9216 HTTP/1.1" 200 5791 "https://lecocondalfred.fr/la-graphopedagogie/" "Mozilla/5.0 (Linux; Android 10; K) AppleWebKit/537.36 (KHTML, like Gecko) Chrome/153.0.0.0 Safari/537.36"
90.89.255.39 - - [14/Sep/2026:10:25:04 +0200] "GET /wp-content/plugins/elementor-pro/assets/js/frontend.min.js?ver=4.2.1 HTTP/1.1" 200 23939 "https://lecocondalfred.fr/la-graphopedagogie/" "Mozilla/5.0 (Linux; Android 10; K) AppleWebKit/537.36 (KHTML, like Gecko) Chrome/153.0.0.0 Safari/537.36"
90.89.255.39 - - [14/Sep/2026:10:25:04 +0200] "GET /wp-content/plugins/elementor-pro/assets/js/elements-handlers.min.js?ver=4.2.1 HTTP/1.1" 200 43922 "https://lecocondalfred.fr/la-graphopedagogie/" "Mozilla/5.0 (Linux; Android 10; K) AppleWebKit/537.36 (KHTML, like Gecko) Chrome/153.0.0.0 Safari/537.36"
90.89.255.39 - - [14/Sep/2026:10:25:04 +0200] "GET /wp-content/plugins/wpfront-scroll-top/includes/assets/wpfront-scroll-top.min.js?ver=3.0.1.09211 HTTP/1.1" 200 1490 "https://lecocondalfred.fr/la-graphopedagogie/" "Mozilla/5.0 (Linux; Android 10; K) AppleWebKit/537.36 (KHTML, like Gecko) Chrome/153.0.0.0 Safari/537.36"
90.89.255.39 - - [14/Sep/2026:10:25:04 +0200] "GET /wp-content/uploads/elementor/google-fonts/fonts/roboto-kfo7cnqeu92fr1me7ksn66agldtyluama3yuba.woff2 HTTP/1.1" 200 40128 "https://lecocondalfred.fr/wp-content/uploads/elementor/google-fonts/css/roboto.css?ver=1742247286" "Mozilla/5.0 (Linux; Android 10; K) AppleWebKit/537.36 (KHTML, like Gecko) Chrome/153.0.0.0 Safari/537.36"
90.89.255.39 - - [14/Sep/2026:10:25:04 +0200] "GET /wp-content/uploads/elementor/google-fonts/fonts/robotocondensed-ievl2zhzi2ecn5jzbjeets9weq8-19k7dq.woff2 HTTP/1.1" 200 51404 "https://lecocondalfred.fr/wp-content/uploads/elementor/google-fonts/css/robotocondensed.css?ver=1742247293" "Mozilla/5.0 (Linux; Android 10; K) AppleWebKit/537.36 (KHTML, like Gecko) Chrome/153.0.0.0 Safari/537.36"
90.89.255.39 - - [14/Sep/2026:10:25:04 +0200] "GET /wp-content/uploads/elementor/google-fonts/fonts/roboto-kfo5cnqeu92fr1mu53zec9_vu3r1gihoszmkbnka.woff2 HTTP/1.1" 200 44192 "https://lecocondalfred.fr/wp-content/uploads/elementor/google-fonts/css/roboto.css?ver=1742247286" "Mozilla/5.0 (Linux; Android 10; K) AppleWebKit/537.36 (KHTML, like Gecko) Chrome/153.0.0.0 Safari/537.36"
90.89.255.39 - - [14/Sep/2026:10:25:05 +0200] "GET /wp-content/uploads/elementor/google-fonts/fonts/roboto-kfo7cnqeu92fr1me7ksn66agldtyluamaxkubgee.woff2 HTTP/1.1" 200 20408 "https://lecocondalfred.fr/wp-content/uploads/elementor/google-fonts/css/roboto.css?ver=1742247286" "Mozilla/5.0 (Linux; Android 10; K) AppleWebKit/537.36 (KHTML, like Gecko) Chrome/153.0.0.0 Safari/537.36"
90.89.255.39 - - [14/Sep/2026:10:25:05 +0200] "GET /wp-content/uploads/elementor/google-fonts/fonts/roboto-kfo7cnqeu92fr1me7ksn66agldtyluamawcubgee.woff2 HTTP/1.1" 200 40572 "https://lecocondalfred.fr/wp-content/uploads/elementor/google-fonts/css/roboto.css?ver=1742247286" "Mozilla/5.0 (Linux; Android 10; K) AppleWebKit/537.36 (KHTML, like Gecko) Chrome/153.0.0.0 Safari/537.36"
109.234.165.65 - - [14/Sep/2026:10:25:05 +0200] "POST /wp-cron.php?doing_wp_cron=1789374305.1425869464874267578125 HTTP/1.1" 200 - "-" "WordPress/7.1; https://lecocondalfred.fr"
90.89.255.39 - - [14/Sep/2026:10:25:05 +0200] "GET /wp-content/astra-local-fonts/roboto/KFO7CnqEu92Fr1ME7kSn66aGLdTylUAMaxKUBGEe.woff2 HTTP/1.1" 200 20556 "https://lecocondalfred.fr/wp-content/astra-local-fonts/astra-local-fonts.css?ver=4.13.10" "Mozilla/5.0 (Linux; Android 10; K) AppleWebKit/537.36 (KHTML, like Gecko) Chrome/153.0.0.0 Safari/537.36"
90.89.255.39 - - [14/Sep/2026:10:25:05 +0200] "GET /wp-content/astra-local-fonts/roboto/KFO7CnqEu92Fr1ME7kSn66aGLdTylUAMawCUBGEe.woff2 HTTP/1.1" 200 41348 "https://lecocondalfred.fr/wp-content/astra-local-fonts/astra-local-fonts.css?ver=4.13.10" "Mozilla/5.0 (Linux; Android 10; K) AppleWebKit/537.36 (KHTML, like Gecko) Chrome/153.0.0.0 Safari/537.36"
109.234.165.65 - - [14/Sep/2026:10:25:05 +0200] "POST /wp-cron.php?doing_wp_cron=1789374305.3383140563964843750000 HTTP/1.1" 200 - "-" "WordPress/7.1; https://lecocondalfred.fr"
90.89.255.39 - - [14/Sep/2026:10:25:04 +0200] "GET /wp-content/plugins/google-site-kit/dist/assets/js/googlesitekit-consent-mode-86cb52dcb9f2b27ed244.js HTTP/1.1" 404 146136 "https://lecocondalfred.fr/la-graphopedagogie/" "Mozilla/5.0 (Linux; Android 10; K) AppleWebKit/537.36 (KHTML, like Gecko) Chrome/153.0.0.0 Safari/537.36"
90.89.255.39 - - [14/Sep/2026:10:25:05 +0200] "GET /wp-content/uploads/2021/10/PA190148-2.jpg HTTP/1.1" 200 32076 "https://lecocondalfred.fr/la-graphopedagogie/" "Mozilla/5.0 (Linux; Android 10; K) AppleWebKit/537.36 (KHTML, like Gecko) Chrome/153.0.0.0 Safari/537.36"
90.89.255.39 - - [14/Sep/2026:10:25:05 +0200] "GET /wp-content/uploads/2021/10/outils-mdi-emilie.jpg HTTP/1.1" 200 143545 "https://lecocondalfred.fr/la-graphopedagogie/" "Mozilla/5.0 (Linux; Android 10; K) AppleWebKit/537.36 (KHTML, like Gecko) Chrome/153.0.0.0 Safari/537.36"
109.234.165.65 - - [14/Sep/2026:10:25:05 +0200] "POST /wp-cron.php?doing_wp_cron=1789374305.5081059932708740234375 HTTP/1.1" 200 - "-" "WordPress/7.1; https://lecocondalfred.fr"
90.89.255.39 - - [14/Sep/2026:10:25:04 +0200] "GET /wp-content/plugins/google-site-kit/dist/assets/js/googlesitekit-events-provider-content-events-33078016c5e1e9f07c35.js HTTP/1.1" 404 146160 "https://lecocondalfred.fr/la-graphopedagogie/" "Mozilla/5.0 (Linux; Android 10; K) AppleWebKit/537.36 (KHTML, like Gecko) Chrome/153.0.0.0 Safari/537.36"
109.234.165.65 - - [14/Sep/2026:10:25:05 +0200] "POST /wp-cron.php?doing_wp_cron=1789374305.5817499160766601562500 HTTP/1.1" 200 - "-" "WordPress/7.1; https://lecocondalfred.fr"
90.89.255.39 - - [14/Sep/2026:10:25:04 +0200] "GET /wp-content/plugins/google-site-kit/dist/assets/js/googlesitekit-events-provider-wpforms-063cb453c64ecfd3dafe.js HTTP/1.1" 404 146152 "https://lecocondalfred.fr/la-graphopedagogie/" "Mozilla/5.0 (Linux; Android 10; K) AppleWebKit/537.36 (KHTML, like Gecko) Chrome/153.0.0.0 Safari/537.36"
90.89.255.39 - - [14/Sep/2026:10:25:05 +0200] "GET /wp-content/plugins/wpfront-scroll-top/includes/assets/icons/116.png HTTP/1.1" 200 543 "https://lecocondalfred.fr/la-graphopedagogie/" "Mozilla/5.0 (Linux; Android 10; K) AppleWebKit/537.36 (KHTML, like Gecko) Chrome/153.0.0.0 Safari/537.36"
90.89.255.39 - - [14/Sep/2026:10:25:05 +0200] "GET /wp-content/plugins/elementor/assets/js/section-frontend-handlers.d85ab872da118940910d.bundle.min.js HTTP/1.1" 200 449 "https://lecocondalfred.fr/la-graphopedagogie/" "Mozilla/5.0 (Linux; Android 10; K) AppleWebKit/537.36 (KHTML, like Gecko) Chrome/153.0.0.0 Safari/537.36"
90.89.255.39 - - [14/Sep/2026:10:25:05 +0200] "GET /wp-content/plugins/elementor/assets/js/shared-frontend-handlers.03caa53373b56d3bab67.bundle.min.js HTTP/1.1" 200 8481 "https://lecocondalfred.fr/la-graphopedagogie/" "Mozilla/5.0 (Linux; Android 10; K) AppleWebKit/537.36 (KHTML, like Gecko) Chrome/153.0.0.0 Safari/537.36"
90.89.255.39 - - [14/Sep/2026:10:25:05 +0200] "GET /wp-content/plugins/elementor-pro/assets/js/nav-menu.dc8790fd04afa5b6c0a3.bundle.min.js HTTP/1.1" 200 5038 "https://lecocondalfred.fr/la-graphopedagogie/" "Mozilla/5.0 (Linux; Android 10; K) AppleWebKit/537.36 (KHTML, like Gecko) Chrome/153.0.0.0 Safari/537.36"
90.89.255.39 - - [14/Sep/2026:10:25:05 +0200] "GET /wp-content/plugins/elementor/assets/js/text-editor.45609661e409413f1cef.bundle.min.js HTTP/1.1" 200 1348 "https://lecocondalfred.fr/la-graphopedagogie/" "Mozilla/5.0 (Linux; Android 10; K) AppleWebKit/537.36 (KHTML, like Gecko) Chrome/153.0.0.0 Safari/537.36"
90.89.255.39 - - [14/Sep/2026:10:25:05 +0200] "GET /wp-content/plugins/elementor/assets/js/video.86d44e46e43d0807e708.bundle.min.js HTTP/1.1" 200 3223 "https://lecocondalfred.fr/la-graphopedagogie/" "Mozilla/5.0 (Linux; Android 10; K) AppleWebKit/537.36 (KHTML, like Gecko) Chrome/153.0.0.0 Safari/537.36"
90.89.255.39 - - [14/Sep/2026:10:25:05 +0200] "GET /wp-content/uploads/2021/08/cropped-FAVICON-lecocondalfred-192x192.png HTTP/1.1" 200 1935 "https://lecocondalfred.fr/la-graphopedagogie/" "Mozilla/5.0 (Linux; Android 10; K) AppleWebKit/537.36 (KHTML, like Gecko) Chrome/153.0.0.0 Safari/537.36"
90.89.255.39 - - [14/Sep/2026:10:25:06 +0200] "GET /wp-includes/js/wp-emoji-release.min.js?ver=7.1 HTTP/1.1" 200 22752 "https://lecocondalfred.fr/la-graphopedagogie/" "Mozilla/5.0 (Linux; Android 10; K) AppleWebKit/537.36 (KHTML, like Gecko) Chrome/153.0.0.0 Safari/537.36"
90.89.255.39 - - [14/Sep/2026:10:25:06 +0200] "GET /wp/wp-content/uploads/fbrfg/apple-touch-icon.png HTTP/1.1" 404 146088 "https://lecocondalfred.fr/la-graphopedagogie/" "Mozilla/5.0 (Linux; Android 10; K) AppleWebKit/537.36 (KHTML, like Gecko) Chrome/153.0.0.0 Safari/537.36"
90.89.255.39 - - [14/Sep/2026:10:25:06 +0200] "GET /wp/wp-content/uploads/fbrfg/site.webmanifest HTTP/1.1" 404 146080 "https://lecocondalfred.fr/la-graphopedagogie/" "Mozilla/5.0 (Linux; Android 10; K) AppleWebKit/537.36 (KHTML, like Gecko) Chrome/153.0.0.0 Safari/537.36"
90.89.255.39 - - [14/Sep/2026:10:25:06 +0200] "GET /wp-content/uploads/2021/08/cropped-FAVICON-lecocondalfred-180x180.png HTTP/1.1" 200 1615 "https://lecocondalfred.fr/la-graphopedagogie/" "Mozilla/5.0 (Linux; Android 10; K) AppleWebKit/537.36 (KHTML, like Gecko) Chrome/153.0.0.0 Safari/537.36"
90.89.255.39 - - [14/Sep/2026:10:25:07 +0200] "GET /wp-content/uploads/2021/10/20211009_101405-e1634655812339.jpg HTTP/1.1" 200 61411 "https://lecocondalfred.fr/la-graphopedagogie/" "Mozilla/5.0 (Linux; Android 10; K) AppleWebKit/537.36 (KHTML, like Gecko) Chrome/153.0.0.0 Safari/537.36"
90.89.255.39 - - [14/Sep/2026:10:25:16 +0200] "GET /wp-content/uploads/2021/10/enquete-2-e1634653600921.png HTTP/1.1" 200 21550 "https://lecocondalfred.fr/la-graphopedagogie/" "Mozilla/5.0 (Linux; Android 10; K) AppleWebKit/537.36 (KHTML, like Gecko) Chrome/153.0.0.0 Safari/537.36"
90.89.255.39 - - [14/Sep/2026:10:25:16 +0200] "GET /wp-content/uploads/2021/10/Paroles-denseignants.png HTTP/1.1" 200 10385 "https://lecocondalfred.fr/la-graphopedagogie/" "Mozilla/5.0 (Linux; Android 10; K) AppleWebKit/537.36 (KHTML, like Gecko) Chrome/153.0.0.0 Safari/537.36"
90.89.255.39 - - [14/Sep/2026:10:25:20 +0200] "GET /wp-content/uploads/2021/10/enquete-ecriture-1.png HTTP/1.1" 200 61208 "https://lecocondalfred.fr/la-graphopedagogie/" "Mozilla/5.0 (Linux; Android 10; K) AppleWebKit/537.36 (KHTML, like Gecko) Chrome/153.0.0.0 Safari/537.36"
162.120.188.6 - - [14/Sep/2026:10:25:35 +0200] "GET /la-graphopedagogie/ HTTP/1.1" 200 206377 "https://www.google.com/" "Mozilla/5.0 (Macintosh; Intel Mac OS X 10_15_7) AppleWebKit/537.36 (KHTML, like Gecko) Chrome/153.0.0.0 Safari/537.36"
109.234.165.65 - - [14/Sep/2026:10:33:28 +0200] "POST /wp-cron.php?doing_wp_cron=1789374807.9982080459594726562500 HTTP/1.1" 200 - "-" "WordPress/7.1; https://lecocondalfred.fr"
66.249.65.201 - - [14/Sep/2026:10:33:27 +0200] "GET /graphopedagogue-j-baverel-besancon/ HTTP/1.1" 301 - "-" "Mozilla/5.0 (Linux; Android 6.0.1; Nexus 5X Build/MMB29P) AppleWebKit/537.36 (KHTML, like Gecko) Chrome/152.0.7977.82 Mobile Safari/537.36 (compatible; Googlebot/2.1; +http://www.google.com/bot.html)"
66.249.65.202 - - [14/Sep/2026:10:33:28 +0200] "GET /graphopedagogue-julie-baverel-besancon/ HTTP/1.1" 200 347166 "-" "Mozilla/5.0 (Linux; Android 6.0.1; Nexus 5X Build/MMB29P) AppleWebKit/537.36 (KHTML, like Gecko) Chrome/152.0.7977.82 Mobile Safari/537.36 (compatible; Googlebot/2.1; +http://www.google.com/bot.html)"
109.234.165.65 - - [14/Sep/2026:10:35:11 +0200] "POST /wp-cron.php?doing_wp_cron=1789374911.0172429084777832031250 HTTP/1.1" 200 - "-" "WordPress/7.1; https://lecocondalfred.fr"
116.102.186.254 - - [14/Sep/2026:10:35:09 +0200] "POST /xmlrpc.php HTTP/1.1" 503 18948 "-" "Jetpack by WordPress.com (Jetpack 12.1; WordPress 6.2)"
116.102.186.254 - - [14/Sep/2026:10:35:19 +0200] "POST /xmlrpc.php HTTP/1.1" 503 18035 "-" "Jetpack by WordPress.com (Jetpack 12.0; WordPress 6.4)"
116.102.186.254 - - [14/Sep/2026:10:35:30 +0200] "POST /xmlrpc.php HTTP/1.1" 503 18035 "-" "Jetpack by WordPress.com"
116.102.186.254 - - [14/Sep/2026:10:35:41 +0200] "POST /xmlrpc.php HTTP/1.1" 503 18035 "-" "WordPress.com; https://wordpress.com"
116.102.186.254 - - [14/Sep/2026:10:35:41 +0200] "POST /xmlrpc.php HTTP/1.1" 503 18035 "-" "WordPress.com; https://wordpress.com"
