109.234.165.65 - - [14/Sep/2026:13:03:50 +0200] "POST /?wordfence_syncAttackData=1789383830.6244 HTTP/1.1" 200 - "-" "WordPress/7.1; https://lecocondalfred.fr"
78.126.82.154 - - [14/Sep/2026:13:03:50 +0200] "GET /wp-content/plugins/google-site-kit/dist/assets/js/googlesitekit-events-provider-wpforms-063cb453c64ecfd3dafe.js HTTP/1.1" 404 146163 "https://lecocondalfred.fr/histoire-dune-reeducation-en-orthophonie/" "Mozilla/5.0 (Linux; Android 10; K) AppleWebKit/537.36 (KHTML, like Gecko) Chrome/138.0.0.0 Mobile Safari/537.36"
78.126.82.154 - - [14/Sep/2026:13:03:50 +0200] "GET /wp-content/plugins/google-site-kit/dist/assets/js/googlesitekit-events-provider-content-events-33078016c5e1e9f07c35.js HTTP/1.1" 404 146171 "https://lecocondalfred.fr/histoire-dune-reeducation-en-orthophonie/" "Mozilla/5.0 (Linux; Android 10; K) AppleWebKit/537.36 (KHTML, like Gecko) Chrome/138.0.0.0 Mobile Safari/537.36"
78.126.82.154 - - [14/Sep/2026:13:03:50 +0200] "GET /wp-content/plugins/google-site-kit/dist/assets/js/googlesitekit-consent-mode-86cb52dcb9f2b27ed244.js HTTP/1.1" 404 146147 "https://lecocondalfred.fr/histoire-dune-reeducation-en-orthophonie/" "Mozilla/5.0 (Linux; Android 10; K) AppleWebKit/537.36 (KHTML, like Gecko) Chrome/138.0.0.0 Mobile Safari/537.36"
78.126.82.154 - - [14/Sep/2026:13:03:51 +0200] "GET /wp-content/uploads/2023/09/delphine-ortho-PETITE.jpg HTTP/1.1" 200 14292 "https://lecocondalfred.fr/histoire-dune-reeducation-en-orthophonie/" "Mozilla/5.0 (Linux; Android 10; K) AppleWebKit/537.36 (KHTML, like Gecko) Chrome/138.0.0.0 Mobile Safari/537.36"
78.126.82.154 - - [14/Sep/2026:13:03:51 +0200] "GET /wp-content/plugins/wpfront-scroll-top/includes/assets/icons/116.png HTTP/1.1" 200 543 "https://lecocondalfred.fr/histoire-dune-reeducation-en-orthophonie/" "Mozilla/5.0 (Linux; Android 10; K) AppleWebKit/537.36 (KHTML, like Gecko) Chrome/138.0.0.0 Mobile Safari/537.36"
78.126.82.154 - - [14/Sep/2026:13:03:51 +0200] "GET /wp-content/plugins/elementor/assets/js/section-frontend-handlers.d85ab872da118940910d.bundle.min.js HTTP/1.1" 200 449 "https://lecocondalfred.fr/histoire-dune-reeducation-en-orthophonie/" "Mozilla/5.0 (Linux; Android 10; K) AppleWebKit/537.36 (KHTML, like Gecko) Chrome/138.0.0.0 Mobile Safari/537.36"
78.126.82.154 - - [14/Sep/2026:13:03:51 +0200] "GET /wp-content/plugins/elementor/assets/js/shared-frontend-handlers.03caa53373b56d3bab67.bundle.min.js HTTP/1.1" 200 8481 "https://lecocondalfred.fr/histoire-dune-reeducation-en-orthophonie/" "Mozilla/5.0 (Linux; Android 10; K) AppleWebKit/537.36 (KHTML, like Gecko) Chrome/138.0.0.0 Mobile Safari/537.36"
78.126.82.154 - - [14/Sep/2026:13:03:51 +0200] "GET /wp-content/plugins/elementor-pro/assets/js/nav-menu.dc8790fd04afa5b6c0a3.bundle.min.js HTTP/1.1" 200 5038 "https://lecocondalfred.fr/histoire-dune-reeducation-en-orthophonie/" "Mozilla/5.0 (Linux; Android 10; K) AppleWebKit/537.36 (KHTML, like Gecko) Chrome/138.0.0.0 Mobile Safari/537.36"
78.126.82.154 - - [14/Sep/2026:13:03:52 +0200] "GET /wp-content/plugins/elementor/assets/js/text-editor.45609661e409413f1cef.bundle.min.js HTTP/1.1" 200 1348 "https://lecocondalfred.fr/histoire-dune-reeducation-en-orthophonie/" "Mozilla/5.0 (Linux; Android 10; K) AppleWebKit/537.36 (KHTML, like Gecko) Chrome/138.0.0.0 Mobile Safari/537.36"
78.126.82.154 - - [14/Sep/2026:13:03:52 +0200] "GET /wp-content/uploads/2021/08/cropped-FAVICON-lecocondalfred-192x192.png HTTP/1.1" 200 1935 "https://lecocondalfred.fr/histoire-dune-reeducation-en-orthophonie/" "Mozilla/5.0 (Linux; Android 10; K) AppleWebKit/537.36 (KHTML, like Gecko) Chrome/138.0.0.0 Mobile Safari/537.36"
78.126.82.154 - - [14/Sep/2026:13:03:52 +0200] "GET /wp-includes/js/wp-emoji-release.min.js?ver=7.1 HTTP/1.1" 200 22752 "https://lecocondalfred.fr/histoire-dune-reeducation-en-orthophonie/" "Mozilla/5.0 (Linux; Android 10; K) AppleWebKit/537.36 (KHTML, like Gecko) Chrome/138.0.0.0 Mobile Safari/537.36"
78.126.82.154 - - [14/Sep/2026:13:03:52 +0200] "GET /wp/wp-content/uploads/fbrfg/apple-touch-icon.png HTTP/1.1" 404 146099 "https://lecocondalfred.fr/histoire-dune-reeducation-en-orthophonie/" "Mozilla/5.0 (Linux; Android 10; K) AppleWebKit/537.36 (KHTML, like Gecko) Chrome/138.0.0.0 Mobile Safari/537.36"
78.126.82.154 - - [14/Sep/2026:13:03:52 +0200] "GET /wp/wp-content/uploads/fbrfg/site.webmanifest HTTP/1.1" 404 146091 "https://lecocondalfred.fr/histoire-dune-reeducation-en-orthophonie/" "Mozilla/5.0 (Linux; Android 10; K) AppleWebKit/537.36 (KHTML, like Gecko) Chrome/138.0.0.0 Mobile Safari/537.36"
78.126.82.154 - - [14/Sep/2026:13:03:52 +0200] "GET /wp-content/uploads/2021/08/cropped-FAVICON-lecocondalfred-180x180.png HTTP/1.1" 200 1615 "https://lecocondalfred.fr/histoire-dune-reeducation-en-orthophonie/" "Mozilla/5.0 (Linux; Android 10; K) AppleWebKit/537.36 (KHTML, like Gecko) Chrome/138.0.0.0 Mobile Safari/537.36"
172.56.170.247 - - [14/Sep/2026:13:03:55 +0200] "POST /xmlrpc.php HTTP/1.1" 503 18037 "-" "Jetpack by WordPress.com"
172.56.170.247 - - [14/Sep/2026:13:03:55 +0200] "POST /xmlrpc.php HTTP/1.1" 503 18037 "-" "Jetpack by WordPress.com"
172.56.170.247 - - [14/Sep/2026:13:04:06 +0200] "POST /xmlrpc.php HTTP/1.1" 503 18037 "-" "Jetpack by WordPress.com (Jetpack 12.1; WordPress 6.2)"
172.56.170.247 - - [14/Sep/2026:13:04:06 +0200] "POST /xmlrpc.php HTTP/1.1" 503 18037 "-" "Jetpack by WordPress.com (Jetpack 12.1; WordPress 6.2)"
172.56.170.247 - - [14/Sep/2026:13:04:17 +0200] "POST /xmlrpc.php HTTP/1.1" 503 18037 "-" "Jetpack/13.0; WordPress/6.1; http://site27133687.com"
172.56.170.247 - - [14/Sep/2026:13:04:17 +0200] "POST /xmlrpc.php HTTP/1.1" 503 18037 "-" "Jetpack/13.0; WordPress/6.1; http://site27133687.com"
172.56.170.247 - - [14/Sep/2026:13:04:28 +0200] "POST /xmlrpc.php HTTP/1.1" 503 18037 "-" "Jetpack by WordPress.com"
172.56.170.247 - - [14/Sep/2026:13:04:28 +0200] "POST /xmlrpc.php HTTP/1.1" 503 18037 "-" "Jetpack by WordPress.com"
172.56.170.247 - - [14/Sep/2026:13:04:39 +0200] "POST /xmlrpc.php HTTP/1.1" 503 18037 "-" "Jetpack by WordPress.com"
172.56.170.247 - - [14/Sep/2026:13:04:39 +0200] "POST /xmlrpc.php HTTP/1.1" 503 18037 "-" "Jetpack by WordPress.com"
109.234.165.65 - - [14/Sep/2026:13:04:42 +0200] "POST /wp-cron.php?doing_wp_cron=1789383882.1322350502014160156250 HTTP/1.1" 200 - "-" "WordPress/7.1; https://lecocondalfred.fr"
109.234.165.65 - - [14/Sep/2026:13:04:41 +0200] "POST /?wordfence_syncAttackData=1789383881.633 HTTP/1.1" 200 - "-" "WordPress/7.1; https://lecocondalfred.fr"
109.234.165.65 - - [14/Sep/2026:13:04:42 +0200] "POST /wp-cron.php?doing_wp_cron=1789383882.4764480590820312500000 HTTP/1.1" 200 - "-" "WordPress/7.1; https://lecocondalfred.fr"
206.81.5.253 - - [14/Sep/2026:13:04:41 +0200] "POST /wp-json/batch/v1 HTTP/1.1" 207 16 "-" "Mozilla/5.0 (Windows NT 10.0; Win64; x64) AppleWebKit/537.36 (KHTML, like Gecko) Chrome/131.0.0.0 Safari/537.36"
206.81.5.253 - - [14/Sep/2026:13:04:42 +0200] "POST /wp-json/batch/v1 HTTP/1.1" 207 557 "-" "Mozilla/5.0 (Windows NT 10.0; Win64; x64) AppleWebKit/537.36 (KHTML, like Gecko) Chrome/131.0.0.0 Safari/537.36"
206.81.5.253 - - [14/Sep/2026:13:04:43 +0200] "POST /wp-json/batch/v1 HTTP/1.1" 207 557 "-" "Mozilla/5.0 (Windows NT 10.0; Win64; x64) AppleWebKit/537.36 (KHTML, like Gecko) Chrome/131.0.0.0 Safari/537.36"
206.81.5.253 - - [14/Sep/2026:13:04:44 +0200] "POST /wp-json/batch/v1 HTTP/1.1" 207 557 "-" "Mozilla/5.0 (Windows NT 10.0; Win64; x64) AppleWebKit/537.36 (KHTML, like Gecko) Chrome/131.0.0.0 Safari/537.36"
206.81.5.253 - - [14/Sep/2026:13:04:45 +0200] "POST /wp-json/batch/v1 HTTP/1.1" 207 557 "-" "Mozilla/5.0 (Windows NT 10.0; Win64; x64) AppleWebKit/537.36 (KHTML, like Gecko) Chrome/131.0.0.0 Safari/537.36"
206.81.5.253 - - [14/Sep/2026:13:04:46 +0200] "POST /wp-json/batch/v1 HTTP/1.1" 207 557 "-" "Mozilla/5.0 (Windows NT 10.0; Win64; x64) AppleWebKit/537.36 (KHTML, like Gecko) Chrome/131.0.0.0 Safari/537.36"
206.81.5.253 - - [14/Sep/2026:13:04:47 +0200] "POST /wp-json/batch/v1 HTTP/1.1" 207 557 "-" "Mozilla/5.0 (Windows NT 10.0; Win64; x64) AppleWebKit/537.36 (KHTML, like Gecko) Chrome/131.0.0.0 Safari/537.36"
172.56.170.247 - - [14/Sep/2026:13:04:50 +0200] "POST /xmlrpc.php HTTP/1.1" 503 18037 "-" "Jetpack by WordPress.com (Jetpack 13.0; WordPress 6.2)"
172.56.170.247 - - [14/Sep/2026:13:04:50 +0200] "POST /xmlrpc.php HTTP/1.1" 503 18037 "-" "Jetpack by WordPress.com (Jetpack 13.0; WordPress 6.2)"
172.56.170.247 - - [14/Sep/2026:13:05:01 +0200] "POST /xmlrpc.php HTTP/1.1" 503 18037 "-" "Jetpack by WordPress.com"
172.56.170.247 - - [14/Sep/2026:13:05:01 +0200] "POST /xmlrpc.php HTTP/1.1" 503 18037 "-" "Jetpack by WordPress.com"
66.249.65.200 - - [14/Sep/2026:13:05:11 +0200] "GET /wp-content/plugins/google-site-kit/dist/assets/js/googlesitekit-consent-mode-755f1678e260138d789e.js HTTP/1.1" 200 73097 "https://lecocondalfred.fr/graphopedagogue-julie-baverel-besancon/" "Mozilla/5.0 (Linux; Android 6.0.1; Nexus 5X Build/MMB29P) AppleWebKit/537.36 (KHTML, like Gecko) Chrome/152.0.7977.82 Mobile Safari/537.36 (compatible; Googlebot/2.1; +http://www.google.com/bot.html)"
172.56.170.247 - - [14/Sep/2026:13:05:11 +0200] "POST /xmlrpc.php HTTP/1.1" 503 18037 "-" "Jetpack by WordPress.com (Jetpack 12.0; WordPress 6.1)"
172.56.170.247 - - [14/Sep/2026:13:05:11 +0200] "POST /xmlrpc.php HTTP/1.1" 503 18037 "-" "Jetpack by WordPress.com (Jetpack 12.0; WordPress 6.1)"
66.249.65.200 - - [14/Sep/2026:13:05:16 +0200] "GET /wp-includes/js/jquery/jquery-migrate.min.js?ver=3.4.1 HTTP/1.1" 200 13577 "https://lecocondalfred.fr/graphopedagogue-julie-baverel-besancon/" "Mozilla/5.0 (Linux; Android 6.0.1; Nexus 5X Build/MMB29P) AppleWebKit/537.36 (KHTML, like Gecko) Chrome/152.0.7977.82 Mobile Safari/537.36 (compatible; Googlebot/2.1; +http://www.google.com/bot.html)"
66.249.65.200 - - [14/Sep/2026:13:05:18 +0200] "GET /wp-content/plugins/wp-smushit/app/assets/js/smush-lazy-load.min.js?ver=4.3.0 HTTP/1.1" 200 23727 "https://lecocondalfred.fr/graphopedagogue-julie-baverel-besancon/" "Mozilla/5.0 (Linux; Android 6.0.1; Nexus 5X Build/MMB29P) AppleWebKit/537.36 (KHTML, like Gecko) Chrome/152.0.7977.82 Mobile Safari/537.36 (compatible; Googlebot/2.1; +http://www.google.com/bot.html)"
66.249.65.201 - - [14/Sep/2026:13:05:18 +0200] "GET /wp-content/plugins/google-site-kit/dist/assets/js/googlesitekit-events-provider-content-events-bb83c1a0aedefa5d25d1.js HTTP/1.1" 200 6525 "https://lecocondalfred.fr/graphopedagogue-julie-baverel-besancon/" "Mozilla/5.0 (Linux; Android 6.0.1; Nexus 5X Build/MMB29P) AppleWebKit/537.36 (KHTML, like Gecko) Chrome/152.0.7977.82 Mobile Safari/537.36 (compatible; Googlebot/2.1; +http://www.google.com/bot.html)"
66.249.65.200 - - [14/Sep/2026:13:05:18 +0200] "GET /wp-content/plugins/google-site-kit/dist/assets/js/googlesitekit-events-provider-wpforms-fdbd42f50702ca1e0c36.js HTTP/1.1" 200 7653 "https://lecocondalfred.fr/graphopedagogue-julie-baverel-besancon/" "Mozilla/5.0 (Linux; Android 6.0.1; Nexus 5X Build/MMB29P) AppleWebKit/537.36 (KHTML, like Gecko) Chrome/152.0.7977.82 Mobile Safari/537.36 (compatible; Googlebot/2.1; +http://www.google.com/bot.html)"
172.56.170.247 - - [14/Sep/2026:13:05:22 +0200] "POST /xmlrpc.php HTTP/1.1" 503 18037 "-" "Jetpack by WordPress.com (Jetpack 12.0; WordPress 6.1)"
172.56.170.247 - - [14/Sep/2026:13:05:22 +0200] "POST /xmlrpc.php HTTP/1.1" 503 18037 "-" "Jetpack by WordPress.com (Jetpack 12.0; WordPress 6.1)"
66.249.65.200 - - [14/Sep/2026:13:05:23 +0200] "GET /wp-content/uploads/trustindex-google-widget.css?1785765916 HTTP/1.1" 200 73806 "https://lecocondalfred.fr/graphopedagogue-julie-baverel-besancon/" "Mozilla/5.0 (Linux; Android 6.0.1; Nexus 5X Build/MMB29P) AppleWebKit/537.36 (KHTML, like Gecko) Chrome/152.0.7977.82 Mobile Safari/537.36 (compatible; Googlebot/2.1; +http://www.google.com/bot.html)"
66.249.65.200 - - [14/Sep/2026:13:05:26 +0200] "GET /wp-content/plugins/elementor-pro/assets/js/form.cfd61a9174be80f835c6.bundle.min.js HTTP/1.1" 200 19710 "https://lecocondalfred.fr/graphopedagogue-julie-baverel-besancon/" "Mozilla/5.0 (Linux; Android 6.0.1; Nexus 5X Build/MMB29P) AppleWebKit/537.36 (KHTML, like Gecko) Chrome/152.0.7977.82 Mobile Safari/537.36 (compatible; Googlebot/2.1; +http://www.google.com/bot.html)"
172.56.170.247 - - [14/Sep/2026:13:05:33 +0200] "POST /xmlrpc.php HTTP/1.1" 503 18037 "-" "WordPress.com; https://wordpress.com"
172.56.170.247 - - [14/Sep/2026:13:05:33 +0200] "POST /xmlrpc.php HTTP/1.1" 503 18037 "-" "WordPress.com; https://wordpress.com"
172.56.170.247 - - [14/Sep/2026:13:05:44 +0200] "POST /xmlrpc.php HTTP/1.1" 503 18037 "-" "Jetpack by WordPress.com"
172.56.170.247 - - [14/Sep/2026:13:05:44 +0200] "POST /xmlrpc.php HTTP/1.1" 503 18037 "-" "Jetpack by WordPress.com"
172.56.170.247 - - [14/Sep/2026:13:05:55 +0200] "POST /xmlrpc.php HTTP/1.1" 503 18037 "-" "WordPress.com; https://wordpress.com"
172.56.170.247 - - [14/Sep/2026:13:05:55 +0200] "POST /xmlrpc.php HTTP/1.1" 503 18037 "-" "WordPress.com; https://wordpress.com"
172.56.170.247 - - [14/Sep/2026:13:06:06 +0200] "POST /xmlrpc.php HTTP/1.1" 503 18037 "-" "Jetpack by WordPress.com (Jetpack 12.5; WordPress 6.2)"
172.56.170.247 - - [14/Sep/2026:13:06:06 +0200] "POST /xmlrpc.php HTTP/1.1" 503 18037 "-" "Jetpack by WordPress.com (Jetpack 12.5; WordPress 6.2)"
109.234.165.65 - - [14/Sep/2026:13:06:17 +0200] "POST /wp-cron.php?doing_wp_cron=1789383977.6866230964660644531250 HTTP/1.1" 200 - "-" "WordPress/7.1; https://lecocondalfred.fr"
109.234.165.65 - - [14/Sep/2026:13:06:17 +0200] "POST /?wordfence_syncAttackData=1789383977.2352 HTTP/1.1" 200 - "-" "WordPress/7.1; https://lecocondalfred.fr"
109.234.165.65 - - [14/Sep/2026:13:06:17 +0200] "POST /?wordfence_syncAttackData=1789383977.246 HTTP/1.1" 200 - "-" "WordPress/7.1; https://lecocondalfred.fr"
172.56.170.247 - - [14/Sep/2026:13:06:16 +0200] "POST /xmlrpc.php HTTP/1.1" 404 138354 "-" "WordPress.com; https://wordpress.com"
172.56.170.247 - - [14/Sep/2026:13:06:16 +0200] "POST /xmlrpc.php HTTP/1.1" 404 138354 "-" "WordPress.com; https://wordpress.com"
172.56.170.247 - - [14/Sep/2026:13:06:27 +0200] "POST /xmlrpc.php HTTP/1.1" 404 138354 "-" "Jetpack by WordPress.com (Jetpack 13.0; WordPress 6.2)"
172.56.170.247 - - [14/Sep/2026:13:06:27 +0200] "POST /xmlrpc.php HTTP/1.1" 404 138354 "-" "Jetpack by WordPress.com (Jetpack 13.0; WordPress 6.2)"
172.56.170.247 - - [14/Sep/2026:13:06:38 +0200] "POST /xmlrpc.php HTTP/1.1" 404 138354 "-" "WordPress.com; https://wordpress.com"
172.56.170.247 - - [14/Sep/2026:13:06:38 +0200] "POST /xmlrpc.php HTTP/1.1" 404 138354 "-" "WordPress.com; https://wordpress.com"
172.56.170.247 - - [14/Sep/2026:13:06:49 +0200] "POST /xmlrpc.php HTTP/1.1" 404 138354 "-" "Jetpack by WordPress.com (Jetpack 12.5; WordPress 6.1)"
109.234.165.65 - - [14/Sep/2026:13:06:50 +0200] "POST /wp-cron.php?doing_wp_cron=1789384010.3880610466003417968750 HTTP/1.1" 200 - "-" "WordPress/7.1; https://lecocondalfred.fr"
172.56.170.247 - - [14/Sep/2026:13:06:49 +0200] "POST /xmlrpc.php HTTP/1.1" 404 138354 "-" "Jetpack by WordPress.com (Jetpack 12.5; WordPress 6.1)"
172.56.170.247 - - [14/Sep/2026:13:07:00 +0200] "POST /xmlrpc.php HTTP/1.1" 404 138354 "-" "Jetpack by WordPress.com"
109.234.165.65 - - [14/Sep/2026:13:07:01 +0200] "POST /wp-cron.php?doing_wp_cron=1789384021.2614181041717529296875 HTTP/1.1" 200 - "-" "WordPress/7.1; https://lecocondalfred.fr"
172.56.170.247 - - [14/Sep/2026:13:07:00 +0200] "POST /xmlrpc.php HTTP/1.1" 404 138354 "-" "Jetpack by WordPress.com"
172.56.170.247 - - [14/Sep/2026:13:07:11 +0200] "POST /xmlrpc.php HTTP/1.1" 404 138354 "-" "Jetpack by WordPress.com"
172.56.170.247 - - [14/Sep/2026:13:07:11 +0200] "POST /xmlrpc.php HTTP/1.1" 404 138354 "-" "Jetpack by WordPress.com"
172.56.170.247 - - [14/Sep/2026:13:07:22 +0200] "POST /xmlrpc.php HTTP/1.1" 404 138354 "-" "Jetpack by WordPress.com"
172.56.170.247 - - [14/Sep/2026:13:07:22 +0200] "POST /xmlrpc.php HTTP/1.1" 404 138354 "-" "Jetpack by WordPress.com"
172.56.170.247 - - [14/Sep/2026:13:07:33 +0200] "POST /xmlrpc.php HTTP/1.1" 404 138354 "-" "Jetpack/12.5; WordPress/6.2; http://site46099992.com"
172.56.170.247 - - [14/Sep/2026:13:07:33 +0200] "POST /xmlrpc.php HTTP/1.1" 404 138354 "-" "Jetpack/12.5; WordPress/6.2; http://site46099992.com"
172.56.170.247 - - [14/Sep/2026:13:07:44 +0200] "POST /xmlrpc.php HTTP/1.1" 404 138354 "-" "Jetpack/12.1; WordPress/6.1; http://site25327242.com"
172.56.170.247 - - [14/Sep/2026:13:07:44 +0200] "POST /xmlrpc.php HTTP/1.1" 404 138354 "-" "Jetpack/12.1; WordPress/6.1; http://site25327242.com"
172.56.170.247 - - [14/Sep/2026:13:07:55 +0200] "POST /xmlrpc.php HTTP/1.1" 404 138354 "-" "Jetpack/13.0; WordPress/6.3; http://site10794274.com"
172.56.170.247 - - [14/Sep/2026:13:07:55 +0200] "POST /xmlrpc.php HTTP/1.1" 404 138354 "-" "Jetpack/13.0; WordPress/6.3; http://site10794274.com"
172.56.170.247 - - [14/Sep/2026:13:08:05 +0200] "POST /xmlrpc.php HTTP/1.1" 404 138354 "-" "Jetpack by WordPress.com"
172.56.170.247 - - [14/Sep/2026:13:08:05 +0200] "POST /xmlrpc.php HTTP/1.1" 404 138354 "-" "Jetpack by WordPress.com"
172.56.170.247 - - [14/Sep/2026:13:08:16 +0200] "POST /xmlrpc.php HTTP/1.1" 404 138354 "-" "Jetpack by WordPress.com"
172.56.170.247 - - [14/Sep/2026:13:08:16 +0200] "POST /xmlrpc.php HTTP/1.1" 404 138354 "-" "Jetpack by WordPress.com"
172.56.170.247 - - [14/Sep/2026:13:08:27 +0200] "POST /xmlrpc.php HTTP/1.1" 404 138354 "-" "Jetpack/12.1; WordPress/6.1; http://site87848391.com"
172.56.170.247 - - [14/Sep/2026:13:08:27 +0200] "POST /xmlrpc.php HTTP/1.1" 404 138354 "-" "Jetpack/12.1; WordPress/6.1; http://site87848391.com"
172.56.170.247 - - [14/Sep/2026:13:08:38 +0200] "POST /xmlrpc.php HTTP/1.1" 404 138354 "-" "WordPress.com; https://wordpress.com"
172.56.170.247 - - [14/Sep/2026:13:08:38 +0200] "POST /xmlrpc.php HTTP/1.1" 404 138354 "-" "WordPress.com; https://wordpress.com"
172.56.170.247 - - [14/Sep/2026:13:08:49 +0200] "POST /xmlrpc.php HTTP/1.1" 404 138354 "-" "Jetpack/12.5; WordPress/6.4; http://site27713830.com"
172.56.170.247 - - [14/Sep/2026:13:08:49 +0200] "POST /xmlrpc.php HTTP/1.1" 404 138354 "-" "Jetpack/12.5; WordPress/6.4; http://site27713830.com"
172.56.170.247 - - [14/Sep/2026:13:09:00 +0200] "POST /xmlrpc.php HTTP/1.1" 404 138354 "-" "WordPress.com; https://wordpress.com"
109.234.165.65 - - [14/Sep/2026:13:09:00 +0200] "POST /wp-cron.php?doing_wp_cron=1789384140.8871269226074218750000 HTTP/1.1" 200 - "-" "WordPress/7.1; https://lecocondalfred.fr"
172.56.170.247 - - [14/Sep/2026:13:09:00 +0200] "POST /xmlrpc.php HTTP/1.1" 404 138354 "-" "WordPress.com; https://wordpress.com"
172.56.170.247 - - [14/Sep/2026:13:09:11 +0200] "POST /xmlrpc.php HTTP/1.1" 404 138354 "-" "Jetpack by WordPress.com"
172.56.170.247 - - [14/Sep/2026:13:09:11 +0200] "POST /xmlrpc.php HTTP/1.1" 404 138354 "-" "Jetpack by WordPress.com"
172.56.170.247 - - [14/Sep/2026:13:09:21 +0200] "POST /xmlrpc.php HTTP/1.1" 404 138354 "-" "Jetpack by WordPress.com"
172.56.170.247 - - [14/Sep/2026:13:09:21 +0200] "POST /xmlrpc.php HTTP/1.1" 404 138354 "-" "Jetpack by WordPress.com"
79.91.177.158 - - [14/Sep/2026:13:09:25 +0200] "GET / HTTP/1.1" 200 224621 "-" "Mozilla/5.0 (iPhone; CPU iPhone OS 18_7 like Mac OS X) AppleWebKit/605.1.15 (KHTML, like Gecko) Version/26.4 Mobile/15E148 Safari/604.1"
79.91.177.158 - - [14/Sep/2026:13:09:25 +0200] "GET /wp-content/themes/astra/assets/css/minified/main.min.css?ver=4.13.10 HTTP/1.1" 200 44905 "https://lecocondalfred.fr/" "Mozilla/5.0 (iPhone; CPU iPhone OS 18_7 like Mac OS X) AppleWebKit/605.1.15 (KHTML, like Gecko) Version/26.4 Mobile/15E148 Safari/604.1"
79.91.177.158 - - [14/Sep/2026:13:09:25 +0200] "GET /wp-content/plugins/cookie-law-info/legacy/public/css/cookie-law-info-public.css?ver=3.5.5 HTTP/1.1" 200 3106 "https://lecocondalfred.fr/" "Mozilla/5.0 (iPhone; CPU iPhone OS 18_7 like Mac OS X) AppleWebKit/605.1.15 (KHTML, like Gecko) Version/26.4 Mobile/15E148 Safari/604.1"
79.91.177.158 - - [14/Sep/2026:13:09:25 +0200] "GET /wp-content/plugins/cookie-law-info/legacy/public/css/cookie-law-info-gdpr.css?ver=3.5.5 HTTP/1.1" 200 27203 "https://lecocondalfred.fr/" "Mozilla/5.0 (iPhone; CPU iPhone OS 18_7 like Mac OS X) AppleWebKit/605.1.15 (KHTML, like Gecko) Version/26.4 Mobile/15E148 Safari/604.1"
79.91.177.158 - - [14/Sep/2026:13:09:25 +0200] "GET /wp-content/plugins/the-events-calendar/build/css/tribe-events-single-skeleton.css?ver=6.17.2 HTTP/1.1" 200 18813 "https://lecocondalfred.fr/" "Mozilla/5.0 (iPhone; CPU iPhone OS 18_7 like Mac OS X) AppleWebKit/605.1.15 (KHTML, like Gecko) Version/26.4 Mobile/15E148 Safari/604.1"
79.91.177.158 - - [14/Sep/2026:13:09:25 +0200] "GET /wp-content/plugins/the-events-calendar/build/css/tribe-events-single-full.css?ver=6.17.2 HTTP/1.1" 200 21027 "https://lecocondalfred.fr/" "Mozilla/5.0 (iPhone; CPU iPhone OS 18_7 like Mac OS X) AppleWebKit/605.1.15 (KHTML, like Gecko) Version/26.4 Mobile/15E148 Safari/604.1"
79.91.177.158 - - [14/Sep/2026:13:09:25 +0200] "GET /wp-content/plugins/the-events-calendar/build/css/integrations/plugins/elementor/widgets/widget-base.css?ver=6.17.2 HTTP/1.1" 200 1128 "https://lecocondalfred.fr/" "Mozilla/5.0 (iPhone; CPU iPhone OS 18_7 like Mac OS X) AppleWebKit/605.1.15 (KHTML, like Gecko) Version/26.4 Mobile/15E148 Safari/604.1"
79.91.177.158 - - [14/Sep/2026:13:09:25 +0200] "GET /wp-content/plugins/complianz-gdpr/assets/css/cookieblocker.min.css?ver=1787065124 HTTP/1.1" 200 2782 "https://lecocondalfred.fr/" "Mozilla/5.0 (iPhone; CPU iPhone OS 18_7 like Mac OS X) AppleWebKit/605.1.15 (KHTML, like Gecko) Version/26.4 Mobile/15E148 Safari/604.1"
79.91.177.158 - - [14/Sep/2026:13:09:26 +0200] "GET /wp-content/plugins/elementor/assets/css/frontend.min.css?ver=4.2.4 HTTP/1.1" 200 54666 "https://lecocondalfred.fr/" "Mozilla/5.0 (iPhone; CPU iPhone OS 18_7 like Mac OS X) AppleWebKit/605.1.15 (KHTML, like Gecko) Version/26.4 Mobile/15E148 Safari/604.1"
79.91.177.158 - - [14/Sep/2026:13:09:26 +0200] "GET /wp-content/plugins/elementor/assets/css/widget-image.min.css?ver=4.2.4 HTTP/1.1" 200 214 "https://lecocondalfred.fr/" "Mozilla/5.0 (iPhone; CPU iPhone OS 18_7 like Mac OS X) AppleWebKit/605.1.15 (KHTML, like Gecko) Version/26.4 Mobile/15E148 Safari/604.1"
79.91.177.158 - - [14/Sep/2026:13:09:26 +0200] "GET /wp-content/plugins/elementor/assets/lib/animations/styles/fadeIn.min.css?ver=4.2.4 HTTP/1.1" 200 77 "https://lecocondalfred.fr/" "Mozilla/5.0 (iPhone; CPU iPhone OS 18_7 like Mac OS X) AppleWebKit/605.1.15 (KHTML, like Gecko) Version/26.4 Mobile/15E148 Safari/604.1"
79.91.177.158 - - [14/Sep/2026:13:09:26 +0200] "GET /wp-content/plugins/elementor-pro/assets/css/widget-nav-menu.min.css?ver=4.2.1 HTTP/1.1" 200 27363 "https://lecocondalfred.fr/" "Mozilla/5.0 (iPhone; CPU iPhone OS 18_7 like Mac OS X) AppleWebKit/605.1.15 (KHTML, like Gecko) Version/26.4 Mobile/15E148 Safari/604.1"
79.91.177.158 - - [14/Sep/2026:13:09:26 +0200] "GET /wp-content/plugins/elementor/assets/lib/animations/styles/e-animation-pulse.min.css?ver=4.2.4 HTTP/1.1" 200 318 "https://lecocondalfred.fr/" "Mozilla/5.0 (iPhone; CPU iPhone OS 18_7 like Mac OS X) AppleWebKit/605.1.15 (KHTML, like Gecko) Version/26.4 Mobile/15E148 Safari/604.1"
79.91.177.158 - - [14/Sep/2026:13:09:26 +0200] "GET /wp-content/plugins/elementor/assets/lib/eicons/css/elementor-icons.min.css?ver=5.53.0 HTTP/1.1" 200 22258 "https://lecocondalfred.fr/" "Mozilla/5.0 (iPhone; CPU iPhone OS 18_7 like Mac OS X) AppleWebKit/605.1.15 (KHTML, like Gecko) Version/26.4 Mobile/15E148 Safari/604.1"
79.91.177.158 - - [14/Sep/2026:13:09:26 +0200] "GET /wp-content/plugins/elementor/assets/lib/font-awesome/css/all.min.css?ver=4.2.4 HTTP/1.1" 200 59344 "https://lecocondalfred.fr/" "Mozilla/5.0 (iPhone; CPU iPhone OS 18_7 like Mac OS X) AppleWebKit/605.1.15 (KHTML, like Gecko) Version/26.4 Mobile/15E148 Safari/604.1"
79.91.177.158 - - [14/Sep/2026:13:09:26 +0200] "GET /wp-content/plugins/elementor/assets/css/widget-icon-box.min.css?ver=4.2.4 HTTP/1.1" 200 4726 "https://lecocondalfred.fr/" "Mozilla/5.0 (iPhone; CPU iPhone OS 18_7 like Mac OS X) AppleWebKit/605.1.15 (KHTML, like Gecko) Version/26.4 Mobile/15E148 Safari/604.1"
79.91.177.158 - - [14/Sep/2026:13:09:26 +0200] "GET /wp-content/plugins/elementor/assets/css/widget-heading.min.css?ver=4.2.4 HTTP/1.1" 200 560 "https://lecocondalfred.fr/" "Mozilla/5.0 (iPhone; CPU iPhone OS 18_7 like Mac OS X) AppleWebKit/605.1.15 (KHTML, like Gecko) Version/26.4 Mobile/15E148 Safari/604.1"
79.91.177.158 - - [14/Sep/2026:13:09:26 +0200] "GET /wp-content/plugins/elementor/assets/css/widget-spacer.min.css?ver=4.2.4 HTTP/1.1" 200 1793 "https://lecocondalfred.fr/" "Mozilla/5.0 (iPhone; CPU iPhone OS 18_7 like Mac OS X) AppleWebKit/605.1.15 (KHTML, like Gecko) Version/26.4 Mobile/15E148 Safari/604.1"
172.56.170.247 - - [14/Sep/2026:13:09:32 +0200] "POST /xmlrpc.php HTTP/1.1" 404 138354 "-" "Jetpack by WordPress.com"
172.56.170.247 - - [14/Sep/2026:13:09:32 +0200] "POST /xmlrpc.php HTTP/1.1" 404 138354 "-" "Jetpack by WordPress.com"
172.56.170.247 - - [14/Sep/2026:13:09:43 +0200] "POST /xmlrpc.php HTTP/1.1" 404 138354 "-" "Jetpack by WordPress.com (Jetpack 13.0; WordPress 6.2)"
172.56.170.247 - - [14/Sep/2026:13:09:43 +0200] "POST /xmlrpc.php HTTP/1.1" 404 138354 "-" "Jetpack by WordPress.com (Jetpack 13.0; WordPress 6.2)"
172.56.170.247 - - [14/Sep/2026:13:09:54 +0200] "POST /xmlrpc.php HTTP/1.1" 404 138354 "-" "Jetpack/12.5; WordPress/6.1; http://site63897835.com"
172.56.170.247 - - [14/Sep/2026:13:09:54 +0200] "POST /xmlrpc.php HTTP/1.1" 404 138354 "-" "Jetpack/12.5; WordPress/6.1; http://site63897835.com"
109.234.165.65 - - [14/Sep/2026:13:10:05 +0200] "POST /wp-cron.php?doing_wp_cron=1789384205.8066930770874023437500 HTTP/1.1" 200 - "-" "WordPress/7.1; https://lecocondalfred.fr"
172.56.170.247 - - [14/Sep/2026:13:10:05 +0200] "POST /xmlrpc.php HTTP/1.1" 404 138354 "-" "Jetpack by WordPress.com (Jetpack 13.0; WordPress 6.4)"
172.56.170.247 - - [14/Sep/2026:13:10:05 +0200] "POST /xmlrpc.php HTTP/1.1" 404 138354 "-" "Jetpack by WordPress.com (Jetpack 13.0; WordPress 6.4)"
172.56.170.247 - - [14/Sep/2026:13:10:16 +0200] "POST /xmlrpc.php HTTP/1.1" 404 138354 "-" "WordPress.com; https://wordpress.com"
172.56.170.247 - - [14/Sep/2026:13:10:16 +0200] "POST /xmlrpc.php HTTP/1.1" 404 138354 "-" "WordPress.com; https://wordpress.com"
172.56.170.247 - - [14/Sep/2026:13:10:26 +0200] "POST /xmlrpc.php HTTP/1.1" 404 138354 "-" "Jetpack/12.1; WordPress/6.4; http://site10307202.com"
172.56.170.247 - - [14/Sep/2026:13:10:26 +0200] "POST /xmlrpc.php HTTP/1.1" 404 138354 "-" "Jetpack/12.1; WordPress/6.4; http://site10307202.com"
66.249.93.73 - - [14/Sep/2026:13:10:26 +0200] "GET /prendre-rendez-vous/ HTTP/1.1" 200 366738 "-" "Mozilla/5.0 (X11; Linux x86_64) AppleWebKit/537.36 (KHTML, like Gecko; Google-BusinessLinkVerification) Chrome/152.0.7977.64 Safari/537.36"
66.249.93.73 - - [14/Sep/2026:13:10:27 +0200] "GET /wp-content/plugins/the-events-calendar/build/css/tribe-events-single-skeleton.css?ver=6.17.2 HTTP/1.1" 200 18813 "https://lecocondalfred.fr/prendre-rendez-vous/" "Mozilla/5.0 (X11; Linux x86_64) AppleWebKit/537.36 (KHTML, like Gecko; Google-BusinessLinkVerification) Chrome/152.0.7977.64 Safari/537.36"
66.249.93.73 - - [14/Sep/2026:13:10:27 +0200] "GET /wp-content/plugins/elementor/assets/css/widget-heading.min.css?ver=4.2.4 HTTP/1.1" 200 560 "https://lecocondalfred.fr/prendre-rendez-vous/" "Mozilla/5.0 (X11; Linux x86_64) AppleWebKit/537.36 (KHTML, like Gecko; Google-BusinessLinkVerification) Chrome/152.0.7977.64 Safari/537.36"
66.249.93.71 - - [14/Sep/2026:13:10:27 +0200] "GET /wp-content/astra-local-fonts/astra-local-fonts.css?ver=4.13.10 HTTP/1.1" 200 11134 "https://lecocondalfred.fr/prendre-rendez-vous/" "Mozilla/5.0 (X11; Linux x86_64) AppleWebKit/537.36 (KHTML, like Gecko; Google-BusinessLinkVerification) Chrome/152.0.7977.64 Safari/537.36"
66.249.93.72 - - [14/Sep/2026:13:10:27 +0200] "GET /wp-content/plugins/cookie-law-info/legacy/public/css/cookie-law-info-public.css?ver=3.5.5 HTTP/1.1" 200 3106 "https://lecocondalfred.fr/prendre-rendez-vous/" "Mozilla/5.0 (X11; Linux x86_64) AppleWebKit/537.36 (KHTML, like Gecko; Google-BusinessLinkVerification) Chrome/152.0.7977.64 Safari/537.36"
66.249.93.73 - - [14/Sep/2026:13:10:27 +0200] "GET /wp-content/plugins/bookly-responsive-appointment-booking-tool/frontend/resources/css/ladda.min.css?ver=28.0 HTTP/1.1" 200 9184 "https://lecocondalfred.fr/prendre-rendez-vous/" "Mozilla/5.0 (X11; Linux x86_64) AppleWebKit/537.36 (KHTML, like Gecko; Google-BusinessLinkVerification) Chrome/152.0.7977.64 Safari/537.36"
66.249.93.73 - - [14/Sep/2026:13:10:27 +0200] "GET /wp-content/plugins/the-events-calendar/build/css/tribe-events-single-full.css?ver=6.17.2 HTTP/1.1" 200 21027 "https://lecocondalfred.fr/prendre-rendez-vous/" "Mozilla/5.0 (X11; Linux x86_64) AppleWebKit/537.36 (KHTML, like Gecko; Google-BusinessLinkVerification) Chrome/152.0.7977.64 Safari/537.36"
66.249.93.72 - - [14/Sep/2026:13:10:27 +0200] "GET /wp-content/plugins/bookly-responsive-appointment-booking-tool/frontend/resources/js/bookly.min.js?ver=28.0 HTTP/1.1" 200 243408 "https://lecocondalfred.fr/prendre-rendez-vous/" "Mozilla/5.0 (X11; Linux x86_64) AppleWebKit/537.36 (KHTML, like Gecko; Google-BusinessLinkVerification) Chrome/152.0.7977.64 Safari/537.36"
66.249.93.71 - - [14/Sep/2026:13:10:27 +0200] "GET /wp-includes/js/jquery/jquery-migrate.min.js?ver=3.4.1 HTTP/1.1" 200 13577 "https://lecocondalfred.fr/prendre-rendez-vous/" "Mozilla/5.0 (X11; Linux x86_64) AppleWebKit/537.36 (KHTML, like Gecko; Google-BusinessLinkVerification) Chrome/152.0.7977.64 Safari/537.36"
66.249.93.73 - - [14/Sep/2026:13:10:27 +0200] "GET /wp-content/plugins/elementor/assets/lib/font-awesome/css/brands.min.css?ver=5.15.3 HTTP/1.1" 200 675 "https://lecocondalfred.fr/prendre-rendez-vous/" "Mozilla/5.0 (X11; Linux x86_64) AppleWebKit/537.36 (KHTML, like Gecko; Google-BusinessLinkVerification) Chrome/152.0.7977.64 Safari/537.36"
66.249.93.72 - - [14/Sep/2026:13:10:27 +0200] "GET /wp-content/plugins/bookly-responsive-appointment-booking-tool/frontend/resources/js/intlTelInput.min.js?ver=28.0 HTTP/1.1" 200 292952 "https://lecocondalfred.fr/prendre-rendez-vous/" "Mozilla/5.0 (X11; Linux x86_64) AppleWebKit/537.36 (KHTML, like Gecko; Google-BusinessLinkVerification) Chrome/152.0.7977.64 Safari/537.36"
66.249.93.72 - - [14/Sep/2026:13:10:27 +0200] "GET /wp-content/plugins/bookly-responsive-appointment-booking-tool/frontend/resources/js/ladda.min.js?ver=28.0 HTTP/1.1" 200 3753 "https://lecocondalfred.fr/prendre-rendez-vous/" "Mozilla/5.0 (X11; Linux x86_64) AppleWebKit/537.36 (KHTML, like Gecko; Google-BusinessLinkVerification) Chrome/152.0.7977.64 Safari/537.36"
66.249.93.73 - - [14/Sep/2026:13:10:27 +0200] "GET /wp-content/themes/astra/assets/css/minified/main.min.css?ver=4.13.10 HTTP/1.1" 200 44905 "https://lecocondalfred.fr/prendre-rendez-vous/" "Mozilla/5.0 (X11; Linux x86_64) AppleWebKit/537.36 (KHTML, like Gecko; Google-BusinessLinkVerification) Chrome/152.0.7977.64 Safari/537.36"
66.249.93.71 - - [14/Sep/2026:13:10:27 +0200] "GET /wp-content/uploads/elementor/google-fonts/css/baloo2.css?ver=1742478820 HTTP/1.1" 200 8290 "https://lecocondalfred.fr/prendre-rendez-vous/" "Mozilla/5.0 (X11; Linux x86_64) AppleWebKit/537.36 (KHTML, like Gecko; Google-BusinessLinkVerification) Chrome/152.0.7977.64 Safari/537.36"
66.249.93.71 - - [14/Sep/2026:13:10:27 +0200] "GET /wp-content/plugins/elementor/assets/css/frontend.min.css?ver=4.2.4 HTTP/1.1" 200 54666 "https://lecocondalfred.fr/prendre-rendez-vous/" "Mozilla/5.0 (X11; Linux x86_64) AppleWebKit/537.36 (KHTML, like Gecko; Google-BusinessLinkVerification) Chrome/152.0.7977.64 Safari/537.36"
66.249.93.73 - - [14/Sep/2026:13:10:27 +0200] "GET /wp-content/plugins/bookly-responsive-appointment-booking-tool/frontend/resources/js/spin.min.js?ver=28.0 HTTP/1.1" 200 4277 "https://lecocondalfred.fr/prendre-rendez-vous/" "Mozilla/5.0 (X11; Linux x86_64) AppleWebKit/537.36 (KHTML, like Gecko; Google-BusinessLinkVerification) Chrome/152.0.7977.64 Safari/537.36"
66.249.93.71 - - [14/Sep/2026:13:10:27 +0200] "GET /wp-content/plugins/bookly-responsive-appointment-booking-tool/frontend/resources/js/jquery.hammer.min.js?ver=28.0 HTTP/1.1" 200 987 "https://lecocondalfred.fr/prendre-rendez-vous/" "Mozilla/5.0 (X11; Linux x86_64) AppleWebKit/537.36 (KHTML, like Gecko; Google-BusinessLinkVerification) Chrome/152.0.7977.64 Safari/537.36"
66.249.93.72 - - [14/Sep/2026:13:10:27 +0200] "GET /wp-content/plugins/complianz-gdpr/assets/css/cookieblocker.min.css?ver=1787065124 HTTP/1.1" 200 2782 "https://lecocondalfred.fr/prendre-rendez-vous/" "Mozilla/5.0 (X11; Linux x86_64) AppleWebKit/537.36 (KHTML, like Gecko; Google-BusinessLinkVerification) Chrome/152.0.7977.64 Safari/537.36"
66.249.93.73 - - [14/Sep/2026:13:10:27 +0200] "GET /wp-content/plugins/elementor/assets/css/conditionals/apple-webkit.min.css?ver=4.2.4 HTTP/1.1" 200 6713 "https://lecocondalfred.fr/prendre-rendez-vous/" "Mozilla/5.0 (X11; Linux x86_64) AppleWebKit/537.36 (KHTML, like Gecko; Google-BusinessLinkVerification) Chrome/152.0.7977.64 Safari/537.36"
66.249.93.71 - - [14/Sep/2026:13:10:27 +0200] "GET /wp-content/plugins/bookly-responsive-appointment-booking-tool/frontend/resources/css/intlTelInput.css?ver=28.0 HTTP/1.1" 200 17841 "https://lecocondalfred.fr/prendre-rendez-vous/" "Mozilla/5.0 (X11; Linux x86_64) AppleWebKit/537.36 (KHTML, like Gecko; Google-BusinessLinkVerification) Chrome/152.0.7977.64 Safari/537.36"
66.249.93.71 - - [14/Sep/2026:13:10:27 +0200] "GET /wp-content/plugins/elementor/assets/lib/animations/styles/fadeIn.min.css?ver=4.2.4 HTTP/1.1" 200 77 "https://lecocondalfred.fr/prendre-rendez-vous/" "Mozilla/5.0 (X11; Linux x86_64) AppleWebKit/537.36 (KHTML, like Gecko; Google-BusinessLinkVerification) Chrome/152.0.7977.64 Safari/537.36"
66.249.93.73 - - [14/Sep/2026:13:10:27 +0200] "GET /wp-content/plugins/elementor/assets/css/widget-divider.min.css?ver=4.2.4 HTTP/1.1" 200 4258 "https://lecocondalfred.fr/prendre-rendez-vous/" "Mozilla/5.0 (X11; Linux x86_64) AppleWebKit/537.36 (KHTML, like Gecko; Google-BusinessLinkVerification) Chrome/152.0.7977.64 Safari/537.36"
66.249.93.71 - - [14/Sep/2026:13:10:27 +0200] "GET /wp-content/uploads/2021/07/LOGO-BLEU-COCON-300x212.png HTTP/1.1" 200 8232 "https://lecocondalfred.fr/prendre-rendez-vous/" "Mozilla/5.0 (X11; Linux x86_64) AppleWebKit/537.36 (KHTML, like Gecko; Google-BusinessLinkVerification) Chrome/152.0.7977.64 Safari/537.36"
66.249.93.71 - - [14/Sep/2026:13:10:27 +0200] "GET /wp-content/plugins/elementor/assets/css/widget-social-icons.min.css?ver=4.2.4 HTTP/1.1" 200 5110 "https://lecocondalfred.fr/prendre-rendez-vous/" "Mozilla/5.0 (X11; Linux x86_64) AppleWebKit/537.36 (KHTML, like Gecko; Google-BusinessLinkVerification) Chrome/152.0.7977.64 Safari/537.36"
66.249.93.71 - - [14/Sep/2026:13:10:27 +0200] "GET /wp-content/uploads/elementor/google-fonts/css/roboto.css?ver=1742247286 HTTP/1.1" 200 104004 "https://lecocondalfred.fr/prendre-rendez-vous/" "Mozilla/5.0 (X11; Linux x86_64) AppleWebKit/537.36 (KHTML, like Gecko; Google-BusinessLinkVerification) Chrome/152.0.7977.64 Safari/537.36"
66.249.93.72 - - [14/Sep/2026:13:10:27 +0200] "GET /wp-content/plugins/elementor/assets/css/widget-spacer.min.css?ver=4.2.4 HTTP/1.1" 200 1793 "https://lecocondalfred.fr/prendre-rendez-vous/" "Mozilla/5.0 (X11; Linux x86_64) AppleWebKit/537.36 (KHTML, like Gecko; Google-BusinessLinkVerification) Chrome/152.0.7977.64 Safari/537.36"
66.249.93.73 - - [14/Sep/2026:13:10:27 +0200] "GET /wp-content/plugins/elementor/assets/lib/animations/styles/e-animation-pulse.min.css?ver=4.2.4 HTTP/1.1" 200 318 "https://lecocondalfred.fr/prendre-rendez-vous/" "Mozilla/5.0 (X11; Linux x86_64) AppleWebKit/537.36 (KHTML, like Gecko; Google-BusinessLinkVerification) Chrome/152.0.7977.64 Safari/537.36"
66.249.93.72 - - [14/Sep/2026:13:10:27 +0200] "GET /wp-content/plugins/cookie-law-info/legacy/public/js/cookie-law-info-public.js?ver=3.5.5 HTTP/1.1" 200 34121 "https://lecocondalfred.fr/prendre-rendez-vous/" "Mozilla/5.0 (X11; Linux x86_64) AppleWebKit/537.36 (KHTML, like Gecko; Google-BusinessLinkVerification) Chrome/152.0.7977.64 Safari/537.36"
66.249.93.71 - - [14/Sep/2026:13:10:27 +0200] "GET /wp-content/uploads/elementor/google-fonts/css/robotocondensed.css?ver=1742247293 HTTP/1.1" 200 49464 "https://lecocondalfred.fr/prendre-rendez-vous/" "Mozilla/5.0 (X11; Linux x86_64) AppleWebKit/537.36 (KHTML, like Gecko; Google-BusinessLinkVerification) Chrome/152.0.7977.64 Safari/537.36"
66.249.93.71 - - [14/Sep/2026:13:10:27 +0200] "GET /wp-content/plugins/elementor/assets/lib/font-awesome/css/solid.min.css?ver=5.15.3 HTTP/1.1" 200 669 "https://lecocondalfred.fr/prendre-rendez-vous/" "Mozilla/5.0 (X11; Linux x86_64) AppleWebKit/537.36 (KHTML, like Gecko; Google-BusinessLinkVerification) Chrome/152.0.7977.64 Safari/537.36"
66.249.93.71 - - [14/Sep/2026:13:10:27 +0200] "GET /wp-content/plugins/elementor/assets/lib/font-awesome/css/fontawesome.min.css?ver=5.15.3 HTTP/1.1" 200 58071 "https://lecocondalfred.fr/prendre-rendez-vous/" "Mozilla/5.0 (X11; Linux x86_64) AppleWebKit/537.36 (KHTML, like Gecko; Google-BusinessLinkVerification) Chrome/152.0.7977.64 Safari/537.36"
66.249.93.72 - - [14/Sep/2026:13:10:27 +0200] "GET /wp-content/plugins/elementor/assets/css/widget-menu-anchor.min.css?ver=4.2.4 HTTP/1.1" 200 69 "https://lecocondalfred.fr/prendre-rendez-vous/" "Mozilla/5.0 (X11; Linux x86_64) AppleWebKit/537.36 (KHTML, like Gecko; Google-BusinessLinkVerification) Chrome/152.0.7977.64 Safari/537.36"
66.249.93.71 - - [14/Sep/2026:13:10:27 +0200] "GET /wp-content/plugins/bookly-responsive-appointment-booking-tool/frontend/resources/css/frontend-reset.css?ver=28.0 HTTP/1.1" 200 3788 "https://lecocondalfred.fr/prendre-rendez-vous/" "Mozilla/5.0 (X11; Linux x86_64) AppleWebKit/537.36 (KHTML, like Gecko; Google-BusinessLinkVerification) Chrome/152.0.7977.64 Safari/537.36"
66.249.93.73 - - [14/Sep/2026:13:10:27 +0200] "GET /wp-content/plugins/bookly-responsive-appointment-booking-tool/backend/resources/js/moment.min.js?ver=28.0 HTTP/1.1" 200 58064 "https://lecocondalfred.fr/prendre-rendez-vous/" "Mozilla/5.0 (X11; Linux x86_64) AppleWebKit/537.36 (KHTML, like Gecko; Google-BusinessLinkVerification) Chrome/152.0.7977.64 Safari/537.36"
66.249.93.71 - - [14/Sep/2026:13:10:27 +0200] "GET /wp-content/plugins/elementor/assets/lib/font-awesome/css/all.min.css?ver=4.2.4 HTTP/1.1" 200 59344 "https://lecocondalfred.fr/prendre-rendez-vous/" "Mozilla/5.0 (X11; Linux x86_64) AppleWebKit/537.36 (KHTML, like Gecko; Google-BusinessLinkVerification) Chrome/152.0.7977.64 Safari/537.36"
66.249.93.72 - - [14/Sep/2026:13:10:27 +0200] "GET /wp-content/plugins/cookie-law-info/legacy/public/css/cookie-law-info-gdpr.css?ver=3.5.5 HTTP/1.1" 200 27203 "https://lecocondalfred.fr/prendre-rendez-vous/" "Mozilla/5.0 (X11; Linux x86_64) AppleWebKit/537.36 (KHTML, like Gecko; Google-BusinessLinkVerification) Chrome/152.0.7977.64 Safari/537.36"
66.249.93.72 - - [14/Sep/2026:13:10:27 +0200] "GET /wp-content/plugins/bookly-responsive-appointment-booking-tool/frontend/resources/css/modern-booking-form-calendar.css?ver=28.0 HTTP/1.1" 200 192 "https://lecocondalfred.fr/prendre-rendez-vous/" "Mozilla/5.0 (X11; Linux x86_64) AppleWebKit/537.36 (KHTML, like Gecko; Google-BusinessLinkVerification) Chrome/152.0.7977.64 Safari/537.36"
66.249.93.73 - - [14/Sep/2026:13:10:27 +0200] "GET /wp-content/plugins/bookly-responsive-appointment-booking-tool/backend/resources/tailwind/tailwind.css?ver=28.0 HTTP/1.1" 200 218377 "https://lecocondalfred.fr/prendre-rendez-vous/" "Mozilla/5.0 (X11; Linux x86_64) AppleWebKit/537.36 (KHTML, like Gecko; Google-BusinessLinkVerification) Chrome/152.0.7977.64 Safari/537.36"
66.249.93.72 - - [14/Sep/2026:13:10:27 +0200] "GET /wp-content/plugins/elementor/assets/css/widget-icon-list.min.css?ver=4.2.4 HTTP/1.1" 200 10255 "https://lecocondalfred.fr/prendre-rendez-vous/" "Mozilla/5.0 (X11; Linux x86_64) AppleWebKit/537.36 (KHTML, like Gecko; Google-BusinessLinkVerification) Chrome/152.0.7977.64 Safari/537.36"
66.249.93.72 - - [14/Sep/2026:13:10:27 +0200] "GET /wp-content/plugins/bookly-responsive-appointment-booking-tool/frontend/resources/css/bootstrap-icons.min.css?ver=28.0 HTTP/1.1" 200 85875 "https://lecocondalfred.fr/prendre-rendez-vous/" "Mozilla/5.0 (X11; Linux x86_64) AppleWebKit/537.36 (KHTML, like Gecko; Google-BusinessLinkVerification) Chrome/152.0.7977.64 Safari/537.36"
66.249.93.71 - - [14/Sep/2026:13:10:27 +0200] "GET /wp-content/plugins/cookie-law-info/legacy/public/css/cookie-law-info-table.css?ver=3.5.5 HTTP/1.1" 200 6113 "https://lecocondalfred.fr/prendre-rendez-vous/" "Mozilla/5.0 (X11; Linux x86_64) AppleWebKit/537.36 (KHTML, like Gecko; Google-BusinessLinkVerification) Chrome/152.0.7977.64 Safari/537.36"
66.249.93.71 - - [14/Sep/2026:13:10:27 +0200] "GET /wp-content/plugins/the-events-calendar/build/css/integrations/plugins/elementor/widgets/widget-base.css?ver=6.17.2 HTTP/1.1" 200 1128 "https://lecocondalfred.fr/prendre-rendez-vous/" "Mozilla/5.0 (X11; Linux x86_64) AppleWebKit/537.36 (KHTML, like Gecko; Google-BusinessLinkVerification) Chrome/152.0.7977.64 Safari/537.36"
66.249.93.71 - - [14/Sep/2026:13:10:27 +0200] "GET /wp-content/uploads/elementor/google-fonts/css/baskervville.css?ver=1742247287 HTTP/1.1" 200 1828 "https://lecocondalfred.fr/prendre-rendez-vous/" "Mozilla/5.0 (X11; Linux x86_64) AppleWebKit/537.36 (KHTML, like Gecko; Google-BusinessLinkVerification) Chrome/152.0.7977.64 Safari/537.36"
66.249.93.72 - - [14/Sep/2026:13:10:27 +0200] "GET /wp-content/plugins/bookly-responsive-appointment-booking-tool/frontend/resources/css/bookly-main.css?ver=28.0 HTTP/1.1" 200 40459 "https://lecocondalfred.fr/prendre-rendez-vous/" "Mozilla/5.0 (X11; Linux x86_64) AppleWebKit/537.36 (KHTML, like Gecko; Google-BusinessLinkVerification) Chrome/152.0.7977.64 Safari/537.36"
66.249.93.71 - - [14/Sep/2026:13:10:27 +0200] "GET /wp-content/plugins/bookly-responsive-appointment-booking-tool/frontend/resources/js/hammer.min.js?ver=28.0 HTTP/1.1" 200 19721 "https://lecocondalfred.fr/prendre-rendez-vous/" "Mozilla/5.0 (X11; Linux x86_64) AppleWebKit/537.36 (KHTML, like Gecko; Google-BusinessLinkVerification) Chrome/152.0.7977.64 Safari/537.36"
66.249.93.73 - - [14/Sep/2026:13:10:27 +0200] "GET /wp-includes/js/jquery/jquery.min.js?ver=3.7.1 HTTP/1.1" 200 87553 "https://lecocondalfred.fr/prendre-rendez-vous/" "Mozilla/5.0 (X11; Linux x86_64) AppleWebKit/537.36 (KHTML, like Gecko; Google-BusinessLinkVerification) Chrome/152.0.7977.64 Safari/537.36"
66.249.93.73 - - [14/Sep/2026:13:10:27 +0200] "GET /wp-content/themes/astra/assets/js/minified/frontend.min.js?ver=4.13.10 HTTP/1.1" 200 26311 "https://lecocondalfred.fr/prendre-rendez-vous/" "Mozilla/5.0 (X11; Linux x86_64) AppleWebKit/537.36 (KHTML, like Gecko; Google-BusinessLinkVerification) Chrome/152.0.7977.64 Safari/537.36"
66.249.93.73 - - [14/Sep/2026:13:10:27 +0200] "GET /wp-content/plugins/the-events-calendar/common/build/js/user-agent.js?ver=da75d0bdea6dde3898df HTTP/1.1" 200 291 "https://lecocondalfred.fr/prendre-rendez-vous/" "Mozilla/5.0 (X11; Linux x86_64) AppleWebKit/537.36 (KHTML, like Gecko; Google-BusinessLinkVerification) Chrome/152.0.7977.64 Safari/537.36"
66.249.93.73 - - [14/Sep/2026:13:10:27 +0200] "GET /wp-includes/js/dist/dom-ready.min.js?ver=3fe927cab37bf38d6a23 HTTP/1.1" 200 881 "https://lecocondalfred.fr/prendre-rendez-vous/" "Mozilla/5.0 (X11; Linux x86_64) AppleWebKit/537.36 (KHTML, like Gecko; Google-BusinessLinkVerification) Chrome/152.0.7977.64 Safari/537.36"
66.249.93.73 - - [14/Sep/2026:13:10:27 +0200] "GET /wp-content/plugins/astra-sites/inc/lib/onboarding/assets/dist/template-preview/main.js?ver=09382f635556bec359b3 HTTP/1.1" 200 6587 "https://lecocondalfred.fr/prendre-rendez-vous/" "Mozilla/5.0 (X11; Linux x86_64) AppleWebKit/537.36 (KHTML, like Gecko; Google-BusinessLinkVerification) Chrome/152.0.7977.64 Safari/537.36"
66.249.93.73 - - [14/Sep/2026:13:10:27 +0200] "GET /wp-content/plugins/bookly-responsive-appointment-booking-tool/frontend/resources/js/qrcode.js?ver=28.0 HTTP/1.1" 200 33168 "https://lecocondalfred.fr/prendre-rendez-vous/" "Mozilla/5.0 (X11; Linux x86_64) AppleWebKit/537.36 (KHTML, like Gecko; Google-BusinessLinkVerification) Chrome/152.0.7977.64 Safari/537.36"
66.249.93.71 - - [14/Sep/2026:13:10:27 +0200] "GET /wp-content/plugins/elementor/assets/lib/font-awesome/js/v4-shims.min.js?ver=4.2.4 HTTP/1.1" 200 15073 "https://lecocondalfred.fr/prendre-rendez-vous/" "Mozilla/5.0 (X11; Linux x86_64) AppleWebKit/537.36 (KHTML, like Gecko; Google-BusinessLinkVerification) Chrome/152.0.7977.64 Safari/537.36"
66.249.93.72 - - [14/Sep/2026:13:10:27 +0200] "GET /wp-content/uploads/elementor/google-fonts/css/robotoslab.css?ver=1742247279 HTTP/1.1" 200 23625 "https://lecocondalfred.fr/prendre-rendez-vous/" "Mozilla/5.0 (X11; Linux x86_64) AppleWebKit/537.36 (KHTML, like Gecko; Google-BusinessLinkVerification) Chrome/152.0.7977.64 Safari/537.36"
66.249.93.71 - - [14/Sep/2026:13:10:27 +0200] "GET /wp-content/plugins/elementor/assets/lib/eicons/css/elementor-icons.min.css?ver=5.53.0 HTTP/1.1" 200 22258 "https://lecocondalfred.fr/prendre-rendez-vous/" "Mozilla/5.0 (X11; Linux x86_64) AppleWebKit/537.36 (KHTML, like Gecko; Google-BusinessLinkVerification) Chrome/152.0.7977.64 Safari/537.36"
66.249.93.72 - - [14/Sep/2026:13:10:27 +0200] "GET /wp-content/plugins/google-site-kit/dist/assets/js/googlesitekit-consent-mode-755f1678e260138d789e.js HTTP/1.1" 200 73097 "https://lecocondalfred.fr/prendre-rendez-vous/" "Mozilla/5.0 (X11; Linux x86_64) AppleWebKit/537.36 (KHTML, like Gecko; Google-BusinessLinkVerification) Chrome/152.0.7977.64 Safari/537.36"
66.249.93.73 - - [14/Sep/2026:13:10:28 +0200] "GET /wp-content/plugins/elementor/assets/js/webpack.runtime.min.js?ver=4.2.4 HTTP/1.1" 200 5819 "https://lecocondalfred.fr/prendre-rendez-vous/" "Mozilla/5.0 (X11; Linux x86_64) AppleWebKit/537.36 (KHTML, like Gecko; Google-BusinessLinkVerification) Chrome/152.0.7977.64 Safari/537.36"
66.249.93.71 - - [14/Sep/2026:13:10:28 +0200] "GET /wp-content/plugins/elementor/assets/js/frontend-modules.min.js?ver=4.2.4 HTTP/1.1" 200 50602 "https://lecocondalfred.fr/prendre-rendez-vous/" "Mozilla/5.0 (X11; Linux x86_64) AppleWebKit/537.36 (KHTML, like Gecko; Google-BusinessLinkVerification) Chrome/152.0.7977.64 Safari/537.36"
66.249.93.71 - - [14/Sep/2026:13:10:28 +0200] "GET /wp-includes/js/jquery/ui/core.min.js?ver=1.14.2 HTTP/1.1" 200 18674 "https://lecocondalfred.fr/prendre-rendez-vous/" "Mozilla/5.0 (X11; Linux x86_64) AppleWebKit/537.36 (KHTML, like Gecko; Google-BusinessLinkVerification) Chrome/152.0.7977.64 Safari/537.36"
66.249.93.73 - - [14/Sep/2026:13:10:28 +0200] "GET /wp-content/plugins/elementor/assets/js/frontend.min.js?ver=4.2.4 HTTP/1.1" 200 32098 "https://lecocondalfred.fr/prendre-rendez-vous/" "Mozilla/5.0 (X11; Linux x86_64) AppleWebKit/537.36 (KHTML, like Gecko; Google-BusinessLinkVerification) Chrome/152.0.7977.64 Safari/537.36"
66.249.93.71 - - [14/Sep/2026:13:10:28 +0200] "GET /wp-content/plugins/elementor-pro/assets/lib/smartmenus/jquery.smartmenus.min.js?ver=1.2.1 HTTP/1.1" 200 24109 "https://lecocondalfred.fr/prendre-rendez-vous/" "Mozilla/5.0 (X11; Linux x86_64) AppleWebKit/537.36 (KHTML, like Gecko; Google-BusinessLinkVerification) Chrome/152.0.7977.64 Safari/537.36"
66.249.93.73 - - [14/Sep/2026:13:10:28 +0200] "GET /wp-content/plugins/elementor/assets/css/widget-image.min.css?ver=4.2.4 HTTP/1.1" 200 214 "https://lecocondalfred.fr/prendre-rendez-vous/" "Mozilla/5.0 (X11; Linux x86_64) AppleWebKit/537.36 (KHTML, like Gecko; Google-BusinessLinkVerification) Chrome/152.0.7977.64 Safari/537.36"
66.249.93.71 - - [14/Sep/2026:13:10:28 +0200] "GET /wp-content/plugins/elementor-pro/assets/css/widget-nav-menu.min.css?ver=4.2.1 HTTP/1.1" 200 27363 "https://lecocondalfred.fr/prendre-rendez-vous/" "Mozilla/5.0 (X11; Linux x86_64) AppleWebKit/537.36 (KHTML, like Gecko; Google-BusinessLinkVerification) Chrome/152.0.7977.64 Safari/537.36"
66.249.93.71 - - [14/Sep/2026:13:10:28 +0200] "GET /wp-content/plugins/wp-smushit/app/assets/js/smush-lazy-load.min.js?ver=4.3.0 HTTP/1.1" 200 23727 "https://lecocondalfred.fr/prendre-rendez-vous/" "Mozilla/5.0 (X11; Linux x86_64) AppleWebKit/537.36 (KHTML, like Gecko; Google-BusinessLinkVerification) Chrome/152.0.7977.64 Safari/537.36"
66.249.93.72 - - [14/Sep/2026:13:10:28 +0200] "GET /wp-content/plugins/wp-consent-api/assets/js/wp-consent-api.min.js?ver=2.0.1 HTTP/1.1" 200 2235 "https://lecocondalfred.fr/prendre-rendez-vous/" "Mozilla/5.0 (X11; Linux x86_64) AppleWebKit/537.36 (KHTML, like Gecko; Google-BusinessLinkVerification) Chrome/152.0.7977.64 Safari/537.36"
66.249.93.71 - - [14/Sep/2026:13:10:28 +0200] "GET /wp-content/plugins/elementor-pro/assets/js/webpack-pro.runtime.min.js?ver=4.2.1 HTTP/1.1" 200 6242 "https://lecocondalfred.fr/prendre-rendez-vous/" "Mozilla/5.0 (X11; Linux x86_64) AppleWebKit/537.36 (KHTML, like Gecko; Google-BusinessLinkVerification) Chrome/152.0.7977.64 Safari/537.36"
66.249.93.72 - - [14/Sep/2026:13:10:28 +0200] "GET /wp-includes/js/dist/hooks.min.js?ver=f0f188028580e8dc1255 HTTP/1.1" 200 5107 "https://lecocondalfred.fr/prendre-rendez-vous/" "Mozilla/5.0 (X11; Linux x86_64) AppleWebKit/537.36 (KHTML, like Gecko; Google-BusinessLinkVerification) Chrome/152.0.7977.64 Safari/537.36"
66.249.93.73 - - [14/Sep/2026:13:10:28 +0200] "GET /wp-includes/js/dist/i18n.min.js?ver=1dfe7db3940c23ea9216 HTTP/1.1" 200 5791 "https://lecocondalfred.fr/prendre-rendez-vous/" "Mozilla/5.0 (X11; Linux x86_64) AppleWebKit/537.36 (KHTML, like Gecko; Google-BusinessLinkVerification) Chrome/152.0.7977.64 Safari/537.36"
