54.160.156.250 - - [14/Sep/2026:11:22:39 +0200] "GET /platformio.ini HTTP/1.1" 404 138362 "-" "Mozilla/5.0 (Windows NT 10.0; Win64; x64) AppleWebKit/537.36"
54.160.156.250 - - [14/Sep/2026:11:22:39 +0200] "GET /postman_collection.json HTTP/1.1" 404 138374 "-" "Mozilla/5.0 (Windows NT 10.0; Win64; x64) AppleWebKit/537.36"
54.160.156.250 - - [14/Sep/2026:11:22:39 +0200] "GET /protractor.conf.js HTTP/1.1" 404 138342 "-" "Mozilla/5.0 (Windows NT 10.0; Win64; x64) AppleWebKit/537.36"
54.160.156.250 - - [14/Sep/2026:11:22:39 +0200] "GET /prisma/schema.prisma HTTP/1.1" 404 138370 "-" "Mozilla/5.0 (Windows NT 10.0; Win64; x64) AppleWebKit/537.36"
54.160.156.250 - - [14/Sep/2026:11:22:40 +0200] "GET /railsapp/config/storage.yml HTTP/1.1" 404 146052 "-" "Mozilla/5.0 (Windows NT 10.0; Win64; x64) AppleWebKit/537.36"
54.160.156.250 - - [14/Sep/2026:11:22:40 +0200] "GET /psalm.xml HTTP/1.1" 404 138354 "-" "Mozilla/5.0 (Windows NT 10.0; Win64; x64) AppleWebKit/537.36"
54.160.156.250 - - [14/Sep/2026:11:22:40 +0200] "GET /.putty/putty.ppk HTTP/1.1" 404 138366 "-" "Mozilla/5.0 (Windows NT 10.0; Win64; x64) AppleWebKit/537.36"
54.160.156.250 - - [14/Sep/2026:11:22:40 +0200] "GET /redmine/config/secrets.yml HTTP/1.1" 404 146052 "-" "Mozilla/5.0 (Windows NT 10.0; Win64; x64) AppleWebKit/537.36"
54.160.156.250 - - [14/Sep/2026:11:22:40 +0200] "GET /redmine/config/configuration.yml HTTP/1.1" 404 146060 "-" "Mozilla/5.0 (Windows NT 10.0; Win64; x64) AppleWebKit/537.36"
54.160.156.250 - - [14/Sep/2026:11:22:40 +0200] "GET /pyproject.toml HTTP/1.1" 404 138362 "-" "Mozilla/5.0 (Windows NT 10.0; Win64; x64) AppleWebKit/537.36"
54.160.156.250 - - [14/Sep/2026:11:22:40 +0200] "GET /Rakefile HTTP/1.1" 404 138354 "-" "Mozilla/5.0 (Windows NT 10.0; Win64; x64) AppleWebKit/537.36"
54.160.156.250 - - [14/Sep/2026:11:22:40 +0200] "GET /.pry_history HTTP/1.1" 404 138358 "-" "Mozilla/5.0 (Windows NT 10.0; Win64; x64) AppleWebKit/537.36"
54.160.156.250 - - [14/Sep/2026:11:22:40 +0200] "GET /.remote-sync.json HTTP/1.1" 404 138366 "-" "Mozilla/5.0 (Windows NT 10.0; Win64; x64) AppleWebKit/537.36"
54.160.156.250 - - [14/Sep/2026:11:22:41 +0200] "GET /.renovaterc.json HTTP/1.1" 404 138362 "-" "Mozilla/5.0 (Windows NT 10.0; Win64; x64) AppleWebKit/537.36"
54.160.156.250 - - [14/Sep/2026:11:22:40 +0200] "GET /renovate.json HTTP/1.1" 404 138358 "-" "Mozilla/5.0 (Windows NT 10.0; Win64; x64) AppleWebKit/537.36"
54.160.156.250 - - [14/Sep/2026:11:22:41 +0200] "GET /Rexfile HTTP/1.1" 404 138350 "-" "Mozilla/5.0 (Windows NT 10.0; Win64; x64) AppleWebKit/537.36"
54.160.156.250 - - [14/Sep/2026:11:22:41 +0200] "GET /requestlogs HTTP/1.1" 404 138358 "-" "Mozilla/5.0 (Windows NT 10.0; Win64; x64) AppleWebKit/537.36"
54.160.156.250 - - [14/Sep/2026:11:22:41 +0200] "GET /roundcube/logs/errors.log HTTP/1.1" 404 146052 "-" "Mozilla/5.0 (Windows NT 10.0; Win64; x64) AppleWebKit/537.36"
54.160.156.250 - - [14/Sep/2026:11:22:41 +0200] "GET /rollup.config.js HTTP/1.1" 404 138338 "-" "Mozilla/5.0 (Windows NT 10.0; Win64; x64) AppleWebKit/537.36"
54.160.156.250 - - [14/Sep/2026:11:22:41 +0200] "GET /rsync.sh HTTP/1.1" 404 138354 "-" "Mozilla/5.0 (Windows NT 10.0; Win64; x64) AppleWebKit/537.36"
54.160.156.250 - - [14/Sep/2026:11:22:44 +0200] "GET /ruby/config/storage.yml HTTP/1.1" 404 146048 "-" "Mozilla/5.0 (Windows NT 10.0; Win64; x64) AppleWebKit/537.36"
54.160.156.250 - - [14/Sep/2026:11:22:44 +0200] "GET /.scrutinizer.yml HTTP/1.1" 404 138362 "-" "Mozilla/5.0 (Windows NT 10.0; Win64; x64) AppleWebKit/537.36"
54.160.156.250 - - [14/Sep/2026:11:22:44 +0200] "GET /search/configs/sphinx.conf HTTP/1.1" 200 154599 "-" "Mozilla/5.0 (Windows NT 10.0; Win64; x64) AppleWebKit/537.36"
54.160.156.250 - - [14/Sep/2026:11:22:44 +0200] "GET /schema.prisma HTTP/1.1" 404 138358 "-" "Mozilla/5.0 (Windows NT 10.0; Win64; x64) AppleWebKit/537.36"
54.160.156.250 - - [14/Sep/2026:11:22:44 +0200] "GET /.rubocop.yml HTTP/1.1" 404 138358 "-" "Mozilla/5.0 (Windows NT 10.0; Win64; x64) AppleWebKit/537.36"
54.160.156.250 - - [14/Sep/2026:11:22:45 +0200] "GET /settings.json HTTP/1.1" 404 138358 "-" "Mozilla/5.0 (Windows NT 10.0; Win64; x64) AppleWebKit/537.36"
54.160.156.250 - - [14/Sep/2026:11:22:45 +0200] "GET /setup.sh HTTP/1.1" 404 138354 "-" "Mozilla/5.0 (Windows NT 10.0; Win64; x64) AppleWebKit/537.36"
54.160.156.250 - - [14/Sep/2026:11:22:45 +0200] "GET /settings.py HTTP/1.1" 404 138358 "-" "Mozilla/5.0 (Windows NT 10.0; Win64; x64) AppleWebKit/537.36"
54.160.156.250 - - [14/Sep/2026:11:22:45 +0200] "GET /service-discovery HTTP/1.1" 404 138366 "-" "Mozilla/5.0 (Windows NT 10.0; Win64; x64) AppleWebKit/537.36"
54.160.156.250 - - [14/Sep/2026:11:22:44 +0200] "GET /search/token.json HTTP/1.1" 200 154459 "-" "Mozilla/5.0 (Windows NT 10.0; Win64; x64) AppleWebKit/537.36"
54.160.156.250 - - [14/Sep/2026:11:22:44 +0200] "GET /secret_token.rb HTTP/1.1" 404 138362 "-" "Mozilla/5.0 (Windows NT 10.0; Win64; x64) AppleWebKit/537.36"
54.160.156.250 - - [14/Sep/2026:11:22:45 +0200] "GET /server/info HTTP/1.1" 404 138358 "-" "Mozilla/5.0 (Windows NT 10.0; Win64; x64) AppleWebKit/537.36"
54.160.156.250 - - [14/Sep/2026:11:22:45 +0200] "GET /setup.py HTTP/1.1" 404 138354 "-" "Mozilla/5.0 (Windows NT 10.0; Win64; x64) AppleWebKit/537.36"
54.160.156.250 - - [14/Sep/2026:11:22:45 +0200] "GET /site.bak HTTP/1.1" 404 138354 "-" "Mozilla/5.0 (Windows NT 10.0; Win64; x64) AppleWebKit/537.36"
54.160.156.250 - - [14/Sep/2026:11:22:45 +0200] "GET /sites/default/settings.local.php HTTP/1.1" 404 146060 "-" "Mozilla/5.0 (Windows NT 10.0; Win64; x64) AppleWebKit/537.36"
54.160.156.250 - - [14/Sep/2026:11:22:45 +0200] "GET /sites/default/settings.php~ HTTP/1.1" 404 146056 "-" "Mozilla/5.0 (Windows NT 10.0; Win64; x64) AppleWebKit/537.36"
54.160.156.250 - - [14/Sep/2026:11:22:47 +0200] "GET /sites/default/settings.php.orig HTTP/1.1" 404 146060 "-" "Mozilla/5.0 (Windows NT 10.0; Win64; x64) AppleWebKit/537.36"
54.160.156.250 - - [14/Sep/2026:11:22:47 +0200] "GET /sites/default/settings.php.dist HTTP/1.1" 404 146060 "-" "Mozilla/5.0 (Windows NT 10.0; Win64; x64) AppleWebKit/537.36"
54.160.156.250 - - [14/Sep/2026:11:22:47 +0200] "GET /sites/default/settings.php.save HTTP/1.1" 404 146060 "-" "Mozilla/5.0 (Windows NT 10.0; Win64; x64) AppleWebKit/537.36"
54.160.156.250 - - [14/Sep/2026:11:22:48 +0200] "GET /sphinx.conf HTTP/1.1" 404 138358 "-" "Mozilla/5.0 (Windows NT 10.0; Win64; x64) AppleWebKit/537.36"
54.160.156.250 - - [14/Sep/2026:11:22:47 +0200] "GET /sites/default/settings.php.old HTTP/1.1" 404 146056 "-" "Mozilla/5.0 (Windows NT 10.0; Win64; x64) AppleWebKit/537.36"
54.160.156.250 - - [14/Sep/2026:11:22:47 +0200] "GET /sites/default/settings.php.swp HTTP/1.1" 404 146056 "-" "Mozilla/5.0 (Windows NT 10.0; Win64; x64) AppleWebKit/537.36"
54.160.156.250 - - [14/Sep/2026:11:22:47 +0200] "GET /sites/default/settings.php.txt HTTP/1.1" 404 146056 "-" "Mozilla/5.0 (Windows NT 10.0; Win64; x64) AppleWebKit/537.36"
54.160.156.250 - - [14/Sep/2026:11:22:48 +0200] "GET /.sqlite_history HTTP/1.1" 404 138362 "-" "Mozilla/5.0 (Windows NT 10.0; Win64; x64) AppleWebKit/537.36"
54.160.156.250 - - [14/Sep/2026:11:22:48 +0200] "GET /sphinx/sphinx.conf HTTP/1.1" 404 138370 "-" "Mozilla/5.0 (Windows NT 10.0; Win64; x64) AppleWebKit/537.36"
54.160.156.250 - - [14/Sep/2026:11:22:48 +0200] "GET /src/prisma/schema.prisma HTTP/1.1" 404 146048 "-" "Mozilla/5.0 (Windows NT 10.0; Win64; x64) AppleWebKit/537.36"
54.160.156.250 - - [14/Sep/2026:11:22:48 +0200] "GET /_src HTTP/1.1" 404 138346 "-" "Mozilla/5.0 (Windows NT 10.0; Win64; x64) AppleWebKit/537.36"
54.160.156.250 - - [14/Sep/2026:11:22:48 +0200] "GET /sphinxsearch/sphinx.conf HTTP/1.1" 404 138378 "-" "Mozilla/5.0 (Windows NT 10.0; Win64; x64) AppleWebKit/537.36"
54.160.156.250 - - [14/Sep/2026:11:22:48 +0200] "GET /sse HTTP/1.1" 404 138346 "-" "Mozilla/5.0 (Windows NT 10.0; Win64; x64) AppleWebKit/537.36"
54.160.156.250 - - [14/Sep/2026:11:22:48 +0200] "GET /startup.sh HTTP/1.1" 404 138354 "-" "Mozilla/5.0 (Windows NT 10.0; Win64; x64) AppleWebKit/537.36"
54.160.156.250 - - [14/Sep/2026:11:22:48 +0200] "GET /status HTTP/1.1" 404 138350 "-" "Mozilla/5.0 (Windows NT 10.0; Win64; x64) AppleWebKit/537.36"
54.160.156.250 - - [14/Sep/2026:11:22:48 +0200] "GET /.stestr.conf HTTP/1.1" 404 138358 "-" "Mozilla/5.0 (Windows NT 10.0; Win64; x64) AppleWebKit/537.36"
54.160.156.250 - - [14/Sep/2026:11:22:49 +0200] "GET /storage/oauth-public.key HTTP/1.1" 404 138378 "-" "Mozilla/5.0 (Windows NT 10.0; Win64; x64) AppleWebKit/537.36"
54.160.156.250 - - [14/Sep/2026:11:22:49 +0200] "GET /store/app/etc/local.xml HTTP/1.1" 404 146052 "-" "Mozilla/5.0 (Windows NT 10.0; Win64; x64) AppleWebKit/537.36"
54.160.156.250 - - [14/Sep/2026:11:22:49 +0200] "GET /storage/ovh-backups.json HTTP/1.1" 404 138378 "-" "Mozilla/5.0 (Windows NT 10.0; Win64; x64) AppleWebKit/537.36"
54.160.156.250 - - [14/Sep/2026:11:22:49 +0200] "GET /storage/sessions/ HTTP/1.1" 404 138370 "-" "Mozilla/5.0 (Windows NT 10.0; Win64; x64) AppleWebKit/537.36"
54.160.156.250 - - [14/Sep/2026:11:22:49 +0200] "GET /.svn/entries HTTP/1.1" 404 138362 "-" "Mozilla/5.0 (Windows NT 10.0; Win64; x64) AppleWebKit/537.36"
54.160.156.250 - - [14/Sep/2026:11:22:49 +0200] "GET /storage/framework/sessions/ HTTP/1.1" 404 146056 "-" "Mozilla/5.0 (Windows NT 10.0; Win64; x64) AppleWebKit/537.36"
54.160.156.250 - - [14/Sep/2026:11:22:49 +0200] "GET /storage/oauth-private.key HTTP/1.1" 404 138378 "-" "Mozilla/5.0 (Windows NT 10.0; Win64; x64) AppleWebKit/537.36"
54.160.156.250 - - [14/Sep/2026:11:22:49 +0200] "GET /storage/logs/web.log HTTP/1.1" 404 146044 "-" "Mozilla/5.0 (Windows NT 10.0; Win64; x64) AppleWebKit/537.36"
54.160.156.250 - - [14/Sep/2026:11:22:49 +0200] "GET /.styleci.yml HTTP/1.1" 404 138358 "-" "Mozilla/5.0 (Windows NT 10.0; Win64; x64) AppleWebKit/537.36"
54.160.156.250 - - [14/Sep/2026:11:22:49 +0200] "GET /.svn/wc.db HTTP/1.1" 404 138358 "-" "Mozilla/5.0 (Windows NT 10.0; Win64; x64) AppleWebKit/537.36"
54.160.156.250 - - [14/Sep/2026:11:22:49 +0200] "GET /textpattern/config.php HTTP/1.1" 404 138374 "-" "Mozilla/5.0 (Windows NT 10.0; Win64; x64) AppleWebKit/537.36"
54.160.156.250 - - [14/Sep/2026:11:22:49 +0200] "GET /telescope/requests HTTP/1.1" 404 138370 "-" "Mozilla/5.0 (Windows NT 10.0; Win64; x64) AppleWebKit/537.36"
54.160.156.250 - - [14/Sep/2026:11:22:49 +0200] "GET /test/config/secrets.yml HTTP/1.1" 404 146048 "-" "Mozilla/5.0 (Windows NT 10.0; Win64; x64) AppleWebKit/537.36"
54.160.156.250 - - [14/Sep/2026:11:22:49 +0200] "GET /system/storage/logs/error.log HTTP/1.1" 404 146060 "-" "Mozilla/5.0 (Windows NT 10.0; Win64; x64) AppleWebKit/537.36"
54.160.156.250 - - [14/Sep/2026:11:22:49 +0200] "GET /tox.ini HTTP/1.1" 404 138350 "-" "Mozilla/5.0 (Windows NT 10.0; Win64; x64) AppleWebKit/537.36"
54.160.156.250 - - [14/Sep/2026:11:22:49 +0200] "GET /token.json HTTP/1.1" 404 138354 "-" "Mozilla/5.0 (Windows NT 10.0; Win64; x64) AppleWebKit/537.36"
54.160.156.250 - - [14/Sep/2026:11:22:50 +0200] "GET /.tugboat HTTP/1.1" 404 138354 "-" "Mozilla/5.0 (Windows NT 10.0; Win64; x64) AppleWebKit/537.36"
109.234.165.65 - - [14/Sep/2026:11:22:51 +0200] "POST /wp-cron.php?doing_wp_cron=1789377771.2413659095764160156250 HTTP/1.1" 200 - "-" "WordPress/7.1; https://lecocondalfred.fr"
54.160.156.250 - - [14/Sep/2026:11:22:50 +0200] "GET /umbraco/mini-profiler-resources/results HTTP/1.1" 404 146068 "-" "Mozilla/5.0 (Windows NT 10.0; Win64; x64) AppleWebKit/537.36"
54.160.156.250 - - [14/Sep/2026:11:22:51 +0200] "GET /webmail/logs/errors.log HTTP/1.1" 200 34918 "-" "Mozilla/5.0 (Windows NT 10.0; Win64; x64) AppleWebKit/537.36"
54.160.156.250 - - [14/Sep/2026:11:22:51 +0200] "GET /ventrilo_srv.ini HTTP/1.1" 404 138362 "-" "Mozilla/5.0 (Windows NT 10.0; Win64; x64) AppleWebKit/537.36"
54.160.156.250 - - [14/Sep/2026:11:22:51 +0200] "GET /uwsgi.ini HTTP/1.1" 404 138354 "-" "Mozilla/5.0 (Windows NT 10.0; Win64; x64) AppleWebKit/537.36"
54.160.156.250 - - [14/Sep/2026:11:22:51 +0200] "GET /vendor/composer/installed.json HTTP/1.1" 404 146056 "-" "Mozilla/5.0 (Windows NT 10.0; Win64; x64) AppleWebKit/537.36"
54.160.156.250 - - [14/Sep/2026:11:22:51 +0200] "GET /v2/keys/ HTTP/1.1" 404 138358 "-" "Mozilla/5.0 (Windows NT 10.0; Win64; x64) AppleWebKit/537.36"
54.160.156.250 - - [14/Sep/2026:11:22:51 +0200] "GET /vercel.json HTTP/1.1" 404 138358 "-" "Mozilla/5.0 (Windows NT 10.0; Win64; x64) AppleWebKit/537.36"
54.160.156.250 - - [14/Sep/2026:11:22:51 +0200] "GET /Vagrantfile HTTP/1.1" 404 138358 "-" "Mozilla/5.0 (Windows NT 10.0; Win64; x64) AppleWebKit/537.36"
54.160.156.250 - - [14/Sep/2026:11:22:51 +0200] "GET /vite.config.js HTTP/1.1" 404 138338 "-" "Mozilla/5.0 (Windows NT 10.0; Win64; x64) AppleWebKit/537.36"
54.160.156.250 - - [14/Sep/2026:11:22:51 +0200] "GET /.vscode/launch.json HTTP/1.1" 404 138370 "-" "Mozilla/5.0 (Windows NT 10.0; Win64; x64) AppleWebKit/537.36"
54.160.156.250 - - [14/Sep/2026:11:22:51 +0200] "GET /webpack.config.js HTTP/1.1" 404 138342 "-" "Mozilla/5.0 (Windows NT 10.0; Win64; x64) AppleWebKit/537.36"
54.160.156.250 - - [14/Sep/2026:11:22:51 +0200] "GET /.viminfo HTTP/1.1" 404 138354 "-" "Mozilla/5.0 (Windows NT 10.0; Win64; x64) AppleWebKit/537.36"
54.160.156.250 - - [14/Sep/2026:11:22:51 +0200] "GET /vite.config.ts HTTP/1.1" 404 138362 "-" "Mozilla/5.0 (Windows NT 10.0; Win64; x64) AppleWebKit/537.36"
54.160.156.250 - - [14/Sep/2026:11:22:51 +0200] "GET /.vscode-server/data/Machine/settings.json HTTP/1.1" 404 146076 "-" "Mozilla/5.0 (Windows NT 10.0; Win64; x64) AppleWebKit/537.36"
54.160.156.250 - - [14/Sep/2026:11:22:51 +0200] "GET /.vscode/tasks.json HTTP/1.1" 404 138370 "-" "Mozilla/5.0 (Windows NT 10.0; Win64; x64) AppleWebKit/537.36"
54.160.156.250 - - [14/Sep/2026:11:22:51 +0200] "GET /web/debug/default/view HTTP/1.1" 404 146048 "-" "Mozilla/5.0 (Windows NT 10.0; Win64; x64) AppleWebKit/537.36"
54.160.156.250 - - [14/Sep/2026:11:22:51 +0200] "GET /.vscode/settings.json HTTP/1.1" 404 138374 "-" "Mozilla/5.0 (Windows NT 10.0; Win64; x64) AppleWebKit/537.36"
54.160.156.250 - - [14/Sep/2026:11:22:54 +0200] "GET /webpack.mix.js HTTP/1.1" 404 138338 "-" "Mozilla/5.0 (Windows NT 10.0; Win64; x64) AppleWebKit/537.36"
54.160.156.250 - - [14/Sep/2026:11:22:54 +0200] "GET /.wgetrc HTTP/1.1" 404 138350 "-" "Mozilla/5.0 (Windows NT 10.0; Win64; x64) AppleWebKit/537.36"
54.160.156.250 - - [14/Sep/2026:11:22:54 +0200] "GET /.wget-hsts HTTP/1.1" 404 138354 "-" "Mozilla/5.0 (Windows NT 10.0; Win64; x64) AppleWebKit/537.36"
54.160.156.250 - - [14/Sep/2026:11:22:54 +0200] "GET /ws-config.example.json HTTP/1.1" 404 138370 "-" "Mozilla/5.0 (Windows NT 10.0; Win64; x64) AppleWebKit/537.36"
54.160.156.250 - - [14/Sep/2026:11:22:54 +0200] "GET /.wp-env.json HTTP/1.1" 404 138358 "-" "Mozilla/5.0 (Windows NT 10.0; Win64; x64) AppleWebKit/537.36"
54.160.156.250 - - [14/Sep/2026:11:22:54 +0200] "GET /ws_ftp.log HTTP/1.1" 404 138354 "-" "Mozilla/5.0 (Windows NT 10.0; Win64; x64) AppleWebKit/537.36"
54.160.156.250 - - [14/Sep/2026:11:22:54 +0200] "GET /wwwroot.bak HTTP/1.1" 404 138358 "-" "Mozilla/5.0 (Windows NT 10.0; Win64; x64) AppleWebKit/537.36"
54.160.156.250 - - [14/Sep/2026:11:22:54 +0200] "GET /ws_ftp.ini HTTP/1.1" 404 138354 "-" "Mozilla/5.0 (Windows NT 10.0; Win64; x64) AppleWebKit/537.36"
54.160.156.250 - - [14/Sep/2026:11:22:54 +0200] "GET /ws-config.json HTTP/1.1" 404 138362 "-" "Mozilla/5.0 (Windows NT 10.0; Win64; x64) AppleWebKit/537.36"
54.160.156.250 - - [14/Sep/2026:11:22:54 +0200] "GET /www.bak HTTP/1.1" 404 138350 "-" "Mozilla/5.0 (Windows NT 10.0; Win64; x64) AppleWebKit/537.36"
109.234.165.65 - - [14/Sep/2026:11:25:21 +0200] "POST /wp-cron.php?doing_wp_cron=1789377921.4608321189880371093750 HTTP/1.1" 200 - "-" "WordPress/7.1; https://lecocondalfred.fr"
109.234.165.65 - - [14/Sep/2026:11:25:21 +0200] "POST /wp-cron.php?doing_wp_cron=1789377921.5029349327087402343750 HTTP/1.1" 200 - "-" "WordPress/7.1; https://lecocondalfred.fr"
216.73.217.79 - - [14/Sep/2026:11:25:15 +0200] "GET /robots.txt HTTP/1.1" 200 175 "-" "Mozilla/5.0 AppleWebKit/537.36 (KHTML, like Gecko; compatible; ClaudeBot/1.0; +claudebot@anthropic.com)"
216.73.217.79 - - [14/Sep/2026:11:25:21 +0200] "GET /sitemap_index.xml HTTP/1.1" 200 796 "-" "Mozilla/5.0 AppleWebKit/537.36 (KHTML, like Gecko; compatible; ClaudeBot/1.0; +claudebot@anthropic.com)"
109.234.165.65 - - [14/Sep/2026:11:25:36 +0200] "POST /wp-cron.php?doing_wp_cron=1789377936.9334270954132080078125 HTTP/1.1" 200 - "-" "WordPress/7.1; https://lecocondalfred.fr"
109.234.165.65 - - [14/Sep/2026:11:25:16 +0200] "POST /?mailpoet_router&endpoint=cron_daemon&action=run&data=eyJ0b2tlbiI6IjFxd28wIn0 HTTP/1.1" 200 - "-" "MailPoet Cron"
109.234.165.65 - - [14/Sep/2026:11:27:41 +0200] "POST /wp-cron.php?doing_wp_cron=1789378061.9531850814819335937500 HTTP/1.1" 200 - "-" "WordPress/7.1; https://lecocondalfred.fr"
88.191.178.4 - - [14/Sep/2026:11:27:41 +0200] "GET /wp-admin/admin.php?page=bookly-calendar HTTP/1.1" 302 - "-" "Mozilla/5.0 (Macintosh; Intel Mac OS X 10_15_7) AppleWebKit/605.1.15 (KHTML, like Gecko) Version/26.3.1 Safari/605.1.15"
88.191.178.4 - - [14/Sep/2026:11:27:42 +0200] "GET /wp-login.php?redirect_to=https%3A%2F%2Flecocondalfred.fr%2Fwp-admin%2Fadmin.php%3Fpage%3Dbookly-calendar&reauth=1 HTTP/1.1" 200 12573 "-" "Mozilla/5.0 (Macintosh; Intel Mac OS X 10_15_7) AppleWebKit/605.1.15 (KHTML, like Gecko) Version/26.3.1 Safari/605.1.15"
88.191.178.4 - - [14/Sep/2026:11:27:42 +0200] "GET /wp-admin/js/password-strength-meter.min.js?ver=7.1 HTTP/1.1" 200 1123 "https://lecocondalfred.fr/wp-login.php?redirect_to=https%3A%2F%2Flecocondalfred.fr%2Fwp-admin%2Fadmin.php%3Fpage%3Dbookly-calendar&reauth=1" "Mozilla/5.0 (Macintosh; Intel Mac OS X 10_15_7) AppleWebKit/605.1.15 (KHTML, like Gecko) Version/26.3.1 Safari/605.1.15"
88.191.178.4 - - [14/Sep/2026:11:27:42 +0200] "GET /wp/wp-content/uploads/fbrfg/site.webmanifest HTTP/1.1" 404 146080 "https://lecocondalfred.fr/wp-login.php?redirect_to=https%3A%2F%2Flecocondalfred.fr%2Fwp-admin%2Fadmin.php%3Fpage%3Dbookly-calendar&reauth=1" "Mozilla/5.0 (Macintosh; Intel Mac OS X 10_15_7) AppleWebKit/605.1.15 (KHTML, like Gecko) Version/26.3.1 Safari/605.1.15"
88.191.178.4 - - [14/Sep/2026:11:27:42 +0200] "GET /wp/wp-content/uploads/fbrfg/site.webmanifest HTTP/1.1" 404 146080 "https://lecocondalfred.fr/wp-admin/admin.php?page=bookly-calendar" "Mozilla/5.0 (Macintosh; Intel Mac OS X 10_15_7) AppleWebKit/605.1.15 (KHTML, like Gecko) Version/26.3.1 Safari/605.1.15"
88.191.178.4 - - [14/Sep/2026:11:27:44 +0200] "POST /wp-login.php HTTP/1.1" 302 - "https://lecocondalfred.fr/wp-login.php?redirect_to=https%3A%2F%2Flecocondalfred.fr%2Fwp-admin%2Fadmin.php%3Fpage%3Dbookly-calendar&reauth=1" "Mozilla/5.0 (Macintosh; Intel Mac OS X 10_15_7) AppleWebKit/605.1.15 (KHTML, like Gecko) Version/26.3.1 Safari/605.1.15"
88.191.178.4 - - [14/Sep/2026:11:27:46 +0200] "GET /wp-admin/admin.php?page=bookly-calendar HTTP/1.1" 200 627746 "https://lecocondalfred.fr/wp-login.php?redirect_to=https%3A%2F%2Flecocondalfred.fr%2Fwp-admin%2Fadmin.php%3Fpage%3Dbookly-calendar&reauth=1" "Mozilla/5.0 (Macintosh; Intel Mac OS X 10_15_7) AppleWebKit/605.1.15 (KHTML, like Gecko) Version/26.3.1 Safari/605.1.15"
88.191.178.4 - - [14/Sep/2026:11:27:47 +0200] "GET /wp-content/plugins/wp-fastest-cache/css/style.css?ver=1789378066 HTTP/1.1" 200 19634 "https://lecocondalfred.fr/wp-admin/admin.php?page=bookly-calendar" "Mozilla/5.0 (Macintosh; Intel Mac OS X 10_15_7) AppleWebKit/605.1.15 (KHTML, like Gecko) Version/26.3.1 Safari/605.1.15"
88.191.178.4 - - [14/Sep/2026:11:27:47 +0200] "GET /wp-content/plugins/wp-reviews-plugin-for-google/static/css/admin-notification.css?ver=13.3.2&ver=13.3.2 HTTP/1.1" 200 661 "https://lecocondalfred.fr/wp-admin/admin.php?page=bookly-calendar" "Mozilla/5.0 (Macintosh; Intel Mac OS X 10_15_7) AppleWebKit/605.1.15 (KHTML, like Gecko) Version/26.3.1 Safari/605.1.15"
88.191.178.4 - - [14/Sep/2026:11:27:47 +0200] "GET /wp-content/plugins/elementor/assets/css/common.min.css?ver=4.2.4 HTTP/1.1" 200 25438 "https://lecocondalfred.fr/wp-admin/admin.php?page=bookly-calendar" "Mozilla/5.0 (Macintosh; Intel Mac OS X 10_15_7) AppleWebKit/605.1.15 (KHTML, like Gecko) Version/26.3.1 Safari/605.1.15"
88.191.178.4 - - [14/Sep/2026:11:27:47 +0200] "GET /wp-content/plugins/the-events-calendar/build/css/admin-menu.css?ver=6.17.2 HTTP/1.1" 200 1696 "https://lecocondalfred.fr/wp-admin/admin.php?page=bookly-calendar" "Mozilla/5.0 (Macintosh; Intel Mac OS X 10_15_7) AppleWebKit/605.1.15 (KHTML, like Gecko) Version/26.3.1 Safari/605.1.15"
88.191.178.4 - - [14/Sep/2026:11:27:48 +0200] "GET /wp-content/plugins/wp-fastest-cache/css/toolbar.css?ver=1789378067 HTTP/1.1" 200 6109 "https://lecocondalfred.fr/wp-admin/admin.php?page=bookly-calendar" "Mozilla/5.0 (Macintosh; Intel Mac OS X 10_15_7) AppleWebKit/605.1.15 (KHTML, like Gecko) Version/26.3.1 Safari/605.1.15"
88.191.178.4 - - [14/Sep/2026:11:27:48 +0200] "GET /wp-content/plugins/wp-reviews-plugin-for-google/static/js/admin-notification.js?ver=13.3.2&ver=13.3.2 HTTP/1.1" 200 1166 "https://lecocondalfred.fr/wp-admin/admin.php?page=bookly-calendar" "Mozilla/5.0 (Macintosh; Intel Mac OS X 10_15_7) AppleWebKit/605.1.15 (KHTML, like Gecko) Version/26.3.1 Safari/605.1.15"
88.191.178.4 - - [14/Sep/2026:11:27:48 +0200] "GET /wp-content/plugins/bookly-responsive-appointment-booking-tool/frontend/resources/css/intlTelInput.css?ver=28.0 HTTP/1.1" 200 17841 "https://lecocondalfred.fr/wp-admin/admin.php?page=bookly-calendar" "Mozilla/5.0 (Macintosh; Intel Mac OS X 10_15_7) AppleWebKit/605.1.15 (KHTML, like Gecko) Version/26.3.1 Safari/605.1.15"
88.191.178.4 - - [14/Sep/2026:11:27:48 +0200] "GET /wp-includes/js/jquery/ui/draggable.min.js?ver=1.14.2 HTTP/1.1" 200 18374 "https://lecocondalfred.fr/wp-admin/admin.php?page=bookly-calendar" "Mozilla/5.0 (Macintosh; Intel Mac OS X 10_15_7) AppleWebKit/605.1.15 (KHTML, like Gecko) Version/26.3.1 Safari/605.1.15"
88.191.178.4 - - [14/Sep/2026:11:27:48 +0200] "GET /wp-includes/js/dist/vendor/react-jsx-runtime.min.js?ver=18.3.1 HTTP/1.1" 200 1137 "https://lecocondalfred.fr/wp-admin/admin.php?page=bookly-calendar" "Mozilla/5.0 (Macintosh; Intel Mac OS X 10_15_7) AppleWebKit/605.1.15 (KHTML, like Gecko) Version/26.3.1 Safari/605.1.15"
88.191.178.4 - - [14/Sep/2026:11:27:48 +0200] "GET /wp-includes/js/dist/element.min.js?ver=4a4370b2b349066fd440 HTTP/1.1" 200 12468 "https://lecocondalfred.fr/wp-admin/admin.php?page=bookly-calendar" "Mozilla/5.0 (Macintosh; Intel Mac OS X 10_15_7) AppleWebKit/605.1.15 (KHTML, like Gecko) Version/26.3.1 Safari/605.1.15"
88.191.178.4 - - [14/Sep/2026:11:27:48 +0200] "GET /wp-includes/js/dist/keycodes.min.js?ver=d0b4204e4bbeb412df6e HTTP/1.1" 200 3038 "https://lecocondalfred.fr/wp-admin/admin.php?page=bookly-calendar" "Mozilla/5.0 (Macintosh; Intel Mac OS X 10_15_7) AppleWebKit/605.1.15 (KHTML, like Gecko) Version/26.3.1 Safari/605.1.15"
88.191.178.4 - - [14/Sep/2026:11:27:48 +0200] "GET /wp-includes/js/dist/date.min.js?ver=8173fc0fc12b7bb7eaf0 HTTP/1.1" 200 144747 "https://lecocondalfred.fr/wp-admin/admin.php?page=bookly-calendar" "Mozilla/5.0 (Macintosh; Intel Mac OS X 10_15_7) AppleWebKit/605.1.15 (KHTML, like Gecko) Version/26.3.1 Safari/605.1.15"
88.191.178.4 - - [14/Sep/2026:11:27:48 +0200] "GET /wp-includes/js/dist/commands.min.js?ver=1a4910212c7ed2355300 HTTP/1.1" 200 57227 "https://lecocondalfred.fr/wp-admin/admin.php?page=bookly-calendar" "Mozilla/5.0 (Macintosh; Intel Mac OS X 10_15_7) AppleWebKit/605.1.15 (KHTML, like Gecko) Version/26.3.1 Safari/605.1.15"
88.191.178.4 - - [14/Sep/2026:11:27:48 +0200] "GET /wp-includes/js/dist/blob.min.js?ver=c7582a735ddd2edc9731 HTTP/1.1" 200 1243 "https://lecocondalfred.fr/wp-admin/admin.php?page=bookly-calendar" "Mozilla/5.0 (Macintosh; Intel Mac OS X 10_15_7) AppleWebKit/605.1.15 (KHTML, like Gecko) Version/26.3.1 Safari/605.1.15"
88.191.178.4 - - [14/Sep/2026:11:27:48 +0200] "GET /wp-includes/js/dist/core-data.min.js?ver=573f98dbff9f49ffeb0b HTTP/1.1" 200 231957 "https://lecocondalfred.fr/wp-admin/admin.php?page=bookly-calendar" "Mozilla/5.0 (Macintosh; Intel Mac OS X 10_15_7) AppleWebKit/605.1.15 (KHTML, like Gecko) Version/26.3.1 Safari/605.1.15"
88.191.178.4 - - [14/Sep/2026:11:27:48 +0200] "GET /wp-content/plugins/elementor/assets/js/admin-modules.min.js?ver=4.2.4 HTTP/1.1" 200 15736 "https://lecocondalfred.fr/wp-admin/admin.php?page=bookly-calendar" "Mozilla/5.0 (Macintosh; Intel Mac OS X 10_15_7) AppleWebKit/605.1.15 (KHTML, like Gecko) Version/26.3.1 Safari/605.1.15"
88.191.178.4 - - [14/Sep/2026:11:27:48 +0200] "GET /wp-content/plugins/elementor/assets/js/import-export-customization-admin.min.js?ver=4.2.4 HTTP/1.1" 200 38759 "https://lecocondalfred.fr/wp-admin/admin.php?page=bookly-calendar" "Mozilla/5.0 (Macintosh; Intel Mac OS X 10_15_7) AppleWebKit/605.1.15 (KHTML, like Gecko) Version/26.3.1 Safari/605.1.15"
88.191.178.4 - - [14/Sep/2026:11:27:48 +0200] "GET /wp-content/plugins/wp-fastest-cache/js/column.js?ver=1789378067 HTTP/1.1" 200 1411 "https://lecocondalfred.fr/wp-admin/admin.php?page=bookly-calendar" "Mozilla/5.0 (Macintosh; Intel Mac OS X 10_15_7) AppleWebKit/605.1.15 (KHTML, like Gecko) Version/26.3.1 Safari/605.1.15"
88.191.178.4 - - [14/Sep/2026:11:27:48 +0200] "GET /wp-content/plugins/wp-fastest-cache/js/toolbar.js?ver=1789378067 HTTP/1.1" 200 3514 "https://lecocondalfred.fr/wp-admin/admin.php?page=bookly-calendar" "Mozilla/5.0 (Macintosh; Intel Mac OS X 10_15_7) AppleWebKit/605.1.15 (KHTML, like Gecko) Version/26.3.1 Safari/605.1.15"
88.191.178.4 - - [14/Sep/2026:11:27:48 +0200] "GET /wp-content/plugins/elementor/assets/js/packages/schema/schema.min.js?ver=4.2.4 HTTP/1.1" 200 349319 "https://lecocondalfred.fr/wp-admin/admin.php?page=bookly-calendar" "Mozilla/5.0 (Macintosh; Intel Mac OS X 10_15_7) AppleWebKit/605.1.15 (KHTML, like Gecko) Version/26.3.1 Safari/605.1.15"
88.191.178.4 - - [14/Sep/2026:11:27:48 +0200] "GET /wp-content/plugins/bookly-responsive-appointment-booking-tool/backend/resources/bootstrap/js/bootstrap.min.js?ver=28.0 HTTP/1.1" 200 83573 "https://lecocondalfred.fr/wp-admin/admin.php?page=bookly-calendar" "Mozilla/5.0 (Macintosh; Intel Mac OS X 10_15_7) AppleWebKit/605.1.15 (KHTML, like Gecko) Version/26.3.1 Safari/605.1.15"
88.191.178.4 - - [14/Sep/2026:11:27:48 +0200] "GET /wp-content/plugins/bookly-responsive-appointment-booking-tool/frontend/resources/js/ladda.min.js?ver=28.0 HTTP/1.1" 200 3753 "https://lecocondalfred.fr/wp-admin/admin.php?page=bookly-calendar" "Mozilla/5.0 (Macintosh; Intel Mac OS X 10_15_7) AppleWebKit/605.1.15 (KHTML, like Gecko) Version/26.3.1 Safari/605.1.15"
88.191.178.4 - - [14/Sep/2026:11:27:48 +0200] "GET /wp-content/plugins/bookly-responsive-appointment-booking-tool/backend/resources/js/bookly-datatables.js?ver=28.0 HTTP/1.1" 200 123834 "https://lecocondalfred.fr/wp-admin/admin.php?page=bookly-calendar" "Mozilla/5.0 (Macintosh; Intel Mac OS X 10_15_7) AppleWebKit/605.1.15 (KHTML, like Gecko) Version/26.3.1 Safari/605.1.15"
88.191.178.4 - - [14/Sep/2026:11:27:48 +0200] "GET /wp-content/plugins/wp-security-audit-log/js/common.js?ver=5.6.5 HTTP/1.1" 200 6433 "https://lecocondalfred.fr/wp-admin/admin.php?page=bookly-calendar" "Mozilla/5.0 (Macintosh; Intel Mac OS X 10_15_7) AppleWebKit/605.1.15 (KHTML, like Gecko) Version/26.3.1 Safari/605.1.15"
88.191.178.4 - - [14/Sep/2026:11:27:48 +0200] "GET /wp-content/plugins/wp-reviews-plugin-for-google/static/img/trustindex-sign-logo.png?ver=13.3.2 HTTP/1.1" 200 3422 "https://lecocondalfred.fr/wp-admin/admin.php?page=bookly-calendar" "Mozilla/5.0 (Macintosh; Intel Mac OS X 10_15_7) AppleWebKit/605.1.15 (KHTML, like Gecko) Version/26.3.1 Safari/605.1.15"
88.191.178.4 - - [14/Sep/2026:11:27:48 +0200] "GET /wp-json/wp/v2/users/me?context=edit&_locale=user HTTP/1.1" 200 6022 "https://lecocondalfred.fr/wp-admin/admin.php?page=bookly-calendar" "Mozilla/5.0 (Macintosh; Intel Mac OS X 10_15_7) AppleWebKit/605.1.15 (KHTML, like Gecko) Version/26.3.1 Safari/605.1.15"
88.191.178.4 - - [14/Sep/2026:11:27:48 +0200] "GET /favicon.ico HTTP/1.1" 302 - "-" "com.apple.WebKit.Networking/21623.2.7.111.2 Network/5569.81.5 macOS/26.3.1"
88.191.178.4 - - [14/Sep/2026:11:27:49 +0200] "GET /wp-content/uploads/2021/08/cropped-FAVICON-lecocondalfred-32x32.png HTTP/1.1" 200 340 "-" "com.apple.WebKit.Networking/21623.2.7.111.2 Network/5569.81.5 macOS/26.3.1"
88.191.178.4 - - [14/Sep/2026:11:27:48 +0200] "GET /apple-touch-icon-precomposed.png HTTP/1.1" 404 138386 "-" "com.apple.WebKit.Networking/21623.2.7.111.2 Network/5569.81.5 macOS/26.3.1"
88.191.178.4 - - [14/Sep/2026:11:27:48 +0200] "GET /apple-touch-icon.png HTTP/1.1" 404 138370 "-" "com.apple.WebKit.Networking/21623.2.7.111.2 Network/5569.81.5 macOS/26.3.1"
88.191.178.4 - - [14/Sep/2026:11:27:49 +0200] "GET /wp-content/uploads/2021/08/cropped-FAVICON-lecocondalfred-180x180.png HTTP/1.1" 200 1615 "-" "com.apple.WebKit.Networking/21623.2.7.111.2 Network/5569.81.5 macOS/26.3.1"
88.191.178.4 - - [14/Sep/2026:11:27:49 +0200] "GET /wp-content/uploads/2021/08/cropped-FAVICON-lecocondalfred-192x192.png HTTP/1.1" 200 1935 "-" "com.apple.WebKit.Networking/21623.2.7.111.2 Network/5569.81.5 macOS/26.3.1"
88.191.178.4 - - [14/Sep/2026:11:27:48 +0200] "GET /wp/wp-content/uploads/fbrfg/favicon.ico HTTP/1.1" 404 146076 "-" "com.apple.WebKit.Networking/21623.2.7.111.2 Network/5569.81.5 macOS/26.3.1"
88.191.178.4 - - [14/Sep/2026:11:27:48 +0200] "POST /wp-admin/admin-ajax.php HTTP/1.1" 200 14230 "https://lecocondalfred.fr/wp-admin/admin.php?page=bookly-calendar" "Mozilla/5.0 (Macintosh; Intel Mac OS X 10_15_7) AppleWebKit/605.1.15 (KHTML, like Gecko) Version/26.3.1 Safari/605.1.15"
88.191.178.4 - - [14/Sep/2026:11:27:49 +0200] "GET /wp-content/uploads/2021/08/cropped-FAVICON-lecocondalfred-32x32.png HTTP/1.1" 200 340 "-" "com.apple.WebKit.Networking/21623.2.7.111.2 Network/5569.81.5 macOS/26.3.1"
88.191.178.4 - - [14/Sep/2026:11:27:49 +0200] "GET /wp/wp-content/uploads/fbrfg/favicon-16x16.png HTTP/1.1" 404 146084 "-" "com.apple.WebKit.Networking/21623.2.7.111.2 Network/5569.81.5 macOS/26.3.1"
88.191.178.4 - - [14/Sep/2026:11:27:49 +0200] "GET /wp/wp-content/uploads/fbrfg/favicon-32x32.png HTTP/1.1" 404 146084 "-" "com.apple.WebKit.Networking/21623.2.7.111.2 Network/5569.81.5 macOS/26.3.1"
88.191.178.4 - - [14/Sep/2026:11:27:49 +0200] "GET /wp/wp-content/uploads/fbrfg/apple-touch-icon.png HTTP/1.1" 404 146088 "-" "com.apple.WebKit.Networking/21623.2.7.111.2 Network/5569.81.5 macOS/26.3.1"
109.234.165.65 - - [14/Sep/2026:11:27:54 +0200] "POST /wp-cron.php?doing_wp_cron=1789378074.6903750896453857421875 HTTP/1.1" 200 - "-" "WordPress/7.1; https://lecocondalfred.fr"
88.191.178.4 - - [14/Sep/2026:11:27:53 +0200] "GET /wp-admin/admin.php?page=bookly-appointments HTTP/1.1" 200 599577 "https://lecocondalfred.fr/wp-admin/admin.php?page=bookly-calendar" "Mozilla/5.0 (Macintosh; Intel Mac OS X 10_15_7) AppleWebKit/605.1.15 (KHTML, like Gecko) Version/26.3.1 Safari/605.1.15"
88.191.178.4 - - [14/Sep/2026:11:27:54 +0200] "GET /wp-content/plugins/wp-fastest-cache/css/style.css?ver=1789378074 HTTP/1.1" 200 19634 "https://lecocondalfred.fr/wp-admin/admin.php?page=bookly-appointments" "Mozilla/5.0 (Macintosh; Intel Mac OS X 10_15_7) AppleWebKit/605.1.15 (KHTML, like Gecko) Version/26.3.1 Safari/605.1.15"
88.191.178.4 - - [14/Sep/2026:11:27:54 +0200] "GET /wp-content/plugins/wp-fastest-cache/css/toolbar.css?ver=1789378074 HTTP/1.1" 200 6109 "https://lecocondalfred.fr/wp-admin/admin.php?page=bookly-appointments" "Mozilla/5.0 (Macintosh; Intel Mac OS X 10_15_7) AppleWebKit/605.1.15 (KHTML, like Gecko) Version/26.3.1 Safari/605.1.15"
88.191.178.4 - - [14/Sep/2026:11:27:54 +0200] "GET /wp-content/plugins/wp-fastest-cache/js/column.js?ver=1789378074 HTTP/1.1" 200 1411 "https://lecocondalfred.fr/wp-admin/admin.php?page=bookly-appointments" "Mozilla/5.0 (Macintosh; Intel Mac OS X 10_15_7) AppleWebKit/605.1.15 (KHTML, like Gecko) Version/26.3.1 Safari/605.1.15"
88.191.178.4 - - [14/Sep/2026:11:27:54 +0200] "GET /wp-content/plugins/wp-fastest-cache/js/toolbar.js?ver=1789378074 HTTP/1.1" 200 3514 "https://lecocondalfred.fr/wp-admin/admin.php?page=bookly-appointments" "Mozilla/5.0 (Macintosh; Intel Mac OS X 10_15_7) AppleWebKit/605.1.15 (KHTML, like Gecko) Version/26.3.1 Safari/605.1.15"
88.191.178.4 - - [14/Sep/2026:11:27:54 +0200] "GET /wp-content/plugins/bookly-responsive-appointment-booking-tool/backend/resources/js/sortable.min.js?ver=28.0 HTTP/1.1" 200 42997 "https://lecocondalfred.fr/wp-admin/admin.php?page=bookly-appointments" "Mozilla/5.0 (Macintosh; Intel Mac OS X 10_15_7) AppleWebKit/605.1.15 (KHTML, like Gecko) Version/26.3.1 Safari/605.1.15"
88.191.178.4 - - [14/Sep/2026:11:27:54 +0200] "GET /wp/wp-content/uploads/fbrfg/site.webmanifest HTTP/1.1" 404 354053 "https://lecocondalfred.fr/wp-admin/admin.php?page=bookly-appointments" "Mozilla/5.0 (Macintosh; Intel Mac OS X 10_15_7) AppleWebKit/605.1.15 (KHTML, like Gecko) Version/26.3.1 Safari/605.1.15"
88.191.178.4 - - [14/Sep/2026:11:27:54 +0200] "GET /wp-json/wp/v2/users/me?context=edit&_locale=user HTTP/1.1" 200 6022 "https://lecocondalfred.fr/wp-admin/admin.php?page=bookly-appointments" "Mozilla/5.0 (Macintosh; Intel Mac OS X 10_15_7) AppleWebKit/605.1.15 (KHTML, like Gecko) Version/26.3.1 Safari/605.1.15"
88.191.178.4 - - [14/Sep/2026:11:27:55 +0200] "POST /wp-admin/admin-ajax.php HTTP/1.1" 200 8121 "https://lecocondalfred.fr/wp-admin/admin.php?page=bookly-appointments" "Mozilla/5.0 (Macintosh; Intel Mac OS X 10_15_7) AppleWebKit/605.1.15 (KHTML, like Gecko) Version/26.3.1 Safari/605.1.15"
88.191.178.4 - - [14/Sep/2026:11:27:57 +0200] "GET /wp-admin/admin-ajax.php?action=bookly_get_data_for_appointment_form&csrf_token=0f7f6aeb7f HTTP/1.1" 200 98623 "https://lecocondalfred.fr/wp-admin/admin.php?page=bookly-appointments" "Mozilla/5.0 (Macintosh; Intel Mac OS X 10_15_7) AppleWebKit/605.1.15 (KHTML, like Gecko) Version/26.3.1 Safari/605.1.15"
88.191.178.4 - - [14/Sep/2026:11:28:03 +0200] "POST /wp-admin/admin-ajax.php HTTP/1.1" 200 221 "https://lecocondalfred.fr/wp-admin/admin.php?page=bookly-appointments" "Mozilla/5.0 (Macintosh; Intel Mac OS X 10_15_7) AppleWebKit/605.1.15 (KHTML, like Gecko) Version/26.3.1 Safari/605.1.15"
88.191.178.4 - - [14/Sep/2026:11:28:08 +0200] "POST /wp-admin/admin-ajax.php HTTP/1.1" 200 283 "https://lecocondalfred.fr/wp-admin/admin.php?page=bookly-appointments" "Mozilla/5.0 (Macintosh; Intel Mac OS X 10_15_7) AppleWebKit/605.1.15 (KHTML, like Gecko) Version/26.3.1 Safari/605.1.15"
109.234.165.65 - - [14/Sep/2026:11:28:13 +0200] "POST /wp-cron.php?doing_wp_cron=1789378093.0957999229431152343750 HTTP/1.1" 200 - "-" "WordPress/7.1; https://lecocondalfred.fr"
88.191.178.4 - - [14/Sep/2026:11:28:12 +0200] "POST /wp-admin/admin-ajax.php HTTP/1.1" 200 283 "https://lecocondalfred.fr/wp-admin/admin.php?page=bookly-appointments" "Mozilla/5.0 (Macintosh; Intel Mac OS X 10_15_7) AppleWebKit/605.1.15 (KHTML, like Gecko) Version/26.3.1 Safari/605.1.15"
88.191.178.4 - - [14/Sep/2026:11:28:14 +0200] "GET /wp-content/plugins/bookly-responsive-appointment-booking-tool/frontend/resources/images/flags@2x.png?1 HTTP/1.1" 200 183962 "https://lecocondalfred.fr/wp-admin/admin.php?page=bookly-appointments" "Mozilla/5.0 (Macintosh; Intel Mac OS X 10_15_7) AppleWebKit/605.1.15 (KHTML, like Gecko) Version/26.3.1 Safari/605.1.15"
88.191.178.4 - - [14/Sep/2026:11:28:16 +0200] "GET /wp-admin/admin-ajax.php?action=bookly_check_wp_user_is_assigned&csrf_token=0f7f6aeb7f&wp_user_id=14 HTTP/1.1" 200 153 "https://lecocondalfred.fr/wp-admin/admin.php?page=bookly-appointments" "Mozilla/5.0 (Macintosh; Intel Mac OS X 10_15_7) AppleWebKit/605.1.15 (KHTML, like Gecko) Version/26.3.1 Safari/605.1.15"
109.234.165.65 - - [14/Sep/2026:11:28:55 +0200] "POST /wp-cron.php?doing_wp_cron=1789378135.8179469108581542968750 HTTP/1.1" 200 - "-" "WordPress/7.1; https://lecocondalfred.fr"
88.191.178.4 - - [14/Sep/2026:11:28:55 +0200] "POST /wp-admin/admin-ajax.php HTTP/1.1" 200 47 "https://lecocondalfred.fr/wp-admin/admin.php?page=bookly-appointments" "Mozilla/5.0 (Macintosh; Intel Mac OS X 10_15_7) AppleWebKit/605.1.15 (KHTML, like Gecko) Version/26.3.1 Safari/605.1.15"
198.244.183.215 - - [14/Sep/2026:11:29:13 +0200] "GET /quest-ce-que-la-sophrologie-pour-les-enfants-et-adolescents/ HTTP/1.1" 200 161539 "-" "Mozilla/5.0 (compatible; AhrefsBot/7.0; +http://ahrefs.com/robot/)"
109.234.165.65 - - [14/Sep/2026:11:29:41 +0200] "POST /wp-cron.php?doing_wp_cron=1789378181.4758799076080322265625 HTTP/1.1" 200 - "-" "WordPress/7.1; https://lecocondalfred.fr"
88.191.178.4 - - [14/Sep/2026:11:29:40 +0200] "POST /wp-admin/admin-ajax.php HTTP/1.1" 200 288 "https://lecocondalfred.fr/wp-admin/admin.php?page=bookly-appointments" "Mozilla/5.0 (Macintosh; Intel Mac OS X 10_15_7) AppleWebKit/605.1.15 (KHTML, like Gecko) Version/26.3.1 Safari/605.1.15"
88.191.178.4 - - [14/Sep/2026:11:29:41 +0200] "POST /wp-admin/admin-ajax.php HTTP/1.1" 200 283 "https://lecocondalfred.fr/wp-admin/admin.php?page=bookly-appointments" "Mozilla/5.0 (Macintosh; Intel Mac OS X 10_15_7) AppleWebKit/605.1.15 (KHTML, like Gecko) Version/26.3.1 Safari/605.1.15"
88.191.178.4 - - [14/Sep/2026:11:29:47 +0200] "POST /wp-admin/admin-ajax.php HTTP/1.1" 200 1459 "https://lecocondalfred.fr/wp-admin/admin.php?page=bookly-appointments" "Mozilla/5.0 (Macintosh; Intel Mac OS X 10_15_7) AppleWebKit/605.1.15 (KHTML, like Gecko) Version/26.3.1 Safari/605.1.15"
88.191.178.4 - - [14/Sep/2026:11:29:48 +0200] "POST /wp-admin/admin-ajax.php HTTP/1.1" 200 8121 "https://lecocondalfred.fr/wp-admin/admin.php?page=bookly-appointments" "Mozilla/5.0 (Macintosh; Intel Mac OS X 10_15_7) AppleWebKit/605.1.15 (KHTML, like Gecko) Version/26.3.1 Safari/605.1.15"
109.234.165.65 - - [14/Sep/2026:11:29:51 +0200] "POST /wp-cron.php?doing_wp_cron=1789378191.6089210510253906250000 HTTP/1.1" 200 - "-" "WordPress/7.1; https://lecocondalfred.fr"
88.191.178.4 - - [14/Sep/2026:11:29:50 +0200] "POST /wp-admin/admin-ajax.php HTTP/1.1" 200 16 "https://lecocondalfred.fr/wp-admin/admin.php?page=bookly-appointments" "Mozilla/5.0 (Macintosh; Intel Mac OS X 10_15_7) AppleWebKit/605.1.15 (KHTML, like Gecko) Version/26.3.1 Safari/605.1.15"
88.191.178.4 - - [14/Sep/2026:11:29:51 +0200] "POST /wp-admin/admin-ajax.php HTTP/1.1" 200 283 "https://lecocondalfred.fr/wp-admin/admin.php?page=bookly-appointments" "Mozilla/5.0 (Macintosh; Intel Mac OS X 10_15_7) AppleWebKit/605.1.15 (KHTML, like Gecko) Version/26.3.1 Safari/605.1.15"
88.191.178.4 - - [14/Sep/2026:11:29:55 +0200] "POST /wp-admin/admin-ajax.php HTTP/1.1" 200 47 "https://lecocondalfred.fr/wp-admin/admin.php?page=bookly-appointments" "Mozilla/5.0 (Macintosh; Intel Mac OS X 10_15_7) AppleWebKit/605.1.15 (KHTML, like Gecko) Version/26.3.1 Safari/605.1.15"
109.234.165.65 - - [14/Sep/2026:11:30:55 +0200] "POST /wp-cron.php?doing_wp_cron=1789378255.6821200847625732421875 HTTP/1.1" 200 - "-" "WordPress/7.1; https://lecocondalfred.fr"
88.191.178.4 - - [14/Sep/2026:11:30:55 +0200] "POST /wp-admin/admin-ajax.php HTTP/1.1" 200 47 "https://lecocondalfred.fr/wp-admin/admin.php?page=bookly-appointments" "Mozilla/5.0 (Macintosh; Intel Mac OS X 10_15_7) AppleWebKit/605.1.15 (KHTML, like Gecko) Version/26.3.1 Safari/605.1.15"
24.66.208.32 - - [14/Sep/2026:11:31:21 +0200] "GET / HTTP/1.1" 200 224621 "-" "Mozilla/5.0 (Windows NT 10.0; Win64; x64) AppleWebKit/537.36 (KHTML, like Gecko) Chrome/130.0.0.0 Safari/537.36"
24.66.208.32 - - [14/Sep/2026:11:31:22 +0200] "GET / HTTP/1.1" 200 224621 "-" "Mozilla/5.0 (Windows NT 10.0; Win64; x64) AppleWebKit/537.36 (KHTML, like Gecko) Chrome/130.0.0.0 Safari/537.36"
109.234.165.65 - - [14/Sep/2026:11:32:03 +0200] "POST /wp-cron.php?doing_wp_cron=1789378323.0313799381256103515625 HTTP/1.1" 200 - "-" "WordPress/7.1; https://lecocondalfred.fr"
88.191.178.4 - - [14/Sep/2026:11:32:02 +0200] "POST /wp-admin/admin-ajax.php HTTP/1.1" 200 47 "https://lecocondalfred.fr/wp-admin/admin.php?page=bookly-appointments" "Mozilla/5.0 (Macintosh; Intel Mac OS X 10_15_7) AppleWebKit/605.1.15 (KHTML, like Gecko) Version/26.3.1 Safari/605.1.15"
109.234.165.65 - - [14/Sep/2026:11:33:03 +0200] "POST /wp-cron.php?doing_wp_cron=1789378383.0570878982543945312500 HTTP/1.1" 200 - "-" "WordPress/7.1; https://lecocondalfred.fr"
88.191.178.4 - - [14/Sep/2026:11:33:02 +0200] "POST /wp-admin/admin-ajax.php HTTP/1.1" 200 47 "https://lecocondalfred.fr/wp-admin/admin.php?page=bookly-appointments" "Mozilla/5.0 (Macintosh; Intel Mac OS X 10_15_7) AppleWebKit/605.1.15 (KHTML, like Gecko) Version/26.3.1 Safari/605.1.15"
51.195.183.142 - - [14/Sep/2026:11:33:21 +0200] "GET /atelier-booster-son-ecriture/ HTTP/1.1" 200 158083 "-" "Mozilla/5.0 (compatible; AhrefsBot/7.0; +http://ahrefs.com/robot/)"
109.234.165.65 - - [14/Sep/2026:11:33:31 +0200] "POST /wp-cron.php?doing_wp_cron=1789378411.9635429382324218750000 HTTP/1.1" 200 - "-" "WordPress/7.1; https://lecocondalfred.fr"
69.165.68.231 - - [14/Sep/2026:11:33:31 +0200] "GET /index.php?rest_route=/wp/v2/posts&per_page=100&_fields=id%2Ccomment_status&page=1 HTTP/1.1" 200 2817 "https://mail.lecocondalfred.fr" "Mozilla/5.0 (iPhone; CPU iPhone OS 18_3_2 like Mac OS X) AppleWebKit/605.1.15 (KHTML, like Gecko) Version/18.3.1 Mobile/15E148 Safari/604.1"
69.165.68.231 - - [14/Sep/2026:11:33:32 +0200] "POST /wp-comments-post.php HTTP/1.1" 302 - "https://mail.lecocondalfred.fr" "Mozilla/5.0 (iPhone; CPU iPhone OS 18_3_2 like Mac OS X) AppleWebKit/605.1.15 (KHTML, like Gecko) Version/18.3.1 Mobile/15E148 Safari/604.1"
109.234.165.65 - - [14/Sep/2026:11:34:21 +0200] "POST /wp-cron.php?doing_wp_cron=1789378461.6709020137786865234375 HTTP/1.1" 200 - "-" "WordPress/7.1; https://lecocondalfred.fr"
177.22.170.105 - - [14/Sep/2026:11:34:21 +0200] "POST /xmlrpc.php HTTP/1.1" 404 138354 "-" "Mozilla/5.0 (Windows NT 6.2; x64) AppleWebKit/537.36 (KHTML, like Gecko) Edge/80.0.0.0 Safari/537.36"
109.234.165.65 - - [14/Sep/2026:11:34:47 +0200] "POST /wp-cron.php?doing_wp_cron=1789378487.4559578895568847656250 HTTP/1.1" 200 - "-" "WordPress/7.1; https://lecocondalfred.fr"
88.191.178.4 - - [14/Sep/2026:11:34:46 +0200] "POST /wp-admin/admin-ajax.php HTTP/1.1" 200 47 "https://lecocondalfred.fr/wp-admin/admin.php?page=bookly-appointments" "Mozilla/5.0 (Macintosh; Intel Mac OS X 10_15_7) AppleWebKit/605.1.15 (KHTML, like Gecko) Version/26.3.1 Safari/605.1.15"
51.195.183.120 - - [14/Sep/2026:11:36:40 +0200] "GET /bulles-dattente-juin-2026/ HTTP/1.1" 200 154591 "-" "Mozilla/5.0 (compatible; AhrefsBot/7.0; +http://ahrefs.com/robot/)"
176.140.220.168 - - [14/Sep/2026:11:36:40 +0200] "GET /wp-content/uploads/2026/07/IMG_1172-768x1024.jpeg HTTP/1.1" 200 101733 "https://www.google.com/" "Mozilla/5.0 (Linux; Android 16; SM-A256B Build/BP4A.251205.006; wv) AppleWebKit/537.36 (KHTML, like Gecko) Version/4.0 Chrome/151.0.7922.199 Mobile Safari/537.36 GoogleApp/17.56.15.ve.arm64"
77.75.76.170 - - [14/Sep/2026:11:47:00 +0200] "GET /les-ateliers-parenthese/ HTTP/1.1" 200 156268 "-" "Mozilla/5.0 (compatible; SeznamBot/4.0; +https://o-seznam.cz/napoveda/vyhledavani/en/seznambot-crawler/)"
40.77.167.59 - - [14/Sep/2026:11:47:38 +0200] "GET /atelier-journal-creatif-enfant/ HTTP/1.1" 200 157695 "-" "Mozilla/5.0 AppleWebKit/537.36 (KHTML, like Gecko; compatible; bingbot/2.0; +http://www.bing.com/bingbot.htm) Chrome/116.0.1938.76 Safari/537.36"
52.167.144.160 - - [14/Sep/2026:11:48:37 +0200] "GET /reflexes-archaiques-besancon/ HTTP/1.1" 200 242655 "-" "Mozilla/5.0 AppleWebKit/537.36 (KHTML, like Gecko; compatible; bingbot/2.0; +http://www.bing.com/bingbot.htm) Chrome/116.0.1938.76 Safari/537.36"
88.184.101.93 - - [14/Sep/2026:11:50:25 +0200] "GET /wp-content/uploads/2023/09/Green-Illustrated-Poeple-Marketing-Strategy-Infographic-410x1024.jpg HTTP/1.1" 200 56118 "https://www.bing.com/" "Mozilla/5.0 (Windows NT 10.0; Win64; x64) AppleWebKit/537.36 (KHTML, like Gecko) Chrome/152.0.0.0 Safari/537.36 Edg/152.0.0.0"
109.234.165.65 - - [14/Sep/2026:11:52:01 +0200] "POST /wp-cron.php?doing_wp_cron=1789379521.6738810539245605468750 HTTP/1.1" 200 - "-" "WordPress/7.1; https://lecocondalfred.fr"
44.213.190.124 - - [14/Sep/2026:11:51:56 +0200] "GET /robots.txt HTTP/1.1" 200 175 "-" "Mozilla/5.0 (Macintosh; Intel Mac OS X 10_10_1) AppleWebKit/600.2.5 (KHTML, like Gecko) Version/8.0.2 Safari/600.2.5 (Gort)"
109.234.165.65 - - [14/Sep/2026:11:52:17 +0200] "POST /wp-cron.php?doing_wp_cron=1789379537.1359469890594482421875 HTTP/1.1" 200 - "-" "WordPress/7.1; https://lecocondalfred.fr"
109.234.165.65 - - [14/Sep/2026:11:51:56 +0200] "POST /?mailpoet_router&endpoint=cron_daemon&action=run&data=eyJ0b2tlbiI6ImY2dnF3In0 HTTP/1.1" 200 - "-" "MailPoet Cron"
185.113.51.50 - - [14/Sep/2026:11:52:38 +0200] "GET /wp-admin/admin.php?page=bookly-staff HTTP/1.1" 200 571537 "-" "Mozilla/5.0 (Windows NT 10.0; Win64; x64; rv:155.0) Gecko/20100101 Firefox/155.0"
185.113.51.50 - - [14/Sep/2026:11:52:39 +0200] "GET /wp-content/plugins/wp-fastest-cache/css/style.css?ver=1789379559 HTTP/1.1" 200 19634 "https://lecocondalfred.fr/wp-admin/admin.php?page=bookly-staff" "Mozilla/5.0 (Windows NT 10.0; Win64; x64; rv:155.0) Gecko/20100101 Firefox/155.0"
185.113.51.50 - - [14/Sep/2026:11:52:40 +0200] "GET /wp-content/plugins/wp-fastest-cache/css/toolbar.css?ver=1789379559 HTTP/1.1" 200 6109 "https://lecocondalfred.fr/wp-admin/admin.php?page=bookly-staff" "Mozilla/5.0 (Windows NT 10.0; Win64; x64; rv:155.0) Gecko/20100101 Firefox/155.0"
185.113.51.50 - - [14/Sep/2026:11:52:40 +0200] "GET /wp-content/plugins/wp-fastest-cache/js/column.js?ver=1789379559 HTTP/1.1" 200 1411 "https://lecocondalfred.fr/wp-admin/admin.php?page=bookly-staff" "Mozilla/5.0 (Windows NT 10.0; Win64; x64; rv:155.0) Gecko/20100101 Firefox/155.0"
185.113.51.50 - - [14/Sep/2026:11:52:40 +0200] "GET /wp-content/plugins/wp-fastest-cache/js/toolbar.js?ver=1789379559 HTTP/1.1" 200 3514 "https://lecocondalfred.fr/wp-admin/admin.php?page=bookly-staff" "Mozilla/5.0 (Windows NT 10.0; Win64; x64; rv:155.0) Gecko/20100101 Firefox/155.0"
185.113.51.50 - - [14/Sep/2026:11:52:41 +0200] "GET /wp-content/plugins/wpforms-lite/assets/lib/font-awesome/webfonts/fa-solid-900.woff2 HTTP/1.1" 200 113260 "https://lecocondalfred.fr/wp-content/plugins/wpforms-lite/assets/lib/font-awesome/css/all.min.css?ver=7.0.1" "Mozilla/5.0 (Windows NT 10.0; Win64; x64; rv:155.0) Gecko/20100101 Firefox/155.0"
185.113.51.50 - - [14/Sep/2026:11:52:41 +0200] "GET /wp-content/plugins/wpforms-lite/assets/lib/font-awesome/webfonts/fa-regular-400.woff2 HTTP/1.1" 200 19000 "https://lecocondalfred.fr/wp-content/plugins/wpforms-lite/assets/lib/font-awesome/css/all.min.css?ver=7.0.1" "Mozilla/5.0 (Windows NT 10.0; Win64; x64; rv:155.0) Gecko/20100101 Firefox/155.0"
185.113.51.50 - - [14/Sep/2026:11:52:42 +0200] "GET /wp/wp-content/uploads/fbrfg/favicon-32x32.png HTTP/1.1" 404 354018 "https://lecocondalfred.fr/wp-admin/admin.php?page=bookly-staff" "Mozilla/5.0 (Windows NT 10.0; Win64; x64; rv:155.0) Gecko/20100101 Firefox/155.0"
185.113.51.50 - - [14/Sep/2026:11:52:42 +0200] "POST /wp-admin/admin-ajax.php HTTP/1.1" 200 4256 "https://lecocondalfred.fr/wp-admin/admin.php?page=bookly-staff" "Mozilla/5.0 (Windows NT 10.0; Win64; x64; rv:155.0) Gecko/20100101 Firefox/155.0"
185.113.51.50 - - [14/Sep/2026:11:52:45 +0200] "GET /wp-admin/admin.php?page=bookly-calendar HTTP/1.1" 200 629520 "https://lecocondalfred.fr/wp-admin/admin.php?page=bookly-staff" "Mozilla/5.0 (Windows NT 10.0; Win64; x64; rv:155.0) Gecko/20100101 Firefox/155.0"
185.113.51.50 - - [14/Sep/2026:11:52:46 +0200] "GET /wp-content/plugins/wp-fastest-cache/css/style.css?ver=1789379566 HTTP/1.1" 200 19634 "https://lecocondalfred.fr/wp-admin/admin.php?page=bookly-calendar" "Mozilla/5.0 (Windows NT 10.0; Win64; x64; rv:155.0) Gecko/20100101 Firefox/155.0"
185.113.51.50 - - [14/Sep/2026:11:52:46 +0200] "GET /wp-content/plugins/wp-fastest-cache/css/toolbar.css?ver=1789379566 HTTP/1.1" 200 6109 "https://lecocondalfred.fr/wp-admin/admin.php?page=bookly-calendar" "Mozilla/5.0 (Windows NT 10.0; Win64; x64; rv:155.0) Gecko/20100101 Firefox/155.0"
185.113.51.50 - - [14/Sep/2026:11:52:47 +0200] "GET /wp-content/plugins/wp-fastest-cache/js/column.js?ver=1789379566 HTTP/1.1" 200 1411 "https://lecocondalfred.fr/wp-admin/admin.php?page=bookly-calendar" "Mozilla/5.0 (Windows NT 10.0; Win64; x64; rv:155.0) Gecko/20100101 Firefox/155.0"
185.113.51.50 - - [14/Sep/2026:11:52:47 +0200] "GET /wp-content/plugins/wp-fastest-cache/js/toolbar.js?ver=1789379566 HTTP/1.1" 200 3514 "https://lecocondalfred.fr/wp-admin/admin.php?page=bookly-calendar" "Mozilla/5.0 (Windows NT 10.0; Win64; x64; rv:155.0) Gecko/20100101 Firefox/155.0"
185.113.51.50 - - [14/Sep/2026:11:52:48 +0200] "POST /wp-admin/admin-ajax.php HTTP/1.1" 200 14230 "https://lecocondalfred.fr/wp-admin/admin.php?page=bookly-calendar" "Mozilla/5.0 (Windows NT 10.0; Win64; x64; rv:155.0) Gecko/20100101 Firefox/155.0"
185.113.51.50 - - [14/Sep/2026:11:52:55 +0200] "GET /wp-admin/admin-ajax.php?action=bookly_get_data_for_appointment_form&csrf_token=589f729dc2 HTTP/1.1" 200 98623 "https://lecocondalfred.fr/wp-admin/admin.php?page=bookly-calendar" "Mozilla/5.0 (Windows NT 10.0; Win64; x64; rv:155.0) Gecko/20100101 Firefox/155.0"
185.113.51.50 - - [14/Sep/2026:11:52:59 +0200] "POST /wp-admin/admin-ajax.php HTTP/1.1" 200 222 "https://lecocondalfred.fr/wp-admin/admin.php?page=bookly-calendar" "Mozilla/5.0 (Windows NT 10.0; Win64; x64; rv:155.0) Gecko/20100101 Firefox/155.0"
185.113.51.50 - - [14/Sep/2026:11:53:10 +0200] "GET /wp-admin/admin-ajax.php?action=bookly_get_customers_list&page=1&timezone=true&csrf_token=589f729dc2 HTTP/1.1" 200 3657 "https://lecocondalfred.fr/wp-admin/admin.php?page=bookly-calendar" "Mozilla/5.0 (Windows NT 10.0; Win64; x64; rv:155.0) Gecko/20100101 Firefox/155.0"
