79.116.89.151 - - [14/Sep/2026:02:48:18 +0200] "POST /xmlrpc.php HTTP/1.1" 503 18035 "-" "Jetpack by WordPress.com"
79.116.89.151 - - [14/Sep/2026:02:48:28 +0200] "POST /xmlrpc.php HTTP/1.1" 503 18035 "-" "WordPress.com; https://wordpress.com"
79.116.89.151 - - [14/Sep/2026:02:48:28 +0200] "POST /xmlrpc.php HTTP/1.1" 503 18035 "-" "WordPress.com; https://wordpress.com"
79.116.89.151 - - [14/Sep/2026:02:48:39 +0200] "POST /xmlrpc.php HTTP/1.1" 503 18035 "-" "Jetpack by WordPress.com (Jetpack 12.1; WordPress 6.4)"
79.116.89.151 - - [14/Sep/2026:02:48:39 +0200] "POST /xmlrpc.php HTTP/1.1" 503 18035 "-" "Jetpack by WordPress.com (Jetpack 12.1; WordPress 6.4)"
79.116.89.151 - - [14/Sep/2026:02:48:50 +0200] "POST /xmlrpc.php HTTP/1.1" 503 18035 "-" "Jetpack/12.5; WordPress/6.1; http://site76264694.com"
79.116.89.151 - - [14/Sep/2026:02:48:50 +0200] "POST /xmlrpc.php HTTP/1.1" 503 18035 "-" "Jetpack/12.5; WordPress/6.1; http://site76264694.com"
79.116.89.151 - - [14/Sep/2026:02:49:00 +0200] "POST /xmlrpc.php HTTP/1.1" 503 18035 "-" "Jetpack by WordPress.com (Jetpack 12.1; WordPress 6.2)"
79.116.89.151 - - [14/Sep/2026:02:49:00 +0200] "POST /xmlrpc.php HTTP/1.1" 503 18035 "-" "Jetpack by WordPress.com (Jetpack 12.1; WordPress 6.2)"
79.116.89.151 - - [14/Sep/2026:02:49:11 +0200] "POST /xmlrpc.php HTTP/1.1" 503 18035 "-" "Jetpack by WordPress.com (Jetpack 12.5; WordPress 6.4)"
79.116.89.151 - - [14/Sep/2026:02:49:11 +0200] "POST /xmlrpc.php HTTP/1.1" 503 18035 "-" "Jetpack by WordPress.com (Jetpack 12.5; WordPress 6.4)"
79.116.89.151 - - [14/Sep/2026:02:49:21 +0200] "POST /xmlrpc.php HTTP/1.1" 503 18035 "-" "Jetpack by WordPress.com"
79.116.89.151 - - [14/Sep/2026:02:49:21 +0200] "POST /xmlrpc.php HTTP/1.1" 503 18035 "-" "Jetpack by WordPress.com"
79.116.89.151 - - [14/Sep/2026:02:49:32 +0200] "POST /xmlrpc.php HTTP/1.1" 503 18035 "-" "Jetpack/12.5; WordPress/6.3; http://site85225714.com"
79.116.89.151 - - [14/Sep/2026:02:49:32 +0200] "POST /xmlrpc.php HTTP/1.1" 503 18035 "-" "Jetpack/12.5; WordPress/6.3; http://site85225714.com"
79.116.89.151 - - [14/Sep/2026:02:49:43 +0200] "POST /xmlrpc.php HTTP/1.1" 503 18035 "-" "Jetpack/12.0; WordPress/6.2; http://site97055245.com"
79.116.89.151 - - [14/Sep/2026:02:49:43 +0200] "POST /xmlrpc.php HTTP/1.1" 503 18035 "-" "Jetpack/12.0; WordPress/6.2; http://site97055245.com"
79.116.89.151 - - [14/Sep/2026:02:49:53 +0200] "POST /xmlrpc.php HTTP/1.1" 503 18035 "-" "Jetpack by WordPress.com (Jetpack 12.5; WordPress 6.1)"
79.116.89.151 - - [14/Sep/2026:02:49:53 +0200] "POST /xmlrpc.php HTTP/1.1" 503 18035 "-" "Jetpack by WordPress.com (Jetpack 12.5; WordPress 6.1)"
79.116.89.151 - - [14/Sep/2026:02:50:03 +0200] "POST /xmlrpc.php HTTP/1.1" 503 18035 "-" "WordPress.com; https://wordpress.com"
79.116.89.151 - - [14/Sep/2026:02:50:03 +0200] "POST /xmlrpc.php HTTP/1.1" 503 18035 "-" "WordPress.com; https://wordpress.com"
79.116.89.151 - - [14/Sep/2026:02:50:14 +0200] "POST /xmlrpc.php HTTP/1.1" 503 18035 "-" "Jetpack/12.5; WordPress/6.4; http://site10484227.com"
79.116.89.151 - - [14/Sep/2026:02:50:14 +0200] "POST /xmlrpc.php HTTP/1.1" 503 18035 "-" "Jetpack/12.5; WordPress/6.4; http://site10484227.com"
79.116.89.151 - - [14/Sep/2026:02:50:24 +0200] "POST /xmlrpc.php HTTP/1.1" 503 18035 "-" "Jetpack by WordPress.com (Jetpack 13.0; WordPress 6.2)"
79.116.89.151 - - [14/Sep/2026:02:50:24 +0200] "POST /xmlrpc.php HTTP/1.1" 503 18035 "-" "Jetpack by WordPress.com (Jetpack 13.0; WordPress 6.2)"
109.234.165.65 - - [14/Sep/2026:02:50:26 +0200] "POST /wp-cron.php?doing_wp_cron=1789347026.2227199077606201171875 HTTP/1.1" 200 - "-" "WordPress/7.1; https://lecocondalfred.fr"
185.191.171.15 - - [14/Sep/2026:02:50:24 +0200] "GET /robots.txt HTTP/1.1" 200 175 "-" "Mozilla/5.0 (compatible; SemrushBot/7~bl; +http://www.semrush.com/bot.html)"
185.191.171.12 - - [14/Sep/2026:02:50:26 +0200] "GET /lucile-guijarro/ HTTP/1.1" 200 298540 "-" "Mozilla/5.0 (compatible; SemrushBot/7~bl; +http://www.semrush.com/bot.html)"
109.234.165.65 - - [14/Sep/2026:02:50:30 +0200] "POST /wp-cron.php?doing_wp_cron=1789347030.5708179473876953125000 HTTP/1.1" 200 - "-" "WordPress/7.1; https://lecocondalfred.fr"
109.234.165.65 - - [14/Sep/2026:02:50:24 +0200] "POST /?wordfence_syncAttackData=1789347024.9468 HTTP/1.1" 200 - "-" "WordPress/7.1; https://lecocondalfred.fr"
79.116.89.151 - - [14/Sep/2026:02:50:38 +0200] "POST /xmlrpc.php HTTP/1.1" 503 18035 "-" "Jetpack by WordPress.com (Jetpack 12.5; WordPress 6.3)"
79.116.89.151 - - [14/Sep/2026:02:50:38 +0200] "POST /xmlrpc.php HTTP/1.1" 503 18035 "-" "Jetpack by WordPress.com (Jetpack 12.5; WordPress 6.3)"
109.234.165.65 - - [14/Sep/2026:02:50:45 +0200] "POST /wp-cron.php?doing_wp_cron=1789347045.9192318916320800781250 HTTP/1.1" 200 - "-" "WordPress/7.1; https://lecocondalfred.fr"
109.234.165.65 - - [14/Sep/2026:02:50:25 +0200] "POST /?mailpoet_router&endpoint=cron_daemon&action=run&data=eyJ0b2tlbiI6IjFuNWdzIn0 HTTP/1.1" 200 - "-" "MailPoet Cron"
79.116.89.151 - - [14/Sep/2026:02:50:45 +0200] "POST /xmlrpc.php HTTP/1.1" 503 18035 "-" "Jetpack/12.5; WordPress/6.3; http://site81652742.com"
79.116.89.151 - - [14/Sep/2026:02:50:45 +0200] "POST /xmlrpc.php HTTP/1.1" 503 18035 "-" "Jetpack/12.5; WordPress/6.3; http://site81652742.com"
109.234.165.65 - - [14/Sep/2026:02:50:46 +0200] "POST /?wordfence_syncAttackData=1789347046.1667 HTTP/1.1" 200 - "-" "WordPress/7.1; https://lecocondalfred.fr"
79.116.89.151 - - [14/Sep/2026:02:50:56 +0200] "POST /xmlrpc.php HTTP/1.1" 404 127841 "-" "Jetpack by WordPress.com (Jetpack 13.0; WordPress 6.4)"
79.116.89.151 - - [14/Sep/2026:02:50:56 +0200] "POST /xmlrpc.php HTTP/1.1" 404 127841 "-" "Jetpack by WordPress.com (Jetpack 13.0; WordPress 6.4)"
79.116.89.151 - - [14/Sep/2026:02:51:07 +0200] "POST /xmlrpc.php HTTP/1.1" 404 127841 "-" "Jetpack by WordPress.com"
79.116.89.151 - - [14/Sep/2026:02:51:07 +0200] "POST /xmlrpc.php HTTP/1.1" 404 127841 "-" "Jetpack by WordPress.com"
79.116.89.151 - - [14/Sep/2026:02:51:17 +0200] "POST /xmlrpc.php HTTP/1.1" 404 127841 "-" "Jetpack by WordPress.com"
79.116.89.151 - - [14/Sep/2026:02:51:17 +0200] "POST /xmlrpc.php HTTP/1.1" 404 127841 "-" "Jetpack by WordPress.com"
79.116.89.151 - - [14/Sep/2026:02:51:28 +0200] "POST /xmlrpc.php HTTP/1.1" 404 127841 "-" "Jetpack by WordPress.com"
79.116.89.151 - - [14/Sep/2026:02:51:28 +0200] "POST /xmlrpc.php HTTP/1.1" 404 127841 "-" "Jetpack by WordPress.com"
79.116.89.151 - - [14/Sep/2026:02:51:39 +0200] "POST /xmlrpc.php HTTP/1.1" 404 127841 "-" "Jetpack by WordPress.com (Jetpack 12.0; WordPress 6.2)"
79.116.89.151 - - [14/Sep/2026:02:51:39 +0200] "POST /xmlrpc.php HTTP/1.1" 404 127841 "-" "Jetpack by WordPress.com (Jetpack 12.0; WordPress 6.2)"
109.234.165.65 - - [14/Sep/2026:02:51:50 +0200] "POST /wp-cron.php?doing_wp_cron=1789347110.3678610324859619140625 HTTP/1.1" 200 - "-" "WordPress/7.1; https://lecocondalfred.fr"
79.116.89.151 - - [14/Sep/2026:02:51:49 +0200] "POST /xmlrpc.php HTTP/1.1" 404 127841 "-" "Jetpack by WordPress.com"
109.234.165.65 - - [14/Sep/2026:02:51:50 +0200] "POST /wp-cron.php?doing_wp_cron=1789347110.3884279727935791015625 HTTP/1.1" 200 - "-" "WordPress/7.1; https://lecocondalfred.fr"
79.116.89.151 - - [14/Sep/2026:02:51:49 +0200] "POST /xmlrpc.php HTTP/1.1" 404 127841 "-" "Jetpack by WordPress.com"
109.234.165.65 - - [14/Sep/2026:02:52:00 +0200] "POST /wp-cron.php?doing_wp_cron=1789347120.9518849849700927734375 HTTP/1.1" 200 - "-" "WordPress/7.1; https://lecocondalfred.fr"
109.234.165.65 - - [14/Sep/2026:02:52:00 +0200] "POST /wp-cron.php?doing_wp_cron=1789347120.9518849849700927734375 HTTP/1.1" 200 - "-" "WordPress/7.1; https://lecocondalfred.fr"
79.116.89.151 - - [14/Sep/2026:02:52:00 +0200] "POST /xmlrpc.php HTTP/1.1" 404 127841 "-" "Jetpack by WordPress.com"
79.116.89.151 - - [14/Sep/2026:02:52:00 +0200] "POST /xmlrpc.php HTTP/1.1" 404 127841 "-" "Jetpack by WordPress.com"
79.116.89.151 - - [14/Sep/2026:02:52:10 +0200] "POST /xmlrpc.php HTTP/1.1" 404 127841 "-" "Jetpack by WordPress.com (Jetpack 13.0; WordPress 6.3)"
79.116.89.151 - - [14/Sep/2026:02:52:10 +0200] "POST /xmlrpc.php HTTP/1.1" 404 127841 "-" "Jetpack by WordPress.com (Jetpack 13.0; WordPress 6.3)"
109.234.165.65 - - [14/Sep/2026:02:52:22 +0200] "POST /wp-cron.php?doing_wp_cron=1789347142.1094229221343994140625 HTTP/1.1" 200 - "-" "WordPress/7.1; https://lecocondalfred.fr"
79.116.89.151 - - [14/Sep/2026:02:52:21 +0200] "POST /xmlrpc.php HTTP/1.1" 404 127841 "-" "Jetpack by WordPress.com"
79.116.89.151 - - [14/Sep/2026:02:52:21 +0200] "POST /xmlrpc.php HTTP/1.1" 404 127841 "-" "Jetpack by WordPress.com"
79.116.89.151 - - [14/Sep/2026:02:52:32 +0200] "POST /xmlrpc.php HTTP/1.1" 404 127841 "-" "Jetpack by WordPress.com"
79.116.89.151 - - [14/Sep/2026:02:52:32 +0200] "POST /xmlrpc.php HTTP/1.1" 404 127841 "-" "Jetpack by WordPress.com"
79.116.89.151 - - [14/Sep/2026:02:52:42 +0200] "POST /xmlrpc.php HTTP/1.1" 404 127841 "-" "Jetpack/13.0; WordPress/6.3; http://site91527850.com"
79.116.89.151 - - [14/Sep/2026:02:52:42 +0200] "POST /xmlrpc.php HTTP/1.1" 404 127841 "-" "Jetpack/13.0; WordPress/6.3; http://site91527850.com"
109.234.165.65 - - [14/Sep/2026:02:52:53 +0200] "POST /wp-cron.php?doing_wp_cron=1789347173.9530200958251953125000 HTTP/1.1" 200 - "-" "WordPress/7.1; https://lecocondalfred.fr"
109.234.165.65 - - [14/Sep/2026:02:52:53 +0200] "POST /wp-cron.php?doing_wp_cron=1789347173.9530200958251953125000 HTTP/1.1" 200 - "-" "WordPress/7.1; https://lecocondalfred.fr"
79.116.89.151 - - [14/Sep/2026:02:52:53 +0200] "POST /xmlrpc.php HTTP/1.1" 404 127841 "-" "Jetpack/12.0; WordPress/6.3; http://site88983608.com"
79.116.89.151 - - [14/Sep/2026:02:52:53 +0200] "POST /xmlrpc.php HTTP/1.1" 404 127841 "-" "Jetpack/12.0; WordPress/6.3; http://site88983608.com"
79.116.89.151 - - [14/Sep/2026:02:53:03 +0200] "POST /xmlrpc.php HTTP/1.1" 404 127841 "-" "Jetpack by WordPress.com (Jetpack 12.0; WordPress 6.3)"
79.116.89.151 - - [14/Sep/2026:02:53:03 +0200] "POST /xmlrpc.php HTTP/1.1" 404 127841 "-" "Jetpack by WordPress.com (Jetpack 12.0; WordPress 6.3)"
79.116.89.151 - - [14/Sep/2026:02:53:14 +0200] "POST /xmlrpc.php HTTP/1.1" 404 127841 "-" "Jetpack by WordPress.com"
79.116.89.151 - - [14/Sep/2026:02:53:14 +0200] "POST /xmlrpc.php HTTP/1.1" 404 127841 "-" "Jetpack by WordPress.com"
109.234.165.65 - - [14/Sep/2026:02:53:25 +0200] "POST /wp-cron.php?doing_wp_cron=1789347205.7666370868682861328125 HTTP/1.1" 200 - "-" "WordPress/7.1; https://lecocondalfred.fr"
79.116.89.151 - - [14/Sep/2026:02:53:25 +0200] "POST /xmlrpc.php HTTP/1.1" 404 127841 "-" "Jetpack/12.5; WordPress/6.2; http://site65692879.com"
79.116.89.151 - - [14/Sep/2026:02:53:25 +0200] "POST /xmlrpc.php HTTP/1.1" 404 127841 "-" "Jetpack/12.5; WordPress/6.2; http://site65692879.com"
79.116.89.151 - - [14/Sep/2026:02:53:35 +0200] "POST /xmlrpc.php HTTP/1.1" 404 127841 "-" "Jetpack by WordPress.com"
79.116.89.151 - - [14/Sep/2026:02:53:35 +0200] "POST /xmlrpc.php HTTP/1.1" 404 127841 "-" "Jetpack by WordPress.com"
79.116.89.151 - - [14/Sep/2026:02:53:46 +0200] "POST /xmlrpc.php HTTP/1.1" 404 127841 "-" "Jetpack/13.0; WordPress/6.4; http://site54152876.com"
79.116.89.151 - - [14/Sep/2026:02:53:46 +0200] "POST /xmlrpc.php HTTP/1.1" 404 127841 "-" "Jetpack/13.0; WordPress/6.4; http://site54152876.com"
109.234.165.65 - - [14/Sep/2026:02:53:57 +0200] "POST /wp-cron.php?doing_wp_cron=1789347237.6246399879455566406250 HTTP/1.1" 200 - "-" "WordPress/7.1; https://lecocondalfred.fr"
79.116.89.151 - - [14/Sep/2026:02:53:57 +0200] "POST /xmlrpc.php HTTP/1.1" 404 127841 "-" "Jetpack/12.1; WordPress/6.4; http://site96578235.com"
79.116.89.151 - - [14/Sep/2026:02:53:57 +0200] "POST /xmlrpc.php HTTP/1.1" 404 127841 "-" "Jetpack/12.1; WordPress/6.4; http://site96578235.com"
79.116.89.151 - - [14/Sep/2026:02:54:07 +0200] "POST /xmlrpc.php HTTP/1.1" 404 127841 "-" "Jetpack by WordPress.com"
79.116.89.151 - - [14/Sep/2026:02:54:07 +0200] "POST /xmlrpc.php HTTP/1.1" 404 127841 "-" "Jetpack by WordPress.com"
79.116.89.151 - - [14/Sep/2026:02:54:18 +0200] "POST /xmlrpc.php HTTP/1.1" 404 127841 "-" "Jetpack by WordPress.com (Jetpack 12.0; WordPress 6.2)"
79.116.89.151 - - [14/Sep/2026:02:54:18 +0200] "POST /xmlrpc.php HTTP/1.1" 404 127841 "-" "Jetpack by WordPress.com (Jetpack 12.0; WordPress 6.2)"
79.116.89.151 - - [14/Sep/2026:02:54:28 +0200] "POST /xmlrpc.php HTTP/1.1" 404 127841 "-" "Jetpack by WordPress.com (Jetpack 12.0; WordPress 6.3)"
109.234.165.65 - - [14/Sep/2026:02:54:29 +0200] "POST /wp-cron.php?doing_wp_cron=1789347269.3661129474639892578125 HTTP/1.1" 200 - "-" "WordPress/7.1; https://lecocondalfred.fr"
79.116.89.151 - - [14/Sep/2026:02:54:28 +0200] "POST /xmlrpc.php HTTP/1.1" 404 127841 "-" "Jetpack by WordPress.com (Jetpack 12.0; WordPress 6.3)"
79.116.89.151 - - [14/Sep/2026:02:54:39 +0200] "POST /xmlrpc.php HTTP/1.1" 404 127841 "-" "Jetpack by WordPress.com (Jetpack 12.5; WordPress 6.2)"
79.116.89.151 - - [14/Sep/2026:02:54:39 +0200] "POST /xmlrpc.php HTTP/1.1" 404 127841 "-" "Jetpack by WordPress.com (Jetpack 12.5; WordPress 6.2)"
79.116.89.151 - - [14/Sep/2026:02:54:49 +0200] "POST /xmlrpc.php HTTP/1.1" 404 127841 "-" "Jetpack by WordPress.com (Jetpack 12.0; WordPress 6.1)"
79.116.89.151 - - [14/Sep/2026:02:54:49 +0200] "POST /xmlrpc.php HTTP/1.1" 404 127841 "-" "Jetpack by WordPress.com (Jetpack 12.0; WordPress 6.1)"
134.94.0.69 - - [14/Sep/2026:02:54:56 +0200] "GET /wp-content/uploads/2022/12/pause-cafe-1.jpg HTTP/1.1" 200 62280 "-" "Mozilla/5.0 (X11; Linux x86_64) EuroVL-fetch/1.0"
109.234.165.65 - - [14/Sep/2026:02:55:01 +0200] "POST /wp-cron.php?doing_wp_cron=1789347301.0444769859313964843750 HTTP/1.1" 200 - "-" "WordPress/7.1; https://lecocondalfred.fr"
109.234.165.65 - - [14/Sep/2026:02:55:01 +0200] "POST /wp-cron.php?doing_wp_cron=1789347301.0425179004669189453125 HTTP/1.1" 200 - "-" "WordPress/7.1; https://lecocondalfred.fr"
79.116.89.151 - - [14/Sep/2026:02:55:00 +0200] "POST /xmlrpc.php HTTP/1.1" 404 127841 "-" "WordPress.com; https://wordpress.com"
79.116.89.151 - - [14/Sep/2026:02:55:00 +0200] "POST /xmlrpc.php HTTP/1.1" 404 127841 "-" "WordPress.com; https://wordpress.com"
79.116.89.151 - - [14/Sep/2026:02:55:10 +0200] "POST /xmlrpc.php HTTP/1.1" 404 127841 "-" "Jetpack by WordPress.com (Jetpack 13.0; WordPress 6.2)"
79.116.89.151 - - [14/Sep/2026:02:55:10 +0200] "POST /xmlrpc.php HTTP/1.1" 404 127841 "-" "Jetpack by WordPress.com (Jetpack 13.0; WordPress 6.2)"
79.116.89.151 - - [14/Sep/2026:02:55:21 +0200] "POST /xmlrpc.php HTTP/1.1" 404 127841 "-" "Jetpack/12.1; WordPress/6.3; http://site61631002.com"
79.116.89.151 - - [14/Sep/2026:02:55:21 +0200] "POST /xmlrpc.php HTTP/1.1" 404 127841 "-" "Jetpack/12.1; WordPress/6.3; http://site61631002.com"
109.234.165.65 - - [14/Sep/2026:02:55:32 +0200] "POST /wp-cron.php?doing_wp_cron=1789347332.8209199905395507812500 HTTP/1.1" 200 - "-" "WordPress/7.1; https://lecocondalfred.fr"
109.234.165.65 - - [14/Sep/2026:02:55:32 +0200] "POST /wp-cron.php?doing_wp_cron=1789347332.8209199905395507812500 HTTP/1.1" 200 - "-" "WordPress/7.1; https://lecocondalfred.fr"
79.116.89.151 - - [14/Sep/2026:02:55:32 +0200] "POST /xmlrpc.php HTTP/1.1" 404 127841 "-" "Jetpack by WordPress.com"
79.116.89.151 - - [14/Sep/2026:02:55:32 +0200] "POST /xmlrpc.php HTTP/1.1" 404 127841 "-" "Jetpack by WordPress.com"
79.116.89.151 - - [14/Sep/2026:02:55:42 +0200] "POST /xmlrpc.php HTTP/1.1" 404 127841 "-" "WordPress.com; https://wordpress.com"
79.116.89.151 - - [14/Sep/2026:02:55:42 +0200] "POST /xmlrpc.php HTTP/1.1" 404 127841 "-" "WordPress.com; https://wordpress.com"
109.234.165.65 - - [14/Sep/2026:02:55:53 +0200] "POST /wp-cron.php?doing_wp_cron=1789347353.9844379425048828125000 HTTP/1.1" 200 - "-" "WordPress/7.1; https://lecocondalfred.fr"
79.116.89.151 - - [14/Sep/2026:02:55:53 +0200] "POST /xmlrpc.php HTTP/1.1" 404 127841 "-" "WordPress.com; https://wordpress.com"
79.116.89.151 - - [14/Sep/2026:02:55:53 +0200] "POST /xmlrpc.php HTTP/1.1" 404 127841 "-" "WordPress.com; https://wordpress.com"
109.234.165.65 - - [14/Sep/2026:02:56:04 +0200] "POST /wp-cron.php?doing_wp_cron=1789347364.6247749328613281250000 HTTP/1.1" 200 - "-" "WordPress/7.1; https://lecocondalfred.fr"
79.116.89.151 - - [14/Sep/2026:02:56:04 +0200] "POST /xmlrpc.php HTTP/1.1" 404 127841 "-" "WordPress.com; https://wordpress.com"
79.116.89.151 - - [14/Sep/2026:02:56:04 +0200] "POST /xmlrpc.php HTTP/1.1" 404 127841 "-" "WordPress.com; https://wordpress.com"
79.116.89.151 - - [14/Sep/2026:02:56:14 +0200] "POST /xmlrpc.php HTTP/1.1" 404 127841 "-" "Jetpack/12.0; WordPress/6.2; http://site84304442.com"
79.116.89.151 - - [14/Sep/2026:02:56:14 +0200] "POST /xmlrpc.php HTTP/1.1" 404 127841 "-" "Jetpack/12.0; WordPress/6.2; http://site84304442.com"
79.116.89.151 - - [14/Sep/2026:02:56:25 +0200] "POST /xmlrpc.php HTTP/1.1" 404 127841 "-" "Jetpack by WordPress.com (Jetpack 13.0; WordPress 6.2)"
79.116.89.151 - - [14/Sep/2026:02:56:25 +0200] "POST /xmlrpc.php HTTP/1.1" 404 127841 "-" "Jetpack by WordPress.com (Jetpack 13.0; WordPress 6.2)"
109.234.165.65 - - [14/Sep/2026:02:56:36 +0200] "POST /wp-cron.php?doing_wp_cron=1789347396.3492629528045654296875 HTTP/1.1" 200 - "-" "WordPress/7.1; https://lecocondalfred.fr"
79.116.89.151 - - [14/Sep/2026:02:56:35 +0200] "POST /xmlrpc.php HTTP/1.1" 404 127841 "-" "Jetpack by WordPress.com"
79.116.89.151 - - [14/Sep/2026:02:56:35 +0200] "POST /xmlrpc.php HTTP/1.1" 404 127841 "-" "Jetpack by WordPress.com"
79.116.89.151 - - [14/Sep/2026:02:56:46 +0200] "POST /xmlrpc.php HTTP/1.1" 404 127841 "-" "Jetpack/12.1; WordPress/6.1; http://site77911169.com"
79.116.89.151 - - [14/Sep/2026:02:56:46 +0200] "POST /xmlrpc.php HTTP/1.1" 404 127841 "-" "Jetpack/12.1; WordPress/6.1; http://site77911169.com"
109.234.165.65 - - [14/Sep/2026:02:56:57 +0200] "POST /wp-cron.php?doing_wp_cron=1789347417.5775001049041748046875 HTTP/1.1" 200 - "-" "WordPress/7.1; https://lecocondalfred.fr"
109.234.165.65 - - [14/Sep/2026:02:56:57 +0200] "POST /wp-cron.php?doing_wp_cron=1789347417.5775001049041748046875 HTTP/1.1" 200 - "-" "WordPress/7.1; https://lecocondalfred.fr"
79.116.89.151 - - [14/Sep/2026:02:56:56 +0200] "POST /xmlrpc.php HTTP/1.1" 404 127841 "-" "Jetpack/12.0; WordPress/6.2; http://site77349320.com"
79.116.89.151 - - [14/Sep/2026:02:56:56 +0200] "POST /xmlrpc.php HTTP/1.1" 404 127841 "-" "Jetpack/12.0; WordPress/6.2; http://site77349320.com"
109.234.165.65 - - [14/Sep/2026:02:57:08 +0200] "POST /wp-cron.php?doing_wp_cron=1789347428.1940529346466064453125 HTTP/1.1" 200 - "-" "WordPress/7.1; https://lecocondalfred.fr"
109.234.165.65 - - [14/Sep/2026:02:57:08 +0200] "POST /wp-cron.php?doing_wp_cron=1789347428.1940529346466064453125 HTTP/1.1" 200 - "-" "WordPress/7.1; https://lecocondalfred.fr"
79.116.89.151 - - [14/Sep/2026:02:57:07 +0200] "POST /xmlrpc.php HTTP/1.1" 404 127841 "-" "Jetpack by WordPress.com"
79.116.89.151 - - [14/Sep/2026:02:57:07 +0200] "POST /xmlrpc.php HTTP/1.1" 404 127841 "-" "Jetpack by WordPress.com"
40.77.167.24 - - [14/Sep/2026:02:57:14 +0200] "GET /dans-la-grange/prendre-rdv/ HTTP/1.1" 404 127869 "-" "Mozilla/5.0 AppleWebKit/537.36 (KHTML, like Gecko; compatible; bingbot/2.0; +http://www.bing.com/bingbot.htm) Chrome/116.0.1938.76 Safari/537.36"
79.116.89.151 - - [14/Sep/2026:02:57:18 +0200] "POST /xmlrpc.php HTTP/1.1" 404 127841 "-" "Jetpack by WordPress.com"
79.116.89.151 - - [14/Sep/2026:02:57:18 +0200] "POST /xmlrpc.php HTTP/1.1" 404 127841 "-" "Jetpack by WordPress.com"
79.116.89.151 - - [14/Sep/2026:02:57:28 +0200] "POST /xmlrpc.php HTTP/1.1" 404 127841 "-" "WordPress.com; https://wordpress.com"
79.116.89.151 - - [14/Sep/2026:02:57:28 +0200] "POST /xmlrpc.php HTTP/1.1" 404 127841 "-" "WordPress.com; https://wordpress.com"
109.234.165.65 - - [14/Sep/2026:02:57:40 +0200] "POST /wp-cron.php?doing_wp_cron=1789347460.0190589427947998046875 HTTP/1.1" 200 - "-" "WordPress/7.1; https://lecocondalfred.fr"
79.116.89.151 - - [14/Sep/2026:02:57:39 +0200] "POST /xmlrpc.php HTTP/1.1" 404 127841 "-" "Jetpack by WordPress.com"
79.116.89.151 - - [14/Sep/2026:02:57:39 +0200] "POST /xmlrpc.php HTTP/1.1" 404 127841 "-" "Jetpack by WordPress.com"
79.116.89.151 - - [14/Sep/2026:02:57:50 +0200] "POST /xmlrpc.php HTTP/1.1" 404 127841 "-" "WordPress.com; https://wordpress.com"
79.116.89.151 - - [14/Sep/2026:02:57:50 +0200] "POST /xmlrpc.php HTTP/1.1" 404 127841 "-" "WordPress.com; https://wordpress.com"
109.234.165.65 - - [14/Sep/2026:02:58:01 +0200] "POST /wp-cron.php?doing_wp_cron=1789347481.2206199169158935546875 HTTP/1.1" 200 - "-" "WordPress/7.1; https://lecocondalfred.fr"
109.234.165.65 - - [14/Sep/2026:02:58:01 +0200] "POST /wp-cron.php?doing_wp_cron=1789347481.2206199169158935546875 HTTP/1.1" 200 - "-" "WordPress/7.1; https://lecocondalfred.fr"
79.116.89.151 - - [14/Sep/2026:02:58:00 +0200] "POST /xmlrpc.php HTTP/1.1" 404 127841 "-" "Jetpack by WordPress.com"
79.116.89.151 - - [14/Sep/2026:02:58:00 +0200] "POST /xmlrpc.php HTTP/1.1" 404 127841 "-" "Jetpack by WordPress.com"
109.234.165.65 - - [14/Sep/2026:02:58:11 +0200] "POST /wp-cron.php?doing_wp_cron=1789347491.8250930309295654296875 HTTP/1.1" 200 - "-" "WordPress/7.1; https://lecocondalfred.fr"
109.234.165.65 - - [14/Sep/2026:02:58:11 +0200] "POST /wp-cron.php?doing_wp_cron=1789347491.8250930309295654296875 HTTP/1.1" 200 - "-" "WordPress/7.1; https://lecocondalfred.fr"
79.116.89.151 - - [14/Sep/2026:02:58:11 +0200] "POST /xmlrpc.php HTTP/1.1" 404 127841 "-" "Jetpack/13.0; WordPress/6.2; http://site95476606.com"
79.116.89.151 - - [14/Sep/2026:02:58:11 +0200] "POST /xmlrpc.php HTTP/1.1" 404 127841 "-" "Jetpack/13.0; WordPress/6.2; http://site95476606.com"
79.116.89.151 - - [14/Sep/2026:02:58:21 +0200] "POST /xmlrpc.php HTTP/1.1" 404 127841 "-" "Jetpack by WordPress.com"
79.116.89.151 - - [14/Sep/2026:02:58:21 +0200] "POST /xmlrpc.php HTTP/1.1" 404 127841 "-" "Jetpack by WordPress.com"
79.116.89.151 - - [14/Sep/2026:02:58:32 +0200] "POST /xmlrpc.php HTTP/1.1" 404 127841 "-" "Jetpack by WordPress.com (Jetpack 13.0; WordPress 6.4)"
79.116.89.151 - - [14/Sep/2026:02:58:32 +0200] "POST /xmlrpc.php HTTP/1.1" 404 127841 "-" "Jetpack by WordPress.com (Jetpack 13.0; WordPress 6.4)"
109.234.165.65 - - [14/Sep/2026:02:58:43 +0200] "POST /wp-cron.php?doing_wp_cron=1789347523.5361061096191406250000 HTTP/1.1" 200 - "-" "WordPress/7.1; https://lecocondalfred.fr"
79.116.89.151 - - [14/Sep/2026:02:58:42 +0200] "POST /xmlrpc.php HTTP/1.1" 404 127841 "-" "Jetpack by WordPress.com"
79.116.89.151 - - [14/Sep/2026:02:58:42 +0200] "POST /xmlrpc.php HTTP/1.1" 404 127841 "-" "Jetpack by WordPress.com"
109.234.165.65 - - [14/Sep/2026:02:58:54 +0200] "POST /wp-cron.php?doing_wp_cron=1789347534.2040920257568359375000 HTTP/1.1" 200 - "-" "WordPress/7.1; https://lecocondalfred.fr"
109.234.165.65 - - [14/Sep/2026:02:58:54 +0200] "POST /wp-cron.php?doing_wp_cron=1789347534.2040920257568359375000 HTTP/1.1" 200 - "-" "WordPress/7.1; https://lecocondalfred.fr"
79.116.89.151 - - [14/Sep/2026:02:58:53 +0200] "POST /xmlrpc.php HTTP/1.1" 404 127841 "-" "Jetpack/13.0; WordPress/6.1; http://site95479897.com"
79.116.89.151 - - [14/Sep/2026:02:58:53 +0200] "POST /xmlrpc.php HTTP/1.1" 404 127841 "-" "Jetpack/13.0; WordPress/6.1; http://site95479897.com"
79.116.89.151 - - [14/Sep/2026:02:59:04 +0200] "POST /xmlrpc.php HTTP/1.1" 404 127841 "-" "Jetpack by WordPress.com (Jetpack 12.5; WordPress 6.1)"
79.116.89.151 - - [14/Sep/2026:02:59:04 +0200] "POST /xmlrpc.php HTTP/1.1" 404 127841 "-" "Jetpack by WordPress.com (Jetpack 12.5; WordPress 6.1)"
109.234.165.65 - - [14/Sep/2026:02:59:15 +0200] "POST /wp-cron.php?doing_wp_cron=1789347555.3229908943176269531250 HTTP/1.1" 200 - "-" "WordPress/7.1; https://lecocondalfred.fr"
79.116.89.151 - - [14/Sep/2026:02:59:14 +0200] "POST /xmlrpc.php HTTP/1.1" 404 127841 "-" "WordPress.com; https://wordpress.com"
79.116.89.151 - - [14/Sep/2026:02:59:14 +0200] "POST /xmlrpc.php HTTP/1.1" 404 127841 "-" "WordPress.com; https://wordpress.com"
194.187.171.144 - - [14/Sep/2026:02:59:18 +0200] "GET /nos-art-therapeutes HTTP/1.1" 301 - "-" "Mozilla/5.0 (compatible; Qwantbot/1.0; +https://help.qwant.com/bot/)"
194.187.171.144 - - [14/Sep/2026:02:59:18 +0200] "GET /nos-art-therapeutes/ HTTP/1.1" 200 246785 "https://lecocondalfred.fr/nos-art-therapeutes" "Mozilla/5.0 (compatible; Qwantbot/1.0; +https://help.qwant.com/bot/)"
79.116.89.151 - - [14/Sep/2026:02:59:25 +0200] "POST /xmlrpc.php HTTP/1.1" 404 127841 "-" "Jetpack by WordPress.com (Jetpack 13.0; WordPress 6.3)"
79.116.89.151 - - [14/Sep/2026:02:59:25 +0200] "POST /xmlrpc.php HTTP/1.1" 404 127841 "-" "Jetpack by WordPress.com (Jetpack 13.0; WordPress 6.3)"
79.116.89.151 - - [14/Sep/2026:02:59:35 +0200] "POST /xmlrpc.php HTTP/1.1" 404 127841 "-" "Jetpack by WordPress.com"
79.116.89.151 - - [14/Sep/2026:02:59:35 +0200] "POST /xmlrpc.php HTTP/1.1" 404 127841 "-" "Jetpack by WordPress.com"
109.234.165.65 - - [14/Sep/2026:02:59:47 +0200] "POST /wp-cron.php?doing_wp_cron=1789347587.1155130863189697265625 HTTP/1.1" 200 - "-" "WordPress/7.1; https://lecocondalfred.fr"
109.234.165.65 - - [14/Sep/2026:02:59:47 +0200] "POST /wp-cron.php?doing_wp_cron=1789347587.1155130863189697265625 HTTP/1.1" 200 - "-" "WordPress/7.1; https://lecocondalfred.fr"
79.116.89.151 - - [14/Sep/2026:02:59:46 +0200] "POST /xmlrpc.php HTTP/1.1" 404 127841 "-" "Jetpack by WordPress.com (Jetpack 12.0; WordPress 6.1)"
79.116.89.151 - - [14/Sep/2026:02:59:46 +0200] "POST /xmlrpc.php HTTP/1.1" 404 127841 "-" "Jetpack by WordPress.com (Jetpack 12.0; WordPress 6.1)"
109.234.165.65 - - [14/Sep/2026:02:59:57 +0200] "POST /wp-cron.php?doing_wp_cron=1789347597.6775429248809814453125 HTTP/1.1" 200 - "-" "WordPress/7.1; https://lecocondalfred.fr"
109.234.165.65 - - [14/Sep/2026:02:59:57 +0200] "POST /wp-cron.php?doing_wp_cron=1789347597.6775429248809814453125 HTTP/1.1" 200 - "-" "WordPress/7.1; https://lecocondalfred.fr"
79.116.89.151 - - [14/Sep/2026:02:59:57 +0200] "POST /xmlrpc.php HTTP/1.1" 404 127841 "-" "Jetpack/12.1; WordPress/6.3; http://site83991707.com"
79.116.89.151 - - [14/Sep/2026:02:59:57 +0200] "POST /xmlrpc.php HTTP/1.1" 404 127841 "-" "Jetpack/12.1; WordPress/6.3; http://site83991707.com"
109.234.165.65 - - [14/Sep/2026:03:00:02 +0200] "GET /wp-cron.php HTTP/1.1" 200 - "-" "Wget/1.19.5 (linux-gnu)"
79.116.89.151 - - [14/Sep/2026:03:00:07 +0200] "POST /xmlrpc.php HTTP/1.1" 404 127841 "-" "Jetpack by WordPress.com"
79.116.89.151 - - [14/Sep/2026:03:00:07 +0200] "POST /xmlrpc.php HTTP/1.1" 404 127841 "-" "Jetpack by WordPress.com"
79.116.89.151 - - [14/Sep/2026:03:00:18 +0200] "POST /xmlrpc.php HTTP/1.1" 404 127841 "-" "Jetpack by WordPress.com"
109.234.165.65 - - [14/Sep/2026:03:00:19 +0200] "POST /wp-cron.php?doing_wp_cron=1789347619.0803349018096923828125 HTTP/1.1" 200 - "-" "WordPress/7.1; https://lecocondalfred.fr"
79.116.89.151 - - [14/Sep/2026:03:00:18 +0200] "POST /xmlrpc.php HTTP/1.1" 404 127841 "-" "Jetpack by WordPress.com"
79.116.89.151 - - [14/Sep/2026:03:00:29 +0200] "POST /xmlrpc.php HTTP/1.1" 404 127841 "-" "Jetpack/12.0; WordPress/6.4; http://site93818773.com"
109.234.165.65 - - [14/Sep/2026:03:00:29 +0200] "POST /wp-cron.php?doing_wp_cron=1789347629.6398839950561523437500 HTTP/1.1" 200 - "-" "WordPress/7.1; https://lecocondalfred.fr"
79.116.89.151 - - [14/Sep/2026:03:00:29 +0200] "POST /xmlrpc.php HTTP/1.1" 404 127841 "-" "Jetpack/12.0; WordPress/6.4; http://site93818773.com"
79.116.89.151 - - [14/Sep/2026:03:00:42 +0200] "POST /xmlrpc.php HTTP/1.1" 404 127841 "-" "Jetpack by WordPress.com"
79.116.89.151 - - [14/Sep/2026:03:00:42 +0200] "POST /xmlrpc.php HTTP/1.1" 404 127841 "-" "Jetpack by WordPress.com"
109.234.165.65 - - [14/Sep/2026:03:00:50 +0200] "POST /wp-cron.php?doing_wp_cron=1789347650.7202858924865722656250 HTTP/1.1" 200 - "-" "WordPress/7.1; https://lecocondalfred.fr"
109.234.165.65 - - [14/Sep/2026:03:00:50 +0200] "POST /wp-cron.php?doing_wp_cron=1789347650.7206199169158935546875 HTTP/1.1" 200 - "-" "WordPress/7.1; https://lecocondalfred.fr"
79.116.89.151 - - [14/Sep/2026:03:00:50 +0200] "POST /xmlrpc.php HTTP/1.1" 404 127841 "-" "WordPress.com; https://wordpress.com"
79.116.89.151 - - [14/Sep/2026:03:00:50 +0200] "POST /xmlrpc.php HTTP/1.1" 404 127841 "-" "WordPress.com; https://wordpress.com"
79.116.89.151 - - [14/Sep/2026:03:01:00 +0200] "POST /xmlrpc.php HTTP/1.1" 404 127841 "-" "Jetpack by WordPress.com (Jetpack 12.0; WordPress 6.4)"
79.116.89.151 - - [14/Sep/2026:03:01:00 +0200] "POST /xmlrpc.php HTTP/1.1" 404 127841 "-" "Jetpack by WordPress.com (Jetpack 12.0; WordPress 6.4)"
79.116.89.151 - - [14/Sep/2026:03:01:11 +0200] "POST /xmlrpc.php HTTP/1.1" 404 127841 "-" "Jetpack/12.0; WordPress/6.4; http://site72984114.com"
79.116.89.151 - - [14/Sep/2026:03:01:11 +0200] "POST /xmlrpc.php HTTP/1.1" 404 127841 "-" "Jetpack/12.0; WordPress/6.4; http://site72984114.com"
79.116.89.151 - - [14/Sep/2026:03:01:21 +0200] "POST /xmlrpc.php HTTP/1.1" 404 127841 "-" "Jetpack by WordPress.com"
79.116.89.151 - - [14/Sep/2026:03:01:21 +0200] "POST /xmlrpc.php HTTP/1.1" 404 127841 "-" "Jetpack by WordPress.com"
79.116.89.151 - - [14/Sep/2026:03:01:32 +0200] "POST /xmlrpc.php HTTP/1.1" 404 127841 "-" "Jetpack by WordPress.com"
79.116.89.151 - - [14/Sep/2026:03:01:32 +0200] "POST /xmlrpc.php HTTP/1.1" 404 127841 "-" "Jetpack by WordPress.com"
79.116.89.151 - - [14/Sep/2026:03:01:43 +0200] "POST /xmlrpc.php HTTP/1.1" 404 127841 "-" "Jetpack by WordPress.com"
79.116.89.151 - - [14/Sep/2026:03:01:43 +0200] "POST /xmlrpc.php HTTP/1.1" 404 127841 "-" "Jetpack by WordPress.com"
109.234.165.65 - - [14/Sep/2026:03:01:54 +0200] "POST /wp-cron.php?doing_wp_cron=1789347714.3986968994140625000000 HTTP/1.1" 200 - "-" "WordPress/7.1; https://lecocondalfred.fr"
79.116.89.151 - - [14/Sep/2026:03:01:53 +0200] "POST /xmlrpc.php HTTP/1.1" 404 127841 "-" "Jetpack by WordPress.com (Jetpack 13.0; WordPress 6.2)"
79.116.89.151 - - [14/Sep/2026:03:01:53 +0200] "POST /xmlrpc.php HTTP/1.1" 404 127841 "-" "Jetpack by WordPress.com (Jetpack 13.0; WordPress 6.2)"
79.116.89.151 - - [14/Sep/2026:03:02:04 +0200] "POST /xmlrpc.php HTTP/1.1" 404 127841 "-" "Jetpack by WordPress.com (Jetpack 12.5; WordPress 6.2)"
79.116.89.151 - - [14/Sep/2026:03:02:04 +0200] "POST /xmlrpc.php HTTP/1.1" 404 127841 "-" "Jetpack by WordPress.com (Jetpack 12.5; WordPress 6.2)"
79.116.89.151 - - [14/Sep/2026:03:02:14 +0200] "POST /xmlrpc.php HTTP/1.1" 404 127841 "-" "Jetpack by WordPress.com (Jetpack 13.0; WordPress 6.4)"
79.116.89.151 - - [14/Sep/2026:03:02:14 +0200] "POST /xmlrpc.php HTTP/1.1" 404 127841 "-" "Jetpack by WordPress.com (Jetpack 13.0; WordPress 6.4)"
79.116.89.151 - - [14/Sep/2026:03:02:25 +0200] "POST /xmlrpc.php HTTP/1.1" 404 127841 "-" "Jetpack by WordPress.com (Jetpack 12.5; WordPress 6.2)"
79.116.89.151 - - [14/Sep/2026:03:02:25 +0200] "POST /xmlrpc.php HTTP/1.1" 404 127841 "-" "Jetpack by WordPress.com (Jetpack 12.5; WordPress 6.2)"
79.116.89.151 - - [14/Sep/2026:03:02:36 +0200] "POST /xmlrpc.php HTTP/1.1" 404 127841 "-" "WordPress.com; https://wordpress.com"
79.116.89.151 - - [14/Sep/2026:03:02:36 +0200] "POST /xmlrpc.php HTTP/1.1" 404 127841 "-" "WordPress.com; https://wordpress.com"
79.116.89.151 - - [14/Sep/2026:03:02:46 +0200] "POST /xmlrpc.php HTTP/1.1" 404 127841 "-" "Jetpack/12.0; WordPress/6.1; http://site43374436.com"
79.116.89.151 - - [14/Sep/2026:03:02:46 +0200] "POST /xmlrpc.php HTTP/1.1" 404 127841 "-" "Jetpack/12.0; WordPress/6.1; http://site43374436.com"
109.234.165.65 - - [14/Sep/2026:03:02:58 +0200] "POST /wp-cron.php?doing_wp_cron=1789347777.9963281154632568359375 HTTP/1.1" 200 - "-" "WordPress/7.1; https://lecocondalfred.fr"
109.234.165.65 - - [14/Sep/2026:03:02:58 +0200] "POST /wp-cron.php?doing_wp_cron=1789347777.9963281154632568359375 HTTP/1.1" 200 - "-" "WordPress/7.1; https://lecocondalfred.fr"
79.116.89.151 - - [14/Sep/2026:03:02:57 +0200] "POST /xmlrpc.php HTTP/1.1" 404 127841 "-" "Jetpack by WordPress.com (Jetpack 12.0; WordPress 6.4)"
79.116.89.151 - - [14/Sep/2026:03:02:57 +0200] "POST /xmlrpc.php HTTP/1.1" 404 127841 "-" "Jetpack by WordPress.com (Jetpack 12.0; WordPress 6.4)"
34.174.240.206 - - [14/Sep/2026:03:03:08 +0200] "GET / HTTP/1.1" 200 224621 "http://lecocondalfred.fr/" "Mozilla/5.0 (Linux; Android 14; RMX3842) AppleWebKit/537.36 (KHTML, like Gecko) Chrome/126.0.6478.44 Mobile Safari/537.36"
79.116.89.151 - - [14/Sep/2026:03:03:07 +0200] "POST /xmlrpc.php HTTP/1.1" 404 127841 "-" "Jetpack by WordPress.com"
79.116.89.151 - - [14/Sep/2026:03:03:07 +0200] "POST /xmlrpc.php HTTP/1.1" 404 127841 "-" "Jetpack by WordPress.com"
79.116.89.151 - - [14/Sep/2026:03:03:18 +0200] "POST /xmlrpc.php HTTP/1.1" 404 127841 "-" "Jetpack by WordPress.com"
79.116.89.151 - - [14/Sep/2026:03:03:18 +0200] "POST /xmlrpc.php HTTP/1.1" 404 127841 "-" "Jetpack by WordPress.com"
79.116.89.151 - - [14/Sep/2026:03:03:29 +0200] "POST /xmlrpc.php HTTP/1.1" 404 127841 "-" "WordPress.com; https://wordpress.com"
79.116.89.151 - - [14/Sep/2026:03:03:29 +0200] "POST /xmlrpc.php HTTP/1.1" 404 127841 "-" "WordPress.com; https://wordpress.com"
79.116.89.151 - - [14/Sep/2026:03:03:39 +0200] "POST /xmlrpc.php HTTP/1.1" 404 127841 "-" "Jetpack/12.1; WordPress/6.2; http://site55911700.com"
79.116.89.151 - - [14/Sep/2026:03:03:39 +0200] "POST /xmlrpc.php HTTP/1.1" 404 127841 "-" "Jetpack/12.1; WordPress/6.2; http://site55911700.com"
79.116.89.151 - - [14/Sep/2026:03:03:50 +0200] "POST /xmlrpc.php HTTP/1.1" 404 127841 "-" "Jetpack/12.1; WordPress/6.1; http://site44709002.com"
79.116.89.151 - - [14/Sep/2026:03:03:50 +0200] "POST /xmlrpc.php HTTP/1.1" 404 127841 "-" "Jetpack/12.1; WordPress/6.1; http://site44709002.com"
109.234.165.65 - - [14/Sep/2026:03:04:01 +0200] "POST /wp-cron.php?doing_wp_cron=1789347841.5445170402526855468750 HTTP/1.1" 200 - "-" "WordPress/7.1; https://lecocondalfred.fr"
79.116.89.151 - - [14/Sep/2026:03:04:00 +0200] "POST /xmlrpc.php HTTP/1.1" 404 127841 "-" "Jetpack by WordPress.com (Jetpack 12.1; WordPress 6.1)"
79.116.89.151 - - [14/Sep/2026:03:04:00 +0200] "POST /xmlrpc.php HTTP/1.1" 404 127841 "-" "Jetpack by WordPress.com (Jetpack 12.1; WordPress 6.1)"
79.116.89.151 - - [14/Sep/2026:03:04:11 +0200] "POST /xmlrpc.php HTTP/1.1" 404 127841 "-" "Jetpack by WordPress.com"
79.116.89.151 - - [14/Sep/2026:03:04:11 +0200] "POST /xmlrpc.php HTTP/1.1" 404 127841 "-" "Jetpack by WordPress.com"
79.116.89.151 - - [14/Sep/2026:03:04:22 +0200] "POST /xmlrpc.php HTTP/1.1" 404 127841 "-" "Jetpack/12.0; WordPress/6.1; http://site41342363.com"
79.116.89.151 - - [14/Sep/2026:03:04:22 +0200] "POST /xmlrpc.php HTTP/1.1" 404 127841 "-" "Jetpack/12.0; WordPress/6.1; http://site41342363.com"
194.187.171.168 - - [14/Sep/2026:03:04:23 +0200] "GET /category/professions/neuropsychologie HTTP/1.1" 301 - "-" "Mozilla/5.0 (compatible; Qwantbot/1.0; +https://help.qwant.com/bot/)"
194.187.171.168 - - [14/Sep/2026:03:04:23 +0200] "GET /category/professions/neuropsychologie/ HTTP/1.1" 200 157798 "https://lecocondalfred.fr/category/professions/neuropsychologie" "Mozilla/5.0 (compatible; Qwantbot/1.0; +https://help.qwant.com/bot/)"
79.116.89.151 - - [14/Sep/2026:03:04:32 +0200] "POST /xmlrpc.php HTTP/1.1" 404 127841 "-" "Jetpack by WordPress.com (Jetpack 12.0; WordPress 6.4)"
79.116.89.151 - - [14/Sep/2026:03:04:32 +0200] "POST /xmlrpc.php HTTP/1.1" 404 127841 "-" "Jetpack by WordPress.com (Jetpack 12.0; WordPress 6.4)"
79.116.89.151 - - [14/Sep/2026:03:04:43 +0200] "POST /xmlrpc.php HTTP/1.1" 404 127841 "-" "Jetpack/13.0; WordPress/6.1; http://site72231359.com"
79.116.89.151 - - [14/Sep/2026:03:04:43 +0200] "POST /xmlrpc.php HTTP/1.1" 404 127841 "-" "Jetpack/13.0; WordPress/6.1; http://site72231359.com"
109.234.165.65 - - [14/Sep/2026:03:04:54 +0200] "POST /wp-cron.php?doing_wp_cron=1789347894.5136020183563232421875 HTTP/1.1" 200 - "-" "WordPress/7.1; https://lecocondalfred.fr"
79.116.89.151 - - [14/Sep/2026:03:04:53 +0200] "POST /xmlrpc.php HTTP/1.1" 404 127841 "-" "WordPress.com; https://wordpress.com"
79.116.89.151 - - [14/Sep/2026:03:04:53 +0200] "POST /xmlrpc.php HTTP/1.1" 404 127841 "-" "WordPress.com; https://wordpress.com"
79.116.89.151 - - [14/Sep/2026:03:05:04 +0200] "POST /xmlrpc.php HTTP/1.1" 404 127841 "-" "WordPress.com; https://wordpress.com"
79.116.89.151 - - [14/Sep/2026:03:05:04 +0200] "POST /xmlrpc.php HTTP/1.1" 404 127841 "-" "WordPress.com; https://wordpress.com"
79.116.89.151 - - [14/Sep/2026:03:05:15 +0200] "POST /xmlrpc.php HTTP/1.1" 404 127841 "-" "Jetpack by WordPress.com (Jetpack 12.1; WordPress 6.2)"
79.116.89.151 - - [14/Sep/2026:03:05:15 +0200] "POST /xmlrpc.php HTTP/1.1" 404 127841 "-" "Jetpack by WordPress.com (Jetpack 12.1; WordPress 6.2)"
79.116.89.151 - - [14/Sep/2026:03:05:25 +0200] "POST /xmlrpc.php HTTP/1.1" 404 127841 "-" "Jetpack by WordPress.com (Jetpack 12.0; WordPress 6.1)"
79.116.89.151 - - [14/Sep/2026:03:05:25 +0200] "POST /xmlrpc.php HTTP/1.1" 404 127841 "-" "Jetpack by WordPress.com (Jetpack 12.0; WordPress 6.1)"
79.116.89.151 - - [14/Sep/2026:03:05:36 +0200] "POST /xmlrpc.php HTTP/1.1" 404 127841 "-" "Jetpack by WordPress.com (Jetpack 13.0; WordPress 6.2)"
109.234.165.65 - - [14/Sep/2026:03:05:36 +0200] "POST /wp-cron.php?doing_wp_cron=1789347936.9000329971313476562500 HTTP/1.1" 200 - "-" "WordPress/7.1; https://lecocondalfred.fr"
79.116.89.151 - - [14/Sep/2026:03:05:36 +0200] "POST /xmlrpc.php HTTP/1.1" 404 127841 "-" "Jetpack by WordPress.com (Jetpack 13.0; WordPress 6.2)"
79.116.89.151 - - [14/Sep/2026:03:05:46 +0200] "POST /xmlrpc.php HTTP/1.1" 404 127841 "-" "Jetpack by WordPress.com (Jetpack 12.1; WordPress 6.3)"
79.116.89.151 - - [14/Sep/2026:03:05:46 +0200] "POST /xmlrpc.php HTTP/1.1" 404 127841 "-" "Jetpack by WordPress.com (Jetpack 12.1; WordPress 6.3)"
109.234.165.65 - - [14/Sep/2026:03:05:58 +0200] "POST /wp-cron.php?doing_wp_cron=1789347958.1299901008605957031250 HTTP/1.1" 200 - "-" "WordPress/7.1; https://lecocondalfred.fr"
109.234.165.65 - - [14/Sep/2026:03:05:58 +0200] "POST /wp-cron.php?doing_wp_cron=1789347958.1299901008605957031250 HTTP/1.1" 200 - "-" "WordPress/7.1; https://lecocondalfred.fr"
79.116.89.151 - - [14/Sep/2026:03:05:57 +0200] "POST /xmlrpc.php HTTP/1.1" 404 127841 "-" "Jetpack by WordPress.com (Jetpack 12.0; WordPress 6.2)"
79.116.89.151 - - [14/Sep/2026:03:05:57 +0200] "POST /xmlrpc.php HTTP/1.1" 404 127841 "-" "Jetpack by WordPress.com (Jetpack 12.0; WordPress 6.2)"
79.116.89.151 - - [14/Sep/2026:03:06:08 +0200] "POST /xmlrpc.php HTTP/1.1" 404 127841 "-" "Jetpack by WordPress.com (Jetpack 12.1; WordPress 6.4)"
79.116.89.151 - - [14/Sep/2026:03:06:08 +0200] "POST /xmlrpc.php HTTP/1.1" 404 127841 "-" "Jetpack by WordPress.com (Jetpack 12.1; WordPress 6.4)"
79.116.89.151 - - [14/Sep/2026:03:06:18 +0200] "POST /xmlrpc.php HTTP/1.1" 404 127841 "-" "WordPress.com; https://wordpress.com"
79.116.89.151 - - [14/Sep/2026:03:06:18 +0200] "POST /xmlrpc.php HTTP/1.1" 404 127841 "-" "WordPress.com; https://wordpress.com"
79.116.89.151 - - [14/Sep/2026:03:06:29 +0200] "POST /xmlrpc.php HTTP/1.1" 404 127841 "-" "Jetpack by WordPress.com"
79.116.89.151 - - [14/Sep/2026:03:06:29 +0200] "POST /xmlrpc.php HTTP/1.1" 404 127841 "-" "Jetpack by WordPress.com"
79.116.89.151 - - [14/Sep/2026:03:06:39 +0200] "POST /xmlrpc.php HTTP/1.1" 404 127841 "-" "Jetpack by WordPress.com (Jetpack 12.1; WordPress 6.3)"
79.116.89.151 - - [14/Sep/2026:03:06:39 +0200] "POST /xmlrpc.php HTTP/1.1" 404 127841 "-" "Jetpack by WordPress.com (Jetpack 12.1; WordPress 6.3)"
109.234.165.65 - - [14/Sep/2026:03:06:51 +0200] "POST /wp-cron.php?doing_wp_cron=1789348011.1426520347595214843750 HTTP/1.1" 200 - "-" "WordPress/7.1; https://lecocondalfred.fr"
79.116.89.151 - - [14/Sep/2026:03:06:50 +0200] "POST /xmlrpc.php HTTP/1.1" 404 127841 "-" "WordPress.com; https://wordpress.com"
79.116.89.151 - - [14/Sep/2026:03:06:50 +0200] "POST /xmlrpc.php HTTP/1.1" 404 127841 "-" "WordPress.com; https://wordpress.com"
79.116.89.151 - - [14/Sep/2026:03:07:01 +0200] "POST /xmlrpc.php HTTP/1.1" 404 127841 "-" "Jetpack/12.0; WordPress/6.1; http://site19515170.com"
79.116.89.151 - - [14/Sep/2026:03:07:01 +0200] "POST /xmlrpc.php HTTP/1.1" 404 127841 "-" "Jetpack/12.0; WordPress/6.1; http://site19515170.com"
109.234.165.65 - - [14/Sep/2026:03:12:23 +0200] "POST /wp-cron.php?doing_wp_cron=1789348343.9398970603942871093750 HTTP/1.1" 200 - "-" "WordPress/7.1; https://lecocondalfred.fr"
109.234.165.65 - - [14/Sep/2026:03:12:03 +0200] "POST /?mailpoet_router&endpoint=cron_daemon&action=run&data=eyJ0b2tlbiI6IjFpaTc1In0 HTTP/1.1" 200 - "-" "MailPoet Cron"
74.7.175.182 - - [14/Sep/2026:03:13:14 +0200] "GET /robots.txt HTTP/1.1" 200 175 "-" "Mozilla/5.0 (Macintosh; Intel Mac OS X 10_15_7) AppleWebKit/537.36 (KHTML, like Gecko) Chrome/131.0.0.0 Safari/537.36; compatible; OAI-SearchBot/1.4; robots.txt; +https://openai.com/searchbot"
74.7.229.195 - - [14/Sep/2026:03:13:14 +0200] "GET /prendre-rendez-vous/ HTTP/1.1" 200 356225 "-" "Mozilla/5.0 (Macintosh; Intel Mac OS X 10_15_7) AppleWebKit/537.36 (KHTML, like Gecko) Chrome/131.0.0.0 Safari/537.36; compatible; OAI-SearchBot/1.4; +https://openai.com/searchbot"
109.234.165.65 - - [14/Sep/2026:03:13:40 +0200] "POST /wp-cron.php?doing_wp_cron=1789348420.7564139366149902343750 HTTP/1.1" 200 - "-" "WordPress/7.1; https://lecocondalfred.fr"
109.234.165.65 - - [14/Sep/2026:03:13:15 +0200] "POST /?mailpoet_router&endpoint=cron_daemon&action=run&data=eyJ0b2tlbiI6IjE0aDR5In0 HTTP/1.1" 200 - "-" "MailPoet Cron"
109.234.165.65 - - [14/Sep/2026:03:13:56 +0200] "POST /wp-cron.php?doing_wp_cron=1789348436.2642240524291992187500 HTTP/1.1" 200 - "-" "WordPress/7.1; https://lecocondalfred.fr"
109.234.165.65 - - [14/Sep/2026:03:13:35 +0200] "POST /?mailpoet_router&endpoint=cron_daemon&action=run&data=eyJ0b2tlbiI6IjFmaXd5In0 HTTP/1.1" 200 - "-" "MailPoet Cron"
173.214.163.142 - - [14/Sep/2026:03:18:21 +0200] "GET / HTTP/1.1" 200 224621 "-" "Mozilla/5.0 (Windows NT 10.0; Win64; x64) AppleWebKit/537.36 (KHTML, like Gecko) Chrome/126.0.0.0 Safari/537.36"
157.55.39.7 - - [14/Sep/2026:03:29:59 +0200] "GET /wp-content/uploads/2022/11/la-boite-de-comm-famille-pocket--768x549.jpg HTTP/1.1" 200 76891 "-" "Mozilla/5.0 AppleWebKit/537.36 (KHTML, like Gecko; compatible; bingbot/2.0; +http://www.bing.com/bingbot.htm) Chrome/116.0.1938.76 Safari/537.36"
199.45.155.26 - - [14/Sep/2026:03:32:01 +0200] "GET / HTTP/1.1" 200 224637 "-" "Mozilla/5.0 (compatible; CensysInspect/1.1; +https://about.censys.io/)"
51.89.74.201 - - [14/Sep/2026:03:32:03 +0200] "GET /sitemap_index.xml HTTP/1.1" 200 796 "-" "Mozilla/5.0 (compatible; AhrefsBot/7.0; +http://ahrefs.com/robot/)"
51.89.83.53 - - [14/Sep/2026:03:32:04 +0200] "GET /post-sitemap.xml HTTP/1.1" 200 33944 "-" "Mozilla/5.0 (compatible; AhrefsBot/7.0; +http://ahrefs.com/robot/)"
51.89.71.148 - - [14/Sep/2026:03:32:04 +0200] "GET /page-sitemap.xml HTTP/1.1" 200 17702 "-" "Mozilla/5.0 (compatible; AhrefsBot/7.0; +http://ahrefs.com/robot/)"
51.89.69.42 - - [14/Sep/2026:03:32:05 +0200] "GET /tribe_events-sitemap.xml HTTP/1.1" 200 1253 "-" "Mozilla/5.0 (compatible; AhrefsBot/7.0; +http://ahrefs.com/robot/)"
51.89.71.148 - - [14/Sep/2026:03:32:06 +0200] "GET /category-sitemap.xml HTTP/1.1" 200 2602 "-" "Mozilla/5.0 (compatible; AhrefsBot/7.0; +http://ahrefs.com/robot/)"
109.234.165.65 - - [14/Sep/2026:03:32:17 +0200] "POST /wp-cron.php?doing_wp_cron=1789349537.1359078884124755859375 HTTP/1.1" 200 - "-" "WordPress/7.1; https://lecocondalfred.fr"
199.45.155.26 - - [14/Sep/2026:03:32:11 +0200] "GET /favicon.ico HTTP/1.1" 302 - "-" "Mozilla/5.0 (compatible; CensysInspect/1.1; +https://about.censys.io/)"
109.234.165.65 - - [14/Sep/2026:03:32:32 +0200] "POST /wp-cron.php?doing_wp_cron=1789349552.5946760177612304687500 HTTP/1.1" 200 - "-" "WordPress/7.1; https://lecocondalfred.fr"
109.234.165.65 - - [14/Sep/2026:03:32:12 +0200] "POST /?mailpoet_router&endpoint=cron_daemon&action=run&data=eyJ0b2tlbiI6IjN0MzZ5In0 HTTP/1.1" 200 - "-" "MailPoet Cron"
199.45.155.26 - - [14/Sep/2026:03:33:17 +0200] "GET / HTTP/1.1" 200 224637 "-" "Mozilla/5.0 (compatible; CensysInspect/1.1; +https://about.censys.io/)"
109.234.165.65 - - [14/Sep/2026:03:33:55 +0200] "POST /wp-cron.php?doing_wp_cron=1789349635.2521278858184814453125 HTTP/1.1" 200 - "-" "WordPress/7.1; https://lecocondalfred.fr"
206.81.5.253 - - [14/Sep/2026:03:33:54 +0200] "POST /wp-json/batch/v1 HTTP/1.1" 207 16 "-" "Mozilla/5.0 (Windows NT 10.0; Win64; x64) AppleWebKit/537.36 (KHTML, like Gecko) Chrome/131.0.0.0 Safari/537.36"
206.81.5.253 - - [14/Sep/2026:03:33:55 +0200] "POST /wp-json/batch/v1 HTTP/1.1" 207 557 "-" "Mozilla/5.0 (Windows NT 10.0; Win64; x64) AppleWebKit/537.36 (KHTML, like Gecko) Chrome/131.0.0.0 Safari/537.36"
206.81.5.253 - - [14/Sep/2026:03:33:56 +0200] "POST /wp-json/batch/v1 HTTP/1.1" 207 557 "-" "Mozilla/5.0 (Windows NT 10.0; Win64; x64) AppleWebKit/537.36 (KHTML, like Gecko) Chrome/131.0.0.0 Safari/537.36"
206.81.5.253 - - [14/Sep/2026:03:33:57 +0200] "POST /wp-json/batch/v1 HTTP/1.1" 207 557 "-" "Mozilla/5.0 (Windows NT 10.0; Win64; x64) AppleWebKit/537.36 (KHTML, like Gecko) Chrome/131.0.0.0 Safari/537.36"
206.81.5.253 - - [14/Sep/2026:03:33:58 +0200] "POST /wp-json/batch/v1 HTTP/1.1" 207 557 "-" "Mozilla/5.0 (Windows NT 10.0; Win64; x64) AppleWebKit/537.36 (KHTML, like Gecko) Chrome/131.0.0.0 Safari/537.36"
206.81.5.253 - - [14/Sep/2026:03:33:59 +0200] "POST /wp-json/batch/v1 HTTP/1.1" 207 557 "-" "Mozilla/5.0 (Windows NT 10.0; Win64; x64) AppleWebKit/537.36 (KHTML, like Gecko) Chrome/131.0.0.0 Safari/537.36"
206.81.5.253 - - [14/Sep/2026:03:33:59 +0200] "POST /wp-json/batch/v1 HTTP/1.1" 207 557 "-" "Mozilla/5.0 (Windows NT 10.0; Win64; x64) AppleWebKit/537.36 (KHTML, like Gecko) Chrome/131.0.0.0 Safari/537.36"
40.77.167.132 - - [14/Sep/2026:03:34:36 +0200] "GET /lucile-guijarro/ HTTP/1.1" 200 298540 "-" "Mozilla/5.0 AppleWebKit/537.36 (KHTML, like Gecko; compatible; bingbot/2.0; +http://www.bing.com/bingbot.htm) Chrome/116.0.1938.76 Safari/537.36"
109.234.165.65 - - [14/Sep/2026:03:34:54 +0200] "POST /wp-cron.php?doing_wp_cron=1789349694.7271358966827392578125 HTTP/1.1" 200 - "-" "WordPress/7.1; https://lecocondalfred.fr"
40.77.167.187 - - [14/Sep/2026:03:34:54 +0200] "GET /robots.txt HTTP/1.1" 200 175 "-" "Mozilla/5.0 AppleWebKit/537.36 (KHTML, like Gecko; compatible; bingbot/2.0; +http://www.bing.com/bingbot.htm) Chrome/116.0.1938.76 Safari/537.36"
40.77.167.132 - - [14/Sep/2026:03:34:55 +0200] "GET /wp-content/uploads/elementor/google-fonts/fonts/roboto-kfo7cnqeu92fr1me7ksn66agldtyluama3yuba.woff2 HTTP/1.1" 200 40128 "https://lecocondalfred.fr/wp-content/uploads/elementor/google-fonts/css/roboto.css?ver=1742247286" "Mozilla/5.0 AppleWebKit/537.36 (KHTML, like Gecko; compatible; bingbot/2.0; +http://www.bing.com/bingbot.htm) Chrome/136.0.0.0 Safari/537.36 AppleWebKit/537.36 (KHTML, like Gecko; compatible; bingbot/2.0; +http://www.bing.com/bingbot.htm) Chrome/116.0.1938.76 Safari/537.36"
40.77.167.132 - - [14/Sep/2026:03:34:55 +0200] "GET /wp-content/plugins/elementor/assets/js/text-editor.45609661e409413f1cef.bundle.min.js HTTP/1.1" 200 1348 "https://lecocondalfred.fr/lucile-guijarro/" "Mozilla/5.0 AppleWebKit/537.36 (KHTML, like Gecko; compatible; bingbot/2.0; +http://www.bing.com/bingbot.htm) Chrome/136.0.0.0 Safari/537.36 AppleWebKit/537.36 (KHTML, like Gecko; compatible; bingbot/2.0; +http://www.bing.com/bingbot.htm) Chrome/116.0.1938.76 Safari/537.36"
40.77.167.132 - - [14/Sep/2026:03:34:55 +0200] "GET /wp-content/plugins/elementor/assets/js/section-frontend-handlers.d85ab872da118940910d.bundle.min.js HTTP/1.1" 200 449 "https://lecocondalfred.fr/lucile-guijarro/" "Mozilla/5.0 AppleWebKit/537.36 (KHTML, like Gecko; compatible; bingbot/2.0; +http://www.bing.com/bingbot.htm) Chrome/136.0.0.0 Safari/537.36 AppleWebKit/537.36 (KHTML, like Gecko; compatible; bingbot/2.0; +http://www.bing.com/bingbot.htm) Chrome/116.0.1938.76 Safari/537.36"
40.77.167.1 - - [14/Sep/2026:03:35:00 +0200] "GET /wp-content/uploads/elementor/google-fonts/fonts/baskervville-ya9kr0yu4l_xorogbkun3kqqtamrrvi.woff2 HTTP/1.1" 200 26968 "https://lecocondalfred.fr/wp-content/uploads/elementor/google-fonts/css/baskervville.css?ver=1742247287" "Mozilla/5.0 AppleWebKit/537.36 (KHTML, like Gecko; compatible; bingbot/2.0; +http://www.bing.com/bingbot.htm) Chrome/136.0.0.0 Safari/537.36 AppleWebKit/537.36 (KHTML, like Gecko; compatible; bingbot/2.0; +http://www.bing.com/bingbot.htm) Chrome/116.0.1938.76 Safari/537.36"
157.55.39.202 - - [14/Sep/2026:03:35:00 +0200] "GET /wp-content/plugins/elementor-pro/assets/js/nav-menu.dc8790fd04afa5b6c0a3.bundle.min.js HTTP/1.1" 200 5038 "https://lecocondalfred.fr/lucile-guijarro/" "Mozilla/5.0 AppleWebKit/537.36 (KHTML, like Gecko; compatible; bingbot/2.0; +http://www.bing.com/bingbot.htm) Chrome/136.0.0.0 Safari/537.36 AppleWebKit/537.36 (KHTML, like Gecko; compatible; bingbot/2.0; +http://www.bing.com/bingbot.htm) Chrome/116.0.1938.76 Safari/537.36"
40.77.167.1 - - [14/Sep/2026:03:35:00 +0200] "GET /wp-content/plugins/elementor/assets/js/shared-frontend-handlers.03caa53373b56d3bab67.bundle.min.js HTTP/1.1" 200 8481 "https://lecocondalfred.fr/lucile-guijarro/" "Mozilla/5.0 AppleWebKit/537.36 (KHTML, like Gecko; compatible; bingbot/2.0; +http://www.bing.com/bingbot.htm) Chrome/136.0.0.0 Safari/537.36 AppleWebKit/537.36 (KHTML, like Gecko; compatible; bingbot/2.0; +http://www.bing.com/bingbot.htm) Chrome/116.0.1938.76 Safari/537.36"
40.77.167.1 - - [14/Sep/2026:03:35:00 +0200] "POST /wp-admin/admin-ajax.php HTTP/1.1" 200 88 "https://lecocondalfred.fr/lucile-guijarro/" "Mozilla/5.0 AppleWebKit/537.36 (KHTML, like Gecko; compatible; bingbot/2.0; +http://www.bing.com/bingbot.htm) Chrome/136.0.0.0 Safari/537.36 AppleWebKit/537.36 (KHTML, like Gecko; compatible; bingbot/2.0; +http://www.bing.com/bingbot.htm) Chrome/116.0.1938.76 Safari/537.36"
