176.150.49.248 - - [14/Sep/2026:08:44:34 +0200] "GET /wp-content/uploads/elementor/google-fonts/css/robotoslab.css?ver=1742247279 HTTP/1.1" 200 23625 "https://lecocondalfred.fr/manon-corvaisie/" "Mozilla/5.0 (iPhone; CPU iPhone OS 18_7 like Mac OS X) AppleWebKit/605.1.15 (KHTML, like Gecko) Version/26.5 Mobile/15E148 Safari/604.1"
176.150.49.248 - - [14/Sep/2026:08:44:34 +0200] "GET /wp-content/uploads/elementor/google-fonts/css/roboto.css?ver=1742247286 HTTP/1.1" 200 104004 "https://lecocondalfred.fr/manon-corvaisie/" "Mozilla/5.0 (iPhone; CPU iPhone OS 18_7 like Mac OS X) AppleWebKit/605.1.15 (KHTML, like Gecko) Version/26.5 Mobile/15E148 Safari/604.1"
176.150.49.248 - - [14/Sep/2026:08:44:34 +0200] "GET /wp-content/uploads/elementor/google-fonts/css/baskervville.css?ver=1742247287 HTTP/1.1" 200 1828 "https://lecocondalfred.fr/manon-corvaisie/" "Mozilla/5.0 (iPhone; CPU iPhone OS 18_7 like Mac OS X) AppleWebKit/605.1.15 (KHTML, like Gecko) Version/26.5 Mobile/15E148 Safari/604.1"
176.150.49.248 - - [14/Sep/2026:08:44:34 +0200] "GET /wp-content/uploads/elementor/google-fonts/css/robotocondensed.css?ver=1742247293 HTTP/1.1" 200 49464 "https://lecocondalfred.fr/manon-corvaisie/" "Mozilla/5.0 (iPhone; CPU iPhone OS 18_7 like Mac OS X) AppleWebKit/605.1.15 (KHTML, like Gecko) Version/26.5 Mobile/15E148 Safari/604.1"
176.150.49.248 - - [14/Sep/2026:08:44:34 +0200] "GET /wp-content/plugins/elementor/assets/lib/font-awesome/css/fontawesome.min.css?ver=5.15.3 HTTP/1.1" 200 58071 "https://lecocondalfred.fr/manon-corvaisie/" "Mozilla/5.0 (iPhone; CPU iPhone OS 18_7 like Mac OS X) AppleWebKit/605.1.15 (KHTML, like Gecko) Version/26.5 Mobile/15E148 Safari/604.1"
176.150.49.248 - - [14/Sep/2026:08:44:34 +0200] "GET /wp-content/plugins/elementor/assets/lib/font-awesome/css/solid.min.css?ver=5.15.3 HTTP/1.1" 200 669 "https://lecocondalfred.fr/manon-corvaisie/" "Mozilla/5.0 (iPhone; CPU iPhone OS 18_7 like Mac OS X) AppleWebKit/605.1.15 (KHTML, like Gecko) Version/26.5 Mobile/15E148 Safari/604.1"
176.150.49.248 - - [14/Sep/2026:08:44:34 +0200] "GET /wp-content/plugins/elementor/assets/lib/font-awesome/css/brands.min.css?ver=5.15.3 HTTP/1.1" 200 675 "https://lecocondalfred.fr/manon-corvaisie/" "Mozilla/5.0 (iPhone; CPU iPhone OS 18_7 like Mac OS X) AppleWebKit/605.1.15 (KHTML, like Gecko) Version/26.5 Mobile/15E148 Safari/604.1"
176.150.49.248 - - [14/Sep/2026:08:44:34 +0200] "GET /wp-includes/js/jquery/jquery.min.js?ver=3.7.1 HTTP/1.1" 200 87553 "https://lecocondalfred.fr/manon-corvaisie/" "Mozilla/5.0 (iPhone; CPU iPhone OS 18_7 like Mac OS X) AppleWebKit/605.1.15 (KHTML, like Gecko) Version/26.5 Mobile/15E148 Safari/604.1"
176.150.49.248 - - [14/Sep/2026:08:44:34 +0200] "GET /wp-includes/js/jquery/jquery-migrate.min.js?ver=3.4.1 HTTP/1.1" 200 13577 "https://lecocondalfred.fr/manon-corvaisie/" "Mozilla/5.0 (iPhone; CPU iPhone OS 18_7 like Mac OS X) AppleWebKit/605.1.15 (KHTML, like Gecko) Version/26.5 Mobile/15E148 Safari/604.1"
176.150.49.248 - - [14/Sep/2026:08:44:34 +0200] "GET /wp-content/plugins/cookie-law-info/legacy/public/js/cookie-law-info-public.js?ver=3.5.5 HTTP/1.1" 200 34121 "https://lecocondalfred.fr/manon-corvaisie/" "Mozilla/5.0 (iPhone; CPU iPhone OS 18_7 like Mac OS X) AppleWebKit/605.1.15 (KHTML, like Gecko) Version/26.5 Mobile/15E148 Safari/604.1"
176.150.49.248 - - [14/Sep/2026:08:44:34 +0200] "GET /wp-content/plugins/elementor/assets/lib/font-awesome/js/v4-shims.min.js?ver=4.2.4 HTTP/1.1" 200 15073 "https://lecocondalfred.fr/manon-corvaisie/" "Mozilla/5.0 (iPhone; CPU iPhone OS 18_7 like Mac OS X) AppleWebKit/605.1.15 (KHTML, like Gecko) Version/26.5 Mobile/15E148 Safari/604.1"
176.150.49.248 - - [14/Sep/2026:08:44:34 +0200] "GET /wp-content/uploads/2021/07/LOGO-BLEU-COCON.png HTTP/1.1" 200 7385 "https://lecocondalfred.fr/manon-corvaisie/" "Mozilla/5.0 (iPhone; CPU iPhone OS 18_7 like Mac OS X) AppleWebKit/605.1.15 (KHTML, like Gecko) Version/26.5 Mobile/15E148 Safari/604.1"
176.150.49.248 - - [14/Sep/2026:08:44:34 +0200] "GET /wp-content/plugins/cookie-law-info/legacy/public/css/cookie-law-info-table.css?ver=3.5.5 HTTP/1.1" 200 6113 "https://lecocondalfred.fr/manon-corvaisie/" "Mozilla/5.0 (iPhone; CPU iPhone OS 18_7 like Mac OS X) AppleWebKit/605.1.15 (KHTML, like Gecko) Version/26.5 Mobile/15E148 Safari/604.1"
176.150.49.248 - - [14/Sep/2026:08:44:34 +0200] "GET /wp-content/themes/astra/assets/js/minified/frontend.min.js?ver=4.13.10 HTTP/1.1" 200 26311 "https://lecocondalfred.fr/manon-corvaisie/" "Mozilla/5.0 (iPhone; CPU iPhone OS 18_7 like Mac OS X) AppleWebKit/605.1.15 (KHTML, like Gecko) Version/26.5 Mobile/15E148 Safari/604.1"
176.150.49.248 - - [14/Sep/2026:08:44:34 +0200] "GET /wp-content/plugins/the-events-calendar/common/build/js/user-agent.js?ver=da75d0bdea6dde3898df HTTP/1.1" 200 291 "https://lecocondalfred.fr/manon-corvaisie/" "Mozilla/5.0 (iPhone; CPU iPhone OS 18_7 like Mac OS X) AppleWebKit/605.1.15 (KHTML, like Gecko) Version/26.5 Mobile/15E148 Safari/604.1"
176.150.49.248 - - [14/Sep/2026:08:44:34 +0200] "GET /wp-includes/js/dist/dom-ready.min.js?ver=3fe927cab37bf38d6a23 HTTP/1.1" 200 881 "https://lecocondalfred.fr/manon-corvaisie/" "Mozilla/5.0 (iPhone; CPU iPhone OS 18_7 like Mac OS X) AppleWebKit/605.1.15 (KHTML, like Gecko) Version/26.5 Mobile/15E148 Safari/604.1"
176.150.49.248 - - [14/Sep/2026:08:44:34 +0200] "GET /wp-content/plugins/astra-sites/inc/lib/onboarding/assets/dist/template-preview/main.js?ver=09382f635556bec359b3 HTTP/1.1" 200 6587 "https://lecocondalfred.fr/manon-corvaisie/" "Mozilla/5.0 (iPhone; CPU iPhone OS 18_7 like Mac OS X) AppleWebKit/605.1.15 (KHTML, like Gecko) Version/26.5 Mobile/15E148 Safari/604.1"
176.150.49.248 - - [14/Sep/2026:08:44:34 +0200] "GET /wp-content/plugins/wpfront-scroll-top/includes/assets/wpfront-scroll-top.min.js?ver=3.0.1.09211 HTTP/1.1" 200 1490 "https://lecocondalfred.fr/manon-corvaisie/" "Mozilla/5.0 (iPhone; CPU iPhone OS 18_7 like Mac OS X) AppleWebKit/605.1.15 (KHTML, like Gecko) Version/26.5 Mobile/15E148 Safari/604.1"
176.150.49.248 - - [14/Sep/2026:08:44:34 +0200] "GET /wp-content/plugins/elementor/assets/js/webpack.runtime.min.js?ver=4.2.4 HTTP/1.1" 200 5819 "https://lecocondalfred.fr/manon-corvaisie/" "Mozilla/5.0 (iPhone; CPU iPhone OS 18_7 like Mac OS X) AppleWebKit/605.1.15 (KHTML, like Gecko) Version/26.5 Mobile/15E148 Safari/604.1"
176.150.49.248 - - [14/Sep/2026:08:44:34 +0200] "GET /wp-content/plugins/elementor/assets/js/frontend-modules.min.js?ver=4.2.4 HTTP/1.1" 200 50602 "https://lecocondalfred.fr/manon-corvaisie/" "Mozilla/5.0 (iPhone; CPU iPhone OS 18_7 like Mac OS X) AppleWebKit/605.1.15 (KHTML, like Gecko) Version/26.5 Mobile/15E148 Safari/604.1"
176.150.49.248 - - [14/Sep/2026:08:44:34 +0200] "GET /wp-includes/js/jquery/ui/core.min.js?ver=1.14.2 HTTP/1.1" 200 18674 "https://lecocondalfred.fr/manon-corvaisie/" "Mozilla/5.0 (iPhone; CPU iPhone OS 18_7 like Mac OS X) AppleWebKit/605.1.15 (KHTML, like Gecko) Version/26.5 Mobile/15E148 Safari/604.1"
176.150.49.248 - - [14/Sep/2026:08:44:34 +0200] "GET /wp-content/plugins/elementor/assets/js/frontend.min.js?ver=4.2.4 HTTP/1.1" 200 32098 "https://lecocondalfred.fr/manon-corvaisie/" "Mozilla/5.0 (iPhone; CPU iPhone OS 18_7 like Mac OS X) AppleWebKit/605.1.15 (KHTML, like Gecko) Version/26.5 Mobile/15E148 Safari/604.1"
176.150.49.248 - - [14/Sep/2026:08:44:34 +0200] "GET /wp-content/plugins/elementor-pro/assets/lib/smartmenus/jquery.smartmenus.min.js?ver=1.2.1 HTTP/1.1" 200 24109 "https://lecocondalfred.fr/manon-corvaisie/" "Mozilla/5.0 (iPhone; CPU iPhone OS 18_7 like Mac OS X) AppleWebKit/605.1.15 (KHTML, like Gecko) Version/26.5 Mobile/15E148 Safari/604.1"
176.150.49.248 - - [14/Sep/2026:08:44:34 +0200] "GET /wp-content/plugins/wp-smushit/app/assets/js/smush-lazy-load.min.js?ver=4.3.0 HTTP/1.1" 200 23727 "https://lecocondalfred.fr/manon-corvaisie/" "Mozilla/5.0 (iPhone; CPU iPhone OS 18_7 like Mac OS X) AppleWebKit/605.1.15 (KHTML, like Gecko) Version/26.5 Mobile/15E148 Safari/604.1"
176.150.49.248 - - [14/Sep/2026:08:44:34 +0200] "GET /wp-content/plugins/wp-consent-api/assets/js/wp-consent-api.min.js?ver=2.0.1 HTTP/1.1" 200 2235 "https://lecocondalfred.fr/manon-corvaisie/" "Mozilla/5.0 (iPhone; CPU iPhone OS 18_7 like Mac OS X) AppleWebKit/605.1.15 (KHTML, like Gecko) Version/26.5 Mobile/15E148 Safari/604.1"
176.150.49.248 - - [14/Sep/2026:08:44:34 +0200] "GET /wp-content/plugins/elementor-pro/assets/js/webpack-pro.runtime.min.js?ver=4.2.1 HTTP/1.1" 200 6242 "https://lecocondalfred.fr/manon-corvaisie/" "Mozilla/5.0 (iPhone; CPU iPhone OS 18_7 like Mac OS X) AppleWebKit/605.1.15 (KHTML, like Gecko) Version/26.5 Mobile/15E148 Safari/604.1"
176.150.49.248 - - [14/Sep/2026:08:44:34 +0200] "GET /wp-includes/js/dist/hooks.min.js?ver=f0f188028580e8dc1255 HTTP/1.1" 200 5107 "https://lecocondalfred.fr/manon-corvaisie/" "Mozilla/5.0 (iPhone; CPU iPhone OS 18_7 like Mac OS X) AppleWebKit/605.1.15 (KHTML, like Gecko) Version/26.5 Mobile/15E148 Safari/604.1"
176.150.49.248 - - [14/Sep/2026:08:44:34 +0200] "GET /wp-includes/js/dist/i18n.min.js?ver=1dfe7db3940c23ea9216 HTTP/1.1" 200 5791 "https://lecocondalfred.fr/manon-corvaisie/" "Mozilla/5.0 (iPhone; CPU iPhone OS 18_7 like Mac OS X) AppleWebKit/605.1.15 (KHTML, like Gecko) Version/26.5 Mobile/15E148 Safari/604.1"
176.150.49.248 - - [14/Sep/2026:08:44:34 +0200] "GET /wp-content/plugins/elementor-pro/assets/js/frontend.min.js?ver=4.2.1 HTTP/1.1" 200 23939 "https://lecocondalfred.fr/manon-corvaisie/" "Mozilla/5.0 (iPhone; CPU iPhone OS 18_7 like Mac OS X) AppleWebKit/605.1.15 (KHTML, like Gecko) Version/26.5 Mobile/15E148 Safari/604.1"
176.150.49.248 - - [14/Sep/2026:08:44:34 +0200] "GET /wp-content/plugins/elementor-pro/assets/js/elements-handlers.min.js?ver=4.2.1 HTTP/1.1" 200 43922 "https://lecocondalfred.fr/manon-corvaisie/" "Mozilla/5.0 (iPhone; CPU iPhone OS 18_7 like Mac OS X) AppleWebKit/605.1.15 (KHTML, like Gecko) Version/26.5 Mobile/15E148 Safari/604.1"
176.150.49.248 - - [14/Sep/2026:08:44:34 +0200] "GET /wp-content/uploads/elementor/google-fonts/fonts/roboto-kfo7cnqeu92fr1me7ksn66agldtyluama3yuba.woff2 HTTP/1.1" 200 40128 "https://lecocondalfred.fr/manon-corvaisie/" "Mozilla/5.0 (iPhone; CPU iPhone OS 18_7 like Mac OS X) AppleWebKit/605.1.15 (KHTML, like Gecko) Version/26.5 Mobile/15E148 Safari/604.1"
176.150.49.248 - - [14/Sep/2026:08:44:34 +0200] "GET /wp-content/plugins/elementor/assets/lib/eicons/fonts/eicons.woff2?5.53.0 HTTP/1.1" 200 108000 "https://lecocondalfred.fr/manon-corvaisie/" "Mozilla/5.0 (iPhone; CPU iPhone OS 18_7 like Mac OS X) AppleWebKit/605.1.15 (KHTML, like Gecko) Version/26.5 Mobile/15E148 Safari/604.1"
176.150.49.248 - - [14/Sep/2026:08:44:34 +0200] "GET /wp-content/plugins/elementor/assets/lib/font-awesome/webfonts/fa-solid-900.woff2 HTTP/1.1" 200 78196 "https://lecocondalfred.fr/manon-corvaisie/" "Mozilla/5.0 (iPhone; CPU iPhone OS 18_7 like Mac OS X) AppleWebKit/605.1.15 (KHTML, like Gecko) Version/26.5 Mobile/15E148 Safari/604.1"
176.150.49.248 - - [14/Sep/2026:08:44:34 +0200] "GET /wp-content/plugins/elementor/assets/lib/font-awesome/webfonts/fa-brands-400.woff2 HTTP/1.1" 200 81612 "https://lecocondalfred.fr/manon-corvaisie/" "Mozilla/5.0 (iPhone; CPU iPhone OS 18_7 like Mac OS X) AppleWebKit/605.1.15 (KHTML, like Gecko) Version/26.5 Mobile/15E148 Safari/604.1"
176.150.49.248 - - [14/Sep/2026:08:44:34 +0200] "GET /wp-content/uploads/elementor/google-fonts/fonts/baskervville-ya9ur0yu4l_xorogbkun3kqqsjmp.woff2 HTTP/1.1" 200 24992 "https://lecocondalfred.fr/manon-corvaisie/" "Mozilla/5.0 (iPhone; CPU iPhone OS 18_7 like Mac OS X) AppleWebKit/605.1.15 (KHTML, like Gecko) Version/26.5 Mobile/15E148 Safari/604.1"
176.150.49.248 - - [14/Sep/2026:08:44:35 +0200] "GET /wp-content/uploads/elementor/google-fonts/fonts/baskervville-ya9kr0yu4l_xorogbkun3kqqtamrrvi.woff2 HTTP/1.1" 200 26968 "https://lecocondalfred.fr/manon-corvaisie/" "Mozilla/5.0 (iPhone; CPU iPhone OS 18_7 like Mac OS X) AppleWebKit/605.1.15 (KHTML, like Gecko) Version/26.5 Mobile/15E148 Safari/604.1"
176.150.49.248 - - [14/Sep/2026:08:44:35 +0200] "GET /wp-content/uploads/elementor/google-fonts/fonts/robotocondensed-ievl2zhzi2ecn5jzbjeets9weq8-19k7dq.woff2 HTTP/1.1" 200 51404 "https://lecocondalfred.fr/manon-corvaisie/" "Mozilla/5.0 (iPhone; CPU iPhone OS 18_7 like Mac OS X) AppleWebKit/605.1.15 (KHTML, like Gecko) Version/26.5 Mobile/15E148 Safari/604.1"
109.234.165.65 - - [14/Sep/2026:08:44:35 +0200] "POST /wp-cron.php?doing_wp_cron=1789368275.1902670860290527343750 HTTP/1.1" 200 - "-" "WordPress/7.1; https://lecocondalfred.fr"
176.150.49.248 - - [14/Sep/2026:08:44:34 +0200] "GET /wp-content/plugins/google-site-kit/dist/assets/js/googlesitekit-consent-mode-86cb52dcb9f2b27ed244.js HTTP/1.1" 404 146147 "https://lecocondalfred.fr/manon-corvaisie/" "Mozilla/5.0 (iPhone; CPU iPhone OS 18_7 like Mac OS X) AppleWebKit/605.1.15 (KHTML, like Gecko) Version/26.5 Mobile/15E148 Safari/604.1"
176.150.49.248 - - [14/Sep/2026:08:44:35 +0200] "GET /wp-content/uploads/2025/09/PHOTO-2025-09-18-16-56-00-e1758274989539-768x1179.jpg HTTP/1.1" 200 94915 "https://lecocondalfred.fr/manon-corvaisie/" "Mozilla/5.0 (iPhone; CPU iPhone OS 18_7 like Mac OS X) AppleWebKit/605.1.15 (KHTML, like Gecko) Version/26.5 Mobile/15E148 Safari/604.1"
176.150.49.248 - - [14/Sep/2026:08:44:34 +0200] "GET /wp-content/plugins/google-site-kit/dist/assets/js/googlesitekit-events-provider-content-events-33078016c5e1e9f07c35.js HTTP/1.1" 404 146171 "https://lecocondalfred.fr/manon-corvaisie/" "Mozilla/5.0 (iPhone; CPU iPhone OS 18_7 like Mac OS X) AppleWebKit/605.1.15 (KHTML, like Gecko) Version/26.5 Mobile/15E148 Safari/604.1"
176.150.49.248 - - [14/Sep/2026:08:44:34 +0200] "GET /wp-content/plugins/google-site-kit/dist/assets/js/googlesitekit-events-provider-wpforms-063cb453c64ecfd3dafe.js HTTP/1.1" 404 146163 "https://lecocondalfred.fr/manon-corvaisie/" "Mozilla/5.0 (iPhone; CPU iPhone OS 18_7 like Mac OS X) AppleWebKit/605.1.15 (KHTML, like Gecko) Version/26.5 Mobile/15E148 Safari/604.1"
176.150.49.248 - - [14/Sep/2026:08:44:35 +0200] "GET /wp-content/uploads/2021/09/Image-Footer.jpg HTTP/1.1" 200 65284 "https://lecocondalfred.fr/manon-corvaisie/" "Mozilla/5.0 (iPhone; CPU iPhone OS 18_7 like Mac OS X) AppleWebKit/605.1.15 (KHTML, like Gecko) Version/26.5 Mobile/15E148 Safari/604.1"
176.150.49.248 - - [14/Sep/2026:08:44:35 +0200] "GET /wp-content/plugins/elementor/assets/js/section-frontend-handlers.d85ab872da118940910d.bundle.min.js HTTP/1.1" 200 449 "https://lecocondalfred.fr/manon-corvaisie/" "Mozilla/5.0 (iPhone; CPU iPhone OS 18_7 like Mac OS X) AppleWebKit/605.1.15 (KHTML, like Gecko) Version/26.5 Mobile/15E148 Safari/604.1"
176.150.49.248 - - [14/Sep/2026:08:44:35 +0200] "GET /wp-content/plugins/elementor/assets/js/shared-frontend-handlers.03caa53373b56d3bab67.bundle.min.js HTTP/1.1" 200 8481 "https://lecocondalfred.fr/manon-corvaisie/" "Mozilla/5.0 (iPhone; CPU iPhone OS 18_7 like Mac OS X) AppleWebKit/605.1.15 (KHTML, like Gecko) Version/26.5 Mobile/15E148 Safari/604.1"
176.150.49.248 - - [14/Sep/2026:08:44:35 +0200] "GET /wp-content/plugins/elementor-pro/assets/js/nav-menu.dc8790fd04afa5b6c0a3.bundle.min.js HTTP/1.1" 200 5038 "https://lecocondalfred.fr/manon-corvaisie/" "Mozilla/5.0 (iPhone; CPU iPhone OS 18_7 like Mac OS X) AppleWebKit/605.1.15 (KHTML, like Gecko) Version/26.5 Mobile/15E148 Safari/604.1"
176.150.49.248 - - [14/Sep/2026:08:44:35 +0200] "GET /wp-content/plugins/elementor/assets/js/accordion.8b0db5058afeb74622f5.bundle.min.js HTTP/1.1" 200 3739 "https://lecocondalfred.fr/manon-corvaisie/" "Mozilla/5.0 (iPhone; CPU iPhone OS 18_7 like Mac OS X) AppleWebKit/605.1.15 (KHTML, like Gecko) Version/26.5 Mobile/15E148 Safari/604.1"
176.150.49.248 - - [14/Sep/2026:08:44:35 +0200] "GET /wp-content/plugins/elementor-pro/assets/js/form.cfd61a9174be80f835c6.bundle.min.js HTTP/1.1" 200 19710 "https://lecocondalfred.fr/manon-corvaisie/" "Mozilla/5.0 (iPhone; CPU iPhone OS 18_7 like Mac OS X) AppleWebKit/605.1.15 (KHTML, like Gecko) Version/26.5 Mobile/15E148 Safari/604.1"
176.150.49.248 - - [14/Sep/2026:08:44:35 +0200] "GET /wp-content/plugins/elementor-pro/assets/js/popup.61d4fcab8891b2e07802.bundle.min.js HTTP/1.1" 200 746 "https://lecocondalfred.fr/manon-corvaisie/" "Mozilla/5.0 (iPhone; CPU iPhone OS 18_7 like Mac OS X) AppleWebKit/605.1.15 (KHTML, like Gecko) Version/26.5 Mobile/15E148 Safari/604.1"
176.150.49.248 - - [14/Sep/2026:08:44:35 +0200] "GET /wp-content/plugins/elementor/assets/js/text-editor.45609661e409413f1cef.bundle.min.js HTTP/1.1" 200 1348 "https://lecocondalfred.fr/manon-corvaisie/" "Mozilla/5.0 (iPhone; CPU iPhone OS 18_7 like Mac OS X) AppleWebKit/605.1.15 (KHTML, like Gecko) Version/26.5 Mobile/15E148 Safari/604.1"
176.150.49.248 - - [14/Sep/2026:08:44:35 +0200] "GET /wp-includes/js/wp-emoji-release.min.js?ver=7.1 HTTP/1.1" 200 22752 "https://lecocondalfred.fr/manon-corvaisie/" "Mozilla/5.0 (iPhone; CPU iPhone OS 18_7 like Mac OS X) AppleWebKit/605.1.15 (KHTML, like Gecko) Version/26.5 Mobile/15E148 Safari/604.1"
176.150.49.248 - - [14/Sep/2026:08:44:35 +0200] "GET /wp/wp-content/uploads/fbrfg/site.webmanifest HTTP/1.1" 404 146091 "https://lecocondalfred.fr/manon-corvaisie/" "Mozilla/5.0 (iPhone; CPU iPhone OS 18_7 like Mac OS X) AppleWebKit/605.1.15 (KHTML, like Gecko) Version/26.5 Mobile/15E148 Safari/604.1"
176.150.49.248 - - [14/Sep/2026:08:44:35 +0200] "GET /wp-content/uploads/2025/03/celine-figlia.png HTTP/1.1" 404 146091 "https://lecocondalfred.fr/manon-corvaisie/" "Mozilla/5.0 (iPhone; CPU iPhone OS 18_7 like Mac OS X) AppleWebKit/605.1.15 (KHTML, like Gecko) Version/26.5 Mobile/15E148 Safari/604.1"
176.150.49.248 - - [14/Sep/2026:08:44:36 +0200] "GET /wp-content/plugins/wpfront-scroll-top/includes/assets/icons/116.png HTTP/1.1" 200 543 "https://lecocondalfred.fr/manon-corvaisie/" "Mozilla/5.0 (iPhone; CPU iPhone OS 18_7 like Mac OS X) AppleWebKit/605.1.15 (KHTML, like Gecko) Version/26.5 Mobile/15E148 Safari/604.1"
176.150.49.248 - - [14/Sep/2026:08:44:36 +0200] "GET /wp-content/uploads/2021/08/cropped-FAVICON-lecocondalfred-32x32.png HTTP/1.1" 200 340 "https://lecocondalfred.fr/manon-corvaisie/" "Mozilla/5.0 (iPhone; CPU iPhone OS 18_7 like Mac OS X) AppleWebKit/605.1.15 (KHTML, like Gecko) Version/26.5 Mobile/15E148 Safari/604.1"
176.150.49.248 - - [14/Sep/2026:08:44:36 +0200] "GET /wp-content/uploads/2021/08/cropped-FAVICON-lecocondalfred-192x192.png HTTP/1.1" 200 1935 "https://lecocondalfred.fr/manon-corvaisie/" "Mozilla/5.0 (iPhone; CPU iPhone OS 18_7 like Mac OS X) AppleWebKit/605.1.15 (KHTML, like Gecko) Version/26.5 Mobile/15E148 Safari/604.1"
176.150.49.248 - - [14/Sep/2026:08:44:36 +0200] "GET /wp/wp-content/uploads/fbrfg/favicon-32x32.png HTTP/1.1" 404 146095 "https://lecocondalfred.fr/manon-corvaisie/" "Mozilla/5.0 (iPhone; CPU iPhone OS 18_7 like Mac OS X) AppleWebKit/605.1.15 (KHTML, like Gecko) Version/26.5 Mobile/15E148 Safari/604.1"
176.150.49.248 - - [14/Sep/2026:08:44:36 +0200] "GET /wp/wp-content/uploads/fbrfg/favicon.ico HTTP/1.1" 404 146087 "https://lecocondalfred.fr/manon-corvaisie/" "Mozilla/5.0 (iPhone; CPU iPhone OS 18_7 like Mac OS X) AppleWebKit/605.1.15 (KHTML, like Gecko) Version/26.5 Mobile/15E148 Safari/604.1"
176.150.49.248 - - [14/Sep/2026:08:44:36 +0200] "GET /wp/wp-content/uploads/fbrfg/favicon-16x16.png HTTP/1.1" 404 146095 "https://lecocondalfred.fr/manon-corvaisie/" "Mozilla/5.0 (iPhone; CPU iPhone OS 18_7 like Mac OS X) AppleWebKit/605.1.15 (KHTML, like Gecko) Version/26.5 Mobile/15E148 Safari/604.1"
176.150.49.248 - - [14/Sep/2026:08:45:02 +0200] "GET /nos-professionnels/ HTTP/1.1" 200 274928 "https://lecocondalfred.fr/manon-corvaisie/" "Mozilla/5.0 (iPhone; CPU iPhone OS 18_7 like Mac OS X) AppleWebKit/605.1.15 (KHTML, like Gecko) Version/26.5 Mobile/15E148 Safari/604.1"
176.150.49.248 - - [14/Sep/2026:08:45:02 +0200] "GET /wp-content/uploads/elementor/google-fonts/fonts/roboto-kfo5cnqeu92fr1mu53zec9_vu3r1gihoszmkbnka.woff2 HTTP/1.1" 200 44192 "https://lecocondalfred.fr/manon-corvaisie/" "Mozilla/5.0 (iPhone; CPU iPhone OS 18_7 like Mac OS X) AppleWebKit/605.1.15 (KHTML, like Gecko) Version/26.5 Mobile/15E148 Safari/604.1"
176.150.49.248 - - [14/Sep/2026:08:45:02 +0200] "GET /wp-content/plugins/google-site-kit/dist/assets/js/googlesitekit-events-provider-content-events-33078016c5e1e9f07c35.js HTTP/1.1" 404 146171 "https://lecocondalfred.fr/nos-professionnels/" "Mozilla/5.0 (iPhone; CPU iPhone OS 18_7 like Mac OS X) AppleWebKit/605.1.15 (KHTML, like Gecko) Version/26.5 Mobile/15E148 Safari/604.1"
109.234.165.65 - - [14/Sep/2026:08:45:02 +0200] "POST /wp-cron.php?doing_wp_cron=1789368302.9669620990753173828125 HTTP/1.1" 200 - "-" "WordPress/7.1; https://lecocondalfred.fr"
176.150.49.248 - - [14/Sep/2026:08:45:02 +0200] "GET /wp-content/plugins/google-site-kit/dist/assets/js/googlesitekit-events-provider-wpforms-063cb453c64ecfd3dafe.js HTTP/1.1" 404 146163 "https://lecocondalfred.fr/nos-professionnels/" "Mozilla/5.0 (iPhone; CPU iPhone OS 18_7 like Mac OS X) AppleWebKit/605.1.15 (KHTML, like Gecko) Version/26.5 Mobile/15E148 Safari/604.1"
176.150.49.248 - - [14/Sep/2026:08:45:02 +0200] "GET /wp/wp-content/uploads/fbrfg/site.webmanifest HTTP/1.1" 404 146091 "https://lecocondalfred.fr/nos-professionnels/" "Mozilla/5.0 (iPhone; CPU iPhone OS 18_7 like Mac OS X) AppleWebKit/605.1.15 (KHTML, like Gecko) Version/26.5 Mobile/15E148 Safari/604.1"
176.150.49.248 - - [14/Sep/2026:08:45:02 +0200] "GET /wp-content/plugins/google-site-kit/dist/assets/js/googlesitekit-consent-mode-86cb52dcb9f2b27ed244.js HTTP/1.1" 404 146147 "https://lecocondalfred.fr/nos-professionnels/" "Mozilla/5.0 (iPhone; CPU iPhone OS 18_7 like Mac OS X) AppleWebKit/605.1.15 (KHTML, like Gecko) Version/26.5 Mobile/15E148 Safari/604.1"
176.150.49.248 - - [14/Sep/2026:08:45:03 +0200] "GET /wp-content/uploads/2025/04/Site-du-Cocon-e1757589450148.jpg HTTP/1.1" 200 48778 "https://lecocondalfred.fr/nos-professionnels/" "Mozilla/5.0 (iPhone; CPU iPhone OS 18_7 like Mac OS X) AppleWebKit/605.1.15 (KHTML, like Gecko) Version/26.5 Mobile/15E148 Safari/604.1"
176.150.49.248 - - [14/Sep/2026:08:45:03 +0200] "GET /wp-content/uploads/2022/12/laurie-presentation.jpg HTTP/1.1" 200 27886 "https://lecocondalfred.fr/nos-professionnels/" "Mozilla/5.0 (iPhone; CPU iPhone OS 18_7 like Mac OS X) AppleWebKit/605.1.15 (KHTML, like Gecko) Version/26.5 Mobile/15E148 Safari/604.1"
176.150.49.248 - - [14/Sep/2026:08:45:03 +0200] "GET /wp-content/uploads/2025/09/8A1AF3D8-AD3D-4301-8725-9C2AD91E3B34-e1757063541568.jpg HTTP/1.1" 200 25282 "https://lecocondalfred.fr/nos-professionnels/" "Mozilla/5.0 (iPhone; CPU iPhone OS 18_7 like Mac OS X) AppleWebKit/605.1.15 (KHTML, like Gecko) Version/26.5 Mobile/15E148 Safari/604.1"
176.150.49.248 - - [14/Sep/2026:08:45:03 +0200] "GET /wp-content/uploads/2025/04/8A1AF3D8-AD3D-4301-8725-9C2AD91E3B34-e1757062442279.jpg HTTP/1.1" 200 19037 "https://lecocondalfred.fr/nos-professionnels/" "Mozilla/5.0 (iPhone; CPU iPhone OS 18_7 like Mac OS X) AppleWebKit/605.1.15 (KHTML, like Gecko) Version/26.5 Mobile/15E148 Safari/604.1"
176.150.49.248 - - [14/Sep/2026:08:45:03 +0200] "GET /wp-content/uploads/2025/10/IMG_1538-scaled-e1761573720870.jpeg HTTP/1.1" 200 76354 "https://lecocondalfred.fr/nos-professionnels/" "Mozilla/5.0 (iPhone; CPU iPhone OS 18_7 like Mac OS X) AppleWebKit/605.1.15 (KHTML, like Gecko) Version/26.5 Mobile/15E148 Safari/604.1"
176.150.49.248 - - [14/Sep/2026:08:45:03 +0200] "GET /wp-content/uploads/2024/09/DSC00427.jpg HTTP/1.1" 200 347534 "https://lecocondalfred.fr/nos-professionnels/" "Mozilla/5.0 (iPhone; CPU iPhone OS 18_7 like Mac OS X) AppleWebKit/605.1.15 (KHTML, like Gecko) Version/26.5 Mobile/15E148 Safari/604.1"
176.150.49.248 - - [14/Sep/2026:08:45:03 +0200] "GET /wp-content/uploads/2021/10/TROMBI-Eugenie-LE-MOIGNE.jpg HTTP/1.1" 200 46371 "https://lecocondalfred.fr/nos-professionnels/" "Mozilla/5.0 (iPhone; CPU iPhone OS 18_7 like Mac OS X) AppleWebKit/605.1.15 (KHTML, like Gecko) Version/26.5 Mobile/15E148 Safari/604.1"
176.150.49.248 - - [14/Sep/2026:08:45:03 +0200] "GET /wp-content/uploads/2024/09/DSC00464-e1757589124789.jpg HTTP/1.1" 200 43484 "https://lecocondalfred.fr/nos-professionnels/" "Mozilla/5.0 (iPhone; CPU iPhone OS 18_7 like Mac OS X) AppleWebKit/605.1.15 (KHTML, like Gecko) Version/26.5 Mobile/15E148 Safari/604.1"
176.150.49.248 - - [14/Sep/2026:08:45:03 +0200] "GET /wp-content/uploads/2025/09/Cecile--e1758110888190.png HTTP/1.1" 200 230516 "https://lecocondalfred.fr/nos-professionnels/" "Mozilla/5.0 (iPhone; CPU iPhone OS 18_7 like Mac OS X) AppleWebKit/605.1.15 (KHTML, like Gecko) Version/26.5 Mobile/15E148 Safari/604.1"
176.150.49.248 - - [14/Sep/2026:08:45:03 +0200] "GET /wp-content/uploads/2024/09/DSC00483.jpg HTTP/1.1" 200 294143 "https://lecocondalfred.fr/nos-professionnels/" "Mozilla/5.0 (iPhone; CPU iPhone OS 18_7 like Mac OS X) AppleWebKit/605.1.15 (KHTML, like Gecko) Version/26.5 Mobile/15E148 Safari/604.1"
176.150.49.248 - - [14/Sep/2026:08:45:03 +0200] "GET /wp-content/uploads/2024/09/DSC00525.jpg HTTP/1.1" 200 229251 "https://lecocondalfred.fr/nos-professionnels/" "Mozilla/5.0 (iPhone; CPU iPhone OS 18_7 like Mac OS X) AppleWebKit/605.1.15 (KHTML, like Gecko) Version/26.5 Mobile/15E148 Safari/604.1"
176.150.49.248 - - [14/Sep/2026:08:45:03 +0200] "GET /wp-content/uploads/2025/09/IMG_20250915_104859-1-scaled-e1757926796500.jpg HTTP/1.1" 200 35251 "https://lecocondalfred.fr/nos-professionnels/" "Mozilla/5.0 (iPhone; CPU iPhone OS 18_7 like Mac OS X) AppleWebKit/605.1.15 (KHTML, like Gecko) Version/26.5 Mobile/15E148 Safari/604.1"
176.150.49.248 - - [14/Sep/2026:08:45:03 +0200] "GET /wp-content/uploads/2024/09/DSC00457.jpg HTTP/1.1" 200 207472 "https://lecocondalfred.fr/nos-professionnels/" "Mozilla/5.0 (iPhone; CPU iPhone OS 18_7 like Mac OS X) AppleWebKit/605.1.15 (KHTML, like Gecko) Version/26.5 Mobile/15E148 Safari/604.1"
176.150.49.248 - - [14/Sep/2026:08:45:03 +0200] "GET /wp-content/uploads/2024/09/DSC00517.jpg HTTP/1.1" 200 304030 "https://lecocondalfred.fr/nos-professionnels/" "Mozilla/5.0 (iPhone; CPU iPhone OS 18_7 like Mac OS X) AppleWebKit/605.1.15 (KHTML, like Gecko) Version/26.5 Mobile/15E148 Safari/604.1"
176.150.49.248 - - [14/Sep/2026:08:45:03 +0200] "GET /wp-content/uploads/2024/09/DSC00508.jpg HTTP/1.1" 200 234308 "https://lecocondalfred.fr/nos-professionnels/" "Mozilla/5.0 (iPhone; CPU iPhone OS 18_7 like Mac OS X) AppleWebKit/605.1.15 (KHTML, like Gecko) Version/26.5 Mobile/15E148 Safari/604.1"
176.150.49.248 - - [14/Sep/2026:08:45:03 +0200] "GET /wp-content/uploads/2025/09/PHOTO-2025-09-18-16-56-00-e1758275008917.jpg HTTP/1.1" 200 49711 "https://lecocondalfred.fr/nos-professionnels/" "Mozilla/5.0 (iPhone; CPU iPhone OS 18_7 like Mac OS X) AppleWebKit/605.1.15 (KHTML, like Gecko) Version/26.5 Mobile/15E148 Safari/604.1"
176.150.49.248 - - [14/Sep/2026:08:45:03 +0200] "GET /wp-content/uploads/2026/01/f8a7ae08-1ecf-47dc-b3fa-6dc69a70084b-e1769509757518.jpg HTTP/1.1" 200 42651 "https://lecocondalfred.fr/nos-professionnels/" "Mozilla/5.0 (iPhone; CPU iPhone OS 18_7 like Mac OS X) AppleWebKit/605.1.15 (KHTML, like Gecko) Version/26.5 Mobile/15E148 Safari/604.1"
176.150.49.248 - - [14/Sep/2026:08:45:03 +0200] "GET /wp-content/uploads/2021/09/PIERRICK-BOYER-TROMBI-1.jpg HTTP/1.1" 200 43249 "https://lecocondalfred.fr/nos-professionnels/" "Mozilla/5.0 (iPhone; CPU iPhone OS 18_7 like Mac OS X) AppleWebKit/605.1.15 (KHTML, like Gecko) Version/26.5 Mobile/15E148 Safari/604.1"
176.150.49.248 - - [14/Sep/2026:08:45:03 +0200] "GET /wp-content/uploads/2025/04/Sabine-Damongeot-Cocon_Original-e1745315332777.jpeg HTTP/1.1" 200 32241 "https://lecocondalfred.fr/nos-professionnels/" "Mozilla/5.0 (iPhone; CPU iPhone OS 18_7 like Mac OS X) AppleWebKit/605.1.15 (KHTML, like Gecko) Version/26.5 Mobile/15E148 Safari/604.1"
176.150.49.248 - - [14/Sep/2026:08:45:03 +0200] "GET /wp-content/uploads/2021/10/TROMBI-CORINE-GRANDJEAN-1.jpg HTTP/1.1" 200 100582 "https://lecocondalfred.fr/nos-professionnels/" "Mozilla/5.0 (iPhone; CPU iPhone OS 18_7 like Mac OS X) AppleWebKit/605.1.15 (KHTML, like Gecko) Version/26.5 Mobile/15E148 Safari/604.1"
176.150.49.248 - - [14/Sep/2026:08:45:03 +0200] "GET /wp-content/uploads/2026/08/jessica-214x300.jpg HTTP/1.1" 200 16705 "https://lecocondalfred.fr/nos-professionnels/" "Mozilla/5.0 (iPhone; CPU iPhone OS 18_7 like Mac OS X) AppleWebKit/605.1.15 (KHTML, like Gecko) Version/26.5 Mobile/15E148 Safari/604.1"
176.150.49.248 - - [14/Sep/2026:08:45:03 +0200] "GET /wp-content/uploads/2026/08/jessica.jpg HTTP/1.1" 200 281395 "https://lecocondalfred.fr/nos-professionnels/" "Mozilla/5.0 (iPhone; CPU iPhone OS 18_7 like Mac OS X) AppleWebKit/605.1.15 (KHTML, like Gecko) Version/26.5 Mobile/15E148 Safari/604.1"
176.150.49.248 - - [14/Sep/2026:08:45:03 +0200] "GET /wp-content/uploads/2022/09/ROMA.jpg HTTP/1.1" 200 82911 "https://lecocondalfred.fr/nos-professionnels/" "Mozilla/5.0 (iPhone; CPU iPhone OS 18_7 like Mac OS X) AppleWebKit/605.1.15 (KHTML, like Gecko) Version/26.5 Mobile/15E148 Safari/604.1"
176.150.49.248 - - [14/Sep/2026:08:45:03 +0200] "GET /wp-content/uploads/2024/10/2024-10-12-11.57.38-768x1024.jpg HTTP/1.1" 200 83912 "https://lecocondalfred.fr/nos-professionnels/" "Mozilla/5.0 (iPhone; CPU iPhone OS 18_7 like Mac OS X) AppleWebKit/605.1.15 (KHTML, like Gecko) Version/26.5 Mobile/15E148 Safari/604.1"
88.188.135.98 - - [14/Sep/2026:08:45:15 +0200] "GET / HTTP/1.1" 200 224621 "-" "Mozilla/5.0 (Macintosh; Intel Mac OS X 10_15_7) AppleWebKit/537.36 (KHTML, like Gecko) Chrome/146.0.0.0 Safari/537.36"
176.150.49.248 - - [14/Sep/2026:08:45:19 +0200] "GET /line-grenet/ HTTP/1.1" 200 272869 "https://lecocondalfred.fr/nos-professionnels/" "Mozilla/5.0 (iPhone; CPU iPhone OS 18_7 like Mac OS X) AppleWebKit/605.1.15 (KHTML, like Gecko) Version/26.5 Mobile/15E148 Safari/604.1"
176.150.49.248 - - [14/Sep/2026:08:45:19 +0200] "GET /wp/wp-content/uploads/fbrfg/site.webmanifest HTTP/1.1" 404 146091 "https://lecocondalfred.fr/line-grenet/" "Mozilla/5.0 (iPhone; CPU iPhone OS 18_7 like Mac OS X) AppleWebKit/605.1.15 (KHTML, like Gecko) Version/26.5 Mobile/15E148 Safari/604.1"
176.150.49.248 - - [14/Sep/2026:08:45:19 +0200] "GET /wp-content/plugins/google-site-kit/dist/assets/js/googlesitekit-events-provider-wpforms-063cb453c64ecfd3dafe.js HTTP/1.1" 404 146163 "https://lecocondalfred.fr/line-grenet/" "Mozilla/5.0 (iPhone; CPU iPhone OS 18_7 like Mac OS X) AppleWebKit/605.1.15 (KHTML, like Gecko) Version/26.5 Mobile/15E148 Safari/604.1"
176.150.49.248 - - [14/Sep/2026:08:45:19 +0200] "GET /wp-content/plugins/google-site-kit/dist/assets/js/googlesitekit-events-provider-content-events-33078016c5e1e9f07c35.js HTTP/1.1" 404 146171 "https://lecocondalfred.fr/line-grenet/" "Mozilla/5.0 (iPhone; CPU iPhone OS 18_7 like Mac OS X) AppleWebKit/605.1.15 (KHTML, like Gecko) Version/26.5 Mobile/15E148 Safari/604.1"
176.150.49.248 - - [14/Sep/2026:08:45:19 +0200] "GET /wp-content/plugins/google-site-kit/dist/assets/js/googlesitekit-consent-mode-86cb52dcb9f2b27ed244.js HTTP/1.1" 404 146147 "https://lecocondalfred.fr/line-grenet/" "Mozilla/5.0 (iPhone; CPU iPhone OS 18_7 like Mac OS X) AppleWebKit/605.1.15 (KHTML, like Gecko) Version/26.5 Mobile/15E148 Safari/604.1"
88.188.135.98 - - [14/Sep/2026:08:45:15 +0200] "GET /contact HTTP/1.1" 404 138350 "-" "Mozilla/5.0 (Macintosh; Intel Mac OS X 10_15_7) AppleWebKit/537.36 (KHTML, like Gecko) Chrome/146.0.0.0 Safari/537.36"
88.188.135.98 - - [14/Sep/2026:08:45:21 +0200] "GET /impressum HTTP/1.1" 404 138354 "-" "Mozilla/5.0 (Macintosh; Intel Mac OS X 10_15_7) AppleWebKit/537.36 (KHTML, like Gecko) Chrome/146.0.0.0 Safari/537.36"
88.188.135.98 - - [14/Sep/2026:08:45:21 +0200] "GET /contatti HTTP/1.1" 404 138354 "-" "Mozilla/5.0 (Macintosh; Intel Mac OS X 10_15_7) AppleWebKit/537.36 (KHTML, like Gecko) Chrome/146.0.0.0 Safari/537.36"
185.113.51.50 - - [14/Sep/2026:08:45:22 +0200] "GET /wp-admin/admin.php?page=bookly-staff HTTP/1.1" 302 - "-" "Mozilla/5.0 (Windows NT 10.0; Win64; x64; rv:155.0) Gecko/20100101 Firefox/155.0"
185.113.51.50 - - [14/Sep/2026:08:45:22 +0200] "GET /wp-login.php?redirect_to=https%3A%2F%2Flecocondalfred.fr%2Fwp-admin%2Fadmin.php%3Fpage%3Dbookly-staff&reauth=1 HTTP/1.1" 200 12567 "-" "Mozilla/5.0 (Windows NT 10.0; Win64; x64; rv:155.0) Gecko/20100101 Firefox/155.0"
185.113.51.50 - - [14/Sep/2026:08:45:25 +0200] "POST /wp-login.php HTTP/1.1" 302 - "https://lecocondalfred.fr/wp-login.php?redirect_to=https%3A%2F%2Flecocondalfred.fr%2Fwp-admin%2Fadmin.php%3Fpage%3Dbookly-staff&reauth=1" "Mozilla/5.0 (Windows NT 10.0; Win64; x64; rv:155.0) Gecko/20100101 Firefox/155.0"
185.113.51.50 - - [14/Sep/2026:08:45:26 +0200] "POST /wp-login.php HTTP/1.1" 302 - "https://lecocondalfred.fr/wp-login.php?redirect_to=https%3A%2F%2Flecocondalfred.fr%2Fwp-admin%2Fadmin.php%3Fpage%3Dbookly-staff&reauth=1" "Mozilla/5.0 (Windows NT 10.0; Win64; x64; rv:155.0) Gecko/20100101 Firefox/155.0"
109.234.165.65 - - [14/Sep/2026:08:45:28 +0200] "POST /wp-cron.php?doing_wp_cron=1789368328.3236351013183593750000 HTTP/1.1" 200 - "-" "WordPress/7.1; https://lecocondalfred.fr"
185.113.51.50 - - [14/Sep/2026:08:45:27 +0200] "GET /wp-admin/admin.php?page=bookly-staff HTTP/1.1" 200 571635 "https://lecocondalfred.fr/wp-login.php?redirect_to=https%3A%2F%2Flecocondalfred.fr%2Fwp-admin%2Fadmin.php%3Fpage%3Dbookly-staff&reauth=1" "Mozilla/5.0 (Windows NT 10.0; Win64; x64; rv:155.0) Gecko/20100101 Firefox/155.0"
176.150.49.248 - - [14/Sep/2026:08:45:28 +0200] "GET /nos-professionnels/ HTTP/1.1" 200 274928 "https://lecocondalfred.fr/manon-corvaisie/" "Mozilla/5.0 (iPhone; CPU iPhone OS 18_7 like Mac OS X) AppleWebKit/605.1.15 (KHTML, like Gecko) Version/26.5 Mobile/15E148 Safari/604.1"
185.113.51.50 - - [14/Sep/2026:08:45:29 +0200] "GET /wp-content/plugins/wp-fastest-cache/css/style.css?ver=1789368328 HTTP/1.1" 200 19634 "https://lecocondalfred.fr/wp-admin/admin.php?page=bookly-staff" "Mozilla/5.0 (Windows NT 10.0; Win64; x64; rv:155.0) Gecko/20100101 Firefox/155.0"
185.113.51.50 - - [14/Sep/2026:08:45:29 +0200] "GET /wp-content/plugins/wp-fastest-cache/css/toolbar.css?ver=1789368328 HTTP/1.1" 200 6109 "https://lecocondalfred.fr/wp-admin/admin.php?page=bookly-staff" "Mozilla/5.0 (Windows NT 10.0; Win64; x64; rv:155.0) Gecko/20100101 Firefox/155.0"
176.150.49.248 - - [14/Sep/2026:08:45:28 +0200] "GET /wp/wp-content/uploads/fbrfg/site.webmanifest HTTP/1.1" 404 146091 "https://lecocondalfred.fr/nos-professionnels/" "Mozilla/5.0 (iPhone; CPU iPhone OS 18_7 like Mac OS X) AppleWebKit/605.1.15 (KHTML, like Gecko) Version/26.5 Mobile/15E148 Safari/604.1"
185.113.51.50 - - [14/Sep/2026:08:45:29 +0200] "GET /wp-content/plugins/wp-fastest-cache/js/column.js?ver=1789368328 HTTP/1.1" 200 1411 "https://lecocondalfred.fr/wp-admin/admin.php?page=bookly-staff" "Mozilla/5.0 (Windows NT 10.0; Win64; x64; rv:155.0) Gecko/20100101 Firefox/155.0"
185.113.51.50 - - [14/Sep/2026:08:45:29 +0200] "GET /wp-content/plugins/wp-fastest-cache/js/toolbar.js?ver=1789368328 HTTP/1.1" 200 3514 "https://lecocondalfred.fr/wp-admin/admin.php?page=bookly-staff" "Mozilla/5.0 (Windows NT 10.0; Win64; x64; rv:155.0) Gecko/20100101 Firefox/155.0"
185.113.51.50 - - [14/Sep/2026:08:45:30 +0200] "GET /wp-content/plugins/wpforms-lite/assets/lib/font-awesome/webfonts/fa-solid-900.woff2 HTTP/1.1" 200 113260 "https://lecocondalfred.fr/wp-content/plugins/wpforms-lite/assets/lib/font-awesome/css/all.min.css?ver=7.0.1" "Mozilla/5.0 (Windows NT 10.0; Win64; x64; rv:155.0) Gecko/20100101 Firefox/155.0"
185.113.51.50 - - [14/Sep/2026:08:45:30 +0200] "GET /wp-content/plugins/wpforms-lite/assets/lib/font-awesome/webfonts/fa-regular-400.woff2 HTTP/1.1" 200 19000 "https://lecocondalfred.fr/wp-content/plugins/wpforms-lite/assets/lib/font-awesome/css/all.min.css?ver=7.0.1" "Mozilla/5.0 (Windows NT 10.0; Win64; x64; rv:155.0) Gecko/20100101 Firefox/155.0"
176.150.49.248 - - [14/Sep/2026:08:45:31 +0200] "GET /marine-debellemaniere-psychomotricienne/ HTTP/1.1" 200 268264 "https://lecocondalfred.fr/nos-professionnels/" "Mozilla/5.0 (iPhone; CPU iPhone OS 18_7 like Mac OS X) AppleWebKit/605.1.15 (KHTML, like Gecko) Version/26.5 Mobile/15E148 Safari/604.1"
185.113.51.50 - - [14/Sep/2026:08:45:31 +0200] "GET /wp/wp-content/uploads/fbrfg/favicon-32x32.png HTTP/1.1" 404 354017 "https://lecocondalfred.fr/wp-admin/admin.php?page=bookly-staff" "Mozilla/5.0 (Windows NT 10.0; Win64; x64; rv:155.0) Gecko/20100101 Firefox/155.0"
176.150.49.248 - - [14/Sep/2026:08:45:32 +0200] "GET /wp-content/plugins/google-site-kit/dist/assets/js/googlesitekit-events-provider-content-events-33078016c5e1e9f07c35.js HTTP/1.1" 404 146171 "https://lecocondalfred.fr/marine-debellemaniere-psychomotricienne/" "Mozilla/5.0 (iPhone; CPU iPhone OS 18_7 like Mac OS X) AppleWebKit/605.1.15 (KHTML, like Gecko) Version/26.5 Mobile/15E148 Safari/604.1"
176.150.49.248 - - [14/Sep/2026:08:45:31 +0200] "GET /wp/wp-content/uploads/fbrfg/site.webmanifest HTTP/1.1" 404 146091 "https://lecocondalfred.fr/marine-debellemaniere-psychomotricienne/" "Mozilla/5.0 (iPhone; CPU iPhone OS 18_7 like Mac OS X) AppleWebKit/605.1.15 (KHTML, like Gecko) Version/26.5 Mobile/15E148 Safari/604.1"
176.150.49.248 - - [14/Sep/2026:08:45:32 +0200] "GET /wp-content/plugins/google-site-kit/dist/assets/js/googlesitekit-consent-mode-86cb52dcb9f2b27ed244.js HTTP/1.1" 404 146147 "https://lecocondalfred.fr/marine-debellemaniere-psychomotricienne/" "Mozilla/5.0 (iPhone; CPU iPhone OS 18_7 like Mac OS X) AppleWebKit/605.1.15 (KHTML, like Gecko) Version/26.5 Mobile/15E148 Safari/604.1"
176.150.49.248 - - [14/Sep/2026:08:45:32 +0200] "GET /wp-content/plugins/google-site-kit/dist/assets/js/googlesitekit-events-provider-wpforms-063cb453c64ecfd3dafe.js HTTP/1.1" 404 146163 "https://lecocondalfred.fr/marine-debellemaniere-psychomotricienne/" "Mozilla/5.0 (iPhone; CPU iPhone OS 18_7 like Mac OS X) AppleWebKit/605.1.15 (KHTML, like Gecko) Version/26.5 Mobile/15E148 Safari/604.1"
185.113.51.50 - - [14/Sep/2026:08:45:32 +0200] "POST /wp-admin/admin-ajax.php HTTP/1.1" 200 4256 "https://lecocondalfred.fr/wp-admin/admin.php?page=bookly-staff" "Mozilla/5.0 (Windows NT 10.0; Win64; x64; rv:155.0) Gecko/20100101 Firefox/155.0"
109.234.165.65 - - [14/Sep/2026:08:45:36 +0200] "POST /wp-cron.php?doing_wp_cron=1789368336.3263039588928222656250 HTTP/1.1" 200 - "-" "WordPress/7.1; https://lecocondalfred.fr"
109.234.165.65 - - [14/Sep/2026:08:45:15 +0200] "POST /?mailpoet_router&endpoint=cron_daemon&action=run&data=eyJ0b2tlbiI6IjE2eHZ4In0 HTTP/1.1" 200 - "-" "MailPoet Cron"
185.113.51.50 - - [14/Sep/2026:08:45:36 +0200] "GET /wp-admin/admin.php?page=bookly-calendar HTTP/1.1" 200 629514 "https://lecocondalfred.fr/wp-admin/admin.php?page=bookly-staff" "Mozilla/5.0 (Windows NT 10.0; Win64; x64; rv:155.0) Gecko/20100101 Firefox/155.0"
185.113.51.50 - - [14/Sep/2026:08:45:37 +0200] "GET /wp-content/plugins/wp-fastest-cache/css/style.css?ver=1789368336 HTTP/1.1" 200 19634 "https://lecocondalfred.fr/wp-admin/admin.php?page=bookly-calendar" "Mozilla/5.0 (Windows NT 10.0; Win64; x64; rv:155.0) Gecko/20100101 Firefox/155.0"
185.113.51.50 - - [14/Sep/2026:08:45:37 +0200] "GET /wp-content/plugins/wp-fastest-cache/css/toolbar.css?ver=1789368336 HTTP/1.1" 200 6109 "https://lecocondalfred.fr/wp-admin/admin.php?page=bookly-calendar" "Mozilla/5.0 (Windows NT 10.0; Win64; x64; rv:155.0) Gecko/20100101 Firefox/155.0"
185.113.51.50 - - [14/Sep/2026:08:45:37 +0200] "GET /wp-content/plugins/wp-fastest-cache/js/column.js?ver=1789368336 HTTP/1.1" 200 1411 "https://lecocondalfred.fr/wp-admin/admin.php?page=bookly-calendar" "Mozilla/5.0 (Windows NT 10.0; Win64; x64; rv:155.0) Gecko/20100101 Firefox/155.0"
185.113.51.50 - - [14/Sep/2026:08:45:37 +0200] "GET /wp-content/plugins/wp-fastest-cache/js/toolbar.js?ver=1789368336 HTTP/1.1" 200 3514 "https://lecocondalfred.fr/wp-admin/admin.php?page=bookly-calendar" "Mozilla/5.0 (Windows NT 10.0; Win64; x64; rv:155.0) Gecko/20100101 Firefox/155.0"
185.113.51.50 - - [14/Sep/2026:08:45:40 +0200] "POST /wp-admin/admin-ajax.php HTTP/1.1" 200 13441 "https://lecocondalfred.fr/wp-admin/admin.php?page=bookly-calendar" "Mozilla/5.0 (Windows NT 10.0; Win64; x64; rv:155.0) Gecko/20100101 Firefox/155.0"
185.113.51.50 - - [14/Sep/2026:08:45:52 +0200] "GET /wp-admin/admin-ajax.php?action=bookly_get_data_for_appointment_form&csrf_token=589f729dc2 HTTP/1.1" 200 98623 "https://lecocondalfred.fr/wp-admin/admin.php?page=bookly-calendar" "Mozilla/5.0 (Windows NT 10.0; Win64; x64; rv:155.0) Gecko/20100101 Firefox/155.0"
185.113.51.50 - - [14/Sep/2026:08:45:57 +0200] "POST /wp-admin/admin-ajax.php HTTP/1.1" 200 222 "https://lecocondalfred.fr/wp-admin/admin.php?page=bookly-calendar" "Mozilla/5.0 (Windows NT 10.0; Win64; x64; rv:155.0) Gecko/20100101 Firefox/155.0"
185.113.51.50 - - [14/Sep/2026:08:46:09 +0200] "GET /wp-admin/admin-ajax.php?action=bookly_get_customers_list&page=1&timezone=true&csrf_token=589f729dc2 HTTP/1.1" 200 3657 "https://lecocondalfred.fr/wp-admin/admin.php?page=bookly-calendar" "Mozilla/5.0 (Windows NT 10.0; Win64; x64; rv:155.0) Gecko/20100101 Firefox/155.0"
185.113.51.50 - - [14/Sep/2026:08:46:10 +0200] "GET /wp-admin/admin-ajax.php?action=bookly_get_customers_list&filter=ghisso&page=1&timezone=true&csrf_token=589f729dc2 HTTP/1.1" 200 42 "https://lecocondalfred.fr/wp-admin/admin.php?page=bookly-calendar" "Mozilla/5.0 (Windows NT 10.0; Win64; x64; rv:155.0) Gecko/20100101 Firefox/155.0"
217.26.218.2 - - [14/Sep/2026:08:46:21 +0200] "POST /wp-admin/admin-ajax.php HTTP/1.1" 200 16 "https://lecocondalfred.fr/prendre-rendez-vous/" "Mozilla/5.0 (Windows NT 10.0; Win64; x64) AppleWebKit/537.36 (KHTML, like Gecko) Chrome/152.0.0.0 Safari/537.36"
217.26.218.2 - - [14/Sep/2026:08:46:22 +0200] "POST /wp-admin/admin-ajax.php HTTP/1.1" 200 32 "https://lecocondalfred.fr/prendre-rendez-vous/" "Mozilla/5.0 (Windows NT 10.0; Win64; x64) AppleWebKit/537.36 (KHTML, like Gecko) Chrome/152.0.0.0 Safari/537.36"
217.26.218.2 - - [14/Sep/2026:08:46:22 +0200] "POST /wp-admin/admin-ajax.php HTTP/1.1" 200 16 "https://lecocondalfred.fr/prendre-rendez-vous/" "Mozilla/5.0 (Windows NT 10.0; Win64; x64) AppleWebKit/537.36 (KHTML, like Gecko) Chrome/152.0.0.0 Safari/537.36"
217.26.218.2 - - [14/Sep/2026:08:46:24 +0200] "GET /wp-admin/admin-ajax.php?action=bookly_render_complete&form_id=d21b20d55fa21ac0576d213efe8e44fd&csrf_token=4d0610f653 HTTP/1.1" 200 1486 "https://lecocondalfred.fr/prendre-rendez-vous/" "Mozilla/5.0 (Windows NT 10.0; Win64; x64) AppleWebKit/537.36 (KHTML, like Gecko) Chrome/152.0.0.0 Safari/537.36"
74.7.228.60 - - [14/Sep/2026:08:46:32 +0200] "GET /robots.txt HTTP/1.1" 301 - "-" "Mozilla/5.0 (Macintosh; Intel Mac OS X 10_15_7) AppleWebKit/537.36 (KHTML, like Gecko) Chrome/131.0.0.0 Safari/537.36; compatible; OAI-SearchBot/1.4; robots.txt; +https://openai.com/searchbot"
74.7.228.60 - - [14/Sep/2026:08:46:32 +0200] "GET /robots.txt HTTP/1.1" 200 175 "https://www.lecocondalfred.fr/robots.txt" "Mozilla/5.0 (Macintosh; Intel Mac OS X 10_15_7) AppleWebKit/537.36 (KHTML, like Gecko) Chrome/131.0.0.0 Safari/537.36; compatible; OAI-SearchBot/1.4; robots.txt; +https://openai.com/searchbot"
109.234.165.65 - - [14/Sep/2026:08:46:44 +0200] "POST /wp-cron.php?doing_wp_cron=1789368404.0940909385681152343750 HTTP/1.1" 200 - "-" "WordPress/7.1; https://lecocondalfred.fr"
185.113.51.50 - - [14/Sep/2026:08:46:43 +0200] "POST /wp-admin/admin-ajax.php HTTP/1.1" 200 47 "https://lecocondalfred.fr/wp-admin/admin.php?page=bookly-calendar" "Mozilla/5.0 (Windows NT 10.0; Win64; x64; rv:155.0) Gecko/20100101 Firefox/155.0"
109.234.165.65 - - [14/Sep/2026:08:47:07 +0200] "POST /wp-cron.php?doing_wp_cron=1789368427.3380970954895019531250 HTTP/1.1" 200 - "-" "WordPress/7.1; https://lecocondalfred.fr"
185.113.51.50 - - [14/Sep/2026:08:47:06 +0200] "POST /wp-admin/admin-ajax.php HTTP/1.1" 200 261 "https://lecocondalfred.fr/wp-admin/admin.php?page=bookly-calendar" "Mozilla/5.0 (Windows NT 10.0; Win64; x64; rv:155.0) Gecko/20100101 Firefox/155.0"
185.113.51.50 - - [14/Sep/2026:08:47:07 +0200] "POST /wp-admin/admin-ajax.php HTTP/1.1" 200 221 "https://lecocondalfred.fr/wp-admin/admin.php?page=bookly-calendar" "Mozilla/5.0 (Windows NT 10.0; Win64; x64; rv:155.0) Gecko/20100101 Firefox/155.0"
185.113.51.50 - - [14/Sep/2026:08:47:11 +0200] "POST /wp-admin/admin-ajax.php HTTP/1.1" 200 1433 "https://lecocondalfred.fr/wp-admin/admin.php?page=bookly-calendar" "Mozilla/5.0 (Windows NT 10.0; Win64; x64; rv:155.0) Gecko/20100101 Firefox/155.0"
185.113.51.50 - - [14/Sep/2026:08:47:13 +0200] "POST /wp-admin/admin-ajax.php HTTP/1.1" 200 16 "https://lecocondalfred.fr/wp-admin/admin.php?page=bookly-calendar" "Mozilla/5.0 (Windows NT 10.0; Win64; x64; rv:155.0) Gecko/20100101 Firefox/155.0"
185.113.51.50 - - [14/Sep/2026:08:47:15 +0200] "POST /wp-admin/admin-ajax.php HTTP/1.1" 200 268 "https://lecocondalfred.fr/wp-admin/admin.php?page=bookly-calendar" "Mozilla/5.0 (Windows NT 10.0; Win64; x64; rv:155.0) Gecko/20100101 Firefox/155.0"
27.109.115.159 - - [14/Sep/2026:08:47:22 +0200] "GET / HTTP/1.1" 200 224621 "-" "Mozilla/5.0 (Windows NT 10.0; Win64; x64; rv:130.0) Gecko/20100101 Firefox/130.0"
27.109.115.159 - - [14/Sep/2026:08:47:23 +0200] "GET /wp-content/plugins/the-events-calendar/readme.txt HTTP/1.1" 200 27949 "-" "Mozilla/5.0 (X11; Linux x86_64; rv:131.0) Gecko/20100101 Firefox/131.0"
27.109.115.159 - - [14/Sep/2026:08:47:23 +0200] "GET /wp-json/wp/v2/tribe_events?per_page=20&_fields=id,link,comment_status HTTP/1.1" 200 2 "-" "Mozilla/5.0 (Macintosh; Intel Mac OS X 10_15_7) AppleWebKit/537.36 (KHTML, like Gecko) Chrome/130.0.0.0 Safari/537.36"
27.109.115.159 - - [14/Sep/2026:08:47:24 +0200] "GET / HTTP/1.1" 200 224621 "-" "Mozilla/5.0 (X11; Linux x86_64; rv:131.0) Gecko/20100101 Firefox/131.0"
27.109.115.159 - - [14/Sep/2026:08:47:24 +0200] "GET /events/ HTTP/1.1" 200 149442 "-" "Mozilla/5.0 (Windows NT 10.0; Win64; x64; rv:130.0) Gecko/20100101 Firefox/130.0"
27.109.115.159 - - [14/Sep/2026:08:47:24 +0200] "GET /?post_type=tribe_events HTTP/1.1" 200 159734 "-" "Mozilla/5.0 (Macintosh; Intel Mac OS X 10_15_7) AppleWebKit/537.36 (KHTML, like Gecko) Chrome/130.0.0.0 Safari/537.36"
27.109.115.159 - - [14/Sep/2026:08:47:25 +0200] "GET /event/atelier-sophrologie/ HTTP/1.1" 200 161748 "-" "Mozilla/5.0 (X11; Linux x86_64; rv:131.0) Gecko/20100101 Firefox/131.0"
27.109.115.159 - - [14/Sep/2026:08:47:26 +0200] "POST /wp-comments-post.php HTTP/1.1" 404 138370 "-" "Mozilla/5.0 (Windows NT 10.0; Win64; x64) AppleWebKit/537.36 (KHTML, like Gecko) Chrome/131.0.0.0 Safari/537.36"
109.234.165.65 - - [14/Sep/2026:08:47:53 +0200] "POST /wp-cron.php?doing_wp_cron=1789368473.0153319835662841796875 HTTP/1.1" 200 - "-" "WordPress/7.1; https://lecocondalfred.fr"
185.113.51.50 - - [14/Sep/2026:08:47:52 +0200] "POST /wp-admin/admin-ajax.php HTTP/1.1" 200 47 "https://lecocondalfred.fr/wp-admin/admin.php?page=bookly-calendar" "Mozilla/5.0 (Windows NT 10.0; Win64; x64; rv:155.0) Gecko/20100101 Firefox/155.0"
178.170.14.75 - - [14/Sep/2026:08:48:08 +0200] "GET / HTTP/1.1" 200 224621 "https://www.daikoz.com" "Mozilla/5.0 (Windows NT 10.0; Win64; x64; rv:149.0) Gecko/20100101 Firefox/149.0"
109.234.165.65 - - [14/Sep/2026:08:48:21 +0200] "POST /wp-cron.php?doing_wp_cron=1789368501.1174669265747070312500 HTTP/1.1" 200 - "-" "WordPress/7.1; https://lecocondalfred.fr"
217.26.218.2 - - [14/Sep/2026:08:48:19 +0200] "GET /wp-admin/admin-ajax.php?action=bookly_cancel_appointment&token=dca9654c6e0ede1a1a03e2c4d95e5ff5 HTTP/1.1" 302 706 "-" "Mozilla/5.0 (Windows NT 10.0; Win64; x64) AppleWebKit/537.36 (KHTML, like Gecko) Chrome/152.0.0.0 Safari/537.36"
217.26.218.2 - - [14/Sep/2026:08:48:21 +0200] "GET /annulation-de-rendez-vous/ HTTP/1.1" 200 167512 "-" "Mozilla/5.0 (Windows NT 10.0; Win64; x64) AppleWebKit/537.36 (KHTML, like Gecko) Chrome/152.0.0.0 Safari/537.36"
217.26.218.2 - - [14/Sep/2026:08:48:21 +0200] "GET /wp-includes/css/dist/block-library/style.min.css?ver=7.1 HTTP/1.1" 200 140761 "https://lecocondalfred.fr/annulation-de-rendez-vous/" "Mozilla/5.0 (Windows NT 10.0; Win64; x64) AppleWebKit/537.36 (KHTML, like Gecko) Chrome/152.0.0.0 Safari/537.36"
217.26.218.2 - - [14/Sep/2026:08:48:21 +0200] "GET /wp-content/plugins/google-site-kit/dist/assets/js/googlesitekit-consent-mode-86cb52dcb9f2b27ed244.js HTTP/1.1" 404 146136 "https://lecocondalfred.fr/annulation-de-rendez-vous/" "Mozilla/5.0 (Windows NT 10.0; Win64; x64) AppleWebKit/537.36 (KHTML, like Gecko) Chrome/152.0.0.0 Safari/537.36"
217.26.218.2 - - [14/Sep/2026:08:48:21 +0200] "GET /wp-content/plugins/google-site-kit/dist/assets/js/googlesitekit-events-provider-content-events-33078016c5e1e9f07c35.js HTTP/1.1" 404 146160 "https://lecocondalfred.fr/annulation-de-rendez-vous/" "Mozilla/5.0 (Windows NT 10.0; Win64; x64) AppleWebKit/537.36 (KHTML, like Gecko) Chrome/152.0.0.0 Safari/537.36"
217.26.218.2 - - [14/Sep/2026:08:48:21 +0200] "GET /wp-content/plugins/google-site-kit/dist/assets/js/googlesitekit-events-provider-wpforms-063cb453c64ecfd3dafe.js HTTP/1.1" 404 146152 "https://lecocondalfred.fr/annulation-de-rendez-vous/" "Mozilla/5.0 (Windows NT 10.0; Win64; x64) AppleWebKit/537.36 (KHTML, like Gecko) Chrome/152.0.0.0 Safari/537.36"
217.26.218.2 - - [14/Sep/2026:08:48:22 +0200] "GET /wp-content/uploads/2021/10/calendrier-e1634216422263.png HTTP/1.1" 200 13379 "https://lecocondalfred.fr/annulation-de-rendez-vous/" "Mozilla/5.0 (Windows NT 10.0; Win64; x64) AppleWebKit/537.36 (KHTML, like Gecko) Chrome/152.0.0.0 Safari/537.36"
217.26.218.2 - - [14/Sep/2026:08:48:21 +0200] "GET /wp/wp-content/uploads/fbrfg/site.webmanifest HTTP/1.1" 404 146080 "https://lecocondalfred.fr/annulation-de-rendez-vous/" "Mozilla/5.0 (Windows NT 10.0; Win64; x64) AppleWebKit/537.36 (KHTML, like Gecko) Chrome/152.0.0.0 Safari/537.36"
