88.173.7.121 - - [14/Sep/2026:08:55:29 +0200] "POST /wp-admin/admin-ajax.php HTTP/1.1" 200 16 "https://lecocondalfred.fr/prendre-rendez-vous/" "Mozilla/5.0 (Linux; Android 10; K) AppleWebKit/537.36 (KHTML, like Gecko) Chrome/152.0.0.0 Mobile Safari/537.36"
88.173.7.121 - - [14/Sep/2026:08:55:31 +0200] "GET /wp-admin/admin-ajax.php?action=bookly_render_complete&form_id=f2eb78b4aa8bb06cda1a3672ae917a22&csrf_token=4d0610f653 HTTP/1.1" 200 1486 "https://lecocondalfred.fr/prendre-rendez-vous/" "Mozilla/5.0 (Linux; Android 10; K) AppleWebKit/537.36 (KHTML, like Gecko) Chrome/152.0.0.0 Mobile Safari/537.36"
109.234.165.65 - - [14/Sep/2026:08:56:32 +0200] "POST /wp-cron.php?doing_wp_cron=1789368992.7006940841674804687500 HTTP/1.1" 200 - "-" "WordPress/7.1; https://lecocondalfred.fr"
185.113.51.50 - - [14/Sep/2026:08:56:32 +0200] "POST /wp-admin/admin-ajax.php HTTP/1.1" 200 47 "https://lecocondalfred.fr/wp-admin/admin.php?page=bookly-calendar" "Mozilla/5.0 (Windows NT 10.0; Win64; x64; rv:155.0) Gecko/20100101 Firefox/155.0"
88.173.7.121 - - [14/Sep/2026:08:56:48 +0200] "GET /wp-admin/admin-ajax.php?action=bookly_render_service&form_id=f2eb78b4aa8bb06cda1a3672ae917a22&reset_form=true&new_chain=true&csrf_token=4d0610f653 HTTP/1.1" 200 32160 "https://lecocondalfred.fr/prendre-rendez-vous/" "Mozilla/5.0 (Linux; Android 10; K) AppleWebKit/537.36 (KHTML, like Gecko) Chrome/152.0.0.0 Mobile Safari/537.36"
109.234.165.65 - - [14/Sep/2026:08:56:58 +0200] "POST /wp-cron.php?doing_wp_cron=1789369018.4982059001922607421875 HTTP/1.1" 200 - "-" "WordPress/7.1; https://lecocondalfred.fr"
88.173.7.121 - - [14/Sep/2026:08:56:57 +0200] "POST /wp-admin/admin-ajax.php HTTP/1.1" 200 16 "https://lecocondalfred.fr/prendre-rendez-vous/" "Mozilla/5.0 (Linux; Android 10; K) AppleWebKit/537.36 (KHTML, like Gecko) Chrome/152.0.0.0 Mobile Safari/537.36"
88.173.7.121 - - [14/Sep/2026:08:56:58 +0200] "GET /wp-admin/admin-ajax.php?action=bookly_render_time&form_id=f2eb78b4aa8bb06cda1a3672ae917a22&csrf_token=4d0610f653 HTTP/1.1" 200 9360 "https://lecocondalfred.fr/prendre-rendez-vous/" "Mozilla/5.0 (Linux; Android 10; K) AppleWebKit/537.36 (KHTML, like Gecko) Chrome/152.0.0.0 Mobile Safari/537.36"
35.198.113.100 - - [14/Sep/2026:08:56:59 +0200] "GET /robots.txt HTTP/1.1" 200 175 "-" "LinkupBot/1.0 (LinkupBot for web indexing; https://linkup.so/bot; bot@linkup.so)"
35.198.113.100 - - [14/Sep/2026:08:57:00 +0200] "GET /blog/ HTTP/1.1" 200 186634 "-" "LinkupBot/1.0 (LinkupBot for web indexing; https://linkup.so/bot; bot@linkup.so)"
88.173.7.121 - - [14/Sep/2026:08:57:00 +0200] "GET /wp-admin/admin-ajax.php?action=bookly_render_time&form_id=f2eb78b4aa8bb06cda1a3672ae917a22&selected_date=2026-10-01&dir=next&csrf_token=4d0610f653 HTTP/1.1" 200 12518 "https://lecocondalfred.fr/prendre-rendez-vous/" "Mozilla/5.0 (Linux; Android 10; K) AppleWebKit/537.36 (KHTML, like Gecko) Chrome/152.0.0.0 Mobile Safari/537.36"
88.173.7.121 - - [14/Sep/2026:08:57:18 +0200] "GET /wp-admin/admin-ajax.php?action=bookly_render_time&form_id=f2eb78b4aa8bb06cda1a3672ae917a22&selected_date=2026-11-01&dir=next&csrf_token=4d0610f653 HTTP/1.1" 200 12439 "https://lecocondalfred.fr/prendre-rendez-vous/" "Mozilla/5.0 (Linux; Android 10; K) AppleWebKit/537.36 (KHTML, like Gecko) Chrome/152.0.0.0 Mobile Safari/537.36"
88.173.7.121 - - [14/Sep/2026:08:57:36 +0200] "POST /wp-admin/admin-ajax.php HTTP/1.1" 200 16 "https://lecocondalfred.fr/prendre-rendez-vous/" "Mozilla/5.0 (Linux; Android 10; K) AppleWebKit/537.36 (KHTML, like Gecko) Chrome/152.0.0.0 Mobile Safari/537.36"
88.173.7.121 - - [14/Sep/2026:08:57:37 +0200] "GET /wp-admin/admin-ajax.php?action=bookly_render_details&form_id=f2eb78b4aa8bb06cda1a3672ae917a22&add_to_cart=true&csrf_token=4d0610f653 HTTP/1.1" 200 5356 "https://lecocondalfred.fr/prendre-rendez-vous/" "Mozilla/5.0 (Linux; Android 10; K) AppleWebKit/537.36 (KHTML, like Gecko) Chrome/152.0.0.0 Mobile Safari/537.36"
109.234.165.65 - - [14/Sep/2026:08:58:20 +0200] "POST /wp-cron.php?doing_wp_cron=1789369100.3583149909973144531250 HTTP/1.1" 200 - "-" "WordPress/7.1; https://lecocondalfred.fr"
88.173.7.121 - - [14/Sep/2026:08:58:19 +0200] "POST /wp-admin/admin-ajax.php HTTP/1.1" 200 16 "https://lecocondalfred.fr/prendre-rendez-vous/" "Mozilla/5.0 (Linux; Android 10; K) AppleWebKit/537.36 (KHTML, like Gecko) Chrome/152.0.0.0 Mobile Safari/537.36"
88.173.7.121 - - [14/Sep/2026:08:58:20 +0200] "POST /wp-admin/admin-ajax.php HTTP/1.1" 200 32 "https://lecocondalfred.fr/prendre-rendez-vous/" "Mozilla/5.0 (Linux; Android 10; K) AppleWebKit/537.36 (KHTML, like Gecko) Chrome/152.0.0.0 Mobile Safari/537.36"
88.173.7.121 - - [14/Sep/2026:08:58:21 +0200] "POST /wp-admin/admin-ajax.php HTTP/1.1" 200 16 "https://lecocondalfred.fr/prendre-rendez-vous/" "Mozilla/5.0 (Linux; Android 10; K) AppleWebKit/537.36 (KHTML, like Gecko) Chrome/152.0.0.0 Mobile Safari/537.36"
88.173.7.121 - - [14/Sep/2026:08:58:22 +0200] "GET /wp-admin/admin-ajax.php?action=bookly_render_complete&form_id=f2eb78b4aa8bb06cda1a3672ae917a22&csrf_token=4d0610f653 HTTP/1.1" 200 1486 "https://lecocondalfred.fr/prendre-rendez-vous/" "Mozilla/5.0 (Linux; Android 10; K) AppleWebKit/537.36 (KHTML, like Gecko) Chrome/152.0.0.0 Mobile Safari/537.36"
88.173.7.121 - - [14/Sep/2026:08:58:50 +0200] "GET /wp-admin/admin-ajax.php?action=bookly_render_service&form_id=f2eb78b4aa8bb06cda1a3672ae917a22&reset_form=true&new_chain=true&csrf_token=4d0610f653 HTTP/1.1" 200 32160 "https://lecocondalfred.fr/prendre-rendez-vous/" "Mozilla/5.0 (Linux; Android 10; K) AppleWebKit/537.36 (KHTML, like Gecko) Chrome/152.0.0.0 Mobile Safari/537.36"
109.234.165.65 - - [14/Sep/2026:08:59:02 +0200] "POST /wp-cron.php?doing_wp_cron=1789369142.0644130706787109375000 HTTP/1.1" 200 - "-" "WordPress/7.1; https://lecocondalfred.fr"
88.173.7.121 - - [14/Sep/2026:08:59:01 +0200] "POST /wp-admin/admin-ajax.php HTTP/1.1" 200 16 "https://lecocondalfred.fr/prendre-rendez-vous/" "Mozilla/5.0 (Linux; Android 10; K) AppleWebKit/537.36 (KHTML, like Gecko) Chrome/152.0.0.0 Mobile Safari/537.36"
88.173.7.121 - - [14/Sep/2026:08:59:02 +0200] "GET /wp-admin/admin-ajax.php?action=bookly_render_time&form_id=f2eb78b4aa8bb06cda1a3672ae917a22&csrf_token=4d0610f653 HTTP/1.1" 200 9409 "https://lecocondalfred.fr/prendre-rendez-vous/" "Mozilla/5.0 (Linux; Android 10; K) AppleWebKit/537.36 (KHTML, like Gecko) Chrome/152.0.0.0 Mobile Safari/537.36"
88.173.7.121 - - [14/Sep/2026:08:59:04 +0200] "GET /wp-admin/admin-ajax.php?action=bookly_render_time&form_id=f2eb78b4aa8bb06cda1a3672ae917a22&selected_date=2026-10-01&dir=next&csrf_token=4d0610f653 HTTP/1.1" 200 12567 "https://lecocondalfred.fr/prendre-rendez-vous/" "Mozilla/5.0 (Linux; Android 10; K) AppleWebKit/537.36 (KHTML, like Gecko) Chrome/152.0.0.0 Mobile Safari/537.36"
88.173.7.121 - - [14/Sep/2026:08:59:06 +0200] "GET /wp-admin/admin-ajax.php?action=bookly_render_time&form_id=f2eb78b4aa8bb06cda1a3672ae917a22&selected_date=2026-11-01&dir=next&csrf_token=4d0610f653 HTTP/1.1" 200 12494 "https://lecocondalfred.fr/prendre-rendez-vous/" "Mozilla/5.0 (Linux; Android 10; K) AppleWebKit/537.36 (KHTML, like Gecko) Chrome/152.0.0.0 Mobile Safari/537.36"
88.173.7.121 - - [14/Sep/2026:08:59:07 +0200] "GET /wp-admin/admin-ajax.php?action=bookly_render_time&form_id=f2eb78b4aa8bb06cda1a3672ae917a22&selected_date=2026-12-01&dir=next&csrf_token=4d0610f653 HTTP/1.1" 200 8662 "https://lecocondalfred.fr/prendre-rendez-vous/" "Mozilla/5.0 (Linux; Android 10; K) AppleWebKit/537.36 (KHTML, like Gecko) Chrome/152.0.0.0 Mobile Safari/537.36"
93.152.209.11 - - [14/Sep/2026:08:59:38 +0200] "GET / HTTP/1.1" 301 - "-" "Mozilla/5.0 (Macintosh; Intel Mac OS X 10_15_7) AppleWebKit/537.36 (KHTML, like Gecko) Chrome/124.0.0.0 Safari/537.36"
93.152.209.11 - - [14/Sep/2026:08:59:39 +0200] "GET / HTTP/1.1" 200 224621 "https://www.lecocondalfred.fr:443" "Mozilla/5.0 (Macintosh; Intel Mac OS X 10_15_7) AppleWebKit/537.36 (KHTML, like Gecko) Chrome/124.0.0.0 Safari/537.36"
109.234.165.65 - - [14/Sep/2026:09:00:01 +0200] "GET /wp-cron.php HTTP/1.1" 200 - "-" "Wget/1.19.5 (linux-gnu)"
88.173.7.121 - - [14/Sep/2026:09:00:26 +0200] "POST /wp-admin/admin-ajax.php HTTP/1.1" 200 16 "https://lecocondalfred.fr/prendre-rendez-vous/" "Mozilla/5.0 (Linux; Android 10; K) AppleWebKit/537.36 (KHTML, like Gecko) Chrome/152.0.0.0 Mobile Safari/537.36"
88.173.7.121 - - [14/Sep/2026:09:00:27 +0200] "GET /wp-admin/admin-ajax.php?action=bookly_render_details&form_id=f2eb78b4aa8bb06cda1a3672ae917a22&add_to_cart=true&csrf_token=4d0610f653 HTTP/1.1" 200 5409 "https://lecocondalfred.fr/prendre-rendez-vous/" "Mozilla/5.0 (Linux; Android 10; K) AppleWebKit/537.36 (KHTML, like Gecko) Chrome/152.0.0.0 Mobile Safari/537.36"
109.234.165.65 - - [14/Sep/2026:09:00:40 +0200] "POST /wp-cron.php?doing_wp_cron=1789369240.3414120674133300781250 HTTP/1.1" 200 - "-" "WordPress/7.1; https://lecocondalfred.fr"
88.173.7.121 - - [14/Sep/2026:09:00:39 +0200] "POST /wp-admin/admin-ajax.php HTTP/1.1" 200 277 "https://lecocondalfred.fr/prendre-rendez-vous/" "Mozilla/5.0 (Linux; Android 10; K) AppleWebKit/537.36 (KHTML, like Gecko) Chrome/152.0.0.0 Mobile Safari/537.36"
88.173.7.121 - - [14/Sep/2026:09:00:42 +0200] "POST /wp-admin/admin-ajax.php HTTP/1.1" 200 16 "https://lecocondalfred.fr/prendre-rendez-vous/" "Mozilla/5.0 (Linux; Android 10; K) AppleWebKit/537.36 (KHTML, like Gecko) Chrome/152.0.0.0 Mobile Safari/537.36"
88.173.7.121 - - [14/Sep/2026:09:00:43 +0200] "POST /wp-admin/admin-ajax.php HTTP/1.1" 200 32 "https://lecocondalfred.fr/prendre-rendez-vous/" "Mozilla/5.0 (Linux; Android 10; K) AppleWebKit/537.36 (KHTML, like Gecko) Chrome/152.0.0.0 Mobile Safari/537.36"
88.173.7.121 - - [14/Sep/2026:09:00:43 +0200] "POST /wp-admin/admin-ajax.php HTTP/1.1" 200 16 "https://lecocondalfred.fr/prendre-rendez-vous/" "Mozilla/5.0 (Linux; Android 10; K) AppleWebKit/537.36 (KHTML, like Gecko) Chrome/152.0.0.0 Mobile Safari/537.36"
88.173.7.121 - - [14/Sep/2026:09:00:45 +0200] "GET /wp-admin/admin-ajax.php?action=bookly_render_complete&form_id=f2eb78b4aa8bb06cda1a3672ae917a22&csrf_token=4d0610f653 HTTP/1.1" 200 1486 "https://lecocondalfred.fr/prendre-rendez-vous/" "Mozilla/5.0 (Linux; Android 10; K) AppleWebKit/537.36 (KHTML, like Gecko) Chrome/152.0.0.0 Mobile Safari/537.36"
109.234.165.65 - - [14/Sep/2026:09:01:00 +0200] "POST /wp-cron.php?doing_wp_cron=1789369260.9522669315338134765625 HTTP/1.1" 200 - "-" "WordPress/7.1; https://lecocondalfred.fr"
103.122.66.186 - - [14/Sep/2026:09:01:00 +0200] "GET /wp-json/wp/v2/tribe_events?per_page=20&_fields=id,link,comment_status HTTP/1.1" 200 2 "-" "Mozilla/5.0 (tec-generic-async)"
103.122.66.186 - - [14/Sep/2026:09:01:01 +0200] "GET / HTTP/1.1" 200 224621 "-" "Mozilla/5.0 (tec-generic-async)"
103.122.66.186 - - [14/Sep/2026:09:01:01 +0200] "GET /?post_type=tribe_events HTTP/1.1" 200 159734 "-" "Mozilla/5.0 (tec-generic-async)"
103.122.66.186 - - [14/Sep/2026:09:01:03 +0200] "GET /events/?ical=1 HTTP/1.1" 200 - "-" "Mozilla/5.0 (tec-generic-async)"
103.122.66.186 - - [14/Sep/2026:09:01:03 +0200] "GET /wp-content/plugins/the-events-calendar/build/css/tribe-events-single-skeleton.css?ver=6.17.2 HTTP/1.1" 200 18813 "-" "Mozilla/5.0 (tec-generic-async)"
103.122.66.186 - - [14/Sep/2026:09:01:03 +0200] "GET /wp-content/plugins/the-events-calendar/build/css/tribe-events-single-full.css?ver=6.17.2 HTTP/1.1" 200 21027 "-" "Mozilla/5.0 (tec-generic-async)"
103.122.66.186 - - [14/Sep/2026:09:01:04 +0200] "GET /wp-content/plugins/the-events-calendar/build/css/integrations/plugins/elementor/widgets/widget-base.css?ver=6.17.2 HTTP/1.1" 200 1128 "-" "Mozilla/5.0 (tec-generic-async)"
103.122.66.186 - - [14/Sep/2026:09:01:04 +0200] "GET /wp-json/tribe/events/v1/ HTTP/1.1" 200 35631 "-" "Mozilla/5.0 (tec-generic-async)"
103.122.66.186 - - [14/Sep/2026:09:01:04 +0200] "GET /wp-content/plugins/the-events-calendar/vendor/bootstrap-datepicker/css/bootstrap-datepicker.standalone.min.css?ver=6.17.2 HTTP/1.1" 200 14113 "-" "Mozilla/5.0 (tec-generic-async)"
129.211.172.249 - - [14/Sep/2026:09:02:04 +0200] "GET / HTTP/1.1" 200 224621 "http://lecocondalfred.fr" "Mozilla/5.0 (iPhone; CPU iPhone OS 13_2_3 like Mac OS X) AppleWebKit/605.1.15 (KHTML, like Gecko) Version/13.0.3 Mobile/15E148 Safari/604.1"
31.13.127.0 - - [14/Sep/2026:09:03:42 +0200] "GET /wp-content/uploads/2023/10/accompagnement-parental-delphine.png HTTP/1.1" 200 819451 "-" "facebookexternalhit/1.1 (+http://www.facebook.com/externalhit_uatext.php)"
90.62.189.37 - - [14/Sep/2026:09:03:47 +0200] "GET /histoire-dune-reeducation-en-orthophonie-episode-2/?fbclid=IwY2xjawUUe6RwZG9mBWV4dG4DYWVtAjExAHNydGMGYXBwX2lkDDM1MDY4NTUzMTcyOAABHrYPy3Tk3zl_JCkyGZtWqyKrCdlVPaU1X5E8xwZZGMwvT8wSxvwfSGIXIg98_aem_qI-ty9OenCl_gSyyqHVB1g HTTP/1.1" 200 157480 "https://lm.facebook.com/" "Mozilla/5.0 (Linux; Android 16; 24090RA29G Build/BP2A.250605.031.A3) AppleWebKit/537.36 (KHTML, like Gecko) Version/4.0 Chrome/152.0.7977.72 Mobile Safari/537.36 [FB_IAB/FB4A;FBAV/577.0.0.50.72;IABMV/1;]"
90.62.189.37 - - [14/Sep/2026:09:03:47 +0200] "GET /wp-content/themes/astra/assets/css/minified/main.min.css?ver=4.13.10 HTTP/1.1" 200 44905 "https://lecocondalfred.fr/histoire-dune-reeducation-en-orthophonie-episode-2/?fbclid=IwY2xjawUUe6RwZG9mBWV4dG4DYWVtAjExAHNydGMGYXBwX2lkDDM1MDY4NTUzMTcyOAABHrYPy3Tk3zl_JCkyGZtWqyKrCdlVPaU1X5E8xwZZGMwvT8wSxvwfSGIXIg98_aem_qI-ty9OenCl_gSyyqHVB1g" "Mozilla/5.0 (Linux; Android 16; 24090RA29G Build/BP2A.250605.031.A3) AppleWebKit/537.36 (KHTML, like Gecko) Version/4.0 Chrome/152.0.7977.72 Mobile Safari/537.36 [FB_IAB/FB4A;FBAV/577.0.0.50.72;IABMV/1;]"
90.62.189.37 - - [14/Sep/2026:09:03:47 +0200] "GET /wp-content/astra-local-fonts/astra-local-fonts.css?ver=4.13.10 HTTP/1.1" 200 11134 "https://lecocondalfred.fr/histoire-dune-reeducation-en-orthophonie-episode-2/?fbclid=IwY2xjawUUe6RwZG9mBWV4dG4DYWVtAjExAHNydGMGYXBwX2lkDDM1MDY4NTUzMTcyOAABHrYPy3Tk3zl_JCkyGZtWqyKrCdlVPaU1X5E8xwZZGMwvT8wSxvwfSGIXIg98_aem_qI-ty9OenCl_gSyyqHVB1g" "Mozilla/5.0 (Linux; Android 16; 24090RA29G Build/BP2A.250605.031.A3) AppleWebKit/537.36 (KHTML, like Gecko) Version/4.0 Chrome/152.0.7977.72 Mobile Safari/537.36 [FB_IAB/FB4A;FBAV/577.0.0.50.72;IABMV/1;]"
90.62.189.37 - - [14/Sep/2026:09:03:47 +0200] "GET /wp-content/plugins/cookie-law-info/legacy/public/css/cookie-law-info-public.css?ver=3.5.5 HTTP/1.1" 200 3106 "https://lecocondalfred.fr/histoire-dune-reeducation-en-orthophonie-episode-2/?fbclid=IwY2xjawUUe6RwZG9mBWV4dG4DYWVtAjExAHNydGMGYXBwX2lkDDM1MDY4NTUzMTcyOAABHrYPy3Tk3zl_JCkyGZtWqyKrCdlVPaU1X5E8xwZZGMwvT8wSxvwfSGIXIg98_aem_qI-ty9OenCl_gSyyqHVB1g" "Mozilla/5.0 (Linux; Android 16; 24090RA29G Build/BP2A.250605.031.A3) AppleWebKit/537.36 (KHTML, like Gecko) Version/4.0 Chrome/152.0.7977.72 Mobile Safari/537.36 [FB_IAB/FB4A;FBAV/577.0.0.50.72;IABMV/1;]"
90.62.189.37 - - [14/Sep/2026:09:03:47 +0200] "GET /wp-content/plugins/cookie-law-info/legacy/public/css/cookie-law-info-gdpr.css?ver=3.5.5 HTTP/1.1" 200 27203 "https://lecocondalfred.fr/histoire-dune-reeducation-en-orthophonie-episode-2/?fbclid=IwY2xjawUUe6RwZG9mBWV4dG4DYWVtAjExAHNydGMGYXBwX2lkDDM1MDY4NTUzMTcyOAABHrYPy3Tk3zl_JCkyGZtWqyKrCdlVPaU1X5E8xwZZGMwvT8wSxvwfSGIXIg98_aem_qI-ty9OenCl_gSyyqHVB1g" "Mozilla/5.0 (Linux; Android 16; 24090RA29G Build/BP2A.250605.031.A3) AppleWebKit/537.36 (KHTML, like Gecko) Version/4.0 Chrome/152.0.7977.72 Mobile Safari/537.36 [FB_IAB/FB4A;FBAV/577.0.0.50.72;IABMV/1;]"
90.62.189.37 - - [14/Sep/2026:09:03:47 +0200] "GET /wp-content/plugins/the-events-calendar/build/css/tribe-events-single-skeleton.css?ver=6.17.2 HTTP/1.1" 200 18813 "https://lecocondalfred.fr/histoire-dune-reeducation-en-orthophonie-episode-2/?fbclid=IwY2xjawUUe6RwZG9mBWV4dG4DYWVtAjExAHNydGMGYXBwX2lkDDM1MDY4NTUzMTcyOAABHrYPy3Tk3zl_JCkyGZtWqyKrCdlVPaU1X5E8xwZZGMwvT8wSxvwfSGIXIg98_aem_qI-ty9OenCl_gSyyqHVB1g" "Mozilla/5.0 (Linux; Android 16; 24090RA29G Build/BP2A.250605.031.A3) AppleWebKit/537.36 (KHTML, like Gecko) Version/4.0 Chrome/152.0.7977.72 Mobile Safari/537.36 [FB_IAB/FB4A;FBAV/577.0.0.50.72;IABMV/1;]"
90.62.189.37 - - [14/Sep/2026:09:03:47 +0200] "GET /wp-content/plugins/the-events-calendar/build/css/tribe-events-single-full.css?ver=6.17.2 HTTP/1.1" 200 21027 "https://lecocondalfred.fr/histoire-dune-reeducation-en-orthophonie-episode-2/?fbclid=IwY2xjawUUe6RwZG9mBWV4dG4DYWVtAjExAHNydGMGYXBwX2lkDDM1MDY4NTUzMTcyOAABHrYPy3Tk3zl_JCkyGZtWqyKrCdlVPaU1X5E8xwZZGMwvT8wSxvwfSGIXIg98_aem_qI-ty9OenCl_gSyyqHVB1g" "Mozilla/5.0 (Linux; Android 16; 24090RA29G Build/BP2A.250605.031.A3) AppleWebKit/537.36 (KHTML, like Gecko) Version/4.0 Chrome/152.0.7977.72 Mobile Safari/537.36 [FB_IAB/FB4A;FBAV/577.0.0.50.72;IABMV/1;]"
90.62.189.37 - - [14/Sep/2026:09:03:47 +0200] "GET /wp-content/plugins/the-events-calendar/build/css/integrations/plugins/elementor/widgets/widget-base.css?ver=6.17.2 HTTP/1.1" 200 1128 "https://lecocondalfred.fr/histoire-dune-reeducation-en-orthophonie-episode-2/?fbclid=IwY2xjawUUe6RwZG9mBWV4dG4DYWVtAjExAHNydGMGYXBwX2lkDDM1MDY4NTUzMTcyOAABHrYPy3Tk3zl_JCkyGZtWqyKrCdlVPaU1X5E8xwZZGMwvT8wSxvwfSGIXIg98_aem_qI-ty9OenCl_gSyyqHVB1g" "Mozilla/5.0 (Linux; Android 16; 24090RA29G Build/BP2A.250605.031.A3) AppleWebKit/537.36 (KHTML, like Gecko) Version/4.0 Chrome/152.0.7977.72 Mobile Safari/537.36 [FB_IAB/FB4A;FBAV/577.0.0.50.72;IABMV/1;]"
90.62.189.37 - - [14/Sep/2026:09:03:47 +0200] "GET /wp-content/plugins/complianz-gdpr/assets/css/cookieblocker.min.css?ver=1787065124 HTTP/1.1" 200 2782 "https://lecocondalfred.fr/histoire-dune-reeducation-en-orthophonie-episode-2/?fbclid=IwY2xjawUUe6RwZG9mBWV4dG4DYWVtAjExAHNydGMGYXBwX2lkDDM1MDY4NTUzMTcyOAABHrYPy3Tk3zl_JCkyGZtWqyKrCdlVPaU1X5E8xwZZGMwvT8wSxvwfSGIXIg98_aem_qI-ty9OenCl_gSyyqHVB1g" "Mozilla/5.0 (Linux; Android 16; 24090RA29G Build/BP2A.250605.031.A3) AppleWebKit/537.36 (KHTML, like Gecko) Version/4.0 Chrome/152.0.7977.72 Mobile Safari/537.36 [FB_IAB/FB4A;FBAV/577.0.0.50.72;IABMV/1;]"
90.62.189.37 - - [14/Sep/2026:09:03:48 +0200] "GET /wp-content/plugins/elementor/assets/css/frontend.min.css?ver=4.2.4 HTTP/1.1" 200 54666 "https://lecocondalfred.fr/histoire-dune-reeducation-en-orthophonie-episode-2/?fbclid=IwY2xjawUUe6RwZG9mBWV4dG4DYWVtAjExAHNydGMGYXBwX2lkDDM1MDY4NTUzMTcyOAABHrYPy3Tk3zl_JCkyGZtWqyKrCdlVPaU1X5E8xwZZGMwvT8wSxvwfSGIXIg98_aem_qI-ty9OenCl_gSyyqHVB1g" "Mozilla/5.0 (Linux; Android 16; 24090RA29G Build/BP2A.250605.031.A3) AppleWebKit/537.36 (KHTML, like Gecko) Version/4.0 Chrome/152.0.7977.72 Mobile Safari/537.36 [FB_IAB/FB4A;FBAV/577.0.0.50.72;IABMV/1;]"
90.62.189.37 - - [14/Sep/2026:09:03:48 +0200] "GET /wp-content/plugins/elementor/assets/css/widget-image.min.css?ver=4.2.4 HTTP/1.1" 200 214 "https://lecocondalfred.fr/histoire-dune-reeducation-en-orthophonie-episode-2/?fbclid=IwY2xjawUUe6RwZG9mBWV4dG4DYWVtAjExAHNydGMGYXBwX2lkDDM1MDY4NTUzMTcyOAABHrYPy3Tk3zl_JCkyGZtWqyKrCdlVPaU1X5E8xwZZGMwvT8wSxvwfSGIXIg98_aem_qI-ty9OenCl_gSyyqHVB1g" "Mozilla/5.0 (Linux; Android 16; 24090RA29G Build/BP2A.250605.031.A3) AppleWebKit/537.36 (KHTML, like Gecko) Version/4.0 Chrome/152.0.7977.72 Mobile Safari/537.36 [FB_IAB/FB4A;FBAV/577.0.0.50.72;IABMV/1;]"
90.62.189.37 - - [14/Sep/2026:09:03:48 +0200] "GET /wp-content/plugins/elementor/assets/lib/animations/styles/fadeIn.min.css?ver=4.2.4 HTTP/1.1" 200 77 "https://lecocondalfred.fr/histoire-dune-reeducation-en-orthophonie-episode-2/?fbclid=IwY2xjawUUe6RwZG9mBWV4dG4DYWVtAjExAHNydGMGYXBwX2lkDDM1MDY4NTUzMTcyOAABHrYPy3Tk3zl_JCkyGZtWqyKrCdlVPaU1X5E8xwZZGMwvT8wSxvwfSGIXIg98_aem_qI-ty9OenCl_gSyyqHVB1g" "Mozilla/5.0 (Linux; Android 16; 24090RA29G Build/BP2A.250605.031.A3) AppleWebKit/537.36 (KHTML, like Gecko) Version/4.0 Chrome/152.0.7977.72 Mobile Safari/537.36 [FB_IAB/FB4A;FBAV/577.0.0.50.72;IABMV/1;]"
90.62.189.37 - - [14/Sep/2026:09:03:48 +0200] "GET /wp-content/plugins/elementor-pro/assets/css/widget-nav-menu.min.css?ver=4.2.1 HTTP/1.1" 200 27363 "https://lecocondalfred.fr/histoire-dune-reeducation-en-orthophonie-episode-2/?fbclid=IwY2xjawUUe6RwZG9mBWV4dG4DYWVtAjExAHNydGMGYXBwX2lkDDM1MDY4NTUzMTcyOAABHrYPy3Tk3zl_JCkyGZtWqyKrCdlVPaU1X5E8xwZZGMwvT8wSxvwfSGIXIg98_aem_qI-ty9OenCl_gSyyqHVB1g" "Mozilla/5.0 (Linux; Android 16; 24090RA29G Build/BP2A.250605.031.A3) AppleWebKit/537.36 (KHTML, like Gecko) Version/4.0 Chrome/152.0.7977.72 Mobile Safari/537.36 [FB_IAB/FB4A;FBAV/577.0.0.50.72;IABMV/1;]"
90.62.189.37 - - [14/Sep/2026:09:03:48 +0200] "GET /wp-content/plugins/elementor/assets/lib/animations/styles/e-animation-pulse.min.css?ver=4.2.4 HTTP/1.1" 200 318 "https://lecocondalfred.fr/histoire-dune-reeducation-en-orthophonie-episode-2/?fbclid=IwY2xjawUUe6RwZG9mBWV4dG4DYWVtAjExAHNydGMGYXBwX2lkDDM1MDY4NTUzMTcyOAABHrYPy3Tk3zl_JCkyGZtWqyKrCdlVPaU1X5E8xwZZGMwvT8wSxvwfSGIXIg98_aem_qI-ty9OenCl_gSyyqHVB1g" "Mozilla/5.0 (Linux; Android 16; 24090RA29G Build/BP2A.250605.031.A3) AppleWebKit/537.36 (KHTML, like Gecko) Version/4.0 Chrome/152.0.7977.72 Mobile Safari/537.36 [FB_IAB/FB4A;FBAV/577.0.0.50.72;IABMV/1;]"
90.62.189.37 - - [14/Sep/2026:09:03:48 +0200] "GET /wp-content/plugins/elementor/assets/lib/eicons/css/elementor-icons.min.css?ver=5.53.0 HTTP/1.1" 200 22258 "https://lecocondalfred.fr/histoire-dune-reeducation-en-orthophonie-episode-2/?fbclid=IwY2xjawUUe6RwZG9mBWV4dG4DYWVtAjExAHNydGMGYXBwX2lkDDM1MDY4NTUzMTcyOAABHrYPy3Tk3zl_JCkyGZtWqyKrCdlVPaU1X5E8xwZZGMwvT8wSxvwfSGIXIg98_aem_qI-ty9OenCl_gSyyqHVB1g" "Mozilla/5.0 (Linux; Android 16; 24090RA29G Build/BP2A.250605.031.A3) AppleWebKit/537.36 (KHTML, like Gecko) Version/4.0 Chrome/152.0.7977.72 Mobile Safari/537.36 [FB_IAB/FB4A;FBAV/577.0.0.50.72;IABMV/1;]"
90.62.189.37 - - [14/Sep/2026:09:03:48 +0200] "GET /wp-content/plugins/elementor/assets/lib/font-awesome/css/all.min.css?ver=4.2.4 HTTP/1.1" 200 59344 "https://lecocondalfred.fr/histoire-dune-reeducation-en-orthophonie-episode-2/?fbclid=IwY2xjawUUe6RwZG9mBWV4dG4DYWVtAjExAHNydGMGYXBwX2lkDDM1MDY4NTUzMTcyOAABHrYPy3Tk3zl_JCkyGZtWqyKrCdlVPaU1X5E8xwZZGMwvT8wSxvwfSGIXIg98_aem_qI-ty9OenCl_gSyyqHVB1g" "Mozilla/5.0 (Linux; Android 16; 24090RA29G Build/BP2A.250605.031.A3) AppleWebKit/537.36 (KHTML, like Gecko) Version/4.0 Chrome/152.0.7977.72 Mobile Safari/537.36 [FB_IAB/FB4A;FBAV/577.0.0.50.72;IABMV/1;]"
90.62.189.37 - - [14/Sep/2026:09:03:48 +0200] "GET /wp-content/plugins/elementor/assets/lib/font-awesome/css/v4-shims.min.css?ver=4.2.4 HTTP/1.1" 200 26702 "https://lecocondalfred.fr/histoire-dune-reeducation-en-orthophonie-episode-2/?fbclid=IwY2xjawUUe6RwZG9mBWV4dG4DYWVtAjExAHNydGMGYXBwX2lkDDM1MDY4NTUzMTcyOAABHrYPy3Tk3zl_JCkyGZtWqyKrCdlVPaU1X5E8xwZZGMwvT8wSxvwfSGIXIg98_aem_qI-ty9OenCl_gSyyqHVB1g" "Mozilla/5.0 (Linux; Android 16; 24090RA29G Build/BP2A.250605.031.A3) AppleWebKit/537.36 (KHTML, like Gecko) Version/4.0 Chrome/152.0.7977.72 Mobile Safari/537.36 [FB_IAB/FB4A;FBAV/577.0.0.50.72;IABMV/1;]"
90.62.189.37 - - [14/Sep/2026:09:03:48 +0200] "GET /wp-content/uploads/elementor/google-fonts/css/robotoslab.css?ver=1742247279 HTTP/1.1" 200 23625 "https://lecocondalfred.fr/histoire-dune-reeducation-en-orthophonie-episode-2/?fbclid=IwY2xjawUUe6RwZG9mBWV4dG4DYWVtAjExAHNydGMGYXBwX2lkDDM1MDY4NTUzMTcyOAABHrYPy3Tk3zl_JCkyGZtWqyKrCdlVPaU1X5E8xwZZGMwvT8wSxvwfSGIXIg98_aem_qI-ty9OenCl_gSyyqHVB1g" "Mozilla/5.0 (Linux; Android 16; 24090RA29G Build/BP2A.250605.031.A3) AppleWebKit/537.36 (KHTML, like Gecko) Version/4.0 Chrome/152.0.7977.72 Mobile Safari/537.36 [FB_IAB/FB4A;FBAV/577.0.0.50.72;IABMV/1;]"
90.62.189.37 - - [14/Sep/2026:09:03:48 +0200] "GET /wp-content/uploads/elementor/google-fonts/css/roboto.css?ver=1742247286 HTTP/1.1" 200 104004 "https://lecocondalfred.fr/histoire-dune-reeducation-en-orthophonie-episode-2/?fbclid=IwY2xjawUUe6RwZG9mBWV4dG4DYWVtAjExAHNydGMGYXBwX2lkDDM1MDY4NTUzMTcyOAABHrYPy3Tk3zl_JCkyGZtWqyKrCdlVPaU1X5E8xwZZGMwvT8wSxvwfSGIXIg98_aem_qI-ty9OenCl_gSyyqHVB1g" "Mozilla/5.0 (Linux; Android 16; 24090RA29G Build/BP2A.250605.031.A3) AppleWebKit/537.36 (KHTML, like Gecko) Version/4.0 Chrome/152.0.7977.72 Mobile Safari/537.36 [FB_IAB/FB4A;FBAV/577.0.0.50.72;IABMV/1;]"
90.62.189.37 - - [14/Sep/2026:09:03:48 +0200] "GET /wp-content/uploads/elementor/google-fonts/css/baskervville.css?ver=1742247287 HTTP/1.1" 200 1828 "https://lecocondalfred.fr/histoire-dune-reeducation-en-orthophonie-episode-2/?fbclid=IwY2xjawUUe6RwZG9mBWV4dG4DYWVtAjExAHNydGMGYXBwX2lkDDM1MDY4NTUzMTcyOAABHrYPy3Tk3zl_JCkyGZtWqyKrCdlVPaU1X5E8xwZZGMwvT8wSxvwfSGIXIg98_aem_qI-ty9OenCl_gSyyqHVB1g" "Mozilla/5.0 (Linux; Android 16; 24090RA29G Build/BP2A.250605.031.A3) AppleWebKit/537.36 (KHTML, like Gecko) Version/4.0 Chrome/152.0.7977.72 Mobile Safari/537.36 [FB_IAB/FB4A;FBAV/577.0.0.50.72;IABMV/1;]"
90.62.189.37 - - [14/Sep/2026:09:03:48 +0200] "GET /wp-content/uploads/elementor/google-fonts/css/robotocondensed.css?ver=1742247293 HTTP/1.1" 200 49464 "https://lecocondalfred.fr/histoire-dune-reeducation-en-orthophonie-episode-2/?fbclid=IwY2xjawUUe6RwZG9mBWV4dG4DYWVtAjExAHNydGMGYXBwX2lkDDM1MDY4NTUzMTcyOAABHrYPy3Tk3zl_JCkyGZtWqyKrCdlVPaU1X5E8xwZZGMwvT8wSxvwfSGIXIg98_aem_qI-ty9OenCl_gSyyqHVB1g" "Mozilla/5.0 (Linux; Android 16; 24090RA29G Build/BP2A.250605.031.A3) AppleWebKit/537.36 (KHTML, like Gecko) Version/4.0 Chrome/152.0.7977.72 Mobile Safari/537.36 [FB_IAB/FB4A;FBAV/577.0.0.50.72;IABMV/1;]"
90.62.189.37 - - [14/Sep/2026:09:03:48 +0200] "GET /wp-includes/js/jquery/jquery.min.js?ver=3.7.1 HTTP/1.1" 200 87553 "https://lecocondalfred.fr/histoire-dune-reeducation-en-orthophonie-episode-2/?fbclid=IwY2xjawUUe6RwZG9mBWV4dG4DYWVtAjExAHNydGMGYXBwX2lkDDM1MDY4NTUzMTcyOAABHrYPy3Tk3zl_JCkyGZtWqyKrCdlVPaU1X5E8xwZZGMwvT8wSxvwfSGIXIg98_aem_qI-ty9OenCl_gSyyqHVB1g" "Mozilla/5.0 (Linux; Android 16; 24090RA29G Build/BP2A.250605.031.A3) AppleWebKit/537.36 (KHTML, like Gecko) Version/4.0 Chrome/152.0.7977.72 Mobile Safari/537.36 [FB_IAB/FB4A;FBAV/577.0.0.50.72;IABMV/1;]"
90.62.189.37 - - [14/Sep/2026:09:03:48 +0200] "GET /wp-includes/js/jquery/jquery-migrate.min.js?ver=3.4.1 HTTP/1.1" 200 13577 "https://lecocondalfred.fr/histoire-dune-reeducation-en-orthophonie-episode-2/?fbclid=IwY2xjawUUe6RwZG9mBWV4dG4DYWVtAjExAHNydGMGYXBwX2lkDDM1MDY4NTUzMTcyOAABHrYPy3Tk3zl_JCkyGZtWqyKrCdlVPaU1X5E8xwZZGMwvT8wSxvwfSGIXIg98_aem_qI-ty9OenCl_gSyyqHVB1g" "Mozilla/5.0 (Linux; Android 16; 24090RA29G Build/BP2A.250605.031.A3) AppleWebKit/537.36 (KHTML, like Gecko) Version/4.0 Chrome/152.0.7977.72 Mobile Safari/537.36 [FB_IAB/FB4A;FBAV/577.0.0.50.72;IABMV/1;]"
90.62.189.37 - - [14/Sep/2026:09:03:48 +0200] "GET /wp-content/plugins/cookie-law-info/legacy/public/js/cookie-law-info-public.js?ver=3.5.5 HTTP/1.1" 200 34121 "https://lecocondalfred.fr/histoire-dune-reeducation-en-orthophonie-episode-2/?fbclid=IwY2xjawUUe6RwZG9mBWV4dG4DYWVtAjExAHNydGMGYXBwX2lkDDM1MDY4NTUzMTcyOAABHrYPy3Tk3zl_JCkyGZtWqyKrCdlVPaU1X5E8xwZZGMwvT8wSxvwfSGIXIg98_aem_qI-ty9OenCl_gSyyqHVB1g" "Mozilla/5.0 (Linux; Android 16; 24090RA29G Build/BP2A.250605.031.A3) AppleWebKit/537.36 (KHTML, like Gecko) Version/4.0 Chrome/152.0.7977.72 Mobile Safari/537.36 [FB_IAB/FB4A;FBAV/577.0.0.50.72;IABMV/1;]"
90.62.189.37 - - [14/Sep/2026:09:03:48 +0200] "GET /wp-content/plugins/elementor/assets/lib/font-awesome/js/v4-shims.min.js?ver=4.2.4 HTTP/1.1" 200 15073 "https://lecocondalfred.fr/histoire-dune-reeducation-en-orthophonie-episode-2/?fbclid=IwY2xjawUUe6RwZG9mBWV4dG4DYWVtAjExAHNydGMGYXBwX2lkDDM1MDY4NTUzMTcyOAABHrYPy3Tk3zl_JCkyGZtWqyKrCdlVPaU1X5E8xwZZGMwvT8wSxvwfSGIXIg98_aem_qI-ty9OenCl_gSyyqHVB1g" "Mozilla/5.0 (Linux; Android 16; 24090RA29G Build/BP2A.250605.031.A3) AppleWebKit/537.36 (KHTML, like Gecko) Version/4.0 Chrome/152.0.7977.72 Mobile Safari/537.36 [FB_IAB/FB4A;FBAV/577.0.0.50.72;IABMV/1;]"
90.62.189.37 - - [14/Sep/2026:09:03:48 +0200] "GET /wp-content/uploads/2021/07/LOGO-BLEU-COCON.png HTTP/1.1" 200 7385 "https://lecocondalfred.fr/histoire-dune-reeducation-en-orthophonie-episode-2/?fbclid=IwY2xjawUUe6RwZG9mBWV4dG4DYWVtAjExAHNydGMGYXBwX2lkDDM1MDY4NTUzMTcyOAABHrYPy3Tk3zl_JCkyGZtWqyKrCdlVPaU1X5E8xwZZGMwvT8wSxvwfSGIXIg98_aem_qI-ty9OenCl_gSyyqHVB1g" "Mozilla/5.0 (Linux; Android 16; 24090RA29G Build/BP2A.250605.031.A3) AppleWebKit/537.36 (KHTML, like Gecko) Version/4.0 Chrome/152.0.7977.72 Mobile Safari/537.36 [FB_IAB/FB4A;FBAV/577.0.0.50.72;IABMV/1;]"
90.62.189.37 - - [14/Sep/2026:09:03:48 +0200] "GET /wp-content/plugins/cookie-law-info/legacy/public/css/cookie-law-info-table.css?ver=3.5.5 HTTP/1.1" 200 6113 "https://lecocondalfred.fr/histoire-dune-reeducation-en-orthophonie-episode-2/?fbclid=IwY2xjawUUe6RwZG9mBWV4dG4DYWVtAjExAHNydGMGYXBwX2lkDDM1MDY4NTUzMTcyOAABHrYPy3Tk3zl_JCkyGZtWqyKrCdlVPaU1X5E8xwZZGMwvT8wSxvwfSGIXIg98_aem_qI-ty9OenCl_gSyyqHVB1g" "Mozilla/5.0 (Linux; Android 16; 24090RA29G Build/BP2A.250605.031.A3) AppleWebKit/537.36 (KHTML, like Gecko) Version/4.0 Chrome/152.0.7977.72 Mobile Safari/537.36 [FB_IAB/FB4A;FBAV/577.0.0.50.72;IABMV/1;]"
90.62.189.37 - - [14/Sep/2026:09:03:48 +0200] "GET /wp-content/themes/astra/assets/js/minified/frontend.min.js?ver=4.13.10 HTTP/1.1" 200 26311 "https://lecocondalfred.fr/histoire-dune-reeducation-en-orthophonie-episode-2/?fbclid=IwY2xjawUUe6RwZG9mBWV4dG4DYWVtAjExAHNydGMGYXBwX2lkDDM1MDY4NTUzMTcyOAABHrYPy3Tk3zl_JCkyGZtWqyKrCdlVPaU1X5E8xwZZGMwvT8wSxvwfSGIXIg98_aem_qI-ty9OenCl_gSyyqHVB1g" "Mozilla/5.0 (Linux; Android 16; 24090RA29G Build/BP2A.250605.031.A3) AppleWebKit/537.36 (KHTML, like Gecko) Version/4.0 Chrome/152.0.7977.72 Mobile Safari/537.36 [FB_IAB/FB4A;FBAV/577.0.0.50.72;IABMV/1;]"
90.62.189.37 - - [14/Sep/2026:09:03:48 +0200] "GET /wp-content/plugins/the-events-calendar/common/build/js/user-agent.js?ver=da75d0bdea6dde3898df HTTP/1.1" 200 291 "https://lecocondalfred.fr/histoire-dune-reeducation-en-orthophonie-episode-2/?fbclid=IwY2xjawUUe6RwZG9mBWV4dG4DYWVtAjExAHNydGMGYXBwX2lkDDM1MDY4NTUzMTcyOAABHrYPy3Tk3zl_JCkyGZtWqyKrCdlVPaU1X5E8xwZZGMwvT8wSxvwfSGIXIg98_aem_qI-ty9OenCl_gSyyqHVB1g" "Mozilla/5.0 (Linux; Android 16; 24090RA29G Build/BP2A.250605.031.A3) AppleWebKit/537.36 (KHTML, like Gecko) Version/4.0 Chrome/152.0.7977.72 Mobile Safari/537.36 [FB_IAB/FB4A;FBAV/577.0.0.50.72;IABMV/1;]"
90.62.189.37 - - [14/Sep/2026:09:03:48 +0200] "GET /wp-includes/js/dist/dom-ready.min.js?ver=3fe927cab37bf38d6a23 HTTP/1.1" 200 881 "https://lecocondalfred.fr/histoire-dune-reeducation-en-orthophonie-episode-2/?fbclid=IwY2xjawUUe6RwZG9mBWV4dG4DYWVtAjExAHNydGMGYXBwX2lkDDM1MDY4NTUzMTcyOAABHrYPy3Tk3zl_JCkyGZtWqyKrCdlVPaU1X5E8xwZZGMwvT8wSxvwfSGIXIg98_aem_qI-ty9OenCl_gSyyqHVB1g" "Mozilla/5.0 (Linux; Android 16; 24090RA29G Build/BP2A.250605.031.A3) AppleWebKit/537.36 (KHTML, like Gecko) Version/4.0 Chrome/152.0.7977.72 Mobile Safari/537.36 [FB_IAB/FB4A;FBAV/577.0.0.50.72;IABMV/1;]"
90.62.189.37 - - [14/Sep/2026:09:03:48 +0200] "GET /wp-content/plugins/astra-sites/inc/lib/onboarding/assets/dist/template-preview/main.js?ver=09382f635556bec359b3 HTTP/1.1" 200 6587 "https://lecocondalfred.fr/histoire-dune-reeducation-en-orthophonie-episode-2/?fbclid=IwY2xjawUUe6RwZG9mBWV4dG4DYWVtAjExAHNydGMGYXBwX2lkDDM1MDY4NTUzMTcyOAABHrYPy3Tk3zl_JCkyGZtWqyKrCdlVPaU1X5E8xwZZGMwvT8wSxvwfSGIXIg98_aem_qI-ty9OenCl_gSyyqHVB1g" "Mozilla/5.0 (Linux; Android 16; 24090RA29G Build/BP2A.250605.031.A3) AppleWebKit/537.36 (KHTML, like Gecko) Version/4.0 Chrome/152.0.7977.72 Mobile Safari/537.36 [FB_IAB/FB4A;FBAV/577.0.0.50.72;IABMV/1;]"
90.62.189.37 - - [14/Sep/2026:09:03:48 +0200] "GET /wp-content/plugins/elementor/assets/js/webpack.runtime.min.js?ver=4.2.4 HTTP/1.1" 200 5819 "https://lecocondalfred.fr/histoire-dune-reeducation-en-orthophonie-episode-2/?fbclid=IwY2xjawUUe6RwZG9mBWV4dG4DYWVtAjExAHNydGMGYXBwX2lkDDM1MDY4NTUzMTcyOAABHrYPy3Tk3zl_JCkyGZtWqyKrCdlVPaU1X5E8xwZZGMwvT8wSxvwfSGIXIg98_aem_qI-ty9OenCl_gSyyqHVB1g" "Mozilla/5.0 (Linux; Android 16; 24090RA29G Build/BP2A.250605.031.A3) AppleWebKit/537.36 (KHTML, like Gecko) Version/4.0 Chrome/152.0.7977.72 Mobile Safari/537.36 [FB_IAB/FB4A;FBAV/577.0.0.50.72;IABMV/1;]"
90.62.189.37 - - [14/Sep/2026:09:03:48 +0200] "GET /wp-content/plugins/elementor/assets/js/frontend-modules.min.js?ver=4.2.4 HTTP/1.1" 200 50602 "https://lecocondalfred.fr/histoire-dune-reeducation-en-orthophonie-episode-2/?fbclid=IwY2xjawUUe6RwZG9mBWV4dG4DYWVtAjExAHNydGMGYXBwX2lkDDM1MDY4NTUzMTcyOAABHrYPy3Tk3zl_JCkyGZtWqyKrCdlVPaU1X5E8xwZZGMwvT8wSxvwfSGIXIg98_aem_qI-ty9OenCl_gSyyqHVB1g" "Mozilla/5.0 (Linux; Android 16; 24090RA29G Build/BP2A.250605.031.A3) AppleWebKit/537.36 (KHTML, like Gecko) Version/4.0 Chrome/152.0.7977.72 Mobile Safari/537.36 [FB_IAB/FB4A;FBAV/577.0.0.50.72;IABMV/1;]"
90.62.189.37 - - [14/Sep/2026:09:03:48 +0200] "GET /wp-includes/js/jquery/ui/core.min.js?ver=1.14.2 HTTP/1.1" 200 18674 "https://lecocondalfred.fr/histoire-dune-reeducation-en-orthophonie-episode-2/?fbclid=IwY2xjawUUe6RwZG9mBWV4dG4DYWVtAjExAHNydGMGYXBwX2lkDDM1MDY4NTUzMTcyOAABHrYPy3Tk3zl_JCkyGZtWqyKrCdlVPaU1X5E8xwZZGMwvT8wSxvwfSGIXIg98_aem_qI-ty9OenCl_gSyyqHVB1g" "Mozilla/5.0 (Linux; Android 16; 24090RA29G Build/BP2A.250605.031.A3) AppleWebKit/537.36 (KHTML, like Gecko) Version/4.0 Chrome/152.0.7977.72 Mobile Safari/537.36 [FB_IAB/FB4A;FBAV/577.0.0.50.72;IABMV/1;]"
90.62.189.37 - - [14/Sep/2026:09:03:48 +0200] "GET /wp-content/plugins/elementor/assets/js/frontend.min.js?ver=4.2.4 HTTP/1.1" 200 32098 "https://lecocondalfred.fr/histoire-dune-reeducation-en-orthophonie-episode-2/?fbclid=IwY2xjawUUe6RwZG9mBWV4dG4DYWVtAjExAHNydGMGYXBwX2lkDDM1MDY4NTUzMTcyOAABHrYPy3Tk3zl_JCkyGZtWqyKrCdlVPaU1X5E8xwZZGMwvT8wSxvwfSGIXIg98_aem_qI-ty9OenCl_gSyyqHVB1g" "Mozilla/5.0 (Linux; Android 16; 24090RA29G Build/BP2A.250605.031.A3) AppleWebKit/537.36 (KHTML, like Gecko) Version/4.0 Chrome/152.0.7977.72 Mobile Safari/537.36 [FB_IAB/FB4A;FBAV/577.0.0.50.72;IABMV/1;]"
90.62.189.37 - - [14/Sep/2026:09:03:48 +0200] "GET /wp-content/plugins/elementor-pro/assets/lib/smartmenus/jquery.smartmenus.min.js?ver=1.2.1 HTTP/1.1" 200 24109 "https://lecocondalfred.fr/histoire-dune-reeducation-en-orthophonie-episode-2/?fbclid=IwY2xjawUUe6RwZG9mBWV4dG4DYWVtAjExAHNydGMGYXBwX2lkDDM1MDY4NTUzMTcyOAABHrYPy3Tk3zl_JCkyGZtWqyKrCdlVPaU1X5E8xwZZGMwvT8wSxvwfSGIXIg98_aem_qI-ty9OenCl_gSyyqHVB1g" "Mozilla/5.0 (Linux; Android 16; 24090RA29G Build/BP2A.250605.031.A3) AppleWebKit/537.36 (KHTML, like Gecko) Version/4.0 Chrome/152.0.7977.72 Mobile Safari/537.36 [FB_IAB/FB4A;FBAV/577.0.0.50.72;IABMV/1;]"
90.62.189.37 - - [14/Sep/2026:09:03:48 +0200] "GET /wp-content/plugins/wp-smushit/app/assets/js/smush-lazy-load.min.js?ver=4.3.0 HTTP/1.1" 200 23727 "https://lecocondalfred.fr/histoire-dune-reeducation-en-orthophonie-episode-2/?fbclid=IwY2xjawUUe6RwZG9mBWV4dG4DYWVtAjExAHNydGMGYXBwX2lkDDM1MDY4NTUzMTcyOAABHrYPy3Tk3zl_JCkyGZtWqyKrCdlVPaU1X5E8xwZZGMwvT8wSxvwfSGIXIg98_aem_qI-ty9OenCl_gSyyqHVB1g" "Mozilla/5.0 (Linux; Android 16; 24090RA29G Build/BP2A.250605.031.A3) AppleWebKit/537.36 (KHTML, like Gecko) Version/4.0 Chrome/152.0.7977.72 Mobile Safari/537.36 [FB_IAB/FB4A;FBAV/577.0.0.50.72;IABMV/1;]"
90.62.189.37 - - [14/Sep/2026:09:03:48 +0200] "GET /wp-content/plugins/wp-consent-api/assets/js/wp-consent-api.min.js?ver=2.0.1 HTTP/1.1" 200 2235 "https://lecocondalfred.fr/histoire-dune-reeducation-en-orthophonie-episode-2/?fbclid=IwY2xjawUUe6RwZG9mBWV4dG4DYWVtAjExAHNydGMGYXBwX2lkDDM1MDY4NTUzMTcyOAABHrYPy3Tk3zl_JCkyGZtWqyKrCdlVPaU1X5E8xwZZGMwvT8wSxvwfSGIXIg98_aem_qI-ty9OenCl_gSyyqHVB1g" "Mozilla/5.0 (Linux; Android 16; 24090RA29G Build/BP2A.250605.031.A3) AppleWebKit/537.36 (KHTML, like Gecko) Version/4.0 Chrome/152.0.7977.72 Mobile Safari/537.36 [FB_IAB/FB4A;FBAV/577.0.0.50.72;IABMV/1;]"
90.62.189.37 - - [14/Sep/2026:09:03:48 +0200] "GET /wp-content/plugins/elementor-pro/assets/js/webpack-pro.runtime.min.js?ver=4.2.1 HTTP/1.1" 200 6242 "https://lecocondalfred.fr/histoire-dune-reeducation-en-orthophonie-episode-2/?fbclid=IwY2xjawUUe6RwZG9mBWV4dG4DYWVtAjExAHNydGMGYXBwX2lkDDM1MDY4NTUzMTcyOAABHrYPy3Tk3zl_JCkyGZtWqyKrCdlVPaU1X5E8xwZZGMwvT8wSxvwfSGIXIg98_aem_qI-ty9OenCl_gSyyqHVB1g" "Mozilla/5.0 (Linux; Android 16; 24090RA29G Build/BP2A.250605.031.A3) AppleWebKit/537.36 (KHTML, like Gecko) Version/4.0 Chrome/152.0.7977.72 Mobile Safari/537.36 [FB_IAB/FB4A;FBAV/577.0.0.50.72;IABMV/1;]"
90.62.189.37 - - [14/Sep/2026:09:03:48 +0200] "GET /wp-includes/js/dist/hooks.min.js?ver=f0f188028580e8dc1255 HTTP/1.1" 200 5107 "https://lecocondalfred.fr/histoire-dune-reeducation-en-orthophonie-episode-2/?fbclid=IwY2xjawUUe6RwZG9mBWV4dG4DYWVtAjExAHNydGMGYXBwX2lkDDM1MDY4NTUzMTcyOAABHrYPy3Tk3zl_JCkyGZtWqyKrCdlVPaU1X5E8xwZZGMwvT8wSxvwfSGIXIg98_aem_qI-ty9OenCl_gSyyqHVB1g" "Mozilla/5.0 (Linux; Android 16; 24090RA29G Build/BP2A.250605.031.A3) AppleWebKit/537.36 (KHTML, like Gecko) Version/4.0 Chrome/152.0.7977.72 Mobile Safari/537.36 [FB_IAB/FB4A;FBAV/577.0.0.50.72;IABMV/1;]"
90.62.189.37 - - [14/Sep/2026:09:03:48 +0200] "GET /wp-includes/js/dist/i18n.min.js?ver=1dfe7db3940c23ea9216 HTTP/1.1" 200 5791 "https://lecocondalfred.fr/histoire-dune-reeducation-en-orthophonie-episode-2/?fbclid=IwY2xjawUUe6RwZG9mBWV4dG4DYWVtAjExAHNydGMGYXBwX2lkDDM1MDY4NTUzMTcyOAABHrYPy3Tk3zl_JCkyGZtWqyKrCdlVPaU1X5E8xwZZGMwvT8wSxvwfSGIXIg98_aem_qI-ty9OenCl_gSyyqHVB1g" "Mozilla/5.0 (Linux; Android 16; 24090RA29G Build/BP2A.250605.031.A3) AppleWebKit/537.36 (KHTML, like Gecko) Version/4.0 Chrome/152.0.7977.72 Mobile Safari/537.36 [FB_IAB/FB4A;FBAV/577.0.0.50.72;IABMV/1;]"
90.62.189.37 - - [14/Sep/2026:09:03:48 +0200] "GET /wp-content/plugins/elementor-pro/assets/js/frontend.min.js?ver=4.2.1 HTTP/1.1" 200 23939 "https://lecocondalfred.fr/histoire-dune-reeducation-en-orthophonie-episode-2/?fbclid=IwY2xjawUUe6RwZG9mBWV4dG4DYWVtAjExAHNydGMGYXBwX2lkDDM1MDY4NTUzMTcyOAABHrYPy3Tk3zl_JCkyGZtWqyKrCdlVPaU1X5E8xwZZGMwvT8wSxvwfSGIXIg98_aem_qI-ty9OenCl_gSyyqHVB1g" "Mozilla/5.0 (Linux; Android 16; 24090RA29G Build/BP2A.250605.031.A3) AppleWebKit/537.36 (KHTML, like Gecko) Version/4.0 Chrome/152.0.7977.72 Mobile Safari/537.36 [FB_IAB/FB4A;FBAV/577.0.0.50.72;IABMV/1;]"
90.62.189.37 - - [14/Sep/2026:09:03:48 +0200] "GET /wp-content/plugins/elementor-pro/assets/js/elements-handlers.min.js?ver=4.2.1 HTTP/1.1" 200 43922 "https://lecocondalfred.fr/histoire-dune-reeducation-en-orthophonie-episode-2/?fbclid=IwY2xjawUUe6RwZG9mBWV4dG4DYWVtAjExAHNydGMGYXBwX2lkDDM1MDY4NTUzMTcyOAABHrYPy3Tk3zl_JCkyGZtWqyKrCdlVPaU1X5E8xwZZGMwvT8wSxvwfSGIXIg98_aem_qI-ty9OenCl_gSyyqHVB1g" "Mozilla/5.0 (Linux; Android 16; 24090RA29G Build/BP2A.250605.031.A3) AppleWebKit/537.36 (KHTML, like Gecko) Version/4.0 Chrome/152.0.7977.72 Mobile Safari/537.36 [FB_IAB/FB4A;FBAV/577.0.0.50.72;IABMV/1;]"
90.62.189.37 - - [14/Sep/2026:09:03:48 +0200] "GET /wp-content/plugins/wpfront-scroll-top/includes/assets/wpfront-scroll-top.min.js?ver=3.0.1.09211 HTTP/1.1" 200 1490 "https://lecocondalfred.fr/histoire-dune-reeducation-en-orthophonie-episode-2/?fbclid=IwY2xjawUUe6RwZG9mBWV4dG4DYWVtAjExAHNydGMGYXBwX2lkDDM1MDY4NTUzMTcyOAABHrYPy3Tk3zl_JCkyGZtWqyKrCdlVPaU1X5E8xwZZGMwvT8wSxvwfSGIXIg98_aem_qI-ty9OenCl_gSyyqHVB1g" "Mozilla/5.0 (Linux; Android 16; 24090RA29G Build/BP2A.250605.031.A3) AppleWebKit/537.36 (KHTML, like Gecko) Version/4.0 Chrome/152.0.7977.72 Mobile Safari/537.36 [FB_IAB/FB4A;FBAV/577.0.0.50.72;IABMV/1;]"
90.62.189.37 - - [14/Sep/2026:09:03:48 +0200] "GET /wp-content/uploads/elementor/google-fonts/fonts/roboto-kfo7cnqeu92fr1me7ksn66agldtyluama3yuba.woff2 HTTP/1.1" 200 40128 "https://lecocondalfred.fr/wp-content/uploads/elementor/google-fonts/css/roboto.css?ver=1742247286" "Mozilla/5.0 (Linux; Android 16; 24090RA29G Build/BP2A.250605.031.A3) AppleWebKit/537.36 (KHTML, like Gecko) Version/4.0 Chrome/152.0.7977.72 Mobile Safari/537.36 [FB_IAB/FB4A;FBAV/577.0.0.50.72;IABMV/1;]"
90.62.189.37 - - [14/Sep/2026:09:03:48 +0200] "GET /wp-content/plugins/elementor/assets/lib/eicons/fonts/eicons.woff2?5.53.0 HTTP/1.1" 200 108000 "https://lecocondalfred.fr/wp-content/plugins/elementor/assets/lib/eicons/css/elementor-icons.min.css?ver=5.53.0" "Mozilla/5.0 (Linux; Android 16; 24090RA29G Build/BP2A.250605.031.A3) AppleWebKit/537.36 (KHTML, like Gecko) Version/4.0 Chrome/152.0.7977.72 Mobile Safari/537.36 [FB_IAB/FB4A;FBAV/577.0.0.50.72;IABMV/1;]"
90.62.189.37 - - [14/Sep/2026:09:03:48 +0200] "GET /wp-content/uploads/elementor/google-fonts/fonts/roboto-kfo5cnqeu92fr1mu53zec9_vu3r1gihoszmkbnka.woff2 HTTP/1.1" 200 44192 "https://lecocondalfred.fr/wp-content/uploads/elementor/google-fonts/css/roboto.css?ver=1742247286" "Mozilla/5.0 (Linux; Android 16; 24090RA29G Build/BP2A.250605.031.A3) AppleWebKit/537.36 (KHTML, like Gecko) Version/4.0 Chrome/152.0.7977.72 Mobile Safari/537.36 [FB_IAB/FB4A;FBAV/577.0.0.50.72;IABMV/1;]"
109.234.165.65 - - [14/Sep/2026:09:03:49 +0200] "POST /wp-cron.php?doing_wp_cron=1789369429.1728260517120361328125 HTTP/1.1" 200 - "-" "WordPress/7.1; https://lecocondalfred.fr"
90.62.189.37 - - [14/Sep/2026:09:03:48 +0200] "GET /wp-content/plugins/google-site-kit/dist/assets/js/googlesitekit-consent-mode-86cb52dcb9f2b27ed244.js HTTP/1.1" 404 146147 "https://lecocondalfred.fr/histoire-dune-reeducation-en-orthophonie-episode-2/?fbclid=IwY2xjawUUe6RwZG9mBWV4dG4DYWVtAjExAHNydGMGYXBwX2lkDDM1MDY4NTUzMTcyOAABHrYPy3Tk3zl_JCkyGZtWqyKrCdlVPaU1X5E8xwZZGMwvT8wSxvwfSGIXIg98_aem_qI-ty9OenCl_gSyyqHVB1g" "Mozilla/5.0 (Linux; Android 16; 24090RA29G Build/BP2A.250605.031.A3) AppleWebKit/537.36 (KHTML, like Gecko) Version/4.0 Chrome/152.0.7977.72 Mobile Safari/537.36 [FB_IAB/FB4A;FBAV/577.0.0.50.72;IABMV/1;]"
90.62.189.37 - - [14/Sep/2026:09:03:49 +0200] "GET /wp-content/uploads/2023/10/accompagnement-parental-delphine.png HTTP/1.1" 200 819451 "https://lecocondalfred.fr/histoire-dune-reeducation-en-orthophonie-episode-2/?fbclid=IwY2xjawUUe6RwZG9mBWV4dG4DYWVtAjExAHNydGMGYXBwX2lkDDM1MDY4NTUzMTcyOAABHrYPy3Tk3zl_JCkyGZtWqyKrCdlVPaU1X5E8xwZZGMwvT8wSxvwfSGIXIg98_aem_qI-ty9OenCl_gSyyqHVB1g" "Mozilla/5.0 (Linux; Android 16; 24090RA29G Build/BP2A.250605.031.A3) AppleWebKit/537.36 (KHTML, like Gecko) Version/4.0 Chrome/152.0.7977.72 Mobile Safari/537.36 [FB_IAB/FB4A;FBAV/577.0.0.50.72;IABMV/1;]"
90.62.189.37 - - [14/Sep/2026:09:03:48 +0200] "GET /wp-content/plugins/google-site-kit/dist/assets/js/googlesitekit-events-provider-wpforms-063cb453c64ecfd3dafe.js HTTP/1.1" 404 146163 "https://lecocondalfred.fr/histoire-dune-reeducation-en-orthophonie-episode-2/?fbclid=IwY2xjawUUe6RwZG9mBWV4dG4DYWVtAjExAHNydGMGYXBwX2lkDDM1MDY4NTUzMTcyOAABHrYPy3Tk3zl_JCkyGZtWqyKrCdlVPaU1X5E8xwZZGMwvT8wSxvwfSGIXIg98_aem_qI-ty9OenCl_gSyyqHVB1g" "Mozilla/5.0 (Linux; Android 16; 24090RA29G Build/BP2A.250605.031.A3) AppleWebKit/537.36 (KHTML, like Gecko) Version/4.0 Chrome/152.0.7977.72 Mobile Safari/537.36 [FB_IAB/FB4A;FBAV/577.0.0.50.72;IABMV/1;]"
90.62.189.37 - - [14/Sep/2026:09:03:48 +0200] "GET /wp-content/plugins/google-site-kit/dist/assets/js/googlesitekit-events-provider-content-events-33078016c5e1e9f07c35.js HTTP/1.1" 404 146171 "https://lecocondalfred.fr/histoire-dune-reeducation-en-orthophonie-episode-2/?fbclid=IwY2xjawUUe6RwZG9mBWV4dG4DYWVtAjExAHNydGMGYXBwX2lkDDM1MDY4NTUzMTcyOAABHrYPy3Tk3zl_JCkyGZtWqyKrCdlVPaU1X5E8xwZZGMwvT8wSxvwfSGIXIg98_aem_qI-ty9OenCl_gSyyqHVB1g" "Mozilla/5.0 (Linux; Android 16; 24090RA29G Build/BP2A.250605.031.A3) AppleWebKit/537.36 (KHTML, like Gecko) Version/4.0 Chrome/152.0.7977.72 Mobile Safari/537.36 [FB_IAB/FB4A;FBAV/577.0.0.50.72;IABMV/1;]"
90.62.189.37 - - [14/Sep/2026:09:03:49 +0200] "GET /wp-content/plugins/wpfront-scroll-top/includes/assets/icons/116.png HTTP/1.1" 200 543 "https://lecocondalfred.fr/histoire-dune-reeducation-en-orthophonie-episode-2/?fbclid=IwY2xjawUUe6RwZG9mBWV4dG4DYWVtAjExAHNydGMGYXBwX2lkDDM1MDY4NTUzMTcyOAABHrYPy3Tk3zl_JCkyGZtWqyKrCdlVPaU1X5E8xwZZGMwvT8wSxvwfSGIXIg98_aem_qI-ty9OenCl_gSyyqHVB1g" "Mozilla/5.0 (Linux; Android 16; 24090RA29G Build/BP2A.250605.031.A3) AppleWebKit/537.36 (KHTML, like Gecko) Version/4.0 Chrome/152.0.7977.72 Mobile Safari/537.36 [FB_IAB/FB4A;FBAV/577.0.0.50.72;IABMV/1;]"
90.62.189.37 - - [14/Sep/2026:09:03:49 +0200] "GET /wp-content/plugins/elementor/assets/js/section-frontend-handlers.d85ab872da118940910d.bundle.min.js HTTP/1.1" 200 449 "https://lecocondalfred.fr/histoire-dune-reeducation-en-orthophonie-episode-2/?fbclid=IwY2xjawUUe6RwZG9mBWV4dG4DYWVtAjExAHNydGMGYXBwX2lkDDM1MDY4NTUzMTcyOAABHrYPy3Tk3zl_JCkyGZtWqyKrCdlVPaU1X5E8xwZZGMwvT8wSxvwfSGIXIg98_aem_qI-ty9OenCl_gSyyqHVB1g" "Mozilla/5.0 (Linux; Android 16; 24090RA29G Build/BP2A.250605.031.A3) AppleWebKit/537.36 (KHTML, like Gecko) Version/4.0 Chrome/152.0.7977.72 Mobile Safari/537.36 [FB_IAB/FB4A;FBAV/577.0.0.50.72;IABMV/1;]"
90.62.189.37 - - [14/Sep/2026:09:03:49 +0200] "GET /wp-content/plugins/elementor/assets/js/shared-frontend-handlers.03caa53373b56d3bab67.bundle.min.js HTTP/1.1" 200 8481 "https://lecocondalfred.fr/histoire-dune-reeducation-en-orthophonie-episode-2/?fbclid=IwY2xjawUUe6RwZG9mBWV4dG4DYWVtAjExAHNydGMGYXBwX2lkDDM1MDY4NTUzMTcyOAABHrYPy3Tk3zl_JCkyGZtWqyKrCdlVPaU1X5E8xwZZGMwvT8wSxvwfSGIXIg98_aem_qI-ty9OenCl_gSyyqHVB1g" "Mozilla/5.0 (Linux; Android 16; 24090RA29G Build/BP2A.250605.031.A3) AppleWebKit/537.36 (KHTML, like Gecko) Version/4.0 Chrome/152.0.7977.72 Mobile Safari/537.36 [FB_IAB/FB4A;FBAV/577.0.0.50.72;IABMV/1;]"
90.62.189.37 - - [14/Sep/2026:09:03:49 +0200] "GET /wp-content/plugins/elementor-pro/assets/js/nav-menu.dc8790fd04afa5b6c0a3.bundle.min.js HTTP/1.1" 200 5038 "https://lecocondalfred.fr/histoire-dune-reeducation-en-orthophonie-episode-2/?fbclid=IwY2xjawUUe6RwZG9mBWV4dG4DYWVtAjExAHNydGMGYXBwX2lkDDM1MDY4NTUzMTcyOAABHrYPy3Tk3zl_JCkyGZtWqyKrCdlVPaU1X5E8xwZZGMwvT8wSxvwfSGIXIg98_aem_qI-ty9OenCl_gSyyqHVB1g" "Mozilla/5.0 (Linux; Android 16; 24090RA29G Build/BP2A.250605.031.A3) AppleWebKit/537.36 (KHTML, like Gecko) Version/4.0 Chrome/152.0.7977.72 Mobile Safari/537.36 [FB_IAB/FB4A;FBAV/577.0.0.50.72;IABMV/1;]"
90.62.189.37 - - [14/Sep/2026:09:03:49 +0200] "GET /wp-content/plugins/elementor/assets/js/text-editor.45609661e409413f1cef.bundle.min.js HTTP/1.1" 200 1348 "https://lecocondalfred.fr/histoire-dune-reeducation-en-orthophonie-episode-2/?fbclid=IwY2xjawUUe6RwZG9mBWV4dG4DYWVtAjExAHNydGMGYXBwX2lkDDM1MDY4NTUzMTcyOAABHrYPy3Tk3zl_JCkyGZtWqyKrCdlVPaU1X5E8xwZZGMwvT8wSxvwfSGIXIg98_aem_qI-ty9OenCl_gSyyqHVB1g" "Mozilla/5.0 (Linux; Android 16; 24090RA29G Build/BP2A.250605.031.A3) AppleWebKit/537.36 (KHTML, like Gecko) Version/4.0 Chrome/152.0.7977.72 Mobile Safari/537.36 [FB_IAB/FB4A;FBAV/577.0.0.50.72;IABMV/1;]"
90.62.189.37 - - [14/Sep/2026:09:03:49 +0200] "GET /wp-content/uploads/2021/08/cropped-FAVICON-lecocondalfred-192x192.png HTTP/1.1" 200 1935 "https://lecocondalfred.fr/histoire-dune-reeducation-en-orthophonie-episode-2/?fbclid=IwY2xjawUUe6RwZG9mBWV4dG4DYWVtAjExAHNydGMGYXBwX2lkDDM1MDY4NTUzMTcyOAABHrYPy3Tk3zl_JCkyGZtWqyKrCdlVPaU1X5E8xwZZGMwvT8wSxvwfSGIXIg98_aem_qI-ty9OenCl_gSyyqHVB1g" "Mozilla/5.0 (Linux; Android 16; 24090RA29G Build/BP2A.250605.031.A3) AppleWebKit/537.36 (KHTML, like Gecko) Version/4.0 Chrome/152.0.7977.72 Mobile Safari/537.36 [FB_IAB/FB4A;FBAV/577.0.0.50.72;IABMV/1;]"
90.62.189.37 - - [14/Sep/2026:09:03:49 +0200] "GET /wp-content/uploads/2021/08/cropped-FAVICON-lecocondalfred-32x32.png HTTP/1.1" 200 340 "https://lecocondalfred.fr/histoire-dune-reeducation-en-orthophonie-episode-2/?fbclid=IwY2xjawUUe6RwZG9mBWV4dG4DYWVtAjExAHNydGMGYXBwX2lkDDM1MDY4NTUzMTcyOAABHrYPy3Tk3zl_JCkyGZtWqyKrCdlVPaU1X5E8xwZZGMwvT8wSxvwfSGIXIg98_aem_qI-ty9OenCl_gSyyqHVB1g" "Mozilla/5.0 (Linux; Android 16; 24090RA29G Build/BP2A.250605.031.A3) AppleWebKit/537.36 (KHTML, like Gecko) Version/4.0 Chrome/152.0.7977.72 Mobile Safari/537.36 [FB_IAB/FB4A;FBAV/577.0.0.50.72;IABMV/1;]"
90.62.189.37 - - [14/Sep/2026:09:03:49 +0200] "GET /wp/wp-content/uploads/fbrfg/favicon-32x32.png HTTP/1.1" 404 146095 "https://lecocondalfred.fr/histoire-dune-reeducation-en-orthophonie-episode-2/?fbclid=IwY2xjawUUe6RwZG9mBWV4dG4DYWVtAjExAHNydGMGYXBwX2lkDDM1MDY4NTUzMTcyOAABHrYPy3Tk3zl_JCkyGZtWqyKrCdlVPaU1X5E8xwZZGMwvT8wSxvwfSGIXIg98_aem_qI-ty9OenCl_gSyyqHVB1g" "Mozilla/5.0 (Linux; Android 16; 24090RA29G Build/BP2A.250605.031.A3) AppleWebKit/537.36 (KHTML, like Gecko) Version/4.0 Chrome/152.0.7977.72 Mobile Safari/537.36 [FB_IAB/FB4A;FBAV/577.0.0.50.72;IABMV/1;]"
90.62.189.37 - - [14/Sep/2026:09:03:49 +0200] "GET /wp/wp-content/uploads/fbrfg/favicon.ico HTTP/1.1" 404 146087 "https://lecocondalfred.fr/histoire-dune-reeducation-en-orthophonie-episode-2/?fbclid=IwY2xjawUUe6RwZG9mBWV4dG4DYWVtAjExAHNydGMGYXBwX2lkDDM1MDY4NTUzMTcyOAABHrYPy3Tk3zl_JCkyGZtWqyKrCdlVPaU1X5E8xwZZGMwvT8wSxvwfSGIXIg98_aem_qI-ty9OenCl_gSyyqHVB1g" "Mozilla/5.0 (Linux; Android 16; 24090RA29G Build/BP2A.250605.031.A3) AppleWebKit/537.36 (KHTML, like Gecko) Version/4.0 Chrome/152.0.7977.72 Mobile Safari/537.36 [FB_IAB/FB4A;FBAV/577.0.0.50.72;IABMV/1;]"
90.62.189.37 - - [14/Sep/2026:09:03:49 +0200] "GET /wp/wp-content/uploads/fbrfg/favicon-16x16.png HTTP/1.1" 404 146095 "https://lecocondalfred.fr/histoire-dune-reeducation-en-orthophonie-episode-2/?fbclid=IwY2xjawUUe6RwZG9mBWV4dG4DYWVtAjExAHNydGMGYXBwX2lkDDM1MDY4NTUzMTcyOAABHrYPy3Tk3zl_JCkyGZtWqyKrCdlVPaU1X5E8xwZZGMwvT8wSxvwfSGIXIg98_aem_qI-ty9OenCl_gSyyqHVB1g" "Mozilla/5.0 (Linux; Android 16; 24090RA29G Build/BP2A.250605.031.A3) AppleWebKit/537.36 (KHTML, like Gecko) Version/4.0 Chrome/152.0.7977.72 Mobile Safari/537.36 [FB_IAB/FB4A;FBAV/577.0.0.50.72;IABMV/1;]"
109.234.165.65 - - [14/Sep/2026:09:03:55 +0200] "POST /wp-cron.php?doing_wp_cron=1789369435.1412310600280761718750 HTTP/1.1" 200 - "-" "WordPress/7.1; https://lecocondalfred.fr"
160.79.106.163 - - [14/Sep/2026:09:03:54 +0200] "POST /token HTTP/1.1" 200 226 "-" "python-httpx/0.28.1"
173.252.82.67 - - [14/Sep/2026:09:03:54 +0200] "GET /histoire-dune-reeducation-en-orthophonie-episode-2/ HTTP/1.1" 200 167861 "-" "facebookexternalhit/1.1 (+http://www.facebook.com/externalhit_uatext.php)"
160.79.106.163 - - [14/Sep/2026:09:03:55 +0200] "POST /wp-json/royal-mcp/v1 HTTP/1.1" 400 141 "-" "Claude-User"
69.171.231.33 - - [14/Sep/2026:09:03:55 +0200] "GET /histoire-dune-reeducation-en-orthophonie-episode-2/ HTTP/1.1" 200 167861 "-" "facebookexternalhit/1.1 (+http://www.facebook.com/externalhit_uatext.php)"
160.79.106.173 - - [14/Sep/2026:09:03:56 +0200] "POST /wp-json/royal-mcp/v1 HTTP/1.1" 200 157 "-" "Claude-User"
