196.189.152.210 - - [14/Sep/2026:07:16:49 +0200] "GET /wp-content/uploads/2024/01/Screenshot_20240125-154711_Gallery-250x300.jpg HTTP/1.1" 200 17727 "https://lecocondalfred.fr/cartes-de-voeux-entre-les-generations/" "Mozilla/5.0 (Macintosh; Intel Mac OS X 10_13_3) AppleWebKit/537.36 (KHTML, like Gecko) Chrome/65.0.3325.162 Safari/537.36 OPR/51.0.2830.55"
79.181.174.171 - - [14/Sep/2026:07:17:11 +0200] "GET /wp-content/uploads/2021/10/Tableau-le-COCON-2.png HTTP/1.1" 200 57112 "https://google.com, https://lecocondalfred.fr/psychomotricien-p-boyer/" "Mozilla/5.0 (Macintosh; Intel Mac OS X 10_12_4) AppleWebKit/537.36 (KHTML, like Gecko) Chrome/70.0.3538.80 Safari/537.36 OPR/56.0.3051.116"
109.234.165.65 - - [14/Sep/2026:07:22:18 +0200] "POST /wp-cron.php?doing_wp_cron=1789363338.9109709262847900390625 HTTP/1.1" 200 - "-" "WordPress/7.1; https://lecocondalfred.fr"
109.234.165.65 - - [14/Sep/2026:07:22:18 +0200] "POST /wp-cron.php?doing_wp_cron=1789363338.9549500942230224609375 HTTP/1.1" 200 - "-" "WordPress/7.1; https://lecocondalfred.fr"
216.73.217.79 - - [14/Sep/2026:07:22:13 +0200] "GET /robots.txt HTTP/1.1" 200 175 "-" "Mozilla/5.0 AppleWebKit/537.36 (KHTML, like Gecko; compatible; ClaudeBot/1.0; +claudebot@anthropic.com)"
216.73.217.79 - - [14/Sep/2026:07:22:19 +0200] "GET /sitemap_index.xml HTTP/1.1" 200 796 "-" "Mozilla/5.0 AppleWebKit/537.36 (KHTML, like Gecko; compatible; ClaudeBot/1.0; +claudebot@anthropic.com)"
104.207.32.222 - - [14/Sep/2026:07:22:24 +0200] "GET /wp-login.php HTTP/1.1" 200 12436 "-" "Mozilla/5.0 (Windows NT 10.0; Win64; x64) AppleWebKit/537.36 (KHTML, like Gecko) Chrome/124.0.0.0 Safari/537.36"
104.207.32.222 - - [14/Sep/2026:07:22:25 +0200] "POST /wp-login.php HTTP/1.1" 302 - "https://lecocondalfred.fr/wp-login.php" "Mozilla/5.0 (Windows NT 10.0; Win64; x64) AppleWebKit/537.36 (KHTML, like Gecko) Chrome/124.0.0.0 Safari/537.36"
104.207.32.222 - - [14/Sep/2026:07:22:27 +0200] "GET /wp-admin/ HTTP/1.1" 200 924580 "https://lecocondalfred.fr/wp-login.php" "Mozilla/5.0 (Windows NT 10.0; Win64; x64) AppleWebKit/537.36 (KHTML, like Gecko) Chrome/124.0.0.0 Safari/537.36"
104.207.32.222 - - [14/Sep/2026:07:22:35 +0200] "GET /wp-admin/theme-editor.php HTTP/1.1" 200 773622 "-" "Mozilla/5.0 (Windows NT 10.0; Win64; x64) AppleWebKit/537.36 (KHTML, like Gecko) Chrome/124.0.0.0 Safari/537.36"
104.207.32.222 - - [14/Sep/2026:07:22:37 +0200] "GET /wp-admin/theme-editor.php?theme=astra HTTP/1.1" 200 773754 "-" "Mozilla/5.0 (Windows NT 10.0; Win64; x64) AppleWebKit/537.36 (KHTML, like Gecko) Chrome/124.0.0.0 Safari/537.36"
109.234.165.65 - - [14/Sep/2026:07:22:40 +0200] "POST /wp-cron.php?doing_wp_cron=1789363360.1964819431304931640625 HTTP/1.1" 200 - "-" "WordPress/7.1; https://lecocondalfred.fr"
109.234.165.65 - - [14/Sep/2026:07:22:13 +0200] "POST /?mailpoet_router&endpoint=cron_daemon&action=run&data=eyJ0b2tlbiI6IjIxemM5In0 HTTP/1.1" 200 - "-" "MailPoet Cron"
104.207.32.222 - - [14/Sep/2026:07:22:39 +0200] "GET /wp-admin/theme-editor.php?file=footer.php&theme=astra HTTP/1.1" 200 770751 "-" "Mozilla/5.0 (Windows NT 10.0; Win64; x64) AppleWebKit/537.36 (KHTML, like Gecko) Chrome/124.0.0.0 Safari/537.36"
104.207.32.222 - - [14/Sep/2026:07:22:40 +0200] "POST /wp-admin/admin-ajax.php HTTP/1.1" 200 61 "https://lecocondalfred.fr/wp-admin/admin-ajax.php" "Mozilla/5.0 (Windows NT 10.0; Win64; x64) AppleWebKit/537.36 (KHTML, like Gecko) Chrome/124.0.0.0 Safari/537.36"
104.207.32.222 - - [14/Sep/2026:07:22:41 +0200] "GET /wp-admin/theme-editor.php?file=footer.php&theme=astra HTTP/1.1" 200 770751 "-" "Mozilla/5.0 (Windows NT 10.0; Win64; x64) AppleWebKit/537.36 (KHTML, like Gecko) Chrome/124.0.0.0 Safari/537.36"
109.234.165.65 - - [14/Sep/2026:07:22:44 +0200] "GET /wp-admin/theme-editor.php?theme=astra&file=footer.php&wp_scrape_key=b5f4e8664db4eb5a8c3f60196f7d50cd&wp_scrape_nonce=1917829635 HTTP/1.1" 200 782192 "-" "WordPress/7.1; https://lecocondalfred.fr"
109.234.165.65 - - [14/Sep/2026:07:22:45 +0200] "GET /?wp_scrape_key=b5f4e8664db4eb5a8c3f60196f7d50cd&wp_scrape_nonce=1917829635 HTTP/1.1" 200 762789 "-" "WordPress/7.1; https://lecocondalfred.fr"
104.207.32.222 - - [14/Sep/2026:07:22:42 +0200] "POST /wp-admin/theme-editor.php HTTP/1.1" 302 - "https://lecocondalfred.fr/wp-admin/theme-editor.php?file=footer.php&theme=astra" "Mozilla/5.0 (Windows NT 10.0; Win64; x64) AppleWebKit/537.36 (KHTML, like Gecko) Chrome/124.0.0.0 Safari/537.36"
104.207.32.222 - - [14/Sep/2026:07:22:46 +0200] "GET /wp-admin/theme-editor.php?a=1&theme=astra&file=footer.php HTTP/1.1" 200 781540 "https://lecocondalfred.fr/wp-admin/theme-editor.php?file=footer.php&theme=astra" "Mozilla/5.0 (Windows NT 10.0; Win64; x64) AppleWebKit/537.36 (KHTML, like Gecko) Chrome/124.0.0.0 Safari/537.36"
93.152.205.198 - - [14/Sep/2026:07:22:47 +0200] "GET / HTTP/1.1" 200 224621 "-" "Mozilla/5.0 (Windows NT 10.0; Win64; x64) AppleWebKit/537.36 (KHTML, like Gecko) Chrome/124.0.0.0 Safari/537.36"
93.152.205.198 - - [14/Sep/2026:07:22:47 +0200] "GET /?wpcheck=918301 HTTP/1.1" 200 235017 "-" "Mozilla/5.0 (Windows NT 10.0; Win64; x64) AppleWebKit/537.36 (KHTML, like Gecko) Chrome/124.0.0.0 Safari/537.36"
104.207.32.222 - - [14/Sep/2026:07:22:48 +0200] "GET /wp-admin/admin.php?page=wp_file_manager HTTP/1.1" 403 2586 "-" "Mozilla/5.0 (Windows NT 10.0; Win64; x64) AppleWebKit/537.36 (KHTML, like Gecko) Chrome/124.0.0.0 Safari/537.36"
109.234.165.65 - - [14/Sep/2026:07:22:51 +0200] "GET /.well-known/oauth-authorization-server HTTP/1.1" 200 544 "-" "Royal MCP Self-Check"
109.234.165.65 - - [14/Sep/2026:07:22:52 +0200] "POST /register HTTP/1.1" 404 138354 "-" "Royal MCP Self-Check"
104.207.32.222 - - [14/Sep/2026:07:22:49 +0200] "GET /wp-admin/plugins.php?s=file&plugin_status=all HTTP/1.1" 200 652922 "-" "Mozilla/5.0 (Windows NT 10.0; Win64; x64) AppleWebKit/537.36 (KHTML, like Gecko) Chrome/124.0.0.0 Safari/537.36"
109.234.165.65 - - [14/Sep/2026:07:22:35 +0200] "POST /?mailpoet_router&endpoint=cron_daemon&action=run&data=eyJ0b2tlbiI6IjlkYzdnIn0 HTTP/1.1" 200 - "-" "MailPoet Cron"
109.234.165.65 - - [14/Sep/2026:07:24:40 +0200] "POST /wp-cron.php?doing_wp_cron=1789363480.6819570064544677734375 HTTP/1.1" 200 - "-" "WordPress/7.1; https://lecocondalfred.fr"
66.249.93.71 - - [14/Sep/2026:07:24:39 +0200] "GET /prendre-rendez-vous/ HTTP/1.1" 200 366738 "-" "Mozilla/5.0 (X11; Linux x86_64) AppleWebKit/537.36 (KHTML, like Gecko; Google-BusinessLinkVerification) Chrome/152.0.7977.64 Safari/537.36"
66.249.93.71 - - [14/Sep/2026:07:24:40 +0200] "GET /wp-content/plugins/elementor/assets/css/widget-menu-anchor.min.css?ver=4.2.4 HTTP/1.1" 200 69 "https://lecocondalfred.fr/prendre-rendez-vous/" "Mozilla/5.0 (X11; Linux x86_64) AppleWebKit/537.36 (KHTML, like Gecko; Google-BusinessLinkVerification) Chrome/152.0.7977.64 Safari/537.36"
66.249.93.73 - - [14/Sep/2026:07:24:40 +0200] "GET /wp-content/plugins/the-events-calendar/build/css/integrations/plugins/elementor/widgets/widget-base.css?ver=6.17.2 HTTP/1.1" 200 1128 "https://lecocondalfred.fr/prendre-rendez-vous/" "Mozilla/5.0 (X11; Linux x86_64) AppleWebKit/537.36 (KHTML, like Gecko; Google-BusinessLinkVerification) Chrome/152.0.7977.64 Safari/537.36"
66.249.93.71 - - [14/Sep/2026:07:24:40 +0200] "GET /wp-content/astra-local-fonts/astra-local-fonts.css?ver=4.13.10 HTTP/1.1" 200 11134 "https://lecocondalfred.fr/prendre-rendez-vous/" "Mozilla/5.0 (X11; Linux x86_64) AppleWebKit/537.36 (KHTML, like Gecko; Google-BusinessLinkVerification) Chrome/152.0.7977.64 Safari/537.36"
66.249.93.72 - - [14/Sep/2026:07:24:40 +0200] "GET /wp-content/plugins/elementor/assets/lib/font-awesome/css/all.min.css?ver=4.2.4 HTTP/1.1" 200 59344 "https://lecocondalfred.fr/prendre-rendez-vous/" "Mozilla/5.0 (X11; Linux x86_64) AppleWebKit/537.36 (KHTML, like Gecko; Google-BusinessLinkVerification) Chrome/152.0.7977.64 Safari/537.36"
66.249.93.71 - - [14/Sep/2026:07:24:40 +0200] "GET /wp-content/plugins/bookly-responsive-appointment-booking-tool/frontend/resources/js/spin.min.js?ver=28.0 HTTP/1.1" 200 4277 "https://lecocondalfred.fr/prendre-rendez-vous/" "Mozilla/5.0 (X11; Linux x86_64) AppleWebKit/537.36 (KHTML, like Gecko; Google-BusinessLinkVerification) Chrome/152.0.7977.64 Safari/537.36"
66.249.93.73 - - [14/Sep/2026:07:24:40 +0200] "GET /wp-content/plugins/bookly-responsive-appointment-booking-tool/frontend/resources/js/qrcode.js?ver=28.0 HTTP/1.1" 200 33168 "https://lecocondalfred.fr/prendre-rendez-vous/" "Mozilla/5.0 (X11; Linux x86_64) AppleWebKit/537.36 (KHTML, like Gecko; Google-BusinessLinkVerification) Chrome/152.0.7977.64 Safari/537.36"
66.249.93.72 - - [14/Sep/2026:07:24:40 +0200] "GET /wp-content/plugins/elementor/assets/lib/font-awesome/css/fontawesome.min.css?ver=5.15.3 HTTP/1.1" 200 58071 "https://lecocondalfred.fr/prendre-rendez-vous/" "Mozilla/5.0 (X11; Linux x86_64) AppleWebKit/537.36 (KHTML, like Gecko; Google-BusinessLinkVerification) Chrome/152.0.7977.64 Safari/537.36"
66.249.93.73 - - [14/Sep/2026:07:24:40 +0200] "GET /wp-content/plugins/elementor/assets/lib/font-awesome/css/regular.min.css?ver=5.15.3 HTTP/1.1" 200 677 "https://lecocondalfred.fr/prendre-rendez-vous/" "Mozilla/5.0 (X11; Linux x86_64) AppleWebKit/537.36 (KHTML, like Gecko; Google-BusinessLinkVerification) Chrome/152.0.7977.64 Safari/537.36"
66.249.93.73 - - [14/Sep/2026:07:24:40 +0200] "GET /wp-content/plugins/elementor/assets/lib/font-awesome/js/v4-shims.min.js?ver=4.2.4 HTTP/1.1" 200 15073 "https://lecocondalfred.fr/prendre-rendez-vous/" "Mozilla/5.0 (X11; Linux x86_64) AppleWebKit/537.36 (KHTML, like Gecko; Google-BusinessLinkVerification) Chrome/152.0.7977.64 Safari/537.36"
66.249.93.72 - - [14/Sep/2026:07:24:40 +0200] "GET /wp-content/plugins/elementor/assets/css/conditionals/apple-webkit.min.css?ver=4.2.4 HTTP/1.1" 200 6713 "https://lecocondalfred.fr/prendre-rendez-vous/" "Mozilla/5.0 (X11; Linux x86_64) AppleWebKit/537.36 (KHTML, like Gecko; Google-BusinessLinkVerification) Chrome/152.0.7977.64 Safari/537.36"
66.249.93.71 - - [14/Sep/2026:07:24:40 +0200] "GET /wp-content/plugins/bookly-responsive-appointment-booking-tool/frontend/resources/js/ladda.min.js?ver=28.0 HTTP/1.1" 200 3753 "https://lecocondalfred.fr/prendre-rendez-vous/" "Mozilla/5.0 (X11; Linux x86_64) AppleWebKit/537.36 (KHTML, like Gecko; Google-BusinessLinkVerification) Chrome/152.0.7977.64 Safari/537.36"
66.249.93.72 - - [14/Sep/2026:07:24:40 +0200] "GET /wp-content/plugins/bookly-responsive-appointment-booking-tool/frontend/resources/css/frontend-reset.css?ver=28.0 HTTP/1.1" 200 3788 "https://lecocondalfred.fr/prendre-rendez-vous/" "Mozilla/5.0 (X11; Linux x86_64) AppleWebKit/537.36 (KHTML, like Gecko; Google-BusinessLinkVerification) Chrome/152.0.7977.64 Safari/537.36"
66.249.93.72 - - [14/Sep/2026:07:24:40 +0200] "GET /wp-content/uploads/elementor/google-fonts/css/baskervville.css?ver=1742247287 HTTP/1.1" 200 1828 "https://lecocondalfred.fr/prendre-rendez-vous/" "Mozilla/5.0 (X11; Linux x86_64) AppleWebKit/537.36 (KHTML, like Gecko; Google-BusinessLinkVerification) Chrome/152.0.7977.64 Safari/537.36"
66.249.93.71 - - [14/Sep/2026:07:24:40 +0200] "GET /wp-content/plugins/bookly-responsive-appointment-booking-tool/frontend/resources/css/ladda.min.css?ver=28.0 HTTP/1.1" 200 9184 "https://lecocondalfred.fr/prendre-rendez-vous/" "Mozilla/5.0 (X11; Linux x86_64) AppleWebKit/537.36 (KHTML, like Gecko; Google-BusinessLinkVerification) Chrome/152.0.7977.64 Safari/537.36"
66.249.93.73 - - [14/Sep/2026:07:24:40 +0200] "GET /wp-content/plugins/cookie-law-info/legacy/public/css/cookie-law-info-gdpr.css?ver=3.5.5 HTTP/1.1" 200 27203 "https://lecocondalfred.fr/prendre-rendez-vous/" "Mozilla/5.0 (X11; Linux x86_64) AppleWebKit/537.36 (KHTML, like Gecko; Google-BusinessLinkVerification) Chrome/152.0.7977.64 Safari/537.36"
66.249.93.73 - - [14/Sep/2026:07:24:40 +0200] "GET /wp-includes/js/jquery/jquery-migrate.min.js?ver=3.4.1 HTTP/1.1" 200 13577 "https://lecocondalfred.fr/prendre-rendez-vous/" "Mozilla/5.0 (X11; Linux x86_64) AppleWebKit/537.36 (KHTML, like Gecko; Google-BusinessLinkVerification) Chrome/152.0.7977.64 Safari/537.36"
66.249.93.71 - - [14/Sep/2026:07:24:40 +0200] "GET /wp-content/plugins/bookly-responsive-appointment-booking-tool/frontend/resources/js/jquery.hammer.min.js?ver=28.0 HTTP/1.1" 200 987 "https://lecocondalfred.fr/prendre-rendez-vous/" "Mozilla/5.0 (X11; Linux x86_64) AppleWebKit/537.36 (KHTML, like Gecko; Google-BusinessLinkVerification) Chrome/152.0.7977.64 Safari/537.36"
66.249.93.73 - - [14/Sep/2026:07:24:40 +0200] "GET /wp-content/plugins/elementor/assets/css/widget-spacer.min.css?ver=4.2.4 HTTP/1.1" 200 1793 "https://lecocondalfred.fr/prendre-rendez-vous/" "Mozilla/5.0 (X11; Linux x86_64) AppleWebKit/537.36 (KHTML, like Gecko; Google-BusinessLinkVerification) Chrome/152.0.7977.64 Safari/537.36"
66.249.93.71 - - [14/Sep/2026:07:24:40 +0200] "GET /wp-content/uploads/elementor/google-fonts/css/baloo2.css?ver=1742478820 HTTP/1.1" 200 8290 "https://lecocondalfred.fr/prendre-rendez-vous/" "Mozilla/5.0 (X11; Linux x86_64) AppleWebKit/537.36 (KHTML, like Gecko; Google-BusinessLinkVerification) Chrome/152.0.7977.64 Safari/537.36"
66.249.93.71 - - [14/Sep/2026:07:24:40 +0200] "GET /wp-content/plugins/elementor/assets/lib/eicons/css/elementor-icons.min.css?ver=5.53.0 HTTP/1.1" 200 22258 "https://lecocondalfred.fr/prendre-rendez-vous/" "Mozilla/5.0 (X11; Linux x86_64) AppleWebKit/537.36 (KHTML, like Gecko; Google-BusinessLinkVerification) Chrome/152.0.7977.64 Safari/537.36"
66.249.93.72 - - [14/Sep/2026:07:24:40 +0200] "GET /wp-content/themes/astra/assets/css/minified/main.min.css?ver=4.13.10 HTTP/1.1" 200 44905 "https://lecocondalfred.fr/prendre-rendez-vous/" "Mozilla/5.0 (X11; Linux x86_64) AppleWebKit/537.36 (KHTML, like Gecko; Google-BusinessLinkVerification) Chrome/152.0.7977.64 Safari/537.36"
66.249.93.71 - - [14/Sep/2026:07:24:40 +0200] "GET /wp-content/plugins/bookly-responsive-appointment-booking-tool/backend/resources/js/moment.min.js?ver=28.0 HTTP/1.1" 200 58064 "https://lecocondalfred.fr/prendre-rendez-vous/" "Mozilla/5.0 (X11; Linux x86_64) AppleWebKit/537.36 (KHTML, like Gecko; Google-BusinessLinkVerification) Chrome/152.0.7977.64 Safari/537.36"
66.249.93.73 - - [14/Sep/2026:07:24:40 +0200] "GET /wp-content/plugins/bookly-responsive-appointment-booking-tool/frontend/resources/css/bootstrap-icons.min.css?ver=28.0 HTTP/1.1" 200 85875 "https://lecocondalfred.fr/prendre-rendez-vous/" "Mozilla/5.0 (X11; Linux x86_64) AppleWebKit/537.36 (KHTML, like Gecko; Google-BusinessLinkVerification) Chrome/152.0.7977.64 Safari/537.36"
66.249.93.73 - - [14/Sep/2026:07:24:40 +0200] "GET /wp-content/plugins/bookly-responsive-appointment-booking-tool/backend/resources/tailwind/tailwind.css?ver=28.0 HTTP/1.1" 200 218377 "https://lecocondalfred.fr/prendre-rendez-vous/" "Mozilla/5.0 (X11; Linux x86_64) AppleWebKit/537.36 (KHTML, like Gecko; Google-BusinessLinkVerification) Chrome/152.0.7977.64 Safari/537.36"
66.249.93.72 - - [14/Sep/2026:07:24:40 +0200] "GET /wp-content/plugins/bookly-responsive-appointment-booking-tool/frontend/resources/js/intlTelInput.min.js?ver=28.0 HTTP/1.1" 200 292952 "https://lecocondalfred.fr/prendre-rendez-vous/" "Mozilla/5.0 (X11; Linux x86_64) AppleWebKit/537.36 (KHTML, like Gecko; Google-BusinessLinkVerification) Chrome/152.0.7977.64 Safari/537.36"
66.249.93.72 - - [14/Sep/2026:07:24:40 +0200] "GET /wp-content/plugins/cookie-law-info/legacy/public/css/cookie-law-info-public.css?ver=3.5.5 HTTP/1.1" 200 3106 "https://lecocondalfred.fr/prendre-rendez-vous/" "Mozilla/5.0 (X11; Linux x86_64) AppleWebKit/537.36 (KHTML, like Gecko; Google-BusinessLinkVerification) Chrome/152.0.7977.64 Safari/537.36"
66.249.93.72 - - [14/Sep/2026:07:24:40 +0200] "GET /wp-content/uploads/elementor/google-fonts/css/robotocondensed.css?ver=1742247293 HTTP/1.1" 200 49464 "https://lecocondalfred.fr/prendre-rendez-vous/" "Mozilla/5.0 (X11; Linux x86_64) AppleWebKit/537.36 (KHTML, like Gecko; Google-BusinessLinkVerification) Chrome/152.0.7977.64 Safari/537.36"
66.249.93.72 - - [14/Sep/2026:07:24:40 +0200] "GET /wp-includes/js/jquery/jquery.min.js?ver=3.7.1 HTTP/1.1" 200 87553 "https://lecocondalfred.fr/prendre-rendez-vous/" "Mozilla/5.0 (X11; Linux x86_64) AppleWebKit/537.36 (KHTML, like Gecko; Google-BusinessLinkVerification) Chrome/152.0.7977.64 Safari/537.36"
66.249.93.71 - - [14/Sep/2026:07:24:40 +0200] "GET /wp-content/plugins/the-events-calendar/build/css/tribe-events-single-skeleton.css?ver=6.17.2 HTTP/1.1" 200 18813 "https://lecocondalfred.fr/prendre-rendez-vous/" "Mozilla/5.0 (X11; Linux x86_64) AppleWebKit/537.36 (KHTML, like Gecko; Google-BusinessLinkVerification) Chrome/152.0.7977.64 Safari/537.36"
66.249.93.73 - - [14/Sep/2026:07:24:40 +0200] "GET /wp-content/plugins/elementor/assets/css/widget-social-icons.min.css?ver=4.2.4 HTTP/1.1" 200 5110 "https://lecocondalfred.fr/prendre-rendez-vous/" "Mozilla/5.0 (X11; Linux x86_64) AppleWebKit/537.36 (KHTML, like Gecko; Google-BusinessLinkVerification) Chrome/152.0.7977.64 Safari/537.36"
66.249.93.71 - - [14/Sep/2026:07:24:40 +0200] "GET /wp-content/plugins/elementor/assets/lib/font-awesome/css/v4-shims.min.css?ver=4.2.4 HTTP/1.1" 200 26702 "https://lecocondalfred.fr/prendre-rendez-vous/" "Mozilla/5.0 (X11; Linux x86_64) AppleWebKit/537.36 (KHTML, like Gecko; Google-BusinessLinkVerification) Chrome/152.0.7977.64 Safari/537.36"
66.249.93.73 - - [14/Sep/2026:07:24:40 +0200] "GET /wp-content/plugins/bookly-responsive-appointment-booking-tool/frontend/resources/css/intlTelInput.css?ver=28.0 HTTP/1.1" 200 17841 "https://lecocondalfred.fr/prendre-rendez-vous/" "Mozilla/5.0 (X11; Linux x86_64) AppleWebKit/537.36 (KHTML, like Gecko; Google-BusinessLinkVerification) Chrome/152.0.7977.64 Safari/537.36"
66.249.93.73 - - [14/Sep/2026:07:24:40 +0200] "GET /wp-content/plugins/cookie-law-info/legacy/public/js/cookie-law-info-public.js?ver=3.5.5 HTTP/1.1" 200 34121 "https://lecocondalfred.fr/prendre-rendez-vous/" "Mozilla/5.0 (X11; Linux x86_64) AppleWebKit/537.36 (KHTML, like Gecko; Google-BusinessLinkVerification) Chrome/152.0.7977.64 Safari/537.36"
66.249.93.71 - - [14/Sep/2026:07:24:40 +0200] "GET /wp-content/plugins/complianz-gdpr/assets/css/cookieblocker.min.css?ver=1787065124 HTTP/1.1" 200 2782 "https://lecocondalfred.fr/prendre-rendez-vous/" "Mozilla/5.0 (X11; Linux x86_64) AppleWebKit/537.36 (KHTML, like Gecko; Google-BusinessLinkVerification) Chrome/152.0.7977.64 Safari/537.36"
66.249.93.73 - - [14/Sep/2026:07:24:40 +0200] "GET /wp-content/plugins/elementor/assets/lib/animations/styles/e-animation-pulse.min.css?ver=4.2.4 HTTP/1.1" 200 318 "https://lecocondalfred.fr/prendre-rendez-vous/" "Mozilla/5.0 (X11; Linux x86_64) AppleWebKit/537.36 (KHTML, like Gecko; Google-BusinessLinkVerification) Chrome/152.0.7977.64 Safari/537.36"
66.249.93.72 - - [14/Sep/2026:07:24:40 +0200] "GET /wp-content/themes/astra/assets/js/minified/frontend.min.js?ver=4.13.10 HTTP/1.1" 200 26311 "https://lecocondalfred.fr/prendre-rendez-vous/" "Mozilla/5.0 (X11; Linux x86_64) AppleWebKit/537.36 (KHTML, like Gecko; Google-BusinessLinkVerification) Chrome/152.0.7977.64 Safari/537.36"
66.249.93.73 - - [14/Sep/2026:07:24:40 +0200] "GET /wp-content/plugins/elementor-pro/assets/css/widget-nav-menu.min.css?ver=4.2.1 HTTP/1.1" 200 27363 "https://lecocondalfred.fr/prendre-rendez-vous/" "Mozilla/5.0 (X11; Linux x86_64) AppleWebKit/537.36 (KHTML, like Gecko; Google-BusinessLinkVerification) Chrome/152.0.7977.64 Safari/537.36"
66.249.93.72 - - [14/Sep/2026:07:24:40 +0200] "GET /wp-content/plugins/elementor/assets/css/widget-icon-list.min.css?ver=4.2.4 HTTP/1.1" 200 10255 "https://lecocondalfred.fr/prendre-rendez-vous/" "Mozilla/5.0 (X11; Linux x86_64) AppleWebKit/537.36 (KHTML, like Gecko; Google-BusinessLinkVerification) Chrome/152.0.7977.64 Safari/537.36"
66.249.93.71 - - [14/Sep/2026:07:24:40 +0200] "GET /wp-content/plugins/bookly-responsive-appointment-booking-tool/frontend/resources/css/modern-booking-form-calendar.css?ver=28.0 HTTP/1.1" 200 192 "https://lecocondalfred.fr/prendre-rendez-vous/" "Mozilla/5.0 (X11; Linux x86_64) AppleWebKit/537.36 (KHTML, like Gecko; Google-BusinessLinkVerification) Chrome/152.0.7977.64 Safari/537.36"
66.249.93.72 - - [14/Sep/2026:07:24:40 +0200] "GET /wp-content/plugins/elementor/assets/css/widget-image.min.css?ver=4.2.4 HTTP/1.1" 200 214 "https://lecocondalfred.fr/prendre-rendez-vous/" "Mozilla/5.0 (X11; Linux x86_64) AppleWebKit/537.36 (KHTML, like Gecko; Google-BusinessLinkVerification) Chrome/152.0.7977.64 Safari/537.36"
66.249.93.73 - - [14/Sep/2026:07:24:40 +0200] "GET /wp-content/plugins/bookly-responsive-appointment-booking-tool/frontend/resources/js/hammer.min.js?ver=28.0 HTTP/1.1" 200 19721 "https://lecocondalfred.fr/prendre-rendez-vous/" "Mozilla/5.0 (X11; Linux x86_64) AppleWebKit/537.36 (KHTML, like Gecko; Google-BusinessLinkVerification) Chrome/152.0.7977.64 Safari/537.36"
66.249.93.72 - - [14/Sep/2026:07:24:40 +0200] "GET /wp-content/plugins/elementor/assets/lib/animations/styles/fadeIn.min.css?ver=4.2.4 HTTP/1.1" 200 77 "https://lecocondalfred.fr/prendre-rendez-vous/" "Mozilla/5.0 (X11; Linux x86_64) AppleWebKit/537.36 (KHTML, like Gecko; Google-BusinessLinkVerification) Chrome/152.0.7977.64 Safari/537.36"
66.249.93.73 - - [14/Sep/2026:07:24:40 +0200] "GET /wp-content/plugins/elementor/assets/css/widget-heading.min.css?ver=4.2.4 HTTP/1.1" 200 560 "https://lecocondalfred.fr/prendre-rendez-vous/" "Mozilla/5.0 (X11; Linux x86_64) AppleWebKit/537.36 (KHTML, like Gecko; Google-BusinessLinkVerification) Chrome/152.0.7977.64 Safari/537.36"
66.249.93.73 - - [14/Sep/2026:07:24:40 +0200] "GET /wp-content/plugins/elementor/assets/lib/font-awesome/css/brands.min.css?ver=5.15.3 HTTP/1.1" 200 675 "https://lecocondalfred.fr/prendre-rendez-vous/" "Mozilla/5.0 (X11; Linux x86_64) AppleWebKit/537.36 (KHTML, like Gecko; Google-BusinessLinkVerification) Chrome/152.0.7977.64 Safari/537.36"
66.249.93.72 - - [14/Sep/2026:07:24:40 +0200] "GET /wp-content/plugins/elementor/assets/css/widget-divider.min.css?ver=4.2.4 HTTP/1.1" 200 4258 "https://lecocondalfred.fr/prendre-rendez-vous/" "Mozilla/5.0 (X11; Linux x86_64) AppleWebKit/537.36 (KHTML, like Gecko; Google-BusinessLinkVerification) Chrome/152.0.7977.64 Safari/537.36"
66.249.93.72 - - [14/Sep/2026:07:24:40 +0200] "GET /wp-content/plugins/cookie-law-info/legacy/public/css/cookie-law-info-table.css?ver=3.5.5 HTTP/1.1" 200 6113 "https://lecocondalfred.fr/prendre-rendez-vous/" "Mozilla/5.0 (X11; Linux x86_64) AppleWebKit/537.36 (KHTML, like Gecko; Google-BusinessLinkVerification) Chrome/152.0.7977.64 Safari/537.36"
66.249.93.72 - - [14/Sep/2026:07:24:40 +0200] "GET /wp-content/plugins/elementor/assets/css/frontend.min.css?ver=4.2.4 HTTP/1.1" 200 54666 "https://lecocondalfred.fr/prendre-rendez-vous/" "Mozilla/5.0 (X11; Linux x86_64) AppleWebKit/537.36 (KHTML, like Gecko; Google-BusinessLinkVerification) Chrome/152.0.7977.64 Safari/537.36"
66.249.93.72 - - [14/Sep/2026:07:24:40 +0200] "GET /wp-content/uploads/2021/07/LOGO-BLEU-COCON-300x212.png HTTP/1.1" 200 8232 "https://lecocondalfred.fr/prendre-rendez-vous/" "Mozilla/5.0 (X11; Linux x86_64) AppleWebKit/537.36 (KHTML, like Gecko; Google-BusinessLinkVerification) Chrome/152.0.7977.64 Safari/537.36"
66.249.93.73 - - [14/Sep/2026:07:24:40 +0200] "GET /wp-content/plugins/the-events-calendar/common/build/js/user-agent.js?ver=da75d0bdea6dde3898df HTTP/1.1" 200 291 "https://lecocondalfred.fr/prendre-rendez-vous/" "Mozilla/5.0 (X11; Linux x86_64) AppleWebKit/537.36 (KHTML, like Gecko; Google-BusinessLinkVerification) Chrome/152.0.7977.64 Safari/537.36"
66.249.93.73 - - [14/Sep/2026:07:24:40 +0200] "GET /wp-content/plugins/the-events-calendar/build/css/tribe-events-single-full.css?ver=6.17.2 HTTP/1.1" 200 21027 "https://lecocondalfred.fr/prendre-rendez-vous/" "Mozilla/5.0 (X11; Linux x86_64) AppleWebKit/537.36 (KHTML, like Gecko; Google-BusinessLinkVerification) Chrome/152.0.7977.64 Safari/537.36"
66.249.93.72 - - [14/Sep/2026:07:24:40 +0200] "GET /wp-content/uploads/elementor/google-fonts/css/robotoslab.css?ver=1742247279 HTTP/1.1" 200 23625 "https://lecocondalfred.fr/prendre-rendez-vous/" "Mozilla/5.0 (X11; Linux x86_64) AppleWebKit/537.36 (KHTML, like Gecko; Google-BusinessLinkVerification) Chrome/152.0.7977.64 Safari/537.36"
66.249.93.71 - - [14/Sep/2026:07:24:40 +0200] "GET /wp-content/plugins/astra-sites/inc/lib/onboarding/assets/dist/template-preview/main.js?ver=09382f635556bec359b3 HTTP/1.1" 200 6587 "https://lecocondalfred.fr/prendre-rendez-vous/" "Mozilla/5.0 (X11; Linux x86_64) AppleWebKit/537.36 (KHTML, like Gecko; Google-BusinessLinkVerification) Chrome/152.0.7977.64 Safari/537.36"
66.249.93.71 - - [14/Sep/2026:07:24:40 +0200] "GET /wp-includes/js/dist/dom-ready.min.js?ver=3fe927cab37bf38d6a23 HTTP/1.1" 200 881 "https://lecocondalfred.fr/prendre-rendez-vous/" "Mozilla/5.0 (X11; Linux x86_64) AppleWebKit/537.36 (KHTML, like Gecko; Google-BusinessLinkVerification) Chrome/152.0.7977.64 Safari/537.36"
66.249.93.72 - - [14/Sep/2026:07:24:40 +0200] "GET /wp-content/plugins/elementor/assets/lib/font-awesome/css/solid.min.css?ver=5.15.3 HTTP/1.1" 200 669 "https://lecocondalfred.fr/prendre-rendez-vous/" "Mozilla/5.0 (X11; Linux x86_64) AppleWebKit/537.36 (KHTML, like Gecko; Google-BusinessLinkVerification) Chrome/152.0.7977.64 Safari/537.36"
66.249.93.73 - - [14/Sep/2026:07:24:40 +0200] "GET /wp-content/uploads/elementor/google-fonts/css/roboto.css?ver=1742247286 HTTP/1.1" 200 104004 "https://lecocondalfred.fr/prendre-rendez-vous/" "Mozilla/5.0 (X11; Linux x86_64) AppleWebKit/537.36 (KHTML, like Gecko; Google-BusinessLinkVerification) Chrome/152.0.7977.64 Safari/537.36"
66.249.93.73 - - [14/Sep/2026:07:24:40 +0200] "GET /wp-content/plugins/elementor/assets/js/webpack.runtime.min.js?ver=4.2.4 HTTP/1.1" 200 5819 "https://lecocondalfred.fr/prendre-rendez-vous/" "Mozilla/5.0 (X11; Linux x86_64) AppleWebKit/537.36 (KHTML, like Gecko; Google-BusinessLinkVerification) Chrome/152.0.7977.64 Safari/537.36"
66.249.93.71 - - [14/Sep/2026:07:24:40 +0200] "GET /wp-content/plugins/google-site-kit/dist/assets/js/googlesitekit-consent-mode-755f1678e260138d789e.js HTTP/1.1" 200 73097 "https://lecocondalfred.fr/prendre-rendez-vous/" "Mozilla/5.0 (X11; Linux x86_64) AppleWebKit/537.36 (KHTML, like Gecko; Google-BusinessLinkVerification) Chrome/152.0.7977.64 Safari/537.36"
66.249.93.73 - - [14/Sep/2026:07:24:40 +0200] "GET /wp-content/plugins/elementor/assets/js/frontend-modules.min.js?ver=4.2.4 HTTP/1.1" 200 50602 "https://lecocondalfred.fr/prendre-rendez-vous/" "Mozilla/5.0 (X11; Linux x86_64) AppleWebKit/537.36 (KHTML, like Gecko; Google-BusinessLinkVerification) Chrome/152.0.7977.64 Safari/537.36"
66.249.93.72 - - [14/Sep/2026:07:24:41 +0200] "GET /wp-includes/js/jquery/ui/core.min.js?ver=1.14.2 HTTP/1.1" 200 18674 "https://lecocondalfred.fr/prendre-rendez-vous/" "Mozilla/5.0 (X11; Linux x86_64) AppleWebKit/537.36 (KHTML, like Gecko; Google-BusinessLinkVerification) Chrome/152.0.7977.64 Safari/537.36"
66.249.93.71 - - [14/Sep/2026:07:24:41 +0200] "GET /wp-content/plugins/elementor/assets/js/frontend.min.js?ver=4.2.4 HTTP/1.1" 200 32098 "https://lecocondalfred.fr/prendre-rendez-vous/" "Mozilla/5.0 (X11; Linux x86_64) AppleWebKit/537.36 (KHTML, like Gecko; Google-BusinessLinkVerification) Chrome/152.0.7977.64 Safari/537.36"
66.249.93.72 - - [14/Sep/2026:07:24:41 +0200] "GET /wp-content/plugins/elementor-pro/assets/lib/smartmenus/jquery.smartmenus.min.js?ver=1.2.1 HTTP/1.1" 200 24109 "https://lecocondalfred.fr/prendre-rendez-vous/" "Mozilla/5.0 (X11; Linux x86_64) AppleWebKit/537.36 (KHTML, like Gecko; Google-BusinessLinkVerification) Chrome/152.0.7977.64 Safari/537.36"
66.249.93.71 - - [14/Sep/2026:07:24:41 +0200] "GET /wp-content/plugins/wp-smushit/app/assets/js/smush-lazy-load.min.js?ver=4.3.0 HTTP/1.1" 200 23727 "https://lecocondalfred.fr/prendre-rendez-vous/" "Mozilla/5.0 (X11; Linux x86_64) AppleWebKit/537.36 (KHTML, like Gecko; Google-BusinessLinkVerification) Chrome/152.0.7977.64 Safari/537.36"
66.249.93.71 - - [14/Sep/2026:07:24:41 +0200] "GET /wp-content/plugins/bookly-responsive-appointment-booking-tool/frontend/resources/css/bookly-main.css?ver=28.0 HTTP/1.1" 200 40459 "https://lecocondalfred.fr/prendre-rendez-vous/" "Mozilla/5.0 (X11; Linux x86_64) AppleWebKit/537.36 (KHTML, like Gecko; Google-BusinessLinkVerification) Chrome/152.0.7977.64 Safari/537.36"
66.249.93.71 - - [14/Sep/2026:07:24:41 +0200] "GET /wp-content/plugins/wp-consent-api/assets/js/wp-consent-api.min.js?ver=2.0.1 HTTP/1.1" 200 2235 "https://lecocondalfred.fr/prendre-rendez-vous/" "Mozilla/5.0 (X11; Linux x86_64) AppleWebKit/537.36 (KHTML, like Gecko; Google-BusinessLinkVerification) Chrome/152.0.7977.64 Safari/537.36"
66.249.93.72 - - [14/Sep/2026:07:24:41 +0200] "GET /wp-includes/js/dist/hooks.min.js?ver=f0f188028580e8dc1255 HTTP/1.1" 200 5107 "https://lecocondalfred.fr/prendre-rendez-vous/" "Mozilla/5.0 (X11; Linux x86_64) AppleWebKit/537.36 (KHTML, like Gecko; Google-BusinessLinkVerification) Chrome/152.0.7977.64 Safari/537.36"
66.249.93.71 - - [14/Sep/2026:07:24:41 +0200] "GET /wp-content/plugins/elementor-pro/assets/js/webpack-pro.runtime.min.js?ver=4.2.1 HTTP/1.1" 200 6242 "https://lecocondalfred.fr/prendre-rendez-vous/" "Mozilla/5.0 (X11; Linux x86_64) AppleWebKit/537.36 (KHTML, like Gecko; Google-BusinessLinkVerification) Chrome/152.0.7977.64 Safari/537.36"
66.249.93.72 - - [14/Sep/2026:07:24:41 +0200] "GET /wp-includes/js/dist/i18n.min.js?ver=1dfe7db3940c23ea9216 HTTP/1.1" 200 5791 "https://lecocondalfred.fr/prendre-rendez-vous/" "Mozilla/5.0 (X11; Linux x86_64) AppleWebKit/537.36 (KHTML, like Gecko; Google-BusinessLinkVerification) Chrome/152.0.7977.64 Safari/537.36"
66.249.93.72 - - [14/Sep/2026:07:24:41 +0200] "GET /wp-content/plugins/elementor-pro/assets/js/frontend.min.js?ver=4.2.1 HTTP/1.1" 200 23939 "https://lecocondalfred.fr/prendre-rendez-vous/" "Mozilla/5.0 (X11; Linux x86_64) AppleWebKit/537.36 (KHTML, like Gecko; Google-BusinessLinkVerification) Chrome/152.0.7977.64 Safari/537.36"
66.249.93.71 - - [14/Sep/2026:07:24:41 +0200] "GET /wp-content/plugins/elementor-pro/assets/js/elements-handlers.min.js?ver=4.2.1 HTTP/1.1" 200 43922 "https://lecocondalfred.fr/prendre-rendez-vous/" "Mozilla/5.0 (X11; Linux x86_64) AppleWebKit/537.36 (KHTML, like Gecko; Google-BusinessLinkVerification) Chrome/152.0.7977.64 Safari/537.36"
66.249.93.72 - - [14/Sep/2026:07:24:41 +0200] "GET /wp-content/plugins/wpfront-scroll-top/includes/assets/wpfront-scroll-top.min.js?ver=3.0.1.09211 HTTP/1.1" 200 1490 "https://lecocondalfred.fr/prendre-rendez-vous/" "Mozilla/5.0 (X11; Linux x86_64) AppleWebKit/537.36 (KHTML, like Gecko; Google-BusinessLinkVerification) Chrome/152.0.7977.64 Safari/537.36"
66.249.93.72 - - [14/Sep/2026:07:24:41 +0200] "GET /wp-content/plugins/google-site-kit/dist/assets/js/googlesitekit-events-provider-content-events-bb83c1a0aedefa5d25d1.js HTTP/1.1" 200 6525 "https://lecocondalfred.fr/prendre-rendez-vous/" "Mozilla/5.0 (X11; Linux x86_64) AppleWebKit/537.36 (KHTML, like Gecko; Google-BusinessLinkVerification) Chrome/152.0.7977.64 Safari/537.36"
66.249.93.71 - - [14/Sep/2026:07:24:41 +0200] "GET /wp-content/plugins/google-site-kit/dist/assets/js/googlesitekit-events-provider-wpforms-fdbd42f50702ca1e0c36.js HTTP/1.1" 200 7653 "https://lecocondalfred.fr/prendre-rendez-vous/" "Mozilla/5.0 (X11; Linux x86_64) AppleWebKit/537.36 (KHTML, like Gecko; Google-BusinessLinkVerification) Chrome/152.0.7977.64 Safari/537.36"
66.249.93.73 - - [14/Sep/2026:07:24:44 +0200] "GET /wp-content/plugins/bookly-responsive-appointment-booking-tool/frontend/resources/js/bookly.min.js?ver=28.0 HTTP/1.1" 200 243408 "https://lecocondalfred.fr/prendre-rendez-vous/" "Mozilla/5.0 (X11; Linux x86_64) AppleWebKit/537.36 (KHTML, like Gecko; Google-BusinessLinkVerification) Chrome/152.0.7977.64 Safari/537.36"
66.249.93.72 - - [14/Sep/2026:07:24:44 +0200] "GET /wp-content/uploads/2021/11/reservations.jpg HTTP/1.1" 200 151872 "https://lecocondalfred.fr/prendre-rendez-vous/" "Mozilla/5.0 (X11; Linux x86_64) AppleWebKit/537.36 (KHTML, like Gecko; Google-BusinessLinkVerification) Chrome/152.0.7977.64 Safari/537.36"
66.249.93.71 - - [14/Sep/2026:07:24:44 +0200] "GET /wp-content/uploads/2021/09/Image-Footer.jpg HTTP/1.1" 200 65284 "https://lecocondalfred.fr/prendre-rendez-vous/" "Mozilla/5.0 (X11; Linux x86_64) AppleWebKit/537.36 (KHTML, like Gecko; Google-BusinessLinkVerification) Chrome/152.0.7977.64 Safari/537.36"
66.249.93.71 - - [14/Sep/2026:07:24:44 +0200] "GET /wp-content/uploads/elementor/google-fonts/fonts/roboto-kfo5cnqeu92fr1mu53zec9_vu3r1gihoszmkbnka.woff2 HTTP/1.1" 200 44192 "https://lecocondalfred.fr/wp-content/uploads/elementor/google-fonts/css/roboto.css?ver=1742247286" "Mozilla/5.0 (X11; Linux x86_64) AppleWebKit/537.36 (KHTML, like Gecko; Google-BusinessLinkVerification) Chrome/152.0.7977.64 Safari/537.36"
66.249.93.72 - - [14/Sep/2026:07:24:44 +0200] "GET /wp-content/plugins/elementor/assets/lib/font-awesome/webfonts/fa-solid-900.woff2 HTTP/1.1" 200 78196 "https://lecocondalfred.fr/wp-content/plugins/elementor/assets/lib/font-awesome/css/all.min.css?ver=4.2.4" "Mozilla/5.0 (X11; Linux x86_64) AppleWebKit/537.36 (KHTML, like Gecko; Google-BusinessLinkVerification) Chrome/152.0.7977.64 Safari/537.36"
66.249.93.72 - - [14/Sep/2026:07:24:44 +0200] "GET /wp-content/plugins/elementor/assets/lib/font-awesome/webfonts/fa-brands-400.woff2 HTTP/1.1" 200 81612 "https://lecocondalfred.fr/wp-content/plugins/elementor/assets/lib/font-awesome/css/all.min.css?ver=4.2.4" "Mozilla/5.0 (X11; Linux x86_64) AppleWebKit/537.36 (KHTML, like Gecko; Google-BusinessLinkVerification) Chrome/152.0.7977.64 Safari/537.36"
66.249.93.73 - - [14/Sep/2026:07:24:44 +0200] "GET /wp-content/uploads/elementor/google-fonts/fonts/robotocondensed-ievl2zhzi2ecn5jzbjeets9weq8-19k7dq.woff2 HTTP/1.1" 200 51404 "https://lecocondalfred.fr/wp-content/uploads/elementor/google-fonts/css/robotocondensed.css?ver=1742247293" "Mozilla/5.0 (X11; Linux x86_64) AppleWebKit/537.36 (KHTML, like Gecko; Google-BusinessLinkVerification) Chrome/152.0.7977.64 Safari/537.36"
66.249.93.73 - - [14/Sep/2026:07:24:44 +0200] "GET /wp-content/uploads/elementor/google-fonts/fonts/roboto-kfo7cnqeu92fr1me7ksn66agldtyluama3yuba.woff2 HTTP/1.1" 200 40128 "https://lecocondalfred.fr/wp-content/uploads/elementor/google-fonts/css/roboto.css?ver=1742247286" "Mozilla/5.0 (X11; Linux x86_64) AppleWebKit/537.36 (KHTML, like Gecko; Google-BusinessLinkVerification) Chrome/152.0.7977.64 Safari/537.36"
66.249.93.71 - - [14/Sep/2026:07:24:44 +0200] "GET /wp-content/uploads/elementor/google-fonts/fonts/baskervville-ya9kr0yu4l_xorogbkun3kqqtamrrvi.woff2 HTTP/1.1" 200 26968 "https://lecocondalfred.fr/wp-content/uploads/elementor/google-fonts/css/baskervville.css?ver=1742247287" "Mozilla/5.0 (X11; Linux x86_64) AppleWebKit/537.36 (KHTML, like Gecko; Google-BusinessLinkVerification) Chrome/152.0.7977.64 Safari/537.36"
66.249.93.71 - - [14/Sep/2026:07:24:44 +0200] "GET /wp-content/plugins/elementor/assets/lib/font-awesome/webfonts/fa-regular-400.woff2 HTTP/1.1" 200 13276 "https://lecocondalfred.fr/wp-content/plugins/elementor/assets/lib/font-awesome/css/all.min.css?ver=4.2.4" "Mozilla/5.0 (X11; Linux x86_64) AppleWebKit/537.36 (KHTML, like Gecko; Google-BusinessLinkVerification) Chrome/152.0.7977.64 Safari/537.36"
66.249.93.72 - - [14/Sep/2026:07:24:44 +0200] "GET /wp-content/uploads/elementor/google-fonts/fonts/baloo2-wxkre3ktposypryd51jcaa.woff2 HTTP/1.1" 200 32676 "https://lecocondalfred.fr/wp-content/uploads/elementor/google-fonts/css/baloo2.css?ver=1742478820" "Mozilla/5.0 (X11; Linux x86_64) AppleWebKit/537.36 (KHTML, like Gecko; Google-BusinessLinkVerification) Chrome/152.0.7977.64 Safari/537.36"
66.249.93.72 - - [14/Sep/2026:07:24:45 +0200] "GET /wp-includes/js/tinymce/skins/lightgray/img/loader.gif HTTP/1.1" 200 2608 "https://lecocondalfred.fr/prendre-rendez-vous/" "Mozilla/5.0 (X11; Linux x86_64) AppleWebKit/537.36 (KHTML, like Gecko; Google-BusinessLinkVerification) Chrome/152.0.7977.64 Safari/537.36"
66.249.93.71 - - [14/Sep/2026:07:24:45 +0200] "GET /wp-content/uploads/2023/09/Copie-de-Succulents-and-Cactus-Daily-Agenda-Slide-2-1024x576.jpg HTTP/1.1" 200 79581 "https://lecocondalfred.fr/prendre-rendez-vous/" "Mozilla/5.0 (X11; Linux x86_64) AppleWebKit/537.36 (KHTML, like Gecko; Google-BusinessLinkVerification) Chrome/152.0.7977.64 Safari/537.36"
66.249.93.71 - - [14/Sep/2026:07:24:45 +0200] "POST /wp-admin/admin-ajax.php HTTP/1.1" 200 88 "https://lecocondalfred.fr/prendre-rendez-vous/" "Mozilla/5.0 (X11; Linux x86_64) AppleWebKit/537.36 (KHTML, like Gecko; Google-BusinessLinkVerification) Chrome/152.0.7977.64 Safari/537.36"
66.249.93.72 - - [14/Sep/2026:07:24:45 +0200] "GET /wp-admin/admin-ajax.php?action=bookly_render_service&form_id=43b00a58107bd18950f2ed5c71f09b4d&new_chain=true&csrf_token=4d0610f653 HTTP/1.1" 200 32160 "https://lecocondalfred.fr/prendre-rendez-vous/" "Mozilla/5.0 (X11; Linux x86_64) AppleWebKit/537.36 (KHTML, like Gecko; Google-BusinessLinkVerification) Chrome/152.0.7977.64 Safari/537.36"
66.249.93.71 - - [14/Sep/2026:07:24:46 +0200] "GET /wp-content/plugins/bookly-responsive-appointment-booking-tool/frontend/resources/images/checkbox.svg HTTP/1.1" 200 285 "https://lecocondalfred.fr/wp-content/plugins/bookly-responsive-appointment-booking-tool/frontend/resources/css/bookly-main.css?ver=28.0" "Mozilla/5.0 (X11; Linux x86_64) AppleWebKit/537.36 (KHTML, like Gecko; Google-BusinessLinkVerification) Chrome/152.0.7977.64 Safari/537.36"
66.249.93.73 - - [14/Sep/2026:07:24:46 +0200] "GET /wp-content/plugins/wpfront-scroll-top/includes/assets/icons/116.png HTTP/1.1" 200 543 "https://lecocondalfred.fr/prendre-rendez-vous/" "Mozilla/5.0 (X11; Linux x86_64) AppleWebKit/537.36 (KHTML, like Gecko; Google-BusinessLinkVerification) Chrome/152.0.7977.64 Safari/537.36"
66.249.93.73 - - [14/Sep/2026:07:24:46 +0200] "GET /wp-content/plugins/elementor/assets/js/section-frontend-handlers.d85ab872da118940910d.bundle.min.js HTTP/1.1" 200 449 "https://lecocondalfred.fr/prendre-rendez-vous/" "Mozilla/5.0 (X11; Linux x86_64) AppleWebKit/537.36 (KHTML, like Gecko; Google-BusinessLinkVerification) Chrome/152.0.7977.64 Safari/537.36"
66.249.93.73 - - [14/Sep/2026:07:24:46 +0200] "GET /wp-content/plugins/elementor-pro/assets/js/nav-menu.dc8790fd04afa5b6c0a3.bundle.min.js HTTP/1.1" 200 5038 "https://lecocondalfred.fr/prendre-rendez-vous/" "Mozilla/5.0 (X11; Linux x86_64) AppleWebKit/537.36 (KHTML, like Gecko; Google-BusinessLinkVerification) Chrome/152.0.7977.64 Safari/537.36"
66.249.93.72 - - [14/Sep/2026:07:24:46 +0200] "GET /wp-content/plugins/elementor/assets/js/text-editor.45609661e409413f1cef.bundle.min.js HTTP/1.1" 200 1348 "https://lecocondalfred.fr/prendre-rendez-vous/" "Mozilla/5.0 (X11; Linux x86_64) AppleWebKit/537.36 (KHTML, like Gecko; Google-BusinessLinkVerification) Chrome/152.0.7977.64 Safari/537.36"
66.249.93.72 - - [14/Sep/2026:07:24:46 +0200] "GET /wp-content/plugins/elementor/assets/js/shared-frontend-handlers.03caa53373b56d3bab67.bundle.min.js HTTP/1.1" 200 8481 "https://lecocondalfred.fr/prendre-rendez-vous/" "Mozilla/5.0 (X11; Linux x86_64) AppleWebKit/537.36 (KHTML, like Gecko; Google-BusinessLinkVerification) Chrome/152.0.7977.64 Safari/537.36"
52.167.144.216 - - [14/Sep/2026:07:25:38 +0200] "GET /category/professions/dietetique/ HTTP/1.1" 200 146741 "-" "Mozilla/5.0 AppleWebKit/537.36 (KHTML, like Gecko; compatible; bingbot/2.0; +http://www.bing.com/bingbot.htm) Chrome/116.0.1938.76 Safari/537.36"
40.77.167.33 - - [14/Sep/2026:07:25:57 +0200] "GET /wp-content/uploads/2023/10/accompagnement-parental-delphine-300x225.png HTTP/1.1" 200 111147 "-" "Mozilla/5.0 AppleWebKit/537.36 (KHTML, like Gecko; compatible; bingbot/2.0; +http://www.bing.com/bingbot.htm) Chrome/116.0.1938.76 Safari/537.36"
185.241.208.40 - - [14/Sep/2026:07:30:27 +0200] "GET /wp-content/themes/seotheme/db.php?u HTTP/1.1" 403 17006 "www.google.com" "Mozlila/5.0 (Linux; Android 7.0; SM-G892A Bulid/NRD90M; wv) AppleWebKit/537.36 (KHTML, like Gecko) Version/4.0 Chrome/60.0.3112.107 Moblie Safari/537.36"
185.241.208.40 - - [14/Sep/2026:07:30:29 +0200] "GET /bwyqcinc.php?Fox=d3wL7 HTTP/1.1" 404 138365 "www.google.com" "Mozilla/5.0 (Linux; Android 7.0; SM-G892A Bulid/NRD90M; wv) AppleWebKit/537.36 (KHTML, like Gecko) Version/4.0 Chrome/60.0.3112.107 Moblie Safari/537.36"
109.234.165.65 - - [14/Sep/2026:07:30:33 +0200] "POST /wp-cron.php?doing_wp_cron=1789363833.3306779861450195312500 HTTP/1.1" 200 - "-" "WordPress/7.1; https://lecocondalfred.fr"
109.234.165.65 - - [14/Sep/2026:07:30:27 +0200] "POST /?wordfence_syncAttackData=1789363827.8276 HTTP/1.1" 200 - "-" "WordPress/7.1; https://lecocondalfred.fr"
109.234.165.65 - - [14/Sep/2026:07:30:48 +0200] "POST /wp-cron.php?doing_wp_cron=1789363848.7774059772491455078125 HTTP/1.1" 200 - "-" "WordPress/7.1; https://lecocondalfred.fr"
109.234.165.65 - - [14/Sep/2026:07:30:28 +0200] "POST /?mailpoet_router&endpoint=cron_daemon&action=run&data=eyJ0b2tlbiI6IjEycGx5In0 HTTP/1.1" 200 - "-" "MailPoet Cron"
109.234.165.65 - - [14/Sep/2026:07:33:06 +0200] "POST /wp-cron.php?doing_wp_cron=1789363986.4298660755157470703125 HTTP/1.1" 200 - "-" "WordPress/7.1; https://lecocondalfred.fr"
66.249.65.201 - - [14/Sep/2026:07:33:00 +0200] "GET /eugenie-le-moigne/ HTTP/1.1" 200 302961 "-" "Mozilla/5.0 (Linux; Android 6.0.1; Nexus 5X Build/MMB29P) AppleWebKit/537.36 (KHTML, like Gecko) Chrome/152.0.7977.82 Mobile Safari/537.36 (compatible; Googlebot/2.1; +http://www.google.com/bot.html)"
109.234.165.65 - - [14/Sep/2026:07:33:21 +0200] "POST /wp-cron.php?doing_wp_cron=1789364001.5840129852294921875000 HTTP/1.1" 200 - "-" "WordPress/7.1; https://lecocondalfred.fr"
109.234.165.65 - - [14/Sep/2026:07:33:01 +0200] "POST /?mailpoet_router&endpoint=cron_daemon&action=run&data=eyJ0b2tlbiI6InZmOXc5In0 HTTP/1.1" 200 - "-" "MailPoet Cron"
66.249.65.200 - - [14/Sep/2026:07:33:31 +0200] "GET /wp-content/plugins/bookly-responsive-appointment-booking-tool/frontend/resources/css/modern-booking-form-calendar.css?ver=28.0 HTTP/1.1" 200 192 "https://lecocondalfred.fr/eugenie-le-moigne/" "Mozilla/5.0 (Linux; Android 6.0.1; Nexus 5X Build/MMB29P) AppleWebKit/537.36 (KHTML, like Gecko) Chrome/152.0.7977.82 Mobile Safari/537.36 (compatible; Googlebot/2.1; +http://www.google.com/bot.html)"
66.249.65.200 - - [14/Sep/2026:07:33:34 +0200] "GET /wp-content/plugins/bookly-responsive-appointment-booking-tool/frontend/resources/js/ladda.min.js?ver=28.0 HTTP/1.1" 200 3753 "https://lecocondalfred.fr/eugenie-le-moigne/" "Mozilla/5.0 (Linux; Android 6.0.1; Nexus 5X Build/MMB29P) AppleWebKit/537.36 (KHTML, like Gecko) Chrome/152.0.7977.82 Mobile Safari/537.36 (compatible; Googlebot/2.1; +http://www.google.com/bot.html)"
66.249.65.200 - - [14/Sep/2026:07:33:36 +0200] "GET /wp-content/uploads/elementor/google-fonts/css/robotoslab.css?ver=1742247279 HTTP/1.1" 200 23625 "https://lecocondalfred.fr/eugenie-le-moigne/" "Mozilla/5.0 (Linux; Android 6.0.1; Nexus 5X Build/MMB29P) AppleWebKit/537.36 (KHTML, like Gecko) Chrome/152.0.7977.82 Mobile Safari/537.36 (compatible; Googlebot/2.1; +http://www.google.com/bot.html)"
109.234.165.65 - - [14/Sep/2026:07:33:39 +0200] "POST /wp-cron.php?doing_wp_cron=1789364019.2347869873046875000000 HTTP/1.1" 200 - "-" "WordPress/7.1; https://lecocondalfred.fr"
66.249.65.200 - - [14/Sep/2026:07:33:38 +0200] "POST /wp-admin/admin-ajax.php HTTP/1.1" 200 88 "https://lecocondalfred.fr/eugenie-le-moigne/" "Mozilla/5.0 (Linux; Android 6.0.1; Nexus 5X Build/MMB29P) AppleWebKit/537.36 (KHTML, like Gecko) Chrome/152.0.7977.82 Mobile Safari/537.36 (compatible; Googlebot/2.1; +http://www.google.com/bot.html)"
66.249.65.200 - - [14/Sep/2026:07:33:39 +0200] "GET /wp-admin/admin-ajax.php?action=bookly_render_service&form_id=f5e5fac1085170422fc8b3bfa6c72dba&new_chain=true&csrf_token=4d0610f653 HTTP/1.1" 200 32160 "https://lecocondalfred.fr/eugenie-le-moigne/" "Mozilla/5.0 (Linux; Android 6.0.1; Nexus 5X Build/MMB29P) AppleWebKit/537.36 (KHTML, like Gecko) Chrome/152.0.7977.82 Mobile Safari/537.36 (compatible; Googlebot/2.1; +http://www.google.com/bot.html)"
109.234.165.65 - - [14/Sep/2026:07:44:22 +0200] "POST /wp-cron.php?doing_wp_cron=1789364662.8981940746307373046875 HTTP/1.1" 200 - "-" "WordPress/7.1; https://lecocondalfred.fr"
143.14.151.128 - - [14/Sep/2026:07:44:22 +0200] "GET /wp-content/uploads/2023/12/FRANCOIS-BEN.jpg HTTP/1.1" 404 146080 "https://lecocondalfred.fr/" "Mozilla/5.0 (Windows NT 10.0; Win64; x64) AppleWebKit/537.36 (KHTML, like Gecko) Chrome/131.0.0.0 Safari/537.36"
109.234.165.65 - - [14/Sep/2026:07:46:38 +0200] "POST /wp-cron.php?doing_wp_cron=1789364798.6497199535369873046875 HTTP/1.1" 200 - "-" "WordPress/7.1; https://lecocondalfred.fr"
187.13.202.33 - - [14/Sep/2026:07:46:38 +0200] "GET /wp-json/wp/v2/tribe_events?per_page=20&_fields=id,link,comment_status HTTP/1.1" 200 2 "-" "Mozilla/5.0 (Windows NT 10.0; Win64; x64) AppleWebKit/537.36 (KHTML, like Gecko) Chrome/122.0.0.0 Safari/537.36"
187.13.202.33 - - [14/Sep/2026:07:46:38 +0200] "GET / HTTP/1.1" 200 224621 "-" "Mozilla/5.0 (Macintosh; Intel Mac OS X 10_15_7) AppleWebKit/605.1.15 (KHTML, like Gecko) Version/17.3 Safari/605.1.15"
187.13.202.33 - - [14/Sep/2026:07:46:39 +0200] "GET /?post_type=tribe_events HTTP/1.1" 200 159734 "-" "Mozilla/5.0 (X11; Linux x86_64; rv:123.0) Gecko/20100101 Firefox/123.0"
187.13.202.33 - - [14/Sep/2026:07:46:40 +0200] "GET /events/?ical=1 HTTP/1.1" 200 - "-" "Mozilla/5.0 (Macintosh; Intel Mac OS X 10_15_7) AppleWebKit/605.1.15 (KHTML, like Gecko) Version/17.3 Safari/605.1.15"
187.13.202.33 - - [14/Sep/2026:07:46:41 +0200] "GET /wp-content/plugins/the-events-calendar/build/css/tribe-events-single-skeleton.css?ver=6.17.2 HTTP/1.1" 200 18813 "-" "Mozilla/5.0 (Macintosh; Intel Mac OS X 10_15_7) AppleWebKit/605.1.15 (KHTML, like Gecko) Version/17.3 Safari/605.1.15"
187.13.202.33 - - [14/Sep/2026:07:46:41 +0200] "GET /wp-content/plugins/the-events-calendar/build/css/tribe-events-single-full.css?ver=6.17.2 HTTP/1.1" 200 21027 "-" "Mozilla/5.0 (Macintosh; Intel Mac OS X 10_15_7) AppleWebKit/605.1.15 (KHTML, like Gecko) Version/17.3 Safari/605.1.15"
187.13.202.33 - - [14/Sep/2026:07:46:42 +0200] "GET /wp-content/plugins/the-events-calendar/build/css/integrations/plugins/elementor/widgets/widget-base.css?ver=6.17.2 HTTP/1.1" 200 1128 "-" "Mozilla/5.0 (X11; Linux x86_64; rv:123.0) Gecko/20100101 Firefox/123.0"
187.13.202.33 - - [14/Sep/2026:07:46:42 +0200] "GET /wp-json/tribe/events/v1/ HTTP/1.1" 200 35631 "-" "Mozilla/5.0 (Macintosh; Intel Mac OS X 10_15_7) AppleWebKit/605.1.15 (KHTML, like Gecko) Version/17.3 Safari/605.1.15"
187.13.202.33 - - [14/Sep/2026:07:46:43 +0200] "GET /wp-content/plugins/the-events-calendar/vendor/bootstrap-datepicker/css/bootstrap-datepicker.standalone.min.css?ver=6.17.2 HTTP/1.1" 200 14113 "-" "Mozilla/5.0 (Windows NT 10.0; Win64; x64) AppleWebKit/537.36 (KHTML, like Gecko) Chrome/122.0.0.0 Safari/537.36"
103.59.160.171 - - [14/Sep/2026:07:47:11 +0200] "GET /wp-content/plugins/the-events-calendar/readme.txt HTTP/1.1" 200 27949 "-" "Mozilla/5.0 (Windows NT 10.0; Win64; x64) AppleWebKit/537.36 (KHTML, like Gecko) Chrome/131.0.0.0 Safari/537.36"
57.141.20.10 - - [14/Sep/2026:07:47:21 +0200] "GET /difficultes-decriture-et-si-la-graphopedagogie-etait-la-cle/ HTTP/1.1" 200 163022 "-" "Mozilla/5.0 (Windows NT 10.0; Win64; x64) AppleWebKit/537.36 (KHTML, like Gecko) Chrome/145.0.0.0 Safari/537.36 (compatible; meta-externalagent/1.1 (+https://developers.facebook.com/docs/sharing/webmasters/crawler))"
109.234.165.65 - - [14/Sep/2026:07:47:23 +0200] "POST /wp-cron.php?doing_wp_cron=1789364843.0746169090270996093750 HTTP/1.1" 200 - "-" "WordPress/7.1; https://lecocondalfred.fr"
57.141.20.49 - - [14/Sep/2026:07:47:22 +0200] "GET /wp-content/plugins/google-site-kit/dist/assets/js/googlesitekit-consent-mode-86cb52dcb9f2b27ed244.js HTTP/1.1" 404 146136 "https://lecocondalfred.fr/difficultes-decriture-et-si-la-graphopedagogie-etait-la-cle/" "Mozilla/5.0 (Windows NT 10.0; Win64; x64) AppleWebKit/537.36 (KHTML, like Gecko) Chrome/145.0.0.0 Safari/537.36 (compatible; meta-externalagent/1.1 (+https://developers.facebook.com/docs/sharing/webmasters/crawler))"
57.141.20.51 - - [14/Sep/2026:07:47:23 +0200] "GET /wp-content/uploads/elementor/google-fonts/fonts/roboto-kfo5cnqeu92fr1mu53zec9_vu3r1gihoszmkbnka.woff2 HTTP/1.1" 200 44192 "https://lecocondalfred.fr/wp-content/uploads/elementor/google-fonts/css/roboto.css?ver=1742247286" "Mozilla/5.0 (Windows NT 10.0; Win64; x64) AppleWebKit/537.36 (KHTML, like Gecko) Chrome/145.0.0.0 Safari/537.36 (compatible; meta-externalagent/1.1 (+https://developers.facebook.com/docs/sharing/webmasters/crawler))"
57.141.20.12 - - [14/Sep/2026:07:47:23 +0200] "GET /wp-content/plugins/google-site-kit/dist/assets/js/googlesitekit-events-provider-wpforms-063cb453c64ecfd3dafe.js HTTP/1.1" 404 146152 "https://lecocondalfred.fr/difficultes-decriture-et-si-la-graphopedagogie-etait-la-cle/" "Mozilla/5.0 (Windows NT 10.0; Win64; x64) AppleWebKit/537.36 (KHTML, like Gecko) Chrome/145.0.0.0 Safari/537.36 (compatible; meta-externalagent/1.1 (+https://developers.facebook.com/docs/sharing/webmasters/crawler))"
57.141.20.75 - - [14/Sep/2026:07:47:23 +0200] "GET /wp-content/plugins/google-site-kit/dist/assets/js/googlesitekit-events-provider-content-events-33078016c5e1e9f07c35.js HTTP/1.1" 404 146160 "https://lecocondalfred.fr/difficultes-decriture-et-si-la-graphopedagogie-etait-la-cle/" "Mozilla/5.0 (Windows NT 10.0; Win64; x64) AppleWebKit/537.36 (KHTML, like Gecko) Chrome/145.0.0.0 Safari/537.36 (compatible; meta-externalagent/1.1 (+https://developers.facebook.com/docs/sharing/webmasters/crawler))"
109.234.165.65 - - [14/Sep/2026:07:49:07 +0200] "POST /wp-cron.php?doing_wp_cron=1789364947.9378008842468261718750 HTTP/1.1" 200 - "-" "WordPress/7.1; https://lecocondalfred.fr"
