92.184.125.201 - - [14/Sep/2026:12:55:34 +0200] "GET /wp-includes/js/jquery/ui/core.min.js?ver=1.14.2 HTTP/1.1" 200 18674 "https://lecocondalfred.fr/" "Mozilla/5.0 (Linux; Android 10; K) AppleWebKit/537.36 (KHTML, like Gecko) Chrome/148.0.0.0 Mobile Safari/537.36"
92.184.125.201 - - [14/Sep/2026:12:55:34 +0200] "GET /wp-content/plugins/mailpoet/assets/dist/css/mailpoet-public.a7375e83.css?ver=7.1 HTTP/1.1" 404 146127 "https://lecocondalfred.fr/" "Mozilla/5.0 (Linux; Android 10; K) AppleWebKit/537.36 (KHTML, like Gecko) Chrome/148.0.0.0 Mobile Safari/537.36"
92.184.125.201 - - [14/Sep/2026:12:55:34 +0200] "GET /wp-content/plugins/wp-smushit/app/assets/js/smush-lazy-load.min.js?ver=4.3.0 HTTP/1.1" 200 23727 "https://lecocondalfred.fr/" "Mozilla/5.0 (Linux; Android 10; K) AppleWebKit/537.36 (KHTML, like Gecko) Chrome/148.0.0.0 Mobile Safari/537.36"
92.184.125.201 - - [14/Sep/2026:12:55:34 +0200] "GET /wp-content/plugins/wp-consent-api/assets/js/wp-consent-api.min.js?ver=2.0.1 HTTP/1.1" 200 2235 "https://lecocondalfred.fr/" "Mozilla/5.0 (Linux; Android 10; K) AppleWebKit/537.36 (KHTML, like Gecko) Chrome/148.0.0.0 Mobile Safari/537.36"
92.184.125.201 - - [14/Sep/2026:12:55:34 +0200] "GET /wp-content/plugins/elementor/assets/js/frontend.min.js?ver=4.2.4 HTTP/1.1" 200 32098 "https://lecocondalfred.fr/" "Mozilla/5.0 (Linux; Android 10; K) AppleWebKit/537.36 (KHTML, like Gecko) Chrome/148.0.0.0 Mobile Safari/537.36"
92.184.125.201 - - [14/Sep/2026:12:55:34 +0200] "GET /wp-content/plugins/elementor/assets/lib/swiper/v8/swiper.min.js?ver=8.4.5 HTTP/1.1" 200 143709 "https://lecocondalfred.fr/" "Mozilla/5.0 (Linux; Android 10; K) AppleWebKit/537.36 (KHTML, like Gecko) Chrome/148.0.0.0 Mobile Safari/537.36"
92.184.125.201 - - [14/Sep/2026:12:55:34 +0200] "GET /wp-content/plugins/elementor/assets/js/frontend-modules.min.js?ver=4.2.4 HTTP/1.1" 200 50602 "https://lecocondalfred.fr/" "Mozilla/5.0 (Linux; Android 10; K) AppleWebKit/537.36 (KHTML, like Gecko) Chrome/148.0.0.0 Mobile Safari/537.36"
92.184.125.201 - - [14/Sep/2026:12:55:35 +0200] "GET /wp-content/plugins/astra-sites/inc/lib/onboarding/assets/dist/template-preview/main.js?ver=09382f635556bec359b3 HTTP/1.1" 200 6587 "https://lecocondalfred.fr/" "Mozilla/5.0 (Linux; Android 10; K) AppleWebKit/537.36 (KHTML, like Gecko) Chrome/148.0.0.0 Mobile Safari/537.36"
92.184.125.201 - - [14/Sep/2026:12:55:35 +0200] "GET /wp-content/plugins/elementor/assets/js/webpack.runtime.min.js?ver=4.2.4 HTTP/1.1" 200 5819 "https://lecocondalfred.fr/" "Mozilla/5.0 (Linux; Android 10; K) AppleWebKit/537.36 (KHTML, like Gecko) Chrome/148.0.0.0 Mobile Safari/537.36"
92.184.125.201 - - [14/Sep/2026:12:55:35 +0200] "GET /wp-includes/js/imagesloaded.min.js?ver=5.0.0 HTTP/1.1" 200 5520 "https://lecocondalfred.fr/" "Mozilla/5.0 (Linux; Android 10; K) AppleWebKit/537.36 (KHTML, like Gecko) Chrome/148.0.0.0 Mobile Safari/537.36"
92.184.125.201 - - [14/Sep/2026:12:55:35 +0200] "GET /wp-content/plugins/elementor-pro/assets/lib/smartmenus/jquery.smartmenus.min.js?ver=1.2.1 HTTP/1.1" 200 24109 "https://lecocondalfred.fr/" "Mozilla/5.0 (Linux; Android 10; K) AppleWebKit/537.36 (KHTML, like Gecko) Chrome/148.0.0.0 Mobile Safari/537.36"
92.184.125.201 - - [14/Sep/2026:12:55:35 +0200] "GET /wp-content/plugins/mailpoet/assets/dist/js/public.min.js?ver=5.37.0 HTTP/1.1" 200 121063 "https://lecocondalfred.fr/" "Mozilla/5.0 (Linux; Android 10; K) AppleWebKit/537.36 (KHTML, like Gecko) Chrome/148.0.0.0 Mobile Safari/537.36"
92.184.125.201 - - [14/Sep/2026:12:55:35 +0200] "GET /wp-content/plugins/wpfront-scroll-top/includes/assets/wpfront-scroll-top.min.js?ver=3.0.1.09211 HTTP/1.1" 200 1490 "https://lecocondalfred.fr/" "Mozilla/5.0 (Linux; Android 10; K) AppleWebKit/537.36 (KHTML, like Gecko) Chrome/148.0.0.0 Mobile Safari/537.36"
92.184.125.201 - - [14/Sep/2026:12:55:35 +0200] "GET /wp-content/uploads/2021/10/20211019_175052-3-scaled-e1634679864644.jpg HTTP/1.1" 200 35291 "https://lecocondalfred.fr/" "Mozilla/5.0 (Linux; Android 10; K) AppleWebKit/537.36 (KHTML, like Gecko) Chrome/148.0.0.0 Mobile Safari/537.36"
92.184.125.201 - - [14/Sep/2026:12:55:35 +0200] "GET /wp-content/uploads/elementor/google-fonts/fonts/actor-weozebbckc5co0ejvsk.woff2 HTTP/1.1" 200 21976 "https://lecocondalfred.fr/wp-content/uploads/elementor/google-fonts/css/actor.css?ver=1742247287" "Mozilla/5.0 (Linux; Android 10; K) AppleWebKit/537.36 (KHTML, like Gecko) Chrome/148.0.0.0 Mobile Safari/537.36"
92.184.125.201 - - [14/Sep/2026:12:55:35 +0200] "GET /wp-content/uploads/2021/10/PA190119-2-e1634680143122.jpg HTTP/1.1" 200 39843 "https://lecocondalfred.fr/" "Mozilla/5.0 (Linux; Android 10; K) AppleWebKit/537.36 (KHTML, like Gecko) Chrome/148.0.0.0 Mobile Safari/537.36"
92.184.125.201 - - [14/Sep/2026:12:55:35 +0200] "GET /wp-content/uploads/elementor/google-fonts/fonts/alata-pbytfmztewbioce9zqy.woff2 HTTP/1.1" 200 39844 "https://lecocondalfred.fr/wp-content/uploads/elementor/google-fonts/css/alata.css?ver=1742247287" "Mozilla/5.0 (Linux; Android 10; K) AppleWebKit/537.36 (KHTML, like Gecko) Chrome/148.0.0.0 Mobile Safari/537.36"
92.184.125.201 - - [14/Sep/2026:12:55:35 +0200] "GET /wp-content/uploads/elementor/google-fonts/fonts/baskervville-ya9kr0yu4l_xorogbkun3kqqtamrrvi.woff2 HTTP/1.1" 200 26968 "https://lecocondalfred.fr/wp-content/uploads/elementor/google-fonts/css/baskervville.css?ver=1742247287" "Mozilla/5.0 (Linux; Android 10; K) AppleWebKit/537.36 (KHTML, like Gecko) Chrome/148.0.0.0 Mobile Safari/537.36"
92.184.125.201 - - [14/Sep/2026:12:55:35 +0200] "GET /wp-content/uploads/2021/10/20211019_174946-2-scaled-e1634679961218.jpg HTTP/1.1" 200 40860 "https://lecocondalfred.fr/" "Mozilla/5.0 (Linux; Android 10; K) AppleWebKit/537.36 (KHTML, like Gecko) Chrome/148.0.0.0 Mobile Safari/537.36"
92.184.125.201 - - [14/Sep/2026:12:55:35 +0200] "GET /wp-content/uploads/2021/11/elephant-cocon.jpg HTTP/1.1" 200 17428 "https://lecocondalfred.fr/" "Mozilla/5.0 (Linux; Android 10; K) AppleWebKit/537.36 (KHTML, like Gecko) Chrome/148.0.0.0 Mobile Safari/537.36"
92.184.125.201 - - [14/Sep/2026:12:55:35 +0200] "GET /wp-content/uploads/2023/02/20230213_174801-scaled.jpg HTTP/1.1" 200 441289 "https://lecocondalfred.fr/" "Mozilla/5.0 (Linux; Android 10; K) AppleWebKit/537.36 (KHTML, like Gecko) Chrome/148.0.0.0 Mobile Safari/537.36"
92.184.125.201 - - [14/Sep/2026:12:55:35 +0200] "GET /wp-content/uploads/2021/09/Image-Footer.jpg HTTP/1.1" 200 65284 "https://lecocondalfred.fr/" "Mozilla/5.0 (Linux; Android 10; K) AppleWebKit/537.36 (KHTML, like Gecko) Chrome/148.0.0.0 Mobile Safari/537.36"
92.184.125.201 - - [14/Sep/2026:12:55:35 +0200] "GET /wp-content/plugins/elementor/assets/lib/font-awesome/webfonts/fa-solid-900.woff2 HTTP/1.1" 200 78196 "https://lecocondalfred.fr/wp-content/plugins/elementor/assets/lib/font-awesome/css/all.min.css?ver=4.2.4" "Mozilla/5.0 (Linux; Android 10; K) AppleWebKit/537.36 (KHTML, like Gecko) Chrome/148.0.0.0 Mobile Safari/537.36"
92.184.125.201 - - [14/Sep/2026:12:55:35 +0200] "GET /wp-content/plugins/elementor/assets/lib/font-awesome/webfonts/fa-brands-400.woff2 HTTP/1.1" 200 81612 "https://lecocondalfred.fr/wp-content/plugins/elementor/assets/lib/font-awesome/css/all.min.css?ver=4.2.4" "Mozilla/5.0 (Linux; Android 10; K) AppleWebKit/537.36 (KHTML, like Gecko) Chrome/148.0.0.0 Mobile Safari/537.36"
92.184.125.201 - - [14/Sep/2026:12:55:35 +0200] "GET /wp-content/uploads/elementor/google-fonts/fonts/roboto-kfo5cnqeu92fr1mu53zec9_vu3r1gihoszmkbnka.woff2 HTTP/1.1" 200 44192 "https://lecocondalfred.fr/wp-content/uploads/elementor/google-fonts/css/roboto.css?ver=1742247286" "Mozilla/5.0 (Linux; Android 10; K) AppleWebKit/537.36 (KHTML, like Gecko) Chrome/148.0.0.0 Mobile Safari/537.36"
92.184.125.201 - - [14/Sep/2026:12:55:35 +0200] "GET /wp-content/plugins/google-site-kit/dist/assets/js/googlesitekit-events-provider-content-events-33078016c5e1e9f07c35.js HTTP/1.1" 404 146171 "https://lecocondalfred.fr/" "Mozilla/5.0 (Linux; Android 10; K) AppleWebKit/537.36 (KHTML, like Gecko) Chrome/148.0.0.0 Mobile Safari/537.36"
92.184.125.201 - - [14/Sep/2026:12:55:35 +0200] "GET /wp-content/plugins/google-site-kit/dist/assets/js/googlesitekit-consent-mode-86cb52dcb9f2b27ed244.js HTTP/1.1" 404 146147 "https://lecocondalfred.fr/" "Mozilla/5.0 (Linux; Android 10; K) AppleWebKit/537.36 (KHTML, like Gecko) Chrome/148.0.0.0 Mobile Safari/537.36"
92.184.125.201 - - [14/Sep/2026:12:55:35 +0200] "GET /wp-content/plugins/google-site-kit/dist/assets/js/googlesitekit-events-provider-wpforms-063cb453c64ecfd3dafe.js HTTP/1.1" 404 146163 "https://lecocondalfred.fr/" "Mozilla/5.0 (Linux; Android 10; K) AppleWebKit/537.36 (KHTML, like Gecko) Chrome/148.0.0.0 Mobile Safari/537.36"
144.172.114.51 - - [14/Sep/2026:12:55:35 +0200] "GET /.env.example HTTP/1.1" 404 138358 "-" "Mozilla/5.0 (Windows NT 10.0; Win64; x64) AppleWebKit/537.36"
92.184.125.201 - - [14/Sep/2026:12:55:36 +0200] "GET /wp-content/plugins/wpfront-scroll-top/includes/assets/icons/116.png HTTP/1.1" 200 543 "https://lecocondalfred.fr/" "Mozilla/5.0 (Linux; Android 10; K) AppleWebKit/537.36 (KHTML, like Gecko) Chrome/148.0.0.0 Mobile Safari/537.36"
92.184.125.201 - - [14/Sep/2026:12:55:36 +0200] "GET /wp-content/plugins/elementor/assets/js/section-frontend-handlers.d85ab872da118940910d.bundle.min.js HTTP/1.1" 200 449 "https://lecocondalfred.fr/" "Mozilla/5.0 (Linux; Android 10; K) AppleWebKit/537.36 (KHTML, like Gecko) Chrome/148.0.0.0 Mobile Safari/537.36"
92.184.125.201 - - [14/Sep/2026:12:55:36 +0200] "GET /wp-content/plugins/elementor/assets/js/shared-frontend-handlers.03caa53373b56d3bab67.bundle.min.js HTTP/1.1" 200 8481 "https://lecocondalfred.fr/" "Mozilla/5.0 (Linux; Android 10; K) AppleWebKit/537.36 (KHTML, like Gecko) Chrome/148.0.0.0 Mobile Safari/537.36"
92.184.125.201 - - [14/Sep/2026:12:55:36 +0200] "GET /wp-content/plugins/elementor-pro/assets/js/nav-menu.dc8790fd04afa5b6c0a3.bundle.min.js HTTP/1.1" 200 5038 "https://lecocondalfred.fr/" "Mozilla/5.0 (Linux; Android 10; K) AppleWebKit/537.36 (KHTML, like Gecko) Chrome/148.0.0.0 Mobile Safari/537.36"
92.184.125.201 - - [14/Sep/2026:12:55:36 +0200] "GET /wp-content/plugins/elementor/assets/js/text-editor.45609661e409413f1cef.bundle.min.js HTTP/1.1" 200 1348 "https://lecocondalfred.fr/" "Mozilla/5.0 (Linux; Android 10; K) AppleWebKit/537.36 (KHTML, like Gecko) Chrome/148.0.0.0 Mobile Safari/537.36"
92.184.125.201 - - [14/Sep/2026:12:55:36 +0200] "GET /wp-content/plugins/elementor-pro/assets/js/slides.8e9b74f1b31471377df8.bundle.min.js HTTP/1.1" 200 3918 "https://lecocondalfred.fr/" "Mozilla/5.0 (Linux; Android 10; K) AppleWebKit/537.36 (KHTML, like Gecko) Chrome/148.0.0.0 Mobile Safari/537.36"
92.184.125.201 - - [14/Sep/2026:12:55:36 +0200] "GET /wp-content/uploads/2021/08/cropped-FAVICON-lecocondalfred-192x192.png HTTP/1.1" 200 1935 "https://lecocondalfred.fr/" "Mozilla/5.0 (Linux; Android 10; K) AppleWebKit/537.36 (KHTML, like Gecko) Chrome/148.0.0.0 Mobile Safari/537.36"
92.184.125.201 - - [14/Sep/2026:12:55:36 +0200] "GET /wp-includes/js/wp-emoji-release.min.js?ver=7.1 HTTP/1.1" 200 22752 "https://lecocondalfred.fr/" "Mozilla/5.0 (Linux; Android 10; K) AppleWebKit/537.36 (KHTML, like Gecko) Chrome/148.0.0.0 Mobile Safari/537.36"
109.234.165.65 - - [14/Sep/2026:12:55:37 +0200] "POST /wp-cron.php?doing_wp_cron=1789383337.2697370052337646484375 HTTP/1.1" 200 - "-" "WordPress/7.1; https://lecocondalfred.fr"
92.184.125.201 - - [14/Sep/2026:12:55:36 +0200] "GET /prendre-rendez-vous/ HTTP/1.1" 200 366749 "https://lecocondalfred.fr/" "Mozilla/5.0 (Linux; Android 10; K) AppleWebKit/537.36 (KHTML, like Gecko) Chrome/148.0.0.0 Mobile Safari/537.36"
92.184.125.201 - - [14/Sep/2026:12:55:36 +0200] "GET /wp/wp-content/uploads/fbrfg/apple-touch-icon.png HTTP/1.1" 404 146099 "https://lecocondalfred.fr/" "Mozilla/5.0 (Linux; Android 10; K) AppleWebKit/537.36 (KHTML, like Gecko) Chrome/148.0.0.0 Mobile Safari/537.36"
92.184.125.201 - - [14/Sep/2026:12:55:36 +0200] "GET /wp/wp-content/uploads/fbrfg/site.webmanifest HTTP/1.1" 404 146091 "https://lecocondalfred.fr/" "Mozilla/5.0 (Linux; Android 10; K) AppleWebKit/537.36 (KHTML, like Gecko) Chrome/148.0.0.0 Mobile Safari/537.36"
92.184.125.201 - - [14/Sep/2026:12:55:37 +0200] "GET /wp-content/plugins/bookly-responsive-appointment-booking-tool/backend/resources/tailwind/tailwind.css?ver=28.0 HTTP/1.1" 200 218377 "https://lecocondalfred.fr/prendre-rendez-vous/" "Mozilla/5.0 (Linux; Android 10; K) AppleWebKit/537.36 (KHTML, like Gecko) Chrome/148.0.0.0 Mobile Safari/537.36"
92.184.125.201 - - [14/Sep/2026:12:55:37 +0200] "GET /wp-content/plugins/bookly-responsive-appointment-booking-tool/frontend/resources/css/ladda.min.css?ver=28.0 HTTP/1.1" 200 9184 "https://lecocondalfred.fr/prendre-rendez-vous/" "Mozilla/5.0 (Linux; Android 10; K) AppleWebKit/537.36 (KHTML, like Gecko) Chrome/148.0.0.0 Mobile Safari/537.36"
92.184.125.201 - - [14/Sep/2026:12:55:37 +0200] "GET /wp-content/plugins/bookly-responsive-appointment-booking-tool/frontend/resources/css/frontend-reset.css?ver=28.0 HTTP/1.1" 200 3788 "https://lecocondalfred.fr/prendre-rendez-vous/" "Mozilla/5.0 (Linux; Android 10; K) AppleWebKit/537.36 (KHTML, like Gecko) Chrome/148.0.0.0 Mobile Safari/537.36"
92.184.125.201 - - [14/Sep/2026:12:55:37 +0200] "GET /wp-content/plugins/bookly-responsive-appointment-booking-tool/frontend/resources/css/modern-booking-form-calendar.css?ver=28.0 HTTP/1.1" 200 192 "https://lecocondalfred.fr/prendre-rendez-vous/" "Mozilla/5.0 (Linux; Android 10; K) AppleWebKit/537.36 (KHTML, like Gecko) Chrome/148.0.0.0 Mobile Safari/537.36"
92.184.125.201 - - [14/Sep/2026:12:55:37 +0200] "GET /wp-content/plugins/bookly-responsive-appointment-booking-tool/frontend/resources/css/bootstrap-icons.min.css?ver=28.0 HTTP/1.1" 200 85875 "https://lecocondalfred.fr/prendre-rendez-vous/" "Mozilla/5.0 (Linux; Android 10; K) AppleWebKit/537.36 (KHTML, like Gecko) Chrome/148.0.0.0 Mobile Safari/537.36"
92.184.125.201 - - [14/Sep/2026:12:55:37 +0200] "GET /wp-content/plugins/bookly-responsive-appointment-booking-tool/frontend/resources/css/intlTelInput.css?ver=28.0 HTTP/1.1" 200 17841 "https://lecocondalfred.fr/prendre-rendez-vous/" "Mozilla/5.0 (Linux; Android 10; K) AppleWebKit/537.36 (KHTML, like Gecko) Chrome/148.0.0.0 Mobile Safari/537.36"
92.184.125.201 - - [14/Sep/2026:12:55:37 +0200] "GET /wp-content/plugins/bookly-responsive-appointment-booking-tool/frontend/resources/css/bookly-main.css?ver=28.0 HTTP/1.1" 200 40459 "https://lecocondalfred.fr/prendre-rendez-vous/" "Mozilla/5.0 (Linux; Android 10; K) AppleWebKit/537.36 (KHTML, like Gecko) Chrome/148.0.0.0 Mobile Safari/537.36"
92.184.125.201 - - [14/Sep/2026:12:55:37 +0200] "GET /wp-content/plugins/elementor/assets/css/widget-menu-anchor.min.css?ver=4.2.4 HTTP/1.1" 200 69 "https://lecocondalfred.fr/prendre-rendez-vous/" "Mozilla/5.0 (Linux; Android 10; K) AppleWebKit/537.36 (KHTML, like Gecko) Chrome/148.0.0.0 Mobile Safari/537.36"
92.184.125.201 - - [14/Sep/2026:12:55:37 +0200] "GET /wp-content/uploads/elementor/google-fonts/css/baloo2.css?ver=1742478820 HTTP/1.1" 200 8290 "https://lecocondalfred.fr/prendre-rendez-vous/" "Mozilla/5.0 (Linux; Android 10; K) AppleWebKit/537.36 (KHTML, like Gecko) Chrome/148.0.0.0 Mobile Safari/537.36"
92.184.125.201 - - [14/Sep/2026:12:55:37 +0200] "GET /wp-content/plugins/elementor/assets/lib/font-awesome/css/regular.min.css?ver=5.15.3 HTTP/1.1" 200 677 "https://lecocondalfred.fr/prendre-rendez-vous/" "Mozilla/5.0 (Linux; Android 10; K) AppleWebKit/537.36 (KHTML, like Gecko) Chrome/148.0.0.0 Mobile Safari/537.36"
92.184.125.201 - - [14/Sep/2026:12:55:37 +0200] "GET /wp-content/plugins/bookly-responsive-appointment-booking-tool/frontend/resources/js/spin.min.js?ver=28.0 HTTP/1.1" 200 4277 "https://lecocondalfred.fr/prendre-rendez-vous/" "Mozilla/5.0 (Linux; Android 10; K) AppleWebKit/537.36 (KHTML, like Gecko) Chrome/148.0.0.0 Mobile Safari/537.36"
92.184.125.201 - - [14/Sep/2026:12:55:37 +0200] "GET /wp-content/plugins/bookly-responsive-appointment-booking-tool/frontend/resources/js/ladda.min.js?ver=28.0 HTTP/1.1" 200 3753 "https://lecocondalfred.fr/prendre-rendez-vous/" "Mozilla/5.0 (Linux; Android 10; K) AppleWebKit/537.36 (KHTML, like Gecko) Chrome/148.0.0.0 Mobile Safari/537.36"
92.184.125.201 - - [14/Sep/2026:12:55:37 +0200] "GET /wp-content/plugins/bookly-responsive-appointment-booking-tool/backend/resources/js/moment.min.js?ver=28.0 HTTP/1.1" 200 58064 "https://lecocondalfred.fr/prendre-rendez-vous/" "Mozilla/5.0 (Linux; Android 10; K) AppleWebKit/537.36 (KHTML, like Gecko) Chrome/148.0.0.0 Mobile Safari/537.36"
92.184.125.201 - - [14/Sep/2026:12:55:37 +0200] "GET /wp-content/plugins/bookly-responsive-appointment-booking-tool/frontend/resources/js/hammer.min.js?ver=28.0 HTTP/1.1" 200 19721 "https://lecocondalfred.fr/prendre-rendez-vous/" "Mozilla/5.0 (Linux; Android 10; K) AppleWebKit/537.36 (KHTML, like Gecko) Chrome/148.0.0.0 Mobile Safari/537.36"
92.184.125.201 - - [14/Sep/2026:12:55:38 +0200] "GET /wp-content/plugins/bookly-responsive-appointment-booking-tool/frontend/resources/js/jquery.hammer.min.js?ver=28.0 HTTP/1.1" 200 987 "https://lecocondalfred.fr/prendre-rendez-vous/" "Mozilla/5.0 (Linux; Android 10; K) AppleWebKit/537.36 (KHTML, like Gecko) Chrome/148.0.0.0 Mobile Safari/537.36"
92.184.125.201 - - [14/Sep/2026:12:55:38 +0200] "GET /wp-content/plugins/bookly-responsive-appointment-booking-tool/frontend/resources/js/qrcode.js?ver=28.0 HTTP/1.1" 200 33168 "https://lecocondalfred.fr/prendre-rendez-vous/" "Mozilla/5.0 (Linux; Android 10; K) AppleWebKit/537.36 (KHTML, like Gecko) Chrome/148.0.0.0 Mobile Safari/537.36"
92.184.125.201 - - [14/Sep/2026:12:55:38 +0200] "GET /wp-content/plugins/bookly-responsive-appointment-booking-tool/frontend/resources/js/bookly.min.js?ver=28.0 HTTP/1.1" 200 243408 "https://lecocondalfred.fr/prendre-rendez-vous/" "Mozilla/5.0 (Linux; Android 10; K) AppleWebKit/537.36 (KHTML, like Gecko) Chrome/148.0.0.0 Mobile Safari/537.36"
92.184.125.201 - - [14/Sep/2026:12:55:38 +0200] "GET /wp-content/plugins/bookly-responsive-appointment-booking-tool/frontend/resources/js/intlTelInput.min.js?ver=28.0 HTTP/1.1" 200 292952 "https://lecocondalfred.fr/prendre-rendez-vous/" "Mozilla/5.0 (Linux; Android 10; K) AppleWebKit/537.36 (KHTML, like Gecko) Chrome/148.0.0.0 Mobile Safari/537.36"
92.184.125.201 - - [14/Sep/2026:12:55:38 +0200] "GET /wp-content/plugins/google-site-kit/dist/assets/js/googlesitekit-consent-mode-755f1678e260138d789e.js HTTP/1.1" 200 73097 "https://lecocondalfred.fr/prendre-rendez-vous/" "Mozilla/5.0 (Linux; Android 10; K) AppleWebKit/537.36 (KHTML, like Gecko) Chrome/148.0.0.0 Mobile Safari/537.36"
92.184.125.201 - - [14/Sep/2026:12:55:38 +0200] "GET /wp-content/plugins/google-site-kit/dist/assets/js/googlesitekit-events-provider-content-events-bb83c1a0aedefa5d25d1.js HTTP/1.1" 200 6525 "https://lecocondalfred.fr/prendre-rendez-vous/" "Mozilla/5.0 (Linux; Android 10; K) AppleWebKit/537.36 (KHTML, like Gecko) Chrome/148.0.0.0 Mobile Safari/537.36"
92.184.125.201 - - [14/Sep/2026:12:55:38 +0200] "GET /wp-content/plugins/google-site-kit/dist/assets/js/googlesitekit-events-provider-wpforms-fdbd42f50702ca1e0c36.js HTTP/1.1" 200 7653 "https://lecocondalfred.fr/prendre-rendez-vous/" "Mozilla/5.0 (Linux; Android 10; K) AppleWebKit/537.36 (KHTML, like Gecko) Chrome/148.0.0.0 Mobile Safari/537.36"
92.184.125.201 - - [14/Sep/2026:12:55:38 +0200] "GET /wp-content/uploads/2021/11/reservations.jpg HTTP/1.1" 200 151872 "https://lecocondalfred.fr/prendre-rendez-vous/" "Mozilla/5.0 (Linux; Android 10; K) AppleWebKit/537.36 (KHTML, like Gecko) Chrome/148.0.0.0 Mobile Safari/537.36"
92.184.125.201 - - [14/Sep/2026:12:55:38 +0200] "GET /wp-content/plugins/elementor/assets/lib/font-awesome/webfonts/fa-regular-400.woff2 HTTP/1.1" 200 13276 "https://lecocondalfred.fr/wp-content/plugins/elementor/assets/lib/font-awesome/css/all.min.css?ver=4.2.4" "Mozilla/5.0 (Linux; Android 10; K) AppleWebKit/537.36 (KHTML, like Gecko) Chrome/148.0.0.0 Mobile Safari/537.36"
92.184.125.201 - - [14/Sep/2026:12:55:38 +0200] "GET /wp-content/uploads/elementor/google-fonts/fonts/baloo2-wxkre3ktposypryd51jcaa.woff2 HTTP/1.1" 200 32676 "https://lecocondalfred.fr/wp-content/uploads/elementor/google-fonts/css/baloo2.css?ver=1742478820" "Mozilla/5.0 (Linux; Android 10; K) AppleWebKit/537.36 (KHTML, like Gecko) Chrome/148.0.0.0 Mobile Safari/537.36"
144.172.114.51 - - [14/Sep/2026:12:55:39 +0200] "GET /.env.bak HTTP/1.1" 404 138354 "-" "Mozilla/5.0 (Windows NT 10.0; Win64; x64) AppleWebKit/537.36"
92.184.125.201 - - [14/Sep/2026:12:55:39 +0200] "POST /wp-admin/admin-ajax.php HTTP/1.1" 200 88 "https://lecocondalfred.fr/prendre-rendez-vous/" "Mozilla/5.0 (Linux; Android 10; K) AppleWebKit/537.36 (KHTML, like Gecko) Chrome/148.0.0.0 Mobile Safari/537.36"
92.184.125.201 - - [14/Sep/2026:12:55:39 +0200] "GET /wp-includes/js/tinymce/skins/lightgray/img/loader.gif HTTP/1.1" 200 2608 "https://lecocondalfred.fr/prendre-rendez-vous/" "Mozilla/5.0 (Linux; Android 10; K) AppleWebKit/537.36 (KHTML, like Gecko) Chrome/148.0.0.0 Mobile Safari/537.36"
92.184.125.201 - - [14/Sep/2026:12:55:39 +0200] "GET /wp-admin/admin-ajax.php?action=bookly_render_service&form_id=700a67657f2cb05383b2d552704177f2&new_chain=true&csrf_token=4d0610f653 HTTP/1.1" 200 32160 "https://lecocondalfred.fr/prendre-rendez-vous/" "Mozilla/5.0 (Linux; Android 10; K) AppleWebKit/537.36 (KHTML, like Gecko) Chrome/148.0.0.0 Mobile Safari/537.36"
182.177.125.94 - - [14/Sep/2026:12:55:40 +0200] "POST /xmlrpc.php HTTP/1.1" 503 18037 "-" "Jetpack by WordPress.com (Jetpack 12.0; WordPress 6.4)"
182.177.125.94 - - [14/Sep/2026:12:55:40 +0200] "POST /xmlrpc.php HTTP/1.1" 503 18037 "-" "Jetpack by WordPress.com (Jetpack 12.0; WordPress 6.4)"
109.234.165.65 - - [14/Sep/2026:12:55:42 +0200] "POST /?wordfence_syncAttackData=1789383342.4813 HTTP/1.1" 200 - "-" "WordPress/7.1; https://lecocondalfred.fr"
109.234.165.65 - - [14/Sep/2026:12:55:42 +0200] "POST /?wordfence_syncAttackData=1789383342.4813 HTTP/1.1" 200 233955 "-" "WordPress/7.1; https://lecocondalfred.fr"
92.184.125.201 - - [14/Sep/2026:12:55:42 +0200] "GET /wp/wp-content/uploads/fbrfg/site.webmanifest HTTP/1.1" 404 146091 "https://lecocondalfred.fr/prendre-rendez-vous/" "Mozilla/5.0 (Linux; Android 10; K) AppleWebKit/537.36 (KHTML, like Gecko) Chrome/148.0.0.0 Mobile Safari/537.36"
92.184.125.201 - - [14/Sep/2026:12:55:42 +0200] "GET /wp/wp-content/uploads/fbrfg/apple-touch-icon.png HTTP/1.1" 404 146099 "https://lecocondalfred.fr/prendre-rendez-vous/" "Mozilla/5.0 (Linux; Android 10; K) AppleWebKit/537.36 (KHTML, like Gecko) Chrome/148.0.0.0 Mobile Safari/537.36"
92.184.125.201 - - [14/Sep/2026:12:55:44 +0200] "GET /wp-content/uploads/2023/09/Copie-de-Succulents-and-Cactus-Daily-Agenda-Slide-2-1320x743.jpg HTTP/1.1" 200 114011 "https://lecocondalfred.fr/prendre-rendez-vous/" "Mozilla/5.0 (Linux; Android 10; K) AppleWebKit/537.36 (KHTML, like Gecko) Chrome/148.0.0.0 Mobile Safari/537.36"
92.184.125.201 - - [14/Sep/2026:12:55:44 +0200] "GET /wp-content/uploads/2021/08/cropped-FAVICON-lecocondalfred-180x180.png HTTP/1.1" 200 1615 "https://lecocondalfred.fr/prendre-rendez-vous/" "Mozilla/5.0 (Linux; Android 10; K) AppleWebKit/537.36 (KHTML, like Gecko) Chrome/148.0.0.0 Mobile Safari/537.36"
88.187.164.56 - - [14/Sep/2026:12:55:43 +0200] "GET /wp/wp-content/uploads/fbrfg/favicon-32x32.png HTTP/1.1" 404 146095 "-" "Dalvik/2.1.0 (Linux; U; Android 17; Pixel 8a Build/CP2A.260805.005)"
144.172.114.51 - - [14/Sep/2026:12:55:44 +0200] "GET /.env.old HTTP/1.1" 404 138354 "-" "Mozilla/5.0 (Windows NT 10.0; Win64; x64) AppleWebKit/537.36"
88.187.164.56 - - [14/Sep/2026:12:55:46 +0200] "GET /wp/wp-content/uploads/fbrfg/favicon-32x32.png HTTP/1.1" 404 146095 "-" "Dalvik/2.1.0 (Linux; U; Android 17; Pixel 8a Build/CP2A.260805.005)"
88.187.164.56 - - [14/Sep/2026:12:55:46 +0200] "GET /wp/wp-content/uploads/fbrfg/favicon-32x32.png HTTP/1.1" 404 146095 "-" "Dalvik/2.1.0 (Linux; U; Android 17; Pixel 8a Build/CP2A.260805.005)"
144.172.114.51 - - [14/Sep/2026:12:55:48 +0200] "GET /.env.dist HTTP/1.1" 404 138354 "-" "Mozilla/5.0 (Windows NT 10.0; Win64; x64) AppleWebKit/537.36"
92.184.125.201 - - [14/Sep/2026:12:55:50 +0200] "GET /wp-content/plugins/bookly-responsive-appointment-booking-tool/frontend/resources/images/checkbox.svg HTTP/1.1" 200 285 "https://lecocondalfred.fr/wp-content/plugins/bookly-responsive-appointment-booking-tool/frontend/resources/css/bookly-main.css?ver=28.0" "Mozilla/5.0 (Linux; Android 10; K) AppleWebKit/537.36 (KHTML, like Gecko) Chrome/148.0.0.0 Mobile Safari/537.36"
92.184.125.201 - - [14/Sep/2026:12:55:52 +0200] "GET /wp-content/plugins/bookly-responsive-appointment-booking-tool/frontend/resources/css/fonts/bootstrap-icons.woff2?dd67030699838ea613ee6dbda90effa6 HTTP/1.1" 200 130396 "https://lecocondalfred.fr/wp-content/plugins/bookly-responsive-appointment-booking-tool/frontend/resources/css/bootstrap-icons.min.css?ver=28.0" "Mozilla/5.0 (Linux; Android 10; K) AppleWebKit/537.36 (KHTML, like Gecko) Chrome/148.0.0.0 Mobile Safari/537.36"
109.234.165.65 - - [14/Sep/2026:12:56:00 +0200] "POST /wp-cron.php?doing_wp_cron=1789383360.8759610652923583984375 HTTP/1.1" 200 - "-" "WordPress/7.1; https://lecocondalfred.fr"
92.184.125.201 - - [14/Sep/2026:12:56:00 +0200] "POST /wp-admin/admin-ajax.php HTTP/1.1" 200 16 "https://lecocondalfred.fr/prendre-rendez-vous/" "Mozilla/5.0 (Linux; Android 10; K) AppleWebKit/537.36 (KHTML, like Gecko) Chrome/148.0.0.0 Mobile Safari/537.36"
182.177.125.94 - - [14/Sep/2026:12:56:01 +0200] "POST /xmlrpc.php HTTP/1.1" 503 18037 "-" "Jetpack by WordPress.com"
182.177.125.94 - - [14/Sep/2026:12:56:01 +0200] "POST /xmlrpc.php HTTP/1.1" 503 18037 "-" "Jetpack by WordPress.com"
109.234.165.65 - - [14/Sep/2026:12:56:02 +0200] "POST /?wordfence_syncAttackData=1789383362.0182 HTTP/1.1" 200 - "-" "WordPress/7.1; https://lecocondalfred.fr"
92.184.125.201 - - [14/Sep/2026:12:56:01 +0200] "GET /wp-admin/admin-ajax.php?action=bookly_render_time&form_id=700a67657f2cb05383b2d552704177f2&csrf_token=4d0610f653 HTTP/1.1" 200 12396 "https://lecocondalfred.fr/prendre-rendez-vous/" "Mozilla/5.0 (Linux; Android 10; K) AppleWebKit/537.36 (KHTML, like Gecko) Chrome/148.0.0.0 Mobile Safari/537.36"
109.234.165.65 - - [14/Sep/2026:12:56:08 +0200] "POST /wp-cron.php?doing_wp_cron=1789383368.6245999336242675781250 HTTP/1.1" 200 - "-" "WordPress/7.1; https://lecocondalfred.fr"
92.184.125.201 - - [14/Sep/2026:12:56:07 +0200] "GET /wp-admin/admin-ajax.php?action=bookly_render_time&form_id=700a67657f2cb05383b2d552704177f2&selected_date=2026-10-01&dir=prev&csrf_token=4d0610f653 HTTP/1.1" 200 2762 "https://lecocondalfred.fr/prendre-rendez-vous/" "Mozilla/5.0 (Linux; Android 10; K) AppleWebKit/537.36 (KHTML, like Gecko) Chrome/148.0.0.0 Mobile Safari/537.36"
109.234.165.65 - - [14/Sep/2026:12:56:14 +0200] "POST /wp-cron.php?doing_wp_cron=1789383373.9922289848327636718750 HTTP/1.1" 200 - "-" "WordPress/7.1; https://lecocondalfred.fr"
92.184.125.201 - - [14/Sep/2026:12:56:13 +0200] "GET /wp-admin/admin-ajax.php?action=bookly_render_time&form_id=700a67657f2cb05383b2d552704177f2&selected_date=2026-11-01&dir=next&csrf_token=4d0610f653 HTTP/1.1" 200 12404 "https://lecocondalfred.fr/prendre-rendez-vous/" "Mozilla/5.0 (Linux; Android 10; K) AppleWebKit/537.36 (KHTML, like Gecko) Chrome/148.0.0.0 Mobile Safari/537.36"
172.56.170.247 - - [14/Sep/2026:12:56:15 +0200] "POST /xmlrpc.php HTTP/1.1" 503 18950 "-" "Jetpack by WordPress.com (Jetpack 12.1; WordPress 6.1)"
182.177.125.94 - - [14/Sep/2026:12:56:22 +0200] "POST /xmlrpc.php HTTP/1.1" 503 18037 "-" "WordPress.com; https://wordpress.com"
182.177.125.94 - - [14/Sep/2026:12:56:22 +0200] "POST /xmlrpc.php HTTP/1.1" 503 18037 "-" "WordPress.com; https://wordpress.com"
172.56.170.247 - - [14/Sep/2026:12:56:25 +0200] "POST /xmlrpc.php HTTP/1.1" 503 18037 "-" "Jetpack/12.1; WordPress/6.4; http://site68401020.com"
109.234.165.65 - - [14/Sep/2026:12:56:34 +0200] "POST /?wordfence_syncAttackData=1789383394.5722 HTTP/1.1" 200 - "-" "WordPress/7.1; https://lecocondalfred.fr"
109.234.165.65 - - [14/Sep/2026:12:56:34 +0200] "POST /?wordfence_syncAttackData=1789383394.7108 HTTP/1.1" 200 233955 "-" "WordPress/7.1; https://lecocondalfred.fr"
92.184.125.201 - - [14/Sep/2026:12:56:34 +0200] "POST /wp-admin/admin-ajax.php HTTP/1.1" 200 16 "https://lecocondalfred.fr/prendre-rendez-vous/" "Mozilla/5.0 (Linux; Android 10; K) AppleWebKit/537.36 (KHTML, like Gecko) Chrome/148.0.0.0 Mobile Safari/537.36"
66.249.65.200 - - [14/Sep/2026:12:56:34 +0200] "GET /graphopedagogue-julie-baverel-besancon/ HTTP/1.1" 200 347166 "-" "Mozilla/5.0 (Linux; Android 6.0.1; Nexus 5X Build/MMB29P) AppleWebKit/537.36 (KHTML, like Gecko) Chrome/152.0.7977.82 Mobile Safari/537.36 (compatible; Googlebot/2.1; +http://www.google.com/bot.html)"
92.184.125.201 - - [14/Sep/2026:12:56:36 +0200] "GET /wp-admin/admin-ajax.php?action=bookly_render_details&form_id=700a67657f2cb05383b2d552704177f2&add_to_cart=true&csrf_token=4d0610f653 HTTP/1.1" 200 5393 "https://lecocondalfred.fr/prendre-rendez-vous/" "Mozilla/5.0 (Linux; Android 10; K) AppleWebKit/537.36 (KHTML, like Gecko) Chrome/148.0.0.0 Mobile Safari/537.36"
172.56.170.247 - - [14/Sep/2026:12:56:37 +0200] "POST /xmlrpc.php HTTP/1.1" 503 18037 "-" "Jetpack by WordPress.com (Jetpack 12.0; WordPress 6.3)"
172.56.170.247 - - [14/Sep/2026:12:56:37 +0200] "POST /xmlrpc.php HTTP/1.1" 503 18037 "-" "Jetpack by WordPress.com (Jetpack 12.0; WordPress 6.3)"
92.184.125.201 - - [14/Sep/2026:12:56:37 +0200] "GET /wp-content/plugins/bookly-responsive-appointment-booking-tool/frontend/resources/images/flags@2x.png HTTP/1.1" 200 183962 "https://lecocondalfred.fr/wp-content/plugins/bookly-responsive-appointment-booking-tool/backend/resources/tailwind/tailwind.css?ver=28.0" "Mozilla/5.0 (Linux; Android 10; K) AppleWebKit/537.36 (KHTML, like Gecko) Chrome/148.0.0.0 Mobile Safari/537.36"
140.248.41.24 - - [14/Sep/2026:12:56:39 +0200] "GET /annulation-de-rendez-vous/ HTTP/1.1" 200 167512 "-" "Mozilla/5.0 (iPhone; CPU iPhone OS 18_7 like Mac OS X) AppleWebKit/605.1.15 (KHTML, like Gecko) Mobile/15E148"
140.248.41.24 - - [14/Sep/2026:12:56:39 +0200] "GET /wp-content/themes/astra/assets/css/minified/main.min.css?ver=4.13.10 HTTP/1.1" 200 44905 "https://lecocondalfred.fr/annulation-de-rendez-vous/" "Mozilla/5.0 (iPhone; CPU iPhone OS 18_7 like Mac OS X) AppleWebKit/605.1.15 (KHTML, like Gecko) Mobile/15E148"
140.248.41.24 - - [14/Sep/2026:12:56:39 +0200] "GET /wp-content/astra-local-fonts/astra-local-fonts.css?ver=4.13.10 HTTP/1.1" 200 11134 "https://lecocondalfred.fr/annulation-de-rendez-vous/" "Mozilla/5.0 (iPhone; CPU iPhone OS 18_7 like Mac OS X) AppleWebKit/605.1.15 (KHTML, like Gecko) Mobile/15E148"
140.248.41.24 - - [14/Sep/2026:12:56:39 +0200] "GET /wp-includes/css/dist/block-library/style.min.css?ver=7.1 HTTP/1.1" 200 140761 "https://lecocondalfred.fr/annulation-de-rendez-vous/" "Mozilla/5.0 (iPhone; CPU iPhone OS 18_7 like Mac OS X) AppleWebKit/605.1.15 (KHTML, like Gecko) Mobile/15E148"
140.248.41.24 - - [14/Sep/2026:12:56:39 +0200] "GET /wp-content/plugins/cookie-law-info/legacy/public/css/cookie-law-info-public.css?ver=3.5.5 HTTP/1.1" 200 3106 "https://lecocondalfred.fr/annulation-de-rendez-vous/" "Mozilla/5.0 (iPhone; CPU iPhone OS 18_7 like Mac OS X) AppleWebKit/605.1.15 (KHTML, like Gecko) Mobile/15E148"
140.248.41.24 - - [14/Sep/2026:12:56:39 +0200] "GET /wp-content/plugins/cookie-law-info/legacy/public/css/cookie-law-info-gdpr.css?ver=3.5.5 HTTP/1.1" 200 27203 "https://lecocondalfred.fr/annulation-de-rendez-vous/" "Mozilla/5.0 (iPhone; CPU iPhone OS 18_7 like Mac OS X) AppleWebKit/605.1.15 (KHTML, like Gecko) Mobile/15E148"
140.248.41.24 - - [14/Sep/2026:12:56:39 +0200] "GET /wp-content/plugins/the-events-calendar/build/css/tribe-events-single-skeleton.css?ver=6.17.2 HTTP/1.1" 200 18813 "https://lecocondalfred.fr/annulation-de-rendez-vous/" "Mozilla/5.0 (iPhone; CPU iPhone OS 18_7 like Mac OS X) AppleWebKit/605.1.15 (KHTML, like Gecko) Mobile/15E148"
140.248.41.24 - - [14/Sep/2026:12:56:39 +0200] "GET /wp-content/plugins/the-events-calendar/build/css/tribe-events-single-full.css?ver=6.17.2 HTTP/1.1" 200 21027 "https://lecocondalfred.fr/annulation-de-rendez-vous/" "Mozilla/5.0 (iPhone; CPU iPhone OS 18_7 like Mac OS X) AppleWebKit/605.1.15 (KHTML, like Gecko) Mobile/15E148"
140.248.41.24 - - [14/Sep/2026:12:56:39 +0200] "GET /wp-content/plugins/the-events-calendar/build/css/integrations/plugins/elementor/widgets/widget-base.css?ver=6.17.2 HTTP/1.1" 200 1128 "https://lecocondalfred.fr/annulation-de-rendez-vous/" "Mozilla/5.0 (iPhone; CPU iPhone OS 18_7 like Mac OS X) AppleWebKit/605.1.15 (KHTML, like Gecko) Mobile/15E148"
140.248.41.24 - - [14/Sep/2026:12:56:39 +0200] "GET /wp-content/plugins/complianz-gdpr/assets/css/cookieblocker.min.css?ver=1787065124 HTTP/1.1" 200 2782 "https://lecocondalfred.fr/annulation-de-rendez-vous/" "Mozilla/5.0 (iPhone; CPU iPhone OS 18_7 like Mac OS X) AppleWebKit/605.1.15 (KHTML, like Gecko) Mobile/15E148"
140.248.41.24 - - [14/Sep/2026:12:56:39 +0200] "GET /wp-content/plugins/elementor/assets/css/frontend.min.css?ver=4.2.4 HTTP/1.1" 200 54666 "https://lecocondalfred.fr/annulation-de-rendez-vous/" "Mozilla/5.0 (iPhone; CPU iPhone OS 18_7 like Mac OS X) AppleWebKit/605.1.15 (KHTML, like Gecko) Mobile/15E148"
140.248.41.24 - - [14/Sep/2026:12:56:39 +0200] "GET /wp-content/plugins/elementor/assets/css/widget-image.min.css?ver=4.2.4 HTTP/1.1" 200 214 "https://lecocondalfred.fr/annulation-de-rendez-vous/" "Mozilla/5.0 (iPhone; CPU iPhone OS 18_7 like Mac OS X) AppleWebKit/605.1.15 (KHTML, like Gecko) Mobile/15E148"
140.248.41.24 - - [14/Sep/2026:12:56:39 +0200] "GET /wp-content/plugins/elementor/assets/lib/animations/styles/fadeIn.min.css?ver=4.2.4 HTTP/1.1" 200 77 "https://lecocondalfred.fr/annulation-de-rendez-vous/" "Mozilla/5.0 (iPhone; CPU iPhone OS 18_7 like Mac OS X) AppleWebKit/605.1.15 (KHTML, like Gecko) Mobile/15E148"
140.248.41.24 - - [14/Sep/2026:12:56:39 +0200] "GET /wp-content/plugins/elementor-pro/assets/css/widget-nav-menu.min.css?ver=4.2.1 HTTP/1.1" 200 27363 "https://lecocondalfred.fr/annulation-de-rendez-vous/" "Mozilla/5.0 (iPhone; CPU iPhone OS 18_7 like Mac OS X) AppleWebKit/605.1.15 (KHTML, like Gecko) Mobile/15E148"
140.248.41.24 - - [14/Sep/2026:12:56:39 +0200] "GET /wp-content/plugins/elementor/assets/lib/animations/styles/e-animation-pulse.min.css?ver=4.2.4 HTTP/1.1" 200 318 "https://lecocondalfred.fr/annulation-de-rendez-vous/" "Mozilla/5.0 (iPhone; CPU iPhone OS 18_7 like Mac OS X) AppleWebKit/605.1.15 (KHTML, like Gecko) Mobile/15E148"
140.248.41.24 - - [14/Sep/2026:12:56:39 +0200] "GET /wp-content/plugins/elementor/assets/lib/eicons/css/elementor-icons.min.css?ver=5.53.0 HTTP/1.1" 200 22258 "https://lecocondalfred.fr/annulation-de-rendez-vous/" "Mozilla/5.0 (iPhone; CPU iPhone OS 18_7 like Mac OS X) AppleWebKit/605.1.15 (KHTML, like Gecko) Mobile/15E148"
140.248.41.24 - - [14/Sep/2026:12:56:39 +0200] "GET /wp-content/plugins/elementor/assets/lib/font-awesome/css/all.min.css?ver=4.2.4 HTTP/1.1" 200 59344 "https://lecocondalfred.fr/annulation-de-rendez-vous/" "Mozilla/5.0 (iPhone; CPU iPhone OS 18_7 like Mac OS X) AppleWebKit/605.1.15 (KHTML, like Gecko) Mobile/15E148"
140.248.41.24 - - [14/Sep/2026:12:56:39 +0200] "GET /wp-content/plugins/elementor/assets/lib/font-awesome/css/v4-shims.min.css?ver=4.2.4 HTTP/1.1" 200 26702 "https://lecocondalfred.fr/annulation-de-rendez-vous/" "Mozilla/5.0 (iPhone; CPU iPhone OS 18_7 like Mac OS X) AppleWebKit/605.1.15 (KHTML, like Gecko) Mobile/15E148"
140.248.41.24 - - [14/Sep/2026:12:56:40 +0200] "GET /wp-content/plugins/elementor/assets/css/widget-spacer.min.css?ver=4.2.4 HTTP/1.1" 200 1793 "https://lecocondalfred.fr/annulation-de-rendez-vous/" "Mozilla/5.0 (iPhone; CPU iPhone OS 18_7 like Mac OS X) AppleWebKit/605.1.15 (KHTML, like Gecko) Mobile/15E148"
140.248.41.24 - - [14/Sep/2026:12:56:40 +0200] "GET /wp-content/plugins/elementor/assets/css/widget-heading.min.css?ver=4.2.4 HTTP/1.1" 200 560 "https://lecocondalfred.fr/annulation-de-rendez-vous/" "Mozilla/5.0 (iPhone; CPU iPhone OS 18_7 like Mac OS X) AppleWebKit/605.1.15 (KHTML, like Gecko) Mobile/15E148"
140.248.41.24 - - [14/Sep/2026:12:56:40 +0200] "GET /wp-content/plugins/elementor/assets/css/widget-icon-list.min.css?ver=4.2.4 HTTP/1.1" 200 10255 "https://lecocondalfred.fr/annulation-de-rendez-vous/" "Mozilla/5.0 (iPhone; CPU iPhone OS 18_7 like Mac OS X) AppleWebKit/605.1.15 (KHTML, like Gecko) Mobile/15E148"
140.248.41.24 - - [14/Sep/2026:12:56:40 +0200] "GET /wp-content/plugins/elementor/assets/css/widget-social-icons.min.css?ver=4.2.4 HTTP/1.1" 200 5110 "https://lecocondalfred.fr/annulation-de-rendez-vous/" "Mozilla/5.0 (iPhone; CPU iPhone OS 18_7 like Mac OS X) AppleWebKit/605.1.15 (KHTML, like Gecko) Mobile/15E148"
140.248.41.24 - - [14/Sep/2026:12:56:40 +0200] "GET /wp-content/plugins/elementor/assets/css/conditionals/apple-webkit.min.css?ver=4.2.4 HTTP/1.1" 200 6713 "https://lecocondalfred.fr/annulation-de-rendez-vous/" "Mozilla/5.0 (iPhone; CPU iPhone OS 18_7 like Mac OS X) AppleWebKit/605.1.15 (KHTML, like Gecko) Mobile/15E148"
140.248.41.24 - - [14/Sep/2026:12:56:40 +0200] "GET /wp-content/uploads/elementor/google-fonts/css/robotoslab.css?ver=1742247279 HTTP/1.1" 200 23625 "https://lecocondalfred.fr/annulation-de-rendez-vous/" "Mozilla/5.0 (iPhone; CPU iPhone OS 18_7 like Mac OS X) AppleWebKit/605.1.15 (KHTML, like Gecko) Mobile/15E148"
140.248.41.24 - - [14/Sep/2026:12:56:40 +0200] "GET /wp-content/uploads/elementor/google-fonts/css/roboto.css?ver=1742247286 HTTP/1.1" 200 104004 "https://lecocondalfred.fr/annulation-de-rendez-vous/" "Mozilla/5.0 (iPhone; CPU iPhone OS 18_7 like Mac OS X) AppleWebKit/605.1.15 (KHTML, like Gecko) Mobile/15E148"
140.248.41.24 - - [14/Sep/2026:12:56:40 +0200] "GET /wp-content/uploads/elementor/google-fonts/css/baskervville.css?ver=1742247287 HTTP/1.1" 200 1828 "https://lecocondalfred.fr/annulation-de-rendez-vous/" "Mozilla/5.0 (iPhone; CPU iPhone OS 18_7 like Mac OS X) AppleWebKit/605.1.15 (KHTML, like Gecko) Mobile/15E148"
140.248.41.24 - - [14/Sep/2026:12:56:40 +0200] "GET /wp-content/uploads/elementor/google-fonts/css/robotocondensed.css?ver=1742247293 HTTP/1.1" 200 49464 "https://lecocondalfred.fr/annulation-de-rendez-vous/" "Mozilla/5.0 (iPhone; CPU iPhone OS 18_7 like Mac OS X) AppleWebKit/605.1.15 (KHTML, like Gecko) Mobile/15E148"
140.248.41.24 - - [14/Sep/2026:12:56:40 +0200] "GET /wp-content/plugins/elementor/assets/lib/font-awesome/css/fontawesome.min.css?ver=5.15.3 HTTP/1.1" 200 58071 "https://lecocondalfred.fr/annulation-de-rendez-vous/" "Mozilla/5.0 (iPhone; CPU iPhone OS 18_7 like Mac OS X) AppleWebKit/605.1.15 (KHTML, like Gecko) Mobile/15E148"
140.248.41.24 - - [14/Sep/2026:12:56:40 +0200] "GET /wp-content/plugins/elementor/assets/lib/font-awesome/css/solid.min.css?ver=5.15.3 HTTP/1.1" 200 669 "https://lecocondalfred.fr/annulation-de-rendez-vous/" "Mozilla/5.0 (iPhone; CPU iPhone OS 18_7 like Mac OS X) AppleWebKit/605.1.15 (KHTML, like Gecko) Mobile/15E148"
140.248.41.24 - - [14/Sep/2026:12:56:40 +0200] "GET /wp-content/plugins/elementor/assets/lib/font-awesome/css/brands.min.css?ver=5.15.3 HTTP/1.1" 200 675 "https://lecocondalfred.fr/annulation-de-rendez-vous/" "Mozilla/5.0 (iPhone; CPU iPhone OS 18_7 like Mac OS X) AppleWebKit/605.1.15 (KHTML, like Gecko) Mobile/15E148"
140.248.41.24 - - [14/Sep/2026:12:56:40 +0200] "GET /wp-content/uploads/2021/07/LOGO-BLEU-COCON.png HTTP/1.1" 200 7385 "https://lecocondalfred.fr/annulation-de-rendez-vous/" "Mozilla/5.0 (iPhone; CPU iPhone OS 18_7 like Mac OS X) AppleWebKit/605.1.15 (KHTML, like Gecko) Mobile/15E148"
140.248.41.24 - - [14/Sep/2026:12:56:40 +0200] "GET /wp-content/plugins/cookie-law-info/legacy/public/css/cookie-law-info-table.css?ver=3.5.5 HTTP/1.1" 200 6113 "https://lecocondalfred.fr/annulation-de-rendez-vous/" "Mozilla/5.0 (iPhone; CPU iPhone OS 18_7 like Mac OS X) AppleWebKit/605.1.15 (KHTML, like Gecko) Mobile/15E148"
140.248.41.24 - - [14/Sep/2026:12:56:40 +0200] "GET /wp-content/uploads/elementor/google-fonts/fonts/roboto-kfo7cnqeu92fr1me7ksn66agldtyluama3yuba.woff2 HTTP/1.1" 200 40128 "https://lecocondalfred.fr/annulation-de-rendez-vous/" "Mozilla/5.0 (iPhone; CPU iPhone OS 18_7 like Mac OS X) AppleWebKit/605.1.15 (KHTML, like Gecko) Mobile/15E148"
140.248.41.24 - - [14/Sep/2026:12:56:40 +0200] "GET /wp-content/plugins/elementor/assets/lib/eicons/fonts/eicons.woff2?5.53.0 HTTP/1.1" 200 108000 "https://lecocondalfred.fr/annulation-de-rendez-vous/" "Mozilla/5.0 (iPhone; CPU iPhone OS 18_7 like Mac OS X) AppleWebKit/605.1.15 (KHTML, like Gecko) Mobile/15E148"
140.248.41.24 - - [14/Sep/2026:12:56:40 +0200] "GET /wp-content/plugins/elementor/assets/lib/font-awesome/webfonts/fa-brands-400.woff2 HTTP/1.1" 200 81612 "https://lecocondalfred.fr/annulation-de-rendez-vous/" "Mozilla/5.0 (iPhone; CPU iPhone OS 18_7 like Mac OS X) AppleWebKit/605.1.15 (KHTML, like Gecko) Mobile/15E148"
140.248.41.24 - - [14/Sep/2026:12:56:40 +0200] "GET /wp-content/uploads/2021/09/Image-Footer.jpg HTTP/1.1" 200 65284 "https://lecocondalfred.fr/annulation-de-rendez-vous/" "Mozilla/5.0 (iPhone; CPU iPhone OS 18_7 like Mac OS X) AppleWebKit/605.1.15 (KHTML, like Gecko) Mobile/15E148"
140.248.41.24 - - [14/Sep/2026:12:56:40 +0200] "GET /wp/wp-content/uploads/fbrfg/site.webmanifest HTTP/1.1" 404 146091 "https://lecocondalfred.fr/annulation-de-rendez-vous/" "Mozilla/5.0 (iPhone; CPU iPhone OS 18_7 like Mac OS X) AppleWebKit/605.1.15 (KHTML, like Gecko) Mobile/15E148"
92.184.125.201 - - [14/Sep/2026:12:56:42 +0200] "POST /wp-admin/admin-ajax.php HTTP/1.1" 200 16 "https://lecocondalfred.fr/prendre-rendez-vous/" "Mozilla/5.0 (Linux; Android 10; K) AppleWebKit/537.36 (KHTML, like Gecko) Chrome/148.0.0.0 Mobile Safari/537.36"
92.184.125.201 - - [14/Sep/2026:12:56:42 +0200] "POST /wp-admin/admin-ajax.php HTTP/1.1" 200 32 "https://lecocondalfred.fr/prendre-rendez-vous/" "Mozilla/5.0 (Linux; Android 10; K) AppleWebKit/537.36 (KHTML, like Gecko) Chrome/148.0.0.0 Mobile Safari/537.36"
182.177.125.94 - - [14/Sep/2026:12:56:44 +0200] "POST /xmlrpc.php HTTP/1.1" 503 18037 "-" "Jetpack by WordPress.com"
182.177.125.94 - - [14/Sep/2026:12:56:44 +0200] "POST /xmlrpc.php HTTP/1.1" 503 18037 "-" "Jetpack by WordPress.com"
109.234.165.65 - - [14/Sep/2026:12:56:44 +0200] "POST /?wordfence_syncAttackData=1789383404.1839 HTTP/1.1" 200 - "-" "WordPress/7.1; https://lecocondalfred.fr"
92.184.125.201 - - [14/Sep/2026:12:56:43 +0200] "POST /wp-admin/admin-ajax.php HTTP/1.1" 200 16 "https://lecocondalfred.fr/prendre-rendez-vous/" "Mozilla/5.0 (Linux; Android 10; K) AppleWebKit/537.36 (KHTML, like Gecko) Chrome/148.0.0.0 Mobile Safari/537.36"
109.234.165.65 - - [14/Sep/2026:12:56:46 +0200] "POST /wp-cron.php?doing_wp_cron=1789383406.5287959575653076171875 HTTP/1.1" 200 - "-" "WordPress/7.1; https://lecocondalfred.fr"
92.184.125.201 - - [14/Sep/2026:12:56:46 +0200] "GET /wp-admin/admin-ajax.php?action=bookly_render_complete&form_id=700a67657f2cb05383b2d552704177f2&csrf_token=4d0610f653 HTTP/1.1" 200 1486 "https://lecocondalfred.fr/prendre-rendez-vous/" "Mozilla/5.0 (Linux; Android 10; K) AppleWebKit/537.36 (KHTML, like Gecko) Chrome/148.0.0.0 Mobile Safari/537.36"
92.184.125.201 - - [14/Sep/2026:12:56:49 +0200] "GET /wp-admin/admin-ajax.php?action=bookly_render_service&form_id=700a67657f2cb05383b2d552704177f2&reset_form=true&new_chain=true&csrf_token=4d0610f653 HTTP/1.1" 200 32160 "https://lecocondalfred.fr/prendre-rendez-vous/" "Mozilla/5.0 (Linux; Android 10; K) AppleWebKit/537.36 (KHTML, like Gecko) Chrome/148.0.0.0 Mobile Safari/537.36"
172.56.170.247 - - [14/Sep/2026:12:56:59 +0200] "POST /xmlrpc.php HTTP/1.1" 503 18037 "-" "Jetpack/12.5; WordPress/6.2; http://site44969499.com"
172.56.170.247 - - [14/Sep/2026:12:56:59 +0200] "POST /xmlrpc.php HTTP/1.1" 503 18037 "-" "Jetpack/12.5; WordPress/6.2; http://site44969499.com"
109.234.165.65 - - [14/Sep/2026:12:57:04 +0200] "POST /wp-cron.php?doing_wp_cron=1789383424.1389720439910888671875 HTTP/1.1" 200 - "-" "WordPress/7.1; https://lecocondalfred.fr"
109.234.165.65 - - [14/Sep/2026:12:57:03 +0200] "POST /?wordfence_syncAttackData=1789383423.6441 HTTP/1.1" 200 - "-" "WordPress/7.1; https://lecocondalfred.fr"
92.184.125.201 - - [14/Sep/2026:12:57:03 +0200] "POST /wp-admin/admin-ajax.php HTTP/1.1" 200 16 "https://lecocondalfred.fr/prendre-rendez-vous/" "Mozilla/5.0 (Linux; Android 10; K) AppleWebKit/537.36 (KHTML, like Gecko) Chrome/148.0.0.0 Mobile Safari/537.36"
92.184.125.201 - - [14/Sep/2026:12:57:04 +0200] "GET /wp-admin/admin-ajax.php?action=bookly_render_time&form_id=700a67657f2cb05383b2d552704177f2&csrf_token=4d0610f653 HTTP/1.1" 200 9844 "https://lecocondalfred.fr/prendre-rendez-vous/" "Mozilla/5.0 (Linux; Android 10; K) AppleWebKit/537.36 (KHTML, like Gecko) Chrome/148.0.0.0 Mobile Safari/537.36"
182.177.125.94 - - [14/Sep/2026:12:57:05 +0200] "POST /xmlrpc.php HTTP/1.1" 503 18037 "-" "Jetpack/12.1; WordPress/6.4; http://site64985975.com"
182.177.125.94 - - [14/Sep/2026:12:57:05 +0200] "POST /xmlrpc.php HTTP/1.1" 503 18037 "-" "Jetpack/12.1; WordPress/6.4; http://site64985975.com"
172.56.170.247 - - [14/Sep/2026:12:57:10 +0200] "POST /xmlrpc.php HTTP/1.1" 503 18037 "-" "WordPress.com; https://wordpress.com"
172.56.170.247 - - [14/Sep/2026:12:57:10 +0200] "POST /xmlrpc.php HTTP/1.1" 503 18037 "-" "WordPress.com; https://wordpress.com"
77.75.79.54 - - [14/Sep/2026:12:57:10 +0200] "GET /tag/anxiete/ HTTP/1.1" 200 151411 "-" "Mozilla/5.0 (compatible; SeznamBot/4.0; +https://o-seznam.cz/napoveda/vyhledavani/en/seznambot-crawler/)"
172.56.170.247 - - [14/Sep/2026:12:57:20 +0200] "POST /xmlrpc.php HTTP/1.1" 503 18037 "-" "Jetpack by WordPress.com (Jetpack 13.0; WordPress 6.1)"
172.56.170.247 - - [14/Sep/2026:12:57:20 +0200] "POST /xmlrpc.php HTTP/1.1" 503 18037 "-" "Jetpack by WordPress.com (Jetpack 13.0; WordPress 6.1)"
109.234.165.65 - - [14/Sep/2026:12:57:22 +0200] "POST /wp-cron.php?doing_wp_cron=1789383442.2816839218139648437500 HTTP/1.1" 200 - "-" "WordPress/7.1; https://lecocondalfred.fr"
109.234.165.65 - - [14/Sep/2026:12:57:21 +0200] "POST /?wordfence_syncAttackData=1789383441.8379 HTTP/1.1" 200 - "-" "WordPress/7.1; https://lecocondalfred.fr"
92.184.125.201 - - [14/Sep/2026:12:57:21 +0200] "POST /wp-admin/admin-ajax.php HTTP/1.1" 200 16 "https://lecocondalfred.fr/prendre-rendez-vous/" "Mozilla/5.0 (Linux; Android 10; K) AppleWebKit/537.36 (KHTML, like Gecko) Chrome/148.0.0.0 Mobile Safari/537.36"
92.184.125.201 - - [14/Sep/2026:12:57:22 +0200] "GET /wp-admin/admin-ajax.php?action=bookly_render_details&form_id=700a67657f2cb05383b2d552704177f2&add_to_cart=true&csrf_token=4d0610f653 HTTP/1.1" 200 5393 "https://lecocondalfred.fr/prendre-rendez-vous/" "Mozilla/5.0 (Linux; Android 10; K) AppleWebKit/537.36 (KHTML, like Gecko) Chrome/148.0.0.0 Mobile Safari/537.36"
182.177.125.94 - - [14/Sep/2026:12:57:26 +0200] "POST /xmlrpc.php HTTP/1.1" 503 18037 "-" "Jetpack by WordPress.com"
182.177.125.94 - - [14/Sep/2026:12:57:26 +0200] "POST /xmlrpc.php HTTP/1.1" 503 18037 "-" "Jetpack by WordPress.com"
92.184.125.201 - - [14/Sep/2026:12:57:27 +0200] "POST /wp-admin/admin-ajax.php HTTP/1.1" 200 16 "https://lecocondalfred.fr/prendre-rendez-vous/" "Mozilla/5.0 (Linux; Android 10; K) AppleWebKit/537.36 (KHTML, like Gecko) Chrome/148.0.0.0 Mobile Safari/537.36"
92.184.125.201 - - [14/Sep/2026:12:57:27 +0200] "POST /wp-admin/admin-ajax.php HTTP/1.1" 200 32 "https://lecocondalfred.fr/prendre-rendez-vous/" "Mozilla/5.0 (Linux; Android 10; K) AppleWebKit/537.36 (KHTML, like Gecko) Chrome/148.0.0.0 Mobile Safari/537.36"
92.184.125.201 - - [14/Sep/2026:12:57:28 +0200] "POST /wp-admin/admin-ajax.php HTTP/1.1" 200 16 "https://lecocondalfred.fr/prendre-rendez-vous/" "Mozilla/5.0 (Linux; Android 10; K) AppleWebKit/537.36 (KHTML, like Gecko) Chrome/148.0.0.0 Mobile Safari/537.36"
92.184.125.201 - - [14/Sep/2026:12:57:30 +0200] "GET /wp-admin/admin-ajax.php?action=bookly_render_complete&form_id=700a67657f2cb05383b2d552704177f2&csrf_token=4d0610f653 HTTP/1.1" 200 1486 "https://lecocondalfred.fr/prendre-rendez-vous/" "Mozilla/5.0 (Linux; Android 10; K) AppleWebKit/537.36 (KHTML, like Gecko) Chrome/148.0.0.0 Mobile Safari/537.36"
172.56.170.247 - - [14/Sep/2026:12:57:31 +0200] "POST /xmlrpc.php HTTP/1.1" 503 18037 "-" "WordPress.com; https://wordpress.com"
172.56.170.247 - - [14/Sep/2026:12:57:31 +0200] "POST /xmlrpc.php HTTP/1.1" 503 18037 "-" "WordPress.com; https://wordpress.com"
109.234.165.65 - - [14/Sep/2026:12:57:33 +0200] "POST /?wordfence_syncAttackData=1789383452.9863 HTTP/1.1" 200 - "-" "WordPress/7.1; https://lecocondalfred.fr"
92.184.125.201 - - [14/Sep/2026:12:57:32 +0200] "GET /wp-admin/admin-ajax.php?action=bookly_render_service&form_id=700a67657f2cb05383b2d552704177f2&reset_form=true&new_chain=true&csrf_token=4d0610f653 HTTP/1.1" 200 32160 "https://lecocondalfred.fr/prendre-rendez-vous/" "Mozilla/5.0 (Linux; Android 10; K) AppleWebKit/537.36 (KHTML, like Gecko) Chrome/148.0.0.0 Mobile Safari/537.36"
172.56.170.247 - - [14/Sep/2026:12:57:42 +0200] "POST /xmlrpc.php HTTP/1.1" 503 18037 "-" "Jetpack by WordPress.com (Jetpack 12.0; WordPress 6.4)"
172.56.170.247 - - [14/Sep/2026:12:57:42 +0200] "POST /xmlrpc.php HTTP/1.1" 503 18037 "-" "Jetpack by WordPress.com (Jetpack 12.0; WordPress 6.4)"
109.234.165.65 - - [14/Sep/2026:12:57:45 +0200] "POST /?wordfence_syncAttackData=1789383465.0713 HTTP/1.1" 200 - "-" "WordPress/7.1; https://lecocondalfred.fr"
109.234.165.65 - - [14/Sep/2026:12:57:45 +0200] "POST /?wordfence_syncAttackData=1789383465.0705 HTTP/1.1" 200 - "-" "WordPress/7.1; https://lecocondalfred.fr"
88.187.164.56 - - [14/Sep/2026:12:57:44 +0200] "GET /wp/wp-content/uploads/fbrfg/favicon-32x32.png HTTP/1.1" 404 146095 "-" "Dalvik/2.1.0 (Linux; U; Android 17; Pixel 8a Build/CP2A.260805.005)"
