89.95.213.182 - - [14/Sep/2026:08:51:14 +0200] "GET /wp-includes/js/jquery/ui/core.min.js?ver=1.14.2 HTTP/1.1" 200 18674 "https://lecocondalfred.fr/nos-psychologues/" "Mozilla/5.0 (Windows NT 10.0; Win64; x64) AppleWebKit/537.36 (KHTML, like Gecko) Chrome/152.0.0.0 Safari/537.36"
89.95.213.182 - - [14/Sep/2026:08:51:14 +0200] "GET /wp-content/plugins/elementor/assets/js/frontend.min.js?ver=4.2.4 HTTP/1.1" 200 32098 "https://lecocondalfred.fr/nos-psychologues/" "Mozilla/5.0 (Windows NT 10.0; Win64; x64) AppleWebKit/537.36 (KHTML, like Gecko) Chrome/152.0.0.0 Safari/537.36"
89.95.213.182 - - [14/Sep/2026:08:51:14 +0200] "GET /wp-content/plugins/elementor-pro/assets/lib/smartmenus/jquery.smartmenus.min.js?ver=1.2.1 HTTP/1.1" 200 24109 "https://lecocondalfred.fr/nos-psychologues/" "Mozilla/5.0 (Windows NT 10.0; Win64; x64) AppleWebKit/537.36 (KHTML, like Gecko) Chrome/152.0.0.0 Safari/537.36"
89.95.213.182 - - [14/Sep/2026:08:51:14 +0200] "GET /wp-content/plugins/wp-smushit/app/assets/js/smush-lazy-load.min.js?ver=4.3.0 HTTP/1.1" 200 23727 "https://lecocondalfred.fr/nos-psychologues/" "Mozilla/5.0 (Windows NT 10.0; Win64; x64) AppleWebKit/537.36 (KHTML, like Gecko) Chrome/152.0.0.0 Safari/537.36"
89.95.213.182 - - [14/Sep/2026:08:51:14 +0200] "GET /wp-content/plugins/wp-consent-api/assets/js/wp-consent-api.min.js?ver=2.0.1 HTTP/1.1" 200 2235 "https://lecocondalfred.fr/nos-psychologues/" "Mozilla/5.0 (Windows NT 10.0; Win64; x64) AppleWebKit/537.36 (KHTML, like Gecko) Chrome/152.0.0.0 Safari/537.36"
89.95.213.182 - - [14/Sep/2026:08:51:14 +0200] "GET /wp-content/plugins/elementor-pro/assets/js/webpack-pro.runtime.min.js?ver=4.2.1 HTTP/1.1" 200 6242 "https://lecocondalfred.fr/nos-psychologues/" "Mozilla/5.0 (Windows NT 10.0; Win64; x64) AppleWebKit/537.36 (KHTML, like Gecko) Chrome/152.0.0.0 Safari/537.36"
89.95.213.182 - - [14/Sep/2026:08:51:14 +0200] "GET /wp-includes/js/dist/hooks.min.js?ver=f0f188028580e8dc1255 HTTP/1.1" 200 5107 "https://lecocondalfred.fr/nos-psychologues/" "Mozilla/5.0 (Windows NT 10.0; Win64; x64) AppleWebKit/537.36 (KHTML, like Gecko) Chrome/152.0.0.0 Safari/537.36"
89.95.213.182 - - [14/Sep/2026:08:51:14 +0200] "GET /wp-includes/js/dist/i18n.min.js?ver=1dfe7db3940c23ea9216 HTTP/1.1" 200 5791 "https://lecocondalfred.fr/nos-psychologues/" "Mozilla/5.0 (Windows NT 10.0; Win64; x64) AppleWebKit/537.36 (KHTML, like Gecko) Chrome/152.0.0.0 Safari/537.36"
89.95.213.182 - - [14/Sep/2026:08:51:14 +0200] "GET /wp-content/plugins/elementor-pro/assets/js/frontend.min.js?ver=4.2.1 HTTP/1.1" 200 23939 "https://lecocondalfred.fr/nos-psychologues/" "Mozilla/5.0 (Windows NT 10.0; Win64; x64) AppleWebKit/537.36 (KHTML, like Gecko) Chrome/152.0.0.0 Safari/537.36"
89.95.213.182 - - [14/Sep/2026:08:51:14 +0200] "GET /wp-content/plugins/elementor-pro/assets/js/elements-handlers.min.js?ver=4.2.1 HTTP/1.1" 200 43922 "https://lecocondalfred.fr/nos-psychologues/" "Mozilla/5.0 (Windows NT 10.0; Win64; x64) AppleWebKit/537.36 (KHTML, like Gecko) Chrome/152.0.0.0 Safari/537.36"
89.95.213.182 - - [14/Sep/2026:08:51:14 +0200] "GET /wp-content/plugins/wpfront-scroll-top/includes/assets/wpfront-scroll-top.min.js?ver=3.0.1.09211 HTTP/1.1" 200 1490 "https://lecocondalfred.fr/nos-psychologues/" "Mozilla/5.0 (Windows NT 10.0; Win64; x64) AppleWebKit/537.36 (KHTML, like Gecko) Chrome/152.0.0.0 Safari/537.36"
89.95.213.182 - - [14/Sep/2026:08:51:14 +0200] "GET /wp-content/uploads/2024/09/DSC00464-e1757589124789.jpg HTTP/1.1" 200 43484 "https://lecocondalfred.fr/nos-psychologues/" "Mozilla/5.0 (Windows NT 10.0; Win64; x64) AppleWebKit/537.36 (KHTML, like Gecko) Chrome/152.0.0.0 Safari/537.36"
89.95.213.182 - - [14/Sep/2026:08:51:14 +0200] "GET /wp-content/uploads/2024/09/DSC00483.jpg HTTP/1.1" 200 294143 "https://lecocondalfred.fr/nos-psychologues/" "Mozilla/5.0 (Windows NT 10.0; Win64; x64) AppleWebKit/537.36 (KHTML, like Gecko) Chrome/152.0.0.0 Safari/537.36"
89.95.213.182 - - [14/Sep/2026:08:51:14 +0200] "GET /wp-content/uploads/2024/09/DSC00525.jpg HTTP/1.1" 200 229251 "https://lecocondalfred.fr/nos-psychologues/" "Mozilla/5.0 (Windows NT 10.0; Win64; x64) AppleWebKit/537.36 (KHTML, like Gecko) Chrome/152.0.0.0 Safari/537.36"
89.95.213.182 - - [14/Sep/2026:08:51:14 +0200] "GET /wp-content/uploads/2025/09/Cecile--243x300.png HTTP/1.1" 200 152376 "https://lecocondalfred.fr/nos-psychologues/" "Mozilla/5.0 (Windows NT 10.0; Win64; x64) AppleWebKit/537.36 (KHTML, like Gecko) Chrome/152.0.0.0 Safari/537.36"
89.95.213.182 - - [14/Sep/2026:08:51:14 +0200] "GET /wp-content/uploads/2025/09/Cecile--e1758110888190.png HTTP/1.1" 200 230516 "https://lecocondalfred.fr/nos-psychologues/" "Mozilla/5.0 (Windows NT 10.0; Win64; x64) AppleWebKit/537.36 (KHTML, like Gecko) Chrome/152.0.0.0 Safari/537.36"
89.95.213.182 - - [14/Sep/2026:08:51:14 +0200] "GET /wp-content/uploads/2021/09/Image-Footer.jpg HTTP/1.1" 200 65284 "https://lecocondalfred.fr/nos-psychologues/" "Mozilla/5.0 (Windows NT 10.0; Win64; x64) AppleWebKit/537.36 (KHTML, like Gecko) Chrome/152.0.0.0 Safari/537.36"
89.95.213.182 - - [14/Sep/2026:08:51:14 +0200] "GET /wp-content/uploads/elementor/google-fonts/fonts/roboto-kfo7cnqeu92fr1me7ksn66agldtyluama3yuba.woff2 HTTP/1.1" 200 40128 "https://lecocondalfred.fr/wp-content/uploads/elementor/google-fonts/css/roboto.css?ver=1742247286" "Mozilla/5.0 (Windows NT 10.0; Win64; x64) AppleWebKit/537.36 (KHTML, like Gecko) Chrome/152.0.0.0 Safari/537.36"
89.95.213.182 - - [14/Sep/2026:08:51:14 +0200] "GET /wp-content/uploads/elementor/google-fonts/fonts/robotocondensed-ievl2zhzi2ecn5jzbjeets9weq8-19k7dq.woff2 HTTP/1.1" 200 51404 "https://lecocondalfred.fr/wp-content/uploads/elementor/google-fonts/css/robotocondensed.css?ver=1742247293" "Mozilla/5.0 (Windows NT 10.0; Win64; x64) AppleWebKit/537.36 (KHTML, like Gecko) Chrome/152.0.0.0 Safari/537.36"
89.95.213.182 - - [14/Sep/2026:08:51:14 +0200] "GET /wp-content/uploads/elementor/google-fonts/fonts/baskervville-ya9kr0yu4l_xorogbkun3kqqtamrrvi.woff2 HTTP/1.1" 200 26968 "https://lecocondalfred.fr/wp-content/uploads/elementor/google-fonts/css/baskervville.css?ver=1742247287" "Mozilla/5.0 (Windows NT 10.0; Win64; x64) AppleWebKit/537.36 (KHTML, like Gecko) Chrome/152.0.0.0 Safari/537.36"
89.95.213.182 - - [14/Sep/2026:08:51:15 +0200] "GET /wp-content/uploads/elementor/google-fonts/fonts/roboto-kfo5cnqeu92fr1mu53zec9_vu3r1gihoszmkbnka.woff2 HTTP/1.1" 200 44192 "https://lecocondalfred.fr/wp-content/uploads/elementor/google-fonts/css/roboto.css?ver=1742247286" "Mozilla/5.0 (Windows NT 10.0; Win64; x64) AppleWebKit/537.36 (KHTML, like Gecko) Chrome/152.0.0.0 Safari/537.36"
89.95.213.182 - - [14/Sep/2026:08:51:15 +0200] "GET /wp-content/plugins/elementor/assets/lib/font-awesome/webfonts/fa-solid-900.woff2 HTTP/1.1" 200 78196 "https://lecocondalfred.fr/wp-content/plugins/elementor/assets/lib/font-awesome/css/all.min.css?ver=4.2.4" "Mozilla/5.0 (Windows NT 10.0; Win64; x64) AppleWebKit/537.36 (KHTML, like Gecko) Chrome/152.0.0.0 Safari/537.36"
89.95.213.182 - - [14/Sep/2026:08:51:15 +0200] "GET /wp-content/plugins/elementor/assets/lib/font-awesome/webfonts/fa-brands-400.woff2 HTTP/1.1" 200 81612 "https://lecocondalfred.fr/wp-content/plugins/elementor/assets/lib/font-awesome/css/all.min.css?ver=4.2.4" "Mozilla/5.0 (Windows NT 10.0; Win64; x64) AppleWebKit/537.36 (KHTML, like Gecko) Chrome/152.0.0.0 Safari/537.36"
89.95.213.182 - - [14/Sep/2026:08:51:14 +0200] "GET /wp-content/plugins/google-site-kit/dist/assets/js/googlesitekit-consent-mode-86cb52dcb9f2b27ed244.js HTTP/1.1" 404 146136 "https://lecocondalfred.fr/nos-psychologues/" "Mozilla/5.0 (Windows NT 10.0; Win64; x64) AppleWebKit/537.36 (KHTML, like Gecko) Chrome/152.0.0.0 Safari/537.36"
89.95.213.182 - - [14/Sep/2026:08:51:14 +0200] "GET /wp-content/plugins/google-site-kit/dist/assets/js/googlesitekit-events-provider-content-events-33078016c5e1e9f07c35.js HTTP/1.1" 404 146160 "https://lecocondalfred.fr/nos-psychologues/" "Mozilla/5.0 (Windows NT 10.0; Win64; x64) AppleWebKit/537.36 (KHTML, like Gecko) Chrome/152.0.0.0 Safari/537.36"
89.95.213.182 - - [14/Sep/2026:08:51:14 +0200] "GET /wp-content/plugins/google-site-kit/dist/assets/js/googlesitekit-events-provider-wpforms-063cb453c64ecfd3dafe.js HTTP/1.1" 404 146152 "https://lecocondalfred.fr/nos-psychologues/" "Mozilla/5.0 (Windows NT 10.0; Win64; x64) AppleWebKit/537.36 (KHTML, like Gecko) Chrome/152.0.0.0 Safari/537.36"
89.95.213.182 - - [14/Sep/2026:08:51:15 +0200] "GET /wp/wp-content/uploads/fbrfg/site.webmanifest HTTP/1.1" 404 146080 "https://lecocondalfred.fr/nos-psychologues/" "Mozilla/5.0 (Windows NT 10.0; Win64; x64) AppleWebKit/537.36 (KHTML, like Gecko) Chrome/152.0.0.0 Safari/537.36"
89.95.213.182 - - [14/Sep/2026:08:51:18 +0200] "GET /wp-content/plugins/elementor/assets/js/section-frontend-handlers.d85ab872da118940910d.bundle.min.js HTTP/1.1" 200 449 "https://lecocondalfred.fr/nos-psychologues/" "Mozilla/5.0 (Windows NT 10.0; Win64; x64) AppleWebKit/537.36 (KHTML, like Gecko) Chrome/152.0.0.0 Safari/537.36"
89.95.213.182 - - [14/Sep/2026:08:51:18 +0200] "GET /wp-content/plugins/elementor/assets/js/shared-frontend-handlers.03caa53373b56d3bab67.bundle.min.js HTTP/1.1" 200 8481 "https://lecocondalfred.fr/nos-psychologues/" "Mozilla/5.0 (Windows NT 10.0; Win64; x64) AppleWebKit/537.36 (KHTML, like Gecko) Chrome/152.0.0.0 Safari/537.36"
89.95.213.182 - - [14/Sep/2026:08:51:18 +0200] "GET /wp-content/plugins/elementor-pro/assets/js/nav-menu.dc8790fd04afa5b6c0a3.bundle.min.js HTTP/1.1" 200 5038 "https://lecocondalfred.fr/nos-psychologues/" "Mozilla/5.0 (Windows NT 10.0; Win64; x64) AppleWebKit/537.36 (KHTML, like Gecko) Chrome/152.0.0.0 Safari/537.36"
89.95.213.182 - - [14/Sep/2026:08:51:18 +0200] "GET /wp-content/plugins/elementor/assets/js/text-editor.45609661e409413f1cef.bundle.min.js HTTP/1.1" 200 1348 "https://lecocondalfred.fr/nos-psychologues/" "Mozilla/5.0 (Windows NT 10.0; Win64; x64) AppleWebKit/537.36 (KHTML, like Gecko) Chrome/152.0.0.0 Safari/537.36"
89.95.213.182 - - [14/Sep/2026:08:51:18 +0200] "GET /wp-includes/js/wp-emoji-release.min.js?ver=7.1 HTTP/1.1" 200 22752 "https://lecocondalfred.fr/nos-psychologues/" "Mozilla/5.0 (Windows NT 10.0; Win64; x64) AppleWebKit/537.36 (KHTML, like Gecko) Chrome/152.0.0.0 Safari/537.36"
89.95.213.182 - - [14/Sep/2026:08:51:18 +0200] "GET /wp-content/plugins/wpfront-scroll-top/includes/assets/icons/116.png HTTP/1.1" 200 543 "https://lecocondalfred.fr/nos-psychologues/" "Mozilla/5.0 (Windows NT 10.0; Win64; x64) AppleWebKit/537.36 (KHTML, like Gecko) Chrome/152.0.0.0 Safari/537.36"
89.95.213.182 - - [14/Sep/2026:08:51:18 +0200] "GET /wp/wp-content/uploads/fbrfg/site.webmanifest HTTP/1.1" 404 146080 "https://lecocondalfred.fr/nos-psychologues/" "Mozilla/5.0 (Windows NT 10.0; Win64; x64) AppleWebKit/537.36 (KHTML, like Gecko) Chrome/152.0.0.0 Safari/537.36"
89.95.213.182 - - [14/Sep/2026:08:51:18 +0200] "GET /wp/wp-content/uploads/fbrfg/favicon.ico HTTP/1.1" 404 146076 "https://lecocondalfred.fr/nos-psychologues/" "Mozilla/5.0 (Windows NT 10.0; Win64; x64) AppleWebKit/537.36 (KHTML, like Gecko) Chrome/152.0.0.0 Safari/537.36"
89.95.213.182 - - [14/Sep/2026:08:51:19 +0200] "GET /wp-content/uploads/2021/08/cropped-FAVICON-lecocondalfred-32x32.png HTTP/1.1" 200 340 "https://lecocondalfred.fr/nos-psychologues/" "Mozilla/5.0 (Windows NT 10.0; Win64; x64) AppleWebKit/537.36 (KHTML, like Gecko) Chrome/152.0.0.0 Safari/537.36"
89.95.213.182 - - [14/Sep/2026:08:51:51 +0200] "GET /flore_ponard/ HTTP/1.1" 200 272146 "https://lecocondalfred.fr/nos-psychologues/" "Mozilla/5.0 (Windows NT 10.0; Win64; x64) AppleWebKit/537.36 (KHTML, like Gecko) Chrome/152.0.0.0 Safari/537.36"
89.95.213.182 - - [14/Sep/2026:08:51:52 +0200] "GET /wp-content/plugins/elementor/assets/lib/animations/styles/fadeInLeft.min.css?ver=4.2.4 HTTP/1.1" 200 137 "https://lecocondalfred.fr/flore_ponard/" "Mozilla/5.0 (Windows NT 10.0; Win64; x64) AppleWebKit/537.36 (KHTML, like Gecko) Chrome/152.0.0.0 Safari/537.36"
89.95.213.182 - - [14/Sep/2026:08:51:52 +0200] "GET /wp-content/plugins/elementor/assets/css/widget-spacer.min.css?ver=4.2.4 HTTP/1.1" 200 1793 "https://lecocondalfred.fr/flore_ponard/" "Mozilla/5.0 (Windows NT 10.0; Win64; x64) AppleWebKit/537.36 (KHTML, like Gecko) Chrome/152.0.0.0 Safari/537.36"
89.95.213.182 - - [14/Sep/2026:08:51:52 +0200] "GET /wp-content/plugins/elementor/assets/css/widget-accordion.min.css?ver=4.2.4 HTTP/1.1" 200 1744 "https://lecocondalfred.fr/flore_ponard/" "Mozilla/5.0 (Windows NT 10.0; Win64; x64) AppleWebKit/537.36 (KHTML, like Gecko) Chrome/152.0.0.0 Safari/537.36"
89.95.213.182 - - [14/Sep/2026:08:51:52 +0200] "GET /wp-content/plugins/elementor-pro/assets/css/widget-form.min.css?ver=4.2.1 HTTP/1.1" 200 6797 "https://lecocondalfred.fr/flore_ponard/" "Mozilla/5.0 (Windows NT 10.0; Win64; x64) AppleWebKit/537.36 (KHTML, like Gecko) Chrome/152.0.0.0 Safari/537.36"
89.95.213.182 - - [14/Sep/2026:08:51:52 +0200] "GET /wp-content/plugins/elementor/assets/lib/animations/styles/fadeInRight.min.css?ver=4.2.4 HTTP/1.1" 200 139 "https://lecocondalfred.fr/flore_ponard/" "Mozilla/5.0 (Windows NT 10.0; Win64; x64) AppleWebKit/537.36 (KHTML, like Gecko) Chrome/152.0.0.0 Safari/537.36"
89.95.213.182 - - [14/Sep/2026:08:51:52 +0200] "GET /wp-content/uploads/elementor/google-fonts/fonts/baskervville-ya9ur0yu4l_xorogbkun3kqqsjmp.woff2 HTTP/1.1" 200 24992 "https://lecocondalfred.fr/wp-content/uploads/elementor/google-fonts/css/baskervville.css?ver=1742247287" "Mozilla/5.0 (Windows NT 10.0; Win64; x64) AppleWebKit/537.36 (KHTML, like Gecko) Chrome/152.0.0.0 Safari/537.36"
89.95.213.182 - - [14/Sep/2026:08:51:53 +0200] "GET /wp-content/plugins/elementor/assets/js/accordion.8b0db5058afeb74622f5.bundle.min.js HTTP/1.1" 200 3739 "https://lecocondalfred.fr/flore_ponard/" "Mozilla/5.0 (Windows NT 10.0; Win64; x64) AppleWebKit/537.36 (KHTML, like Gecko) Chrome/152.0.0.0 Safari/537.36"
89.95.213.182 - - [14/Sep/2026:08:51:53 +0200] "GET /wp-content/plugins/elementor-pro/assets/js/form.cfd61a9174be80f835c6.bundle.min.js HTTP/1.1" 200 19710 "https://lecocondalfred.fr/flore_ponard/" "Mozilla/5.0 (Windows NT 10.0; Win64; x64) AppleWebKit/537.36 (KHTML, like Gecko) Chrome/152.0.0.0 Safari/537.36"
89.95.213.182 - - [14/Sep/2026:08:51:53 +0200] "GET /wp-content/plugins/elementor-pro/assets/js/popup.61d4fcab8891b2e07802.bundle.min.js HTTP/1.1" 200 746 "https://lecocondalfred.fr/flore_ponard/" "Mozilla/5.0 (Windows NT 10.0; Win64; x64) AppleWebKit/537.36 (KHTML, like Gecko) Chrome/152.0.0.0 Safari/537.36"
89.95.213.182 - - [14/Sep/2026:08:51:53 +0200] "GET /wp-content/uploads/2024/09/DSC00427.jpg HTTP/1.1" 200 347534 "https://lecocondalfred.fr/flore_ponard/" "Mozilla/5.0 (Windows NT 10.0; Win64; x64) AppleWebKit/537.36 (KHTML, like Gecko) Chrome/152.0.0.0 Safari/537.36"
109.234.165.65 - - [14/Sep/2026:08:51:53 +0200] "POST /wp-cron.php?doing_wp_cron=1789368713.7117729187011718750000 HTTP/1.1" 200 - "-" "WordPress/7.1; https://lecocondalfred.fr"
89.95.213.182 - - [14/Sep/2026:08:51:53 +0200] "GET /wp/wp-content/uploads/fbrfg/site.webmanifest HTTP/1.1" 404 146080 "https://lecocondalfred.fr/flore_ponard/" "Mozilla/5.0 (Windows NT 10.0; Win64; x64) AppleWebKit/537.36 (KHTML, like Gecko) Chrome/152.0.0.0 Safari/537.36"
185.113.51.50 - - [14/Sep/2026:08:52:09 +0200] "POST /wp-admin/admin-ajax.php HTTP/1.1" 200 47 "https://lecocondalfred.fr/wp-admin/admin.php?page=bookly-calendar" "Mozilla/5.0 (Windows NT 10.0; Win64; x64; rv:155.0) Gecko/20100101 Firefox/155.0"
88.173.7.121 - - [14/Sep/2026:08:52:22 +0200] "POST /wp-admin/admin-ajax.php HTTP/1.1" 200 16 "https://lecocondalfred.fr/prendre-rendez-vous/" "Mozilla/5.0 (Linux; Android 10; K) AppleWebKit/537.36 (KHTML, like Gecko) Chrome/152.0.0.0 Mobile Safari/537.36"
88.173.7.121 - - [14/Sep/2026:08:52:22 +0200] "GET /wp-admin/admin-ajax.php?action=bookly_render_details&form_id=f2eb78b4aa8bb06cda1a3672ae917a22&add_to_cart=true&csrf_token=4d0610f653 HTTP/1.1" 200 5405 "https://lecocondalfred.fr/prendre-rendez-vous/" "Mozilla/5.0 (Linux; Android 10; K) AppleWebKit/537.36 (KHTML, like Gecko) Chrome/152.0.0.0 Mobile Safari/537.36"
88.173.7.121 - - [14/Sep/2026:08:52:23 +0200] "GET /wp-content/plugins/bookly-responsive-appointment-booking-tool/frontend/resources/images/flags@2x.png HTTP/1.1" 200 183962 "https://lecocondalfred.fr/wp-content/plugins/bookly-responsive-appointment-booking-tool/backend/resources/tailwind/tailwind.css?ver=28.0" "Mozilla/5.0 (Linux; Android 10; K) AppleWebKit/537.36 (KHTML, like Gecko) Chrome/152.0.0.0 Mobile Safari/537.36"
173.239.240.89 - - [14/Sep/2026:08:52:34 +0200] "GET //wp-includes/ID3/license.txt HTTP/1.1" 200 1396 "-" "Mozilla/5.0 (Windows NT 10.0; Win64; x64) AppleWebKit/537.36 (KHTML, like Gecko) Chrome/95.0.4638.69 Safari/537.36"
173.239.240.89 - - [14/Sep/2026:08:52:34 +0200] "GET //feed/ HTTP/1.1" 301 - "-" "Mozilla/5.0 (Windows NT 10.0; Win64; x64) AppleWebKit/537.36 (KHTML, like Gecko) Chrome/95.0.4638.69 Safari/537.36"
173.239.240.89 - - [14/Sep/2026:08:52:35 +0200] "GET //xmlrpc.php?rsd HTTP/1.1" 200 817 "-" "Mozilla/5.0 (Windows NT 10.0; Win64; x64) AppleWebKit/537.36 (KHTML, like Gecko) Chrome/95.0.4638.69 Safari/537.36"
173.239.240.89 - - [14/Sep/2026:08:52:36 +0200] "GET //?author=1 HTTP/1.1" 404 130254 "-" "Mozilla/5.0 (Windows NT 10.0; Win64; x64) AppleWebKit/537.36 (KHTML, like Gecko) Chrome/95.0.4638.69 Safari/537.36"
173.239.240.89 - - [14/Sep/2026:08:52:37 +0200] "GET //wp-json/wp/v2/users/ HTTP/1.1" 401 108 "-" "Mozilla/5.0 (Windows NT 10.0; Win64; x64) AppleWebKit/537.36 (KHTML, like Gecko) Chrome/95.0.4638.69 Safari/537.36"
173.239.240.89 - - [14/Sep/2026:08:52:38 +0200] "GET //wp-json/oembed/1.0/embed?url=https://lecocondalfred.fr/ HTTP/1.1" 200 2390 "-" "Mozilla/5.0 (Windows NT 10.0; Win64; x64) AppleWebKit/537.36 (KHTML, like Gecko) Chrome/95.0.4638.69 Safari/537.36"
88.173.7.121 - - [14/Sep/2026:08:52:43 +0200] "POST /wp-admin/admin-ajax.php HTTP/1.1" 200 16 "https://lecocondalfred.fr/prendre-rendez-vous/" "Mozilla/5.0 (Linux; Android 10; K) AppleWebKit/537.36 (KHTML, like Gecko) Chrome/152.0.0.0 Mobile Safari/537.36"
88.173.7.121 - - [14/Sep/2026:08:52:49 +0200] "POST /wp-admin/admin-ajax.php HTTP/1.1" 200 32 "https://lecocondalfred.fr/prendre-rendez-vous/" "Mozilla/5.0 (Linux; Android 10; K) AppleWebKit/537.36 (KHTML, like Gecko) Chrome/152.0.0.0 Mobile Safari/537.36"
109.234.165.65 - - [14/Sep/2026:08:52:51 +0200] "POST /wp-cron.php?doing_wp_cron=1789368771.1696441173553466796875 HTTP/1.1" 200 - "-" "WordPress/7.1; https://lecocondalfred.fr"
88.173.7.121 - - [14/Sep/2026:08:52:49 +0200] "POST /wp-admin/admin-ajax.php HTTP/1.1" 200 16 "https://lecocondalfred.fr/prendre-rendez-vous/" "Mozilla/5.0 (Linux; Android 10; K) AppleWebKit/537.36 (KHTML, like Gecko) Chrome/152.0.0.0 Mobile Safari/537.36"
88.173.7.121 - - [14/Sep/2026:08:52:51 +0200] "GET /wp-admin/admin-ajax.php?action=bookly_render_complete&form_id=f2eb78b4aa8bb06cda1a3672ae917a22&csrf_token=4d0610f653 HTTP/1.1" 200 1486 "https://lecocondalfred.fr/prendre-rendez-vous/" "Mozilla/5.0 (Linux; Android 10; K) AppleWebKit/537.36 (KHTML, like Gecko) Chrome/152.0.0.0 Mobile Safari/537.36"
217.26.218.2 - - [14/Sep/2026:08:53:01 +0200] "POST /wp-admin/admin-ajax.php HTTP/1.1" 200 16 "https://lecocondalfred.fr/prendre-rendez-vous/" "Mozilla/5.0 (Windows NT 10.0; Win64; x64) AppleWebKit/537.36 (KHTML, like Gecko) Chrome/152.0.0.0 Safari/537.36"
217.26.218.2 - - [14/Sep/2026:08:53:02 +0200] "GET /wp-admin/admin-ajax.php?action=bookly_render_details&form_id=d21b20d55fa21ac0576d213efe8e44fd&add_to_cart=true&csrf_token=4d0610f653 HTTP/1.1" 200 5406 "https://lecocondalfred.fr/prendre-rendez-vous/" "Mozilla/5.0 (Windows NT 10.0; Win64; x64) AppleWebKit/537.36 (KHTML, like Gecko) Chrome/152.0.0.0 Safari/537.36"
109.234.165.65 - - [14/Sep/2026:08:53:04 +0200] "POST /wp-cron.php?doing_wp_cron=1789368784.4650890827178955078125 HTTP/1.1" 200 - "-" "WordPress/7.1; https://lecocondalfred.fr"
109.234.165.65 - - [14/Sep/2026:08:52:43 +0200] "POST /?mailpoet_router&endpoint=cron_daemon&action=run&data=eyJ0b2tlbiI6IjFqeDNrIn0 HTTP/1.1" 200 - "-" "MailPoet Cron"
82.226.236.72 - - [14/Sep/2026:08:53:30 +0200] "GET /prendre-rendez-vous/ HTTP/1.1" 200 366749 "https://www.google.com/" "Mozilla/5.0 (iPhone; CPU iPhone OS 26_6_2 like Mac OS X) AppleWebKit/605.1.15 (KHTML, like Gecko) CriOS/153.0.8010.24 Mobile/15E148 Safari/604.1"
82.226.236.72 - - [14/Sep/2026:08:53:31 +0200] "GET /wp-content/astra-local-fonts/astra-local-fonts.css?ver=4.13.10 HTTP/1.1" 200 11134 "https://lecocondalfred.fr/prendre-rendez-vous/" "Mozilla/5.0 (iPhone; CPU iPhone OS 26_6_2 like Mac OS X) AppleWebKit/605.1.15 (KHTML, like Gecko) CriOS/153.0.8010.24 Mobile/15E148 Safari/604.1"
82.226.236.72 - - [14/Sep/2026:08:53:31 +0200] "GET /wp-content/plugins/the-events-calendar/build/css/tribe-events-single-skeleton.css?ver=6.17.2 HTTP/1.1" 200 18813 "https://lecocondalfred.fr/prendre-rendez-vous/" "Mozilla/5.0 (iPhone; CPU iPhone OS 26_6_2 like Mac OS X) AppleWebKit/605.1.15 (KHTML, like Gecko) CriOS/153.0.8010.24 Mobile/15E148 Safari/604.1"
82.226.236.72 - - [14/Sep/2026:08:53:31 +0200] "GET /wp-content/plugins/the-events-calendar/build/css/tribe-events-single-full.css?ver=6.17.2 HTTP/1.1" 200 21027 "https://lecocondalfred.fr/prendre-rendez-vous/" "Mozilla/5.0 (iPhone; CPU iPhone OS 26_6_2 like Mac OS X) AppleWebKit/605.1.15 (KHTML, like Gecko) CriOS/153.0.8010.24 Mobile/15E148 Safari/604.1"
82.226.236.72 - - [14/Sep/2026:08:53:31 +0200] "GET /wp-content/plugins/bookly-responsive-appointment-booking-tool/backend/resources/tailwind/tailwind.css?ver=28.0 HTTP/1.1" 200 218377 "https://lecocondalfred.fr/prendre-rendez-vous/" "Mozilla/5.0 (iPhone; CPU iPhone OS 26_6_2 like Mac OS X) AppleWebKit/605.1.15 (KHTML, like Gecko) CriOS/153.0.8010.24 Mobile/15E148 Safari/604.1"
82.226.236.72 - - [14/Sep/2026:08:53:31 +0200] "GET /wp-content/plugins/bookly-responsive-appointment-booking-tool/frontend/resources/css/frontend-reset.css?ver=28.0 HTTP/1.1" 200 3788 "https://lecocondalfred.fr/prendre-rendez-vous/" "Mozilla/5.0 (iPhone; CPU iPhone OS 26_6_2 like Mac OS X) AppleWebKit/605.1.15 (KHTML, like Gecko) CriOS/153.0.8010.24 Mobile/15E148 Safari/604.1"
82.226.236.72 - - [14/Sep/2026:08:53:31 +0200] "GET /wp-content/plugins/bookly-responsive-appointment-booking-tool/frontend/resources/css/bootstrap-icons.min.css?ver=28.0 HTTP/1.1" 200 85875 "https://lecocondalfred.fr/prendre-rendez-vous/" "Mozilla/5.0 (iPhone; CPU iPhone OS 26_6_2 like Mac OS X) AppleWebKit/605.1.15 (KHTML, like Gecko) CriOS/153.0.8010.24 Mobile/15E148 Safari/604.1"
82.226.236.72 - - [14/Sep/2026:08:53:31 +0200] "GET /wp-content/plugins/bookly-responsive-appointment-booking-tool/frontend/resources/css/intlTelInput.css?ver=28.0 HTTP/1.1" 200 17841 "https://lecocondalfred.fr/prendre-rendez-vous/" "Mozilla/5.0 (iPhone; CPU iPhone OS 26_6_2 like Mac OS X) AppleWebKit/605.1.15 (KHTML, like Gecko) CriOS/153.0.8010.24 Mobile/15E148 Safari/604.1"
82.226.236.72 - - [14/Sep/2026:08:53:31 +0200] "GET /wp-content/plugins/bookly-responsive-appointment-booking-tool/frontend/resources/css/bookly-main.css?ver=28.0 HTTP/1.1" 200 40459 "https://lecocondalfred.fr/prendre-rendez-vous/" "Mozilla/5.0 (iPhone; CPU iPhone OS 26_6_2 like Mac OS X) AppleWebKit/605.1.15 (KHTML, like Gecko) CriOS/153.0.8010.24 Mobile/15E148 Safari/604.1"
82.226.236.72 - - [14/Sep/2026:08:53:31 +0200] "GET /wp-content/plugins/elementor-pro/assets/css/widget-nav-menu.min.css?ver=4.2.1 HTTP/1.1" 200 27363 "https://lecocondalfred.fr/prendre-rendez-vous/" "Mozilla/5.0 (iPhone; CPU iPhone OS 26_6_2 like Mac OS X) AppleWebKit/605.1.15 (KHTML, like Gecko) CriOS/153.0.8010.24 Mobile/15E148 Safari/604.1"
82.226.236.72 - - [14/Sep/2026:08:53:31 +0200] "GET /wp-content/plugins/elementor/assets/lib/eicons/css/elementor-icons.min.css?ver=5.53.0 HTTP/1.1" 200 22258 "https://lecocondalfred.fr/prendre-rendez-vous/" "Mozilla/5.0 (iPhone; CPU iPhone OS 26_6_2 like Mac OS X) AppleWebKit/605.1.15 (KHTML, like Gecko) CriOS/153.0.8010.24 Mobile/15E148 Safari/604.1"
82.226.236.72 - - [14/Sep/2026:08:53:31 +0200] "GET /wp-content/plugins/elementor/assets/css/widget-menu-anchor.min.css?ver=4.2.4 HTTP/1.1" 200 69 "https://lecocondalfred.fr/prendre-rendez-vous/" "Mozilla/5.0 (iPhone; CPU iPhone OS 26_6_2 like Mac OS X) AppleWebKit/605.1.15 (KHTML, like Gecko) CriOS/153.0.8010.24 Mobile/15E148 Safari/604.1"
82.226.236.72 - - [14/Sep/2026:08:53:31 +0200] "GET /wp-content/plugins/elementor/assets/css/widget-spacer.min.css?ver=4.2.4 HTTP/1.1" 200 1793 "https://lecocondalfred.fr/prendre-rendez-vous/" "Mozilla/5.0 (iPhone; CPU iPhone OS 26_6_2 like Mac OS X) AppleWebKit/605.1.15 (KHTML, like Gecko) CriOS/153.0.8010.24 Mobile/15E148 Safari/604.1"
82.226.236.72 - - [14/Sep/2026:08:53:31 +0200] "GET /wp-content/uploads/elementor/google-fonts/css/robotoslab.css?ver=1742247279 HTTP/1.1" 200 23625 "https://lecocondalfred.fr/prendre-rendez-vous/" "Mozilla/5.0 (iPhone; CPU iPhone OS 26_6_2 like Mac OS X) AppleWebKit/605.1.15 (KHTML, like Gecko) CriOS/153.0.8010.24 Mobile/15E148 Safari/604.1"
82.226.236.72 - - [14/Sep/2026:08:53:31 +0200] "GET /wp-content/plugins/elementor/assets/lib/font-awesome/css/solid.min.css?ver=5.15.3 HTTP/1.1" 200 669 "https://lecocondalfred.fr/prendre-rendez-vous/" "Mozilla/5.0 (iPhone; CPU iPhone OS 26_6_2 like Mac OS X) AppleWebKit/605.1.15 (KHTML, like Gecko) CriOS/153.0.8010.24 Mobile/15E148 Safari/604.1"
82.226.236.72 - - [14/Sep/2026:08:53:31 +0200] "GET /wp-content/plugins/elementor/assets/lib/font-awesome/css/brands.min.css?ver=5.15.3 HTTP/1.1" 200 675 "https://lecocondalfred.fr/prendre-rendez-vous/" "Mozilla/5.0 (iPhone; CPU iPhone OS 26_6_2 like Mac OS X) AppleWebKit/605.1.15 (KHTML, like Gecko) CriOS/153.0.8010.24 Mobile/15E148 Safari/604.1"
82.226.236.72 - - [14/Sep/2026:08:53:31 +0200] "GET /wp-includes/js/jquery/jquery-migrate.min.js?ver=3.4.1 HTTP/1.1" 200 13577 "https://lecocondalfred.fr/prendre-rendez-vous/" "Mozilla/5.0 (iPhone; CPU iPhone OS 26_6_2 like Mac OS X) AppleWebKit/605.1.15 (KHTML, like Gecko) CriOS/153.0.8010.24 Mobile/15E148 Safari/604.1"
82.226.236.72 - - [14/Sep/2026:08:53:31 +0200] "GET /wp-content/plugins/bookly-responsive-appointment-booking-tool/frontend/resources/js/spin.min.js?ver=28.0 HTTP/1.1" 200 4277 "https://lecocondalfred.fr/prendre-rendez-vous/" "Mozilla/5.0 (iPhone; CPU iPhone OS 26_6_2 like Mac OS X) AppleWebKit/605.1.15 (KHTML, like Gecko) CriOS/153.0.8010.24 Mobile/15E148 Safari/604.1"
82.226.236.72 - - [14/Sep/2026:08:53:31 +0200] "GET /wp-content/plugins/bookly-responsive-appointment-booking-tool/backend/resources/js/moment.min.js?ver=28.0 HTTP/1.1" 200 58064 "https://lecocondalfred.fr/prendre-rendez-vous/" "Mozilla/5.0 (iPhone; CPU iPhone OS 26_6_2 like Mac OS X) AppleWebKit/605.1.15 (KHTML, like Gecko) CriOS/153.0.8010.24 Mobile/15E148 Safari/604.1"
82.226.236.72 - - [14/Sep/2026:08:53:31 +0200] "GET /wp-content/plugins/bookly-responsive-appointment-booking-tool/frontend/resources/js/hammer.min.js?ver=28.0 HTTP/1.1" 200 19721 "https://lecocondalfred.fr/prendre-rendez-vous/" "Mozilla/5.0 (iPhone; CPU iPhone OS 26_6_2 like Mac OS X) AppleWebKit/605.1.15 (KHTML, like Gecko) CriOS/153.0.8010.24 Mobile/15E148 Safari/604.1"
82.226.236.72 - - [14/Sep/2026:08:53:31 +0200] "GET /wp-content/plugins/bookly-responsive-appointment-booking-tool/frontend/resources/js/qrcode.js?ver=28.0 HTTP/1.1" 200 33168 "https://lecocondalfred.fr/prendre-rendez-vous/" "Mozilla/5.0 (iPhone; CPU iPhone OS 26_6_2 like Mac OS X) AppleWebKit/605.1.15 (KHTML, like Gecko) CriOS/153.0.8010.24 Mobile/15E148 Safari/604.1"
82.226.236.72 - - [14/Sep/2026:08:53:31 +0200] "GET /wp-content/plugins/cookie-law-info/legacy/public/css/cookie-law-info-table.css?ver=3.5.5 HTTP/1.1" 200 6113 "https://lecocondalfred.fr/prendre-rendez-vous/" "Mozilla/5.0 (iPhone; CPU iPhone OS 26_6_2 like Mac OS X) AppleWebKit/605.1.15 (KHTML, like Gecko) CriOS/153.0.8010.24 Mobile/15E148 Safari/604.1"
82.226.236.72 - - [14/Sep/2026:08:53:31 +0200] "GET /wp-content/plugins/elementor/assets/js/frontend-modules.min.js?ver=4.2.4 HTTP/1.1" 200 50602 "https://lecocondalfred.fr/prendre-rendez-vous/" "Mozilla/5.0 (iPhone; CPU iPhone OS 26_6_2 like Mac OS X) AppleWebKit/605.1.15 (KHTML, like Gecko) CriOS/153.0.8010.24 Mobile/15E148 Safari/604.1"
82.226.236.72 - - [14/Sep/2026:08:53:31 +0200] "GET /wp-content/plugins/google-site-kit/dist/assets/js/googlesitekit-events-provider-content-events-bb83c1a0aedefa5d25d1.js HTTP/1.1" 200 6525 "https://lecocondalfred.fr/prendre-rendez-vous/" "Mozilla/5.0 (iPhone; CPU iPhone OS 26_6_2 like Mac OS X) AppleWebKit/605.1.15 (KHTML, like Gecko) CriOS/153.0.8010.24 Mobile/15E148 Safari/604.1"
82.226.236.72 - - [14/Sep/2026:08:53:31 +0200] "GET /wp-content/plugins/google-site-kit/dist/assets/js/googlesitekit-events-provider-wpforms-fdbd42f50702ca1e0c36.js HTTP/1.1" 200 7653 "https://lecocondalfred.fr/prendre-rendez-vous/" "Mozilla/5.0 (iPhone; CPU iPhone OS 26_6_2 like Mac OS X) AppleWebKit/605.1.15 (KHTML, like Gecko) CriOS/153.0.8010.24 Mobile/15E148 Safari/604.1"
82.226.236.72 - - [14/Sep/2026:08:53:31 +0200] "GET /wp-content/plugins/elementor-pro/assets/js/webpack-pro.runtime.min.js?ver=4.2.1 HTTP/1.1" 200 6242 "https://lecocondalfred.fr/prendre-rendez-vous/" "Mozilla/5.0 (iPhone; CPU iPhone OS 26_6_2 like Mac OS X) AppleWebKit/605.1.15 (KHTML, like Gecko) CriOS/153.0.8010.24 Mobile/15E148 Safari/604.1"
82.226.236.72 - - [14/Sep/2026:08:53:31 +0200] "GET /wp-includes/js/dist/hooks.min.js?ver=f0f188028580e8dc1255 HTTP/1.1" 200 5107 "https://lecocondalfred.fr/prendre-rendez-vous/" "Mozilla/5.0 (iPhone; CPU iPhone OS 26_6_2 like Mac OS X) AppleWebKit/605.1.15 (KHTML, like Gecko) CriOS/153.0.8010.24 Mobile/15E148 Safari/604.1"
82.226.236.72 - - [14/Sep/2026:08:53:31 +0200] "GET /wp-content/plugins/elementor-pro/assets/js/frontend.min.js?ver=4.2.1 HTTP/1.1" 200 23939 "https://lecocondalfred.fr/prendre-rendez-vous/" "Mozilla/5.0 (iPhone; CPU iPhone OS 26_6_2 like Mac OS X) AppleWebKit/605.1.15 (KHTML, like Gecko) CriOS/153.0.8010.24 Mobile/15E148 Safari/604.1"
82.226.236.72 - - [14/Sep/2026:08:53:31 +0200] "GET /wp-content/plugins/elementor-pro/assets/js/elements-handlers.min.js?ver=4.2.1 HTTP/1.1" 200 43922 "https://lecocondalfred.fr/prendre-rendez-vous/" "Mozilla/5.0 (iPhone; CPU iPhone OS 26_6_2 like Mac OS X) AppleWebKit/605.1.15 (KHTML, like Gecko) CriOS/153.0.8010.24 Mobile/15E148 Safari/604.1"
82.226.236.72 - - [14/Sep/2026:08:53:31 +0200] "GET /wp-content/plugins/elementor/assets/lib/eicons/fonts/eicons.woff2?5.53.0 HTTP/1.1" 200 108000 "https://lecocondalfred.fr/prendre-rendez-vous/" "Mozilla/5.0 (iPhone; CPU iPhone OS 26_6_2 like Mac OS X) AppleWebKit/605.1.15 (KHTML, like Gecko) CriOS/153.0.8010.24 Mobile/15E148 Safari/604.1"
82.226.236.72 - - [14/Sep/2026:08:53:31 +0200] "GET /wp-content/uploads/elementor/google-fonts/fonts/roboto-kfo5cnqeu92fr1mu53zec9_vu3r1gihoszmkbnka.woff2 HTTP/1.1" 200 44192 "https://lecocondalfred.fr/prendre-rendez-vous/" "Mozilla/5.0 (iPhone; CPU iPhone OS 26_6_2 like Mac OS X) AppleWebKit/605.1.15 (KHTML, like Gecko) CriOS/153.0.8010.24 Mobile/15E148 Safari/604.1"
82.226.236.72 - - [14/Sep/2026:08:53:31 +0200] "GET /wp-content/plugins/elementor/assets/lib/font-awesome/webfonts/fa-regular-400.woff2 HTTP/1.1" 200 13276 "https://lecocondalfred.fr/prendre-rendez-vous/" "Mozilla/5.0 (iPhone; CPU iPhone OS 26_6_2 like Mac OS X) AppleWebKit/605.1.15 (KHTML, like Gecko) CriOS/153.0.8010.24 Mobile/15E148 Safari/604.1"
82.226.236.72 - - [14/Sep/2026:08:53:31 +0200] "GET /wp-content/plugins/elementor/assets/lib/font-awesome/webfonts/fa-brands-400.woff2 HTTP/1.1" 200 81612 "https://lecocondalfred.fr/prendre-rendez-vous/" "Mozilla/5.0 (iPhone; CPU iPhone OS 26_6_2 like Mac OS X) AppleWebKit/605.1.15 (KHTML, like Gecko) CriOS/153.0.8010.24 Mobile/15E148 Safari/604.1"
82.226.236.72 - - [14/Sep/2026:08:53:31 +0200] "GET /wp-content/uploads/2021/09/Image-Footer.jpg HTTP/1.1" 200 65284 "https://lecocondalfred.fr/prendre-rendez-vous/" "Mozilla/5.0 (iPhone; CPU iPhone OS 26_6_2 like Mac OS X) AppleWebKit/605.1.15 (KHTML, like Gecko) CriOS/153.0.8010.24 Mobile/15E148 Safari/604.1"
82.226.236.72 - - [14/Sep/2026:08:53:32 +0200] "GET /wp-content/plugins/elementor/assets/js/section-frontend-handlers.d85ab872da118940910d.bundle.min.js HTTP/1.1" 200 449 "https://lecocondalfred.fr/prendre-rendez-vous/" "Mozilla/5.0 (iPhone; CPU iPhone OS 26_6_2 like Mac OS X) AppleWebKit/605.1.15 (KHTML, like Gecko) CriOS/153.0.8010.24 Mobile/15E148 Safari/604.1"
82.226.236.72 - - [14/Sep/2026:08:53:32 +0200] "GET /wp-content/plugins/elementor-pro/assets/js/nav-menu.dc8790fd04afa5b6c0a3.bundle.min.js HTTP/1.1" 200 5038 "https://lecocondalfred.fr/prendre-rendez-vous/" "Mozilla/5.0 (iPhone; CPU iPhone OS 26_6_2 like Mac OS X) AppleWebKit/605.1.15 (KHTML, like Gecko) CriOS/153.0.8010.24 Mobile/15E148 Safari/604.1"
82.226.236.72 - - [14/Sep/2026:08:53:32 +0200] "GET /wp-content/plugins/elementor/assets/js/text-editor.45609661e409413f1cef.bundle.min.js HTTP/1.1" 200 1348 "https://lecocondalfred.fr/prendre-rendez-vous/" "Mozilla/5.0 (iPhone; CPU iPhone OS 26_6_2 like Mac OS X) AppleWebKit/605.1.15 (KHTML, like Gecko) CriOS/153.0.8010.24 Mobile/15E148 Safari/604.1"
82.226.236.72 - - [14/Sep/2026:08:53:31 +0200] "POST /wp-admin/admin-ajax.php HTTP/1.1" 200 88 "https://lecocondalfred.fr/prendre-rendez-vous/" "Mozilla/5.0 (iPhone; CPU iPhone OS 26_6_2 like Mac OS X) AppleWebKit/605.1.15 (KHTML, like Gecko) CriOS/153.0.8010.24 Mobile/15E148 Safari/604.1"
82.226.236.72 - - [14/Sep/2026:08:53:31 +0200] "GET /wp/wp-content/uploads/fbrfg/site.webmanifest HTTP/1.1" 404 146091 "https://lecocondalfred.fr/prendre-rendez-vous/" "Mozilla/5.0 (iPhone; CPU iPhone OS 26_6_2 like Mac OS X) AppleWebKit/605.1.15 (KHTML, like Gecko) CriOS/153.0.8010.24 Mobile/15E148 Safari/604.1"
82.226.236.72 - - [14/Sep/2026:08:53:32 +0200] "GET /wp/wp-content/uploads/fbrfg/apple-touch-icon.png HTTP/1.1" 404 146099 "-" "Mozilla/5.0 (iPhone; CPU iPhone OS 26_6_2 like Mac OS X) AppleWebKit/605.1.15 (KHTML, like Gecko) CriOS/153.0.8010.24 Mobile/15E148 Safari/604.1"
82.226.236.72 - - [14/Sep/2026:08:53:32 +0200] "GET /wp-admin/admin-ajax.php?action=bookly_render_service&form_id=bea2ee0d130d85c2ce31cdce7703603f&new_chain=true&csrf_token=4d0610f653 HTTP/1.1" 200 32160 "https://lecocondalfred.fr/prendre-rendez-vous/" "Mozilla/5.0 (iPhone; CPU iPhone OS 26_6_2 like Mac OS X) AppleWebKit/605.1.15 (KHTML, like Gecko) CriOS/153.0.8010.24 Mobile/15E148 Safari/604.1"
82.226.236.72 - - [14/Sep/2026:08:53:32 +0200] "GET /prendre-rendez-vous/ HTTP/1.1" 200 366749 "https://lecocondalfred.fr/prendre-rendez-vous/" "Mozilla/5.0 (iPhone; CPU iPhone OS 26_6_2 like Mac OS X) AppleWebKit/605.1.15 (KHTML, like Gecko) CriOS/153.0.8010.24 Mobile/15E148 Safari/604.1"
82.226.236.72 - - [14/Sep/2026:08:53:33 +0200] "POST /wp-admin/admin-ajax.php HTTP/1.1" 200 88 "https://lecocondalfred.fr/prendre-rendez-vous/" "Mozilla/5.0 (iPhone; CPU iPhone OS 26_6_2 like Mac OS X) AppleWebKit/605.1.15 (KHTML, like Gecko) CriOS/153.0.8010.24 Mobile/15E148 Safari/604.1"
82.226.236.72 - - [14/Sep/2026:08:53:33 +0200] "GET /wp/wp-content/uploads/fbrfg/site.webmanifest HTTP/1.1" 404 146091 "https://lecocondalfred.fr/prendre-rendez-vous/" "Mozilla/5.0 (iPhone; CPU iPhone OS 26_6_2 like Mac OS X) AppleWebKit/605.1.15 (KHTML, like Gecko) CriOS/153.0.8010.24 Mobile/15E148 Safari/604.1"
217.26.218.2 - - [14/Sep/2026:08:53:33 +0200] "POST /wp-admin/admin-ajax.php HTTP/1.1" 200 16 "https://lecocondalfred.fr/prendre-rendez-vous/" "Mozilla/5.0 (Windows NT 10.0; Win64; x64) AppleWebKit/537.36 (KHTML, like Gecko) Chrome/152.0.0.0 Safari/537.36"
82.226.236.72 - - [14/Sep/2026:08:53:33 +0200] "GET /prendre-rendez-vous/ HTTP/1.1" 200 366749 "https://lecocondalfred.fr/prendre-rendez-vous/" "Mozilla/5.0 (iPhone; CPU iPhone OS 26_6_2 like Mac OS X) AppleWebKit/605.1.15 (KHTML, like Gecko) CriOS/153.0.8010.24 Mobile/15E148 Safari/604.1"
217.26.218.2 - - [14/Sep/2026:08:53:34 +0200] "POST /wp-admin/admin-ajax.php HTTP/1.1" 200 32 "https://lecocondalfred.fr/prendre-rendez-vous/" "Mozilla/5.0 (Windows NT 10.0; Win64; x64) AppleWebKit/537.36 (KHTML, like Gecko) Chrome/152.0.0.0 Safari/537.36"
82.226.236.72 - - [14/Sep/2026:08:53:34 +0200] "POST /wp-admin/admin-ajax.php HTTP/1.1" 200 88 "https://lecocondalfred.fr/prendre-rendez-vous/" "Mozilla/5.0 (iPhone; CPU iPhone OS 26_6_2 like Mac OS X) AppleWebKit/605.1.15 (KHTML, like Gecko) CriOS/153.0.8010.24 Mobile/15E148 Safari/604.1"
82.226.236.72 - - [14/Sep/2026:08:53:34 +0200] "GET /wp/wp-content/uploads/fbrfg/site.webmanifest HTTP/1.1" 404 146091 "https://lecocondalfred.fr/prendre-rendez-vous/" "Mozilla/5.0 (iPhone; CPU iPhone OS 26_6_2 like Mac OS X) AppleWebKit/605.1.15 (KHTML, like Gecko) CriOS/153.0.8010.24 Mobile/15E148 Safari/604.1"
82.226.236.72 - - [14/Sep/2026:08:53:35 +0200] "GET /wp-content/plugins/wpfront-scroll-top/includes/assets/icons/116.png HTTP/1.1" 200 543 "https://lecocondalfred.fr/prendre-rendez-vous/" "Mozilla/5.0 (iPhone; CPU iPhone OS 26_6_2 like Mac OS X) AppleWebKit/605.1.15 (KHTML, like Gecko) CriOS/153.0.8010.24 Mobile/15E148 Safari/604.1"
82.226.236.72 - - [14/Sep/2026:08:53:35 +0200] "GET /wp-admin/admin-ajax.php?action=bookly_render_service&form_id=cd41c86e84f19e2c92fe52ef28d5fb1b&new_chain=true&csrf_token=4d0610f653 HTTP/1.1" 200 32160 "https://lecocondalfred.fr/prendre-rendez-vous/" "Mozilla/5.0 (iPhone; CPU iPhone OS 26_6_2 like Mac OS X) AppleWebKit/605.1.15 (KHTML, like Gecko) CriOS/153.0.8010.24 Mobile/15E148 Safari/604.1"
82.226.236.72 - - [14/Sep/2026:08:53:35 +0200] "GET /prendre-rendez-vous/ HTTP/1.1" 200 366749 "https://lecocondalfred.fr/prendre-rendez-vous/" "Mozilla/5.0 (iPhone; CPU iPhone OS 26_6_2 like Mac OS X) AppleWebKit/605.1.15 (KHTML, like Gecko) CriOS/153.0.8010.24 Mobile/15E148 Safari/604.1"
217.26.218.2 - - [14/Sep/2026:08:53:34 +0200] "POST /wp-admin/admin-ajax.php HTTP/1.1" 200 16 "https://lecocondalfred.fr/prendre-rendez-vous/" "Mozilla/5.0 (Windows NT 10.0; Win64; x64) AppleWebKit/537.36 (KHTML, like Gecko) Chrome/152.0.0.0 Safari/537.36"
82.226.236.72 - - [14/Sep/2026:08:53:36 +0200] "POST /wp-admin/admin-ajax.php HTTP/1.1" 200 88 "https://lecocondalfred.fr/prendre-rendez-vous/" "Mozilla/5.0 (iPhone; CPU iPhone OS 26_6_2 like Mac OS X) AppleWebKit/605.1.15 (KHTML, like Gecko) CriOS/153.0.8010.24 Mobile/15E148 Safari/604.1"
82.226.236.72 - - [14/Sep/2026:08:53:36 +0200] "GET /wp/wp-content/uploads/fbrfg/site.webmanifest HTTP/1.1" 404 146091 "https://lecocondalfred.fr/prendre-rendez-vous/" "Mozilla/5.0 (iPhone; CPU iPhone OS 26_6_2 like Mac OS X) AppleWebKit/605.1.15 (KHTML, like Gecko) CriOS/153.0.8010.24 Mobile/15E148 Safari/604.1"
217.26.218.2 - - [14/Sep/2026:08:53:36 +0200] "GET /wp-admin/admin-ajax.php?action=bookly_render_complete&form_id=d21b20d55fa21ac0576d213efe8e44fd&csrf_token=4d0610f653 HTTP/1.1" 200 1486 "https://lecocondalfred.fr/prendre-rendez-vous/" "Mozilla/5.0 (Windows NT 10.0; Win64; x64) AppleWebKit/537.36 (KHTML, like Gecko) Chrome/152.0.0.0 Safari/537.36"
82.226.236.72 - - [14/Sep/2026:08:53:36 +0200] "GET /wp-admin/admin-ajax.php?action=bookly_render_service&form_id=ff86c31b8689cb4af0c002ae546735e5&new_chain=true&csrf_token=4d0610f653 HTTP/1.1" 200 32160 "https://lecocondalfred.fr/prendre-rendez-vous/" "Mozilla/5.0 (iPhone; CPU iPhone OS 26_6_2 like Mac OS X) AppleWebKit/605.1.15 (KHTML, like Gecko) CriOS/153.0.8010.24 Mobile/15E148 Safari/604.1"
82.226.236.72 - - [14/Sep/2026:08:53:44 +0200] "GET /wp-content/plugins/bookly-responsive-appointment-booking-tool/frontend/resources/images/checkbox.svg HTTP/1.1" 200 285 "https://lecocondalfred.fr/prendre-rendez-vous/" "Mozilla/5.0 (iPhone; CPU iPhone OS 26_6_2 like Mac OS X) AppleWebKit/605.1.15 (KHTML, like Gecko) CriOS/153.0.8010.24 Mobile/15E148 Safari/604.1"
82.226.236.72 - - [14/Sep/2026:08:53:54 +0200] "POST /wp-admin/admin-ajax.php HTTP/1.1" 200 16 "https://lecocondalfred.fr/prendre-rendez-vous/" "Mozilla/5.0 (iPhone; CPU iPhone OS 26_6_2 like Mac OS X) AppleWebKit/605.1.15 (KHTML, like Gecko) CriOS/153.0.8010.24 Mobile/15E148 Safari/604.1"
82.226.236.72 - - [14/Sep/2026:08:53:54 +0200] "GET /wp-admin/admin-ajax.php?action=bookly_render_time&form_id=ff86c31b8689cb4af0c002ae546735e5&csrf_token=4d0610f653 HTTP/1.1" 200 4088 "https://lecocondalfred.fr/prendre-rendez-vous/" "Mozilla/5.0 (iPhone; CPU iPhone OS 26_6_2 like Mac OS X) AppleWebKit/605.1.15 (KHTML, like Gecko) CriOS/153.0.8010.24 Mobile/15E148 Safari/604.1"
82.226.236.72 - - [14/Sep/2026:08:53:57 +0200] "POST /wp-admin/admin-ajax.php HTTP/1.1" 200 16 "https://lecocondalfred.fr/prendre-rendez-vous/" "Mozilla/5.0 (iPhone; CPU iPhone OS 26_6_2 like Mac OS X) AppleWebKit/605.1.15 (KHTML, like Gecko) CriOS/153.0.8010.24 Mobile/15E148 Safari/604.1"
82.226.236.72 - - [14/Sep/2026:08:53:58 +0200] "GET /wp-admin/admin-ajax.php?action=bookly_render_details&form_id=ff86c31b8689cb4af0c002ae546735e5&add_to_cart=true&csrf_token=4d0610f653 HTTP/1.1" 200 5406 "https://lecocondalfred.fr/prendre-rendez-vous/" "Mozilla/5.0 (iPhone; CPU iPhone OS 26_6_2 like Mac OS X) AppleWebKit/605.1.15 (KHTML, like Gecko) CriOS/153.0.8010.24 Mobile/15E148 Safari/604.1"
88.173.7.121 - - [14/Sep/2026:08:54:00 +0200] "GET /wp-admin/admin-ajax.php?action=bookly_render_service&form_id=f2eb78b4aa8bb06cda1a3672ae917a22&reset_form=true&new_chain=true&csrf_token=4d0610f653 HTTP/1.1" 200 32160 "https://lecocondalfred.fr/prendre-rendez-vous/" "Mozilla/5.0 (Linux; Android 10; K) AppleWebKit/537.36 (KHTML, like Gecko) Chrome/152.0.0.0 Mobile Safari/537.36"
109.234.165.65 - - [14/Sep/2026:08:54:12 +0200] "POST /wp-cron.php?doing_wp_cron=1789368852.1685340404510498046875 HTTP/1.1" 200 - "-" "WordPress/7.1; https://lecocondalfred.fr"
88.173.7.121 - - [14/Sep/2026:08:54:11 +0200] "POST /wp-admin/admin-ajax.php HTTP/1.1" 200 16 "https://lecocondalfred.fr/prendre-rendez-vous/" "Mozilla/5.0 (Linux; Android 10; K) AppleWebKit/537.36 (KHTML, like Gecko) Chrome/152.0.0.0 Mobile Safari/537.36"
88.173.7.121 - - [14/Sep/2026:08:54:12 +0200] "GET /wp-admin/admin-ajax.php?action=bookly_render_time&form_id=f2eb78b4aa8bb06cda1a3672ae917a22&csrf_token=4d0610f653 HTTP/1.1" 200 9415 "https://lecocondalfred.fr/prendre-rendez-vous/" "Mozilla/5.0 (Linux; Android 10; K) AppleWebKit/537.36 (KHTML, like Gecko) Chrome/152.0.0.0 Mobile Safari/537.36"
88.173.7.121 - - [14/Sep/2026:08:54:14 +0200] "GET /wp-admin/admin-ajax.php?action=bookly_render_time&form_id=f2eb78b4aa8bb06cda1a3672ae917a22&selected_date=2026-10-01&dir=next&csrf_token=4d0610f653 HTTP/1.1" 200 12567 "https://lecocondalfred.fr/prendre-rendez-vous/" "Mozilla/5.0 (Linux; Android 10; K) AppleWebKit/537.36 (KHTML, like Gecko) Chrome/152.0.0.0 Mobile Safari/537.36"
88.173.7.121 - - [14/Sep/2026:08:54:16 +0200] "GET /wp-admin/admin-ajax.php?action=bookly_render_time&form_id=f2eb78b4aa8bb06cda1a3672ae917a22&selected_date=2026-11-01&dir=next&csrf_token=4d0610f653 HTTP/1.1" 200 12482 "https://lecocondalfred.fr/prendre-rendez-vous/" "Mozilla/5.0 (Linux; Android 10; K) AppleWebKit/537.36 (KHTML, like Gecko) Chrome/152.0.0.0 Mobile Safari/537.36"
185.113.51.50 - - [14/Sep/2026:08:54:16 +0200] "POST /wp-admin/admin-ajax.php HTTP/1.1" 200 47 "https://lecocondalfred.fr/wp-admin/admin.php?page=bookly-calendar" "Mozilla/5.0 (Windows NT 10.0; Win64; x64; rv:155.0) Gecko/20100101 Firefox/155.0"
82.226.236.72 - - [14/Sep/2026:08:54:18 +0200] "POST /wp-admin/admin-ajax.php HTTP/1.1" 200 16 "https://lecocondalfred.fr/prendre-rendez-vous/" "Mozilla/5.0 (iPhone; CPU iPhone OS 26_6_2 like Mac OS X) AppleWebKit/605.1.15 (KHTML, like Gecko) CriOS/153.0.8010.24 Mobile/15E148 Safari/604.1"
82.226.236.72 - - [14/Sep/2026:08:54:22 +0200] "POST /wp-admin/admin-ajax.php HTTP/1.1" 200 32 "https://lecocondalfred.fr/prendre-rendez-vous/" "Mozilla/5.0 (iPhone; CPU iPhone OS 26_6_2 like Mac OS X) AppleWebKit/605.1.15 (KHTML, like Gecko) CriOS/153.0.8010.24 Mobile/15E148 Safari/604.1"
82.226.236.72 - - [14/Sep/2026:08:54:23 +0200] "POST /wp-admin/admin-ajax.php HTTP/1.1" 200 16 "https://lecocondalfred.fr/prendre-rendez-vous/" "Mozilla/5.0 (iPhone; CPU iPhone OS 26_6_2 like Mac OS X) AppleWebKit/605.1.15 (KHTML, like Gecko) CriOS/153.0.8010.24 Mobile/15E148 Safari/604.1"
82.226.236.72 - - [14/Sep/2026:08:54:24 +0200] "GET /wp-admin/admin-ajax.php?action=bookly_render_complete&form_id=ff86c31b8689cb4af0c002ae546735e5&csrf_token=4d0610f653 HTTP/1.1" 200 1486 "https://lecocondalfred.fr/prendre-rendez-vous/" "Mozilla/5.0 (iPhone; CPU iPhone OS 26_6_2 like Mac OS X) AppleWebKit/605.1.15 (KHTML, like Gecko) CriOS/153.0.8010.24 Mobile/15E148 Safari/604.1"
104.28.42.36 - - [14/Sep/2026:08:54:38 +0200] "GET /wp-admin/admin-ajax.php?action=bookly_cancel_appointment&token=737801018613b74636fb6ff028f1c278 HTTP/1.1" 302 706 "-" "Mozilla/5.0 (iPhone; CPU iPhone OS 18_7 like Mac OS X) AppleWebKit/605.1.15 (KHTML, like Gecko) Version/26.6.1 Mobile/15E148 Safari/604.1"
104.28.42.36 - - [14/Sep/2026:08:54:39 +0200] "GET /annulation-de-rendez-vous/ HTTP/1.1" 200 167512 "-" "Mozilla/5.0 (iPhone; CPU iPhone OS 18_7 like Mac OS X) AppleWebKit/605.1.15 (KHTML, like Gecko) Version/26.6.1 Mobile/15E148 Safari/604.1"
104.28.42.36 - - [14/Sep/2026:08:54:40 +0200] "GET /wp/wp-content/uploads/fbrfg/site.webmanifest HTTP/1.1" 404 146091 "https://lecocondalfred.fr/annulation-de-rendez-vous/" "Mozilla/5.0 (iPhone; CPU iPhone OS 18_7 like Mac OS X) AppleWebKit/605.1.15 (KHTML, like Gecko) Version/26.6.1 Mobile/15E148 Safari/604.1"
104.28.42.36 - - [14/Sep/2026:08:54:41 +0200] "GET /wp/wp-content/uploads/fbrfg/favicon-16x16.png HTTP/1.1" 404 146095 "https://lecocondalfred.fr/annulation-de-rendez-vous/" "Mozilla/5.0 (iPhone; CPU iPhone OS 18_7 like Mac OS X) AppleWebKit/605.1.15 (KHTML, like Gecko) Version/26.6.1 Mobile/15E148 Safari/604.1"
104.28.42.36 - - [14/Sep/2026:08:54:41 +0200] "GET /wp/wp-content/uploads/fbrfg/favicon-32x32.png HTTP/1.1" 404 146095 "https://lecocondalfred.fr/annulation-de-rendez-vous/" "Mozilla/5.0 (iPhone; CPU iPhone OS 18_7 like Mac OS X) AppleWebKit/605.1.15 (KHTML, like Gecko) Version/26.6.1 Mobile/15E148 Safari/604.1"
104.28.42.36 - - [14/Sep/2026:08:54:41 +0200] "GET /wp/wp-content/uploads/fbrfg/favicon.ico HTTP/1.1" 404 146087 "https://lecocondalfred.fr/annulation-de-rendez-vous/" "Mozilla/5.0 (iPhone; CPU iPhone OS 18_7 like Mac OS X) AppleWebKit/605.1.15 (KHTML, like Gecko) Version/26.6.1 Mobile/15E148 Safari/604.1"
109.234.165.65 - - [14/Sep/2026:08:55:09 +0200] "POST /wp-cron.php?doing_wp_cron=1789368909.3350710868835449218750 HTTP/1.1" 200 - "-" "WordPress/7.1; https://lecocondalfred.fr"
88.173.7.121 - - [14/Sep/2026:08:55:08 +0200] "POST /wp-admin/admin-ajax.php HTTP/1.1" 200 16 "https://lecocondalfred.fr/prendre-rendez-vous/" "Mozilla/5.0 (Linux; Android 10; K) AppleWebKit/537.36 (KHTML, like Gecko) Chrome/152.0.0.0 Mobile Safari/537.36"
88.173.7.121 - - [14/Sep/2026:08:55:09 +0200] "GET /wp-admin/admin-ajax.php?action=bookly_render_details&form_id=f2eb78b4aa8bb06cda1a3672ae917a22&add_to_cart=true&csrf_token=4d0610f653 HTTP/1.1" 200 5405 "https://lecocondalfred.fr/prendre-rendez-vous/" "Mozilla/5.0 (Linux; Android 10; K) AppleWebKit/537.36 (KHTML, like Gecko) Chrome/152.0.0.0 Mobile Safari/537.36"
217.26.218.2 - - [14/Sep/2026:08:55:16 +0200] "GET /wp-admin/admin-ajax.php?action=bookly_cancel_appointment&token=a28ea9a894d71ed5a18cbfe479a12d9c HTTP/1.1" 302 706 "-" "Mozilla/5.0 (Windows NT 10.0; Win64; x64) AppleWebKit/537.36 (KHTML, like Gecko) Chrome/152.0.0.0 Safari/537.36"
217.26.218.2 - - [14/Sep/2026:08:55:18 +0200] "GET /annulation-de-rendez-vous/ HTTP/1.1" 200 167512 "-" "Mozilla/5.0 (Windows NT 10.0; Win64; x64) AppleWebKit/537.36 (KHTML, like Gecko) Chrome/152.0.0.0 Safari/537.36"
217.26.218.2 - - [14/Sep/2026:08:55:18 +0200] "GET /wp-content/plugins/google-site-kit/dist/assets/js/googlesitekit-events-provider-content-events-33078016c5e1e9f07c35.js HTTP/1.1" 404 146160 "https://lecocondalfred.fr/annulation-de-rendez-vous/" "Mozilla/5.0 (Windows NT 10.0; Win64; x64) AppleWebKit/537.36 (KHTML, like Gecko) Chrome/152.0.0.0 Safari/537.36"
217.26.218.2 - - [14/Sep/2026:08:55:18 +0200] "GET /wp-content/plugins/google-site-kit/dist/assets/js/googlesitekit-consent-mode-86cb52dcb9f2b27ed244.js HTTP/1.1" 404 146136 "https://lecocondalfred.fr/annulation-de-rendez-vous/" "Mozilla/5.0 (Windows NT 10.0; Win64; x64) AppleWebKit/537.36 (KHTML, like Gecko) Chrome/152.0.0.0 Safari/537.36"
217.26.218.2 - - [14/Sep/2026:08:55:18 +0200] "GET /wp-content/plugins/google-site-kit/dist/assets/js/googlesitekit-events-provider-wpforms-063cb453c64ecfd3dafe.js HTTP/1.1" 404 146152 "https://lecocondalfred.fr/annulation-de-rendez-vous/" "Mozilla/5.0 (Windows NT 10.0; Win64; x64) AppleWebKit/537.36 (KHTML, like Gecko) Chrome/152.0.0.0 Safari/537.36"
217.26.218.2 - - [14/Sep/2026:08:55:18 +0200] "GET /wp/wp-content/uploads/fbrfg/site.webmanifest HTTP/1.1" 404 146080 "https://lecocondalfred.fr/annulation-de-rendez-vous/" "Mozilla/5.0 (Windows NT 10.0; Win64; x64) AppleWebKit/537.36 (KHTML, like Gecko) Chrome/152.0.0.0 Safari/537.36"
88.173.7.121 - - [14/Sep/2026:08:55:24 +0200] "POST /wp-admin/admin-ajax.php HTTP/1.1" 200 271 "https://lecocondalfred.fr/prendre-rendez-vous/" "Mozilla/5.0 (Linux; Android 10; K) AppleWebKit/537.36 (KHTML, like Gecko) Chrome/152.0.0.0 Mobile Safari/537.36"
109.234.165.65 - - [14/Sep/2026:08:55:28 +0200] "POST /wp-cron.php?doing_wp_cron=1789368928.6485929489135742187500 HTTP/1.1" 200 - "-" "WordPress/7.1; https://lecocondalfred.fr"
88.173.7.121 - - [14/Sep/2026:08:55:28 +0200] "POST /wp-admin/admin-ajax.php HTTP/1.1" 200 16 "https://lecocondalfred.fr/prendre-rendez-vous/" "Mozilla/5.0 (Linux; Android 10; K) AppleWebKit/537.36 (KHTML, like Gecko) Chrome/152.0.0.0 Mobile Safari/537.36"
88.173.7.121 - - [14/Sep/2026:08:55:28 +0200] "POST /wp-admin/admin-ajax.php HTTP/1.1" 200 32 "https://lecocondalfred.fr/prendre-rendez-vous/" "Mozilla/5.0 (Linux; Android 10; K) AppleWebKit/537.36 (KHTML, like Gecko) Chrome/152.0.0.0 Mobile Safari/537.36"
