49.47.135.230 - - [14/Sep/2026:09:26:59 +0200] "POST /xmlrpc.php HTTP/1.1" 404 138354 "-" "Jetpack/13.0; WordPress/6.4; http://site78583089.com"
109.234.165.65 - - [14/Sep/2026:09:27:00 +0200] "POST /wp-cron.php?doing_wp_cron=1789370820.5867869853973388671875 HTTP/1.1" 200 - "-" "WordPress/7.1; https://lecocondalfred.fr"
49.47.135.230 - - [14/Sep/2026:09:26:59 +0200] "POST /xmlrpc.php HTTP/1.1" 404 138354 "-" "Jetpack/13.0; WordPress/6.4; http://site78583089.com"
49.47.135.230 - - [14/Sep/2026:09:27:21 +0200] "POST /xmlrpc.php HTTP/1.1" 404 138354 "-" "WordPress.com; https://wordpress.com"
49.47.135.230 - - [14/Sep/2026:09:27:21 +0200] "POST /xmlrpc.php HTTP/1.1" 404 138354 "-" "WordPress.com; https://wordpress.com"
49.47.135.230 - - [14/Sep/2026:09:27:42 +0200] "POST /xmlrpc.php HTTP/1.1" 404 138354 "-" "Jetpack by WordPress.com (Jetpack 12.0; WordPress 6.1)"
49.47.135.230 - - [14/Sep/2026:09:27:42 +0200] "POST /xmlrpc.php HTTP/1.1" 404 138354 "-" "Jetpack by WordPress.com (Jetpack 12.0; WordPress 6.1)"
49.47.135.230 - - [14/Sep/2026:09:28:04 +0200] "POST /xmlrpc.php HTTP/1.1" 404 138354 "-" "WordPress.com; https://wordpress.com"
109.234.165.65 - - [14/Sep/2026:09:28:04 +0200] "POST /wp-cron.php?doing_wp_cron=1789370884.7913670539855957031250 HTTP/1.1" 200 - "-" "WordPress/7.1; https://lecocondalfred.fr"
49.47.135.230 - - [14/Sep/2026:09:28:04 +0200] "POST /xmlrpc.php HTTP/1.1" 404 138354 "-" "WordPress.com; https://wordpress.com"
49.47.135.230 - - [14/Sep/2026:09:28:25 +0200] "POST /xmlrpc.php HTTP/1.1" 404 138354 "-" "Jetpack by WordPress.com (Jetpack 12.5; WordPress 6.2)"
49.47.135.230 - - [14/Sep/2026:09:28:25 +0200] "POST /xmlrpc.php HTTP/1.1" 404 138354 "-" "Jetpack by WordPress.com (Jetpack 12.5; WordPress 6.2)"
109.130.97.67 - - [14/Sep/2026:09:28:32 +0200] "GET /wp-content/uploads/2022/11/Affiche-atelier-pensees-negatives_page-0001.jpg HTTP/1.1" 200 461829 "https://www.bing.com/" "Mozilla/5.0 (Windows NT 10.0; Win64; x64) AppleWebKit/537.36 (KHTML, like Gecko) Chrome/151.0.0.0 Safari/537.36 Norton/151.0.0.0"
49.47.135.230 - - [14/Sep/2026:09:28:46 +0200] "POST /xmlrpc.php HTTP/1.1" 404 138354 "-" "Jetpack/12.5; WordPress/6.4; http://site99107032.com"
49.47.135.230 - - [14/Sep/2026:09:28:46 +0200] "POST /xmlrpc.php HTTP/1.1" 404 138354 "-" "Jetpack/12.5; WordPress/6.4; http://site99107032.com"
49.47.135.230 - - [14/Sep/2026:09:29:08 +0200] "POST /xmlrpc.php HTTP/1.1" 404 138354 "-" "Jetpack by WordPress.com (Jetpack 12.0; WordPress 6.4)"
109.234.165.65 - - [14/Sep/2026:09:29:08 +0200] "POST /wp-cron.php?doing_wp_cron=1789370948.8783400058746337890625 HTTP/1.1" 200 - "-" "WordPress/7.1; https://lecocondalfred.fr"
49.47.135.230 - - [14/Sep/2026:09:29:08 +0200] "POST /xmlrpc.php HTTP/1.1" 404 138354 "-" "Jetpack by WordPress.com (Jetpack 12.0; WordPress 6.4)"
49.47.135.230 - - [14/Sep/2026:09:29:29 +0200] "POST /xmlrpc.php HTTP/1.1" 404 138354 "-" "Jetpack by WordPress.com (Jetpack 12.5; WordPress 6.3)"
49.47.135.230 - - [14/Sep/2026:09:29:29 +0200] "POST /xmlrpc.php HTTP/1.1" 404 138354 "-" "Jetpack by WordPress.com (Jetpack 12.5; WordPress 6.3)"
109.234.165.65 - - [14/Sep/2026:09:29:51 +0200] "POST /wp-cron.php?doing_wp_cron=1789370991.4541029930114746093750 HTTP/1.1" 200 - "-" "WordPress/7.1; https://lecocondalfred.fr"
49.47.135.230 - - [14/Sep/2026:09:29:50 +0200] "POST /xmlrpc.php HTTP/1.1" 404 138354 "-" "Jetpack by WordPress.com (Jetpack 12.5; WordPress 6.4)"
49.47.135.230 - - [14/Sep/2026:09:29:50 +0200] "POST /xmlrpc.php HTTP/1.1" 404 138354 "-" "Jetpack by WordPress.com (Jetpack 12.5; WordPress 6.4)"
49.47.135.230 - - [14/Sep/2026:09:30:01 +0200] "POST /xmlrpc.php HTTP/1.1" 404 138354 "-" "Jetpack by WordPress.com (Jetpack 13.0; WordPress 6.4)"
49.47.135.230 - - [14/Sep/2026:09:30:01 +0200] "POST /xmlrpc.php HTTP/1.1" 404 138354 "-" "Jetpack by WordPress.com (Jetpack 13.0; WordPress 6.4)"
49.47.135.230 - - [14/Sep/2026:09:30:22 +0200] "POST /xmlrpc.php HTTP/1.1" 404 138354 "-" "Jetpack by WordPress.com"
49.47.135.230 - - [14/Sep/2026:09:30:22 +0200] "POST /xmlrpc.php HTTP/1.1" 404 138354 "-" "Jetpack by WordPress.com"
109.234.165.65 - - [14/Sep/2026:09:30:44 +0200] "POST /wp-cron.php?doing_wp_cron=1789371044.8652210235595703125000 HTTP/1.1" 200 - "-" "WordPress/7.1; https://lecocondalfred.fr"
109.234.165.65 - - [14/Sep/2026:09:30:44 +0200] "POST /wp-cron.php?doing_wp_cron=1789371044.8652210235595703125000 HTTP/1.1" 200 - "-" "WordPress/7.1; https://lecocondalfred.fr"
49.47.135.230 - - [14/Sep/2026:09:30:44 +0200] "POST /xmlrpc.php HTTP/1.1" 404 138354 "-" "WordPress.com; https://wordpress.com"
49.47.135.230 - - [14/Sep/2026:09:30:44 +0200] "POST /xmlrpc.php HTTP/1.1" 404 138354 "-" "WordPress.com; https://wordpress.com"
49.47.135.230 - - [14/Sep/2026:09:31:05 +0200] "POST /xmlrpc.php HTTP/1.1" 404 138354 "-" "Jetpack by WordPress.com"
109.234.165.65 - - [14/Sep/2026:09:31:06 +0200] "POST /wp-cron.php?doing_wp_cron=1789371066.0782039165496826171875 HTTP/1.1" 200 - "-" "WordPress/7.1; https://lecocondalfred.fr"
49.47.135.230 - - [14/Sep/2026:09:31:05 +0200] "POST /xmlrpc.php HTTP/1.1" 404 138354 "-" "Jetpack by WordPress.com"
5.49.215.247 - - [14/Sep/2026:09:31:16 +0200] "GET /wp-content/uploads/2021/10/le-vigny-1024x749-2.jpg HTTP/1.1" 200 126174 "https://www.google.com/" "Mozilla/5.0 (iPhone; CPU iPhone OS 17_6_1 like Mac OS X) AppleWebKit/605.1.15 (KHTML, like Gecko) Version/17.6 Mobile/15E148 Safari/604.1"
49.47.135.230 - - [14/Sep/2026:09:31:26 +0200] "POST /xmlrpc.php HTTP/1.1" 404 138354 "-" "Jetpack by WordPress.com (Jetpack 12.5; WordPress 6.2)"
49.47.135.230 - - [14/Sep/2026:09:31:26 +0200] "POST /xmlrpc.php HTTP/1.1" 404 138354 "-" "Jetpack by WordPress.com (Jetpack 12.5; WordPress 6.2)"
49.47.135.230 - - [14/Sep/2026:09:31:48 +0200] "POST /xmlrpc.php HTTP/1.1" 404 138354 "-" "WordPress.com; https://wordpress.com"
49.47.135.230 - - [14/Sep/2026:09:31:48 +0200] "POST /xmlrpc.php HTTP/1.1" 404 138354 "-" "WordPress.com; https://wordpress.com"
176.150.49.248 - - [14/Sep/2026:09:33:42 +0200] "GET /marine-debellemaniere-psychomotricienne/ HTTP/1.1" 200 268264 "https://lecocondalfred.fr/nos-professionnels/" "Mozilla/5.0 (iPhone; CPU iPhone OS 18_7 like Mac OS X) AppleWebKit/605.1.15 (KHTML, like Gecko) Version/26.5 Mobile/15E148 Safari/604.1"
109.234.165.65 - - [14/Sep/2026:09:33:43 +0200] "POST /wp-cron.php?doing_wp_cron=1789371223.2147979736328125000000 HTTP/1.1" 200 - "-" "WordPress/7.1; https://lecocondalfred.fr"
109.234.165.65 - - [14/Sep/2026:09:33:43 +0200] "POST /wp-cron.php?doing_wp_cron=1789371223.2147319316864013671875 HTTP/1.1" 200 - "-" "WordPress/7.1; https://lecocondalfred.fr"
109.234.165.65 - - [14/Sep/2026:09:33:43 +0200] "POST /wp-cron.php?doing_wp_cron=1789371223.2147319316864013671875 HTTP/1.1" 200 - "-" "WordPress/7.1; https://lecocondalfred.fr"
176.150.49.248 - - [14/Sep/2026:09:33:42 +0200] "GET /wp-content/plugins/google-site-kit/dist/assets/js/googlesitekit-events-provider-content-events-33078016c5e1e9f07c35.js HTTP/1.1" 404 146171 "https://lecocondalfred.fr/marine-debellemaniere-psychomotricienne/" "Mozilla/5.0 (iPhone; CPU iPhone OS 18_7 like Mac OS X) AppleWebKit/605.1.15 (KHTML, like Gecko) Version/26.5 Mobile/15E148 Safari/604.1"
176.150.49.248 - - [14/Sep/2026:09:33:42 +0200] "GET /wp-content/plugins/google-site-kit/dist/assets/js/googlesitekit-consent-mode-86cb52dcb9f2b27ed244.js HTTP/1.1" 404 146147 "https://lecocondalfred.fr/marine-debellemaniere-psychomotricienne/" "Mozilla/5.0 (iPhone; CPU iPhone OS 18_7 like Mac OS X) AppleWebKit/605.1.15 (KHTML, like Gecko) Version/26.5 Mobile/15E148 Safari/604.1"
176.150.49.248 - - [14/Sep/2026:09:33:42 +0200] "GET /wp-content/plugins/google-site-kit/dist/assets/js/googlesitekit-events-provider-wpforms-063cb453c64ecfd3dafe.js HTTP/1.1" 404 146163 "https://lecocondalfred.fr/marine-debellemaniere-psychomotricienne/" "Mozilla/5.0 (iPhone; CPU iPhone OS 18_7 like Mac OS X) AppleWebKit/605.1.15 (KHTML, like Gecko) Version/26.5 Mobile/15E148 Safari/604.1"
176.150.49.248 - - [14/Sep/2026:09:33:43 +0200] "GET /wp/wp-content/uploads/fbrfg/site.webmanifest HTTP/1.1" 404 146091 "https://lecocondalfred.fr/marine-debellemaniere-psychomotricienne/" "Mozilla/5.0 (iPhone; CPU iPhone OS 18_7 like Mac OS X) AppleWebKit/605.1.15 (KHTML, like Gecko) Version/26.5 Mobile/15E148 Safari/604.1"
109.234.165.65 - - [14/Sep/2026:09:34:47 +0200] "POST /wp-cron.php?doing_wp_cron=1789371287.9752531051635742187500 HTTP/1.1" 200 - "-" "WordPress/7.1; https://lecocondalfred.fr"
51.81.110.28 - - [14/Sep/2026:09:34:47 +0200] "GET /robots.txt HTTP/1.1" 200 175 "-" "Mozilla/5.0 (compatible; AhrefsBot/7.0; +http://ahrefs.com/robot/)"
51.195.183.202 - - [14/Sep/2026:09:34:48 +0200] "GET /sitemap_index.xml HTTP/1.1" 200 796 "-" "Mozilla/5.0 (compatible; AhrefsBot/7.0; +http://ahrefs.com/robot/)"
198.244.168.164 - - [14/Sep/2026:09:34:49 +0200] "GET /post-sitemap.xml HTTP/1.1" 200 33944 "-" "Mozilla/5.0 (compatible; AhrefsBot/7.0; +http://ahrefs.com/robot/)"
198.244.240.158 - - [14/Sep/2026:09:34:50 +0200] "GET /page-sitemap.xml HTTP/1.1" 200 17702 "-" "Mozilla/5.0 (compatible; AhrefsBot/7.0; +http://ahrefs.com/robot/)"
51.89.129.49 - - [14/Sep/2026:09:34:50 +0200] "GET /tribe_events-sitemap.xml HTTP/1.1" 200 1253 "-" "Mozilla/5.0 (compatible; AhrefsBot/7.0; +http://ahrefs.com/robot/)"
54.38.147.227 - - [14/Sep/2026:09:34:51 +0200] "GET /category-sitemap.xml HTTP/1.1" 200 2602 "-" "Mozilla/5.0 (compatible; AhrefsBot/7.0; +http://ahrefs.com/robot/)"
43.134.94.96 - - [14/Sep/2026:09:37:15 +0200] "GET / HTTP/1.1" 200 224621 "http://lecocondalfred.fr" "Mozilla/5.0 (iPhone; CPU iPhone OS 13_2_3 like Mac OS X) AppleWebKit/605.1.15 (KHTML, like Gecko) Version/13.0.3 Mobile/15E148 Safari/604.1"
109.234.165.65 - - [14/Sep/2026:09:37:28 +0200] "POST /wp-cron.php?doing_wp_cron=1789371448.9467649459838867187500 HTTP/1.1" 200 - "-" "WordPress/7.1; https://lecocondalfred.fr"
109.234.165.65 - - [14/Sep/2026:09:37:08 +0200] "POST /?mailpoet_router&endpoint=cron_daemon&action=run&data=eyJ0b2tlbiI6InZoY2dvIn0 HTTP/1.1" 200 - "-" "MailPoet Cron"
185.165.66.27 - - [14/Sep/2026:09:39:35 +0200] "GET / HTTP/1.1" 200 224621 "-" "Mozilla/5.0 (iPhone; CPU iPhone OS 16_1_1 like Mac OS X) AppleWebKit/605.1.15 (KHTML, like Gecko) Version/16.1 Mobile/15E148 Safari/604.1"
185.165.66.27 - - [14/Sep/2026:09:39:35 +0200] "GET /wp-content/themes/astra/assets/css/minified/main.min.css?ver=4.13.10 HTTP/1.1" 200 44905 "https://lecocondalfred.fr/" "Mozilla/5.0 (iPhone; CPU iPhone OS 16_1_1 like Mac OS X) AppleWebKit/605.1.15 (KHTML, like Gecko) Version/16.1 Mobile/15E148 Safari/604.1"
185.165.66.27 - - [14/Sep/2026:09:39:35 +0200] "GET /wp-content/astra-local-fonts/astra-local-fonts.css?ver=4.13.10 HTTP/1.1" 200 11134 "https://lecocondalfred.fr/" "Mozilla/5.0 (iPhone; CPU iPhone OS 16_1_1 like Mac OS X) AppleWebKit/605.1.15 (KHTML, like Gecko) Version/16.1 Mobile/15E148 Safari/604.1"
185.165.66.27 - - [14/Sep/2026:09:39:35 +0200] "GET /wp-content/plugins/cookie-law-info/legacy/public/css/cookie-law-info-public.css?ver=3.5.5 HTTP/1.1" 200 3106 "https://lecocondalfred.fr/" "Mozilla/5.0 (iPhone; CPU iPhone OS 16_1_1 like Mac OS X) AppleWebKit/605.1.15 (KHTML, like Gecko) Version/16.1 Mobile/15E148 Safari/604.1"
185.165.66.27 - - [14/Sep/2026:09:39:35 +0200] "GET /wp-content/plugins/cookie-law-info/legacy/public/css/cookie-law-info-gdpr.css?ver=3.5.5 HTTP/1.1" 200 27203 "https://lecocondalfred.fr/" "Mozilla/5.0 (iPhone; CPU iPhone OS 16_1_1 like Mac OS X) AppleWebKit/605.1.15 (KHTML, like Gecko) Version/16.1 Mobile/15E148 Safari/604.1"
185.165.66.27 - - [14/Sep/2026:09:39:35 +0200] "GET /wp-content/plugins/the-events-calendar/build/css/tribe-events-single-skeleton.css?ver=6.17.2 HTTP/1.1" 200 18813 "https://lecocondalfred.fr/" "Mozilla/5.0 (iPhone; CPU iPhone OS 16_1_1 like Mac OS X) AppleWebKit/605.1.15 (KHTML, like Gecko) Version/16.1 Mobile/15E148 Safari/604.1"
185.165.66.27 - - [14/Sep/2026:09:39:35 +0200] "GET /wp-content/plugins/the-events-calendar/build/css/integrations/plugins/elementor/widgets/widget-base.css?ver=6.17.2 HTTP/1.1" 200 1128 "https://lecocondalfred.fr/" "Mozilla/5.0 (iPhone; CPU iPhone OS 16_1_1 like Mac OS X) AppleWebKit/605.1.15 (KHTML, like Gecko) Version/16.1 Mobile/15E148 Safari/604.1"
185.165.66.27 - - [14/Sep/2026:09:39:35 +0200] "GET /wp-content/plugins/the-events-calendar/build/css/tribe-events-single-full.css?ver=6.17.2 HTTP/1.1" 200 21027 "https://lecocondalfred.fr/" "Mozilla/5.0 (iPhone; CPU iPhone OS 16_1_1 like Mac OS X) AppleWebKit/605.1.15 (KHTML, like Gecko) Version/16.1 Mobile/15E148 Safari/604.1"
185.165.66.27 - - [14/Sep/2026:09:39:35 +0200] "GET /wp-content/plugins/complianz-gdpr/assets/css/cookieblocker.min.css?ver=1787065124 HTTP/1.1" 200 2782 "https://lecocondalfred.fr/" "Mozilla/5.0 (iPhone; CPU iPhone OS 16_1_1 like Mac OS X) AppleWebKit/605.1.15 (KHTML, like Gecko) Version/16.1 Mobile/15E148 Safari/604.1"
185.165.66.27 - - [14/Sep/2026:09:39:35 +0200] "GET /wp-content/plugins/elementor/assets/css/frontend.min.css?ver=4.2.4 HTTP/1.1" 200 54666 "https://lecocondalfred.fr/" "Mozilla/5.0 (iPhone; CPU iPhone OS 16_1_1 like Mac OS X) AppleWebKit/605.1.15 (KHTML, like Gecko) Version/16.1 Mobile/15E148 Safari/604.1"
185.165.66.27 - - [14/Sep/2026:09:39:35 +0200] "GET /wp-content/plugins/elementor/assets/lib/animations/styles/fadeIn.min.css?ver=4.2.4 HTTP/1.1" 200 77 "https://lecocondalfred.fr/" "Mozilla/5.0 (iPhone; CPU iPhone OS 16_1_1 like Mac OS X) AppleWebKit/605.1.15 (KHTML, like Gecko) Version/16.1 Mobile/15E148 Safari/604.1"
185.165.66.27 - - [14/Sep/2026:09:39:35 +0200] "GET /wp-content/plugins/elementor/assets/lib/animations/styles/e-animation-pulse.min.css?ver=4.2.4 HTTP/1.1" 200 318 "https://lecocondalfred.fr/" "Mozilla/5.0 (iPhone; CPU iPhone OS 16_1_1 like Mac OS X) AppleWebKit/605.1.15 (KHTML, like Gecko) Version/16.1 Mobile/15E148 Safari/604.1"
185.165.66.27 - - [14/Sep/2026:09:39:35 +0200] "GET /wp-content/plugins/elementor/assets/lib/eicons/css/elementor-icons.min.css?ver=5.53.0 HTTP/1.1" 200 22258 "https://lecocondalfred.fr/" "Mozilla/5.0 (iPhone; CPU iPhone OS 16_1_1 like Mac OS X) AppleWebKit/605.1.15 (KHTML, like Gecko) Version/16.1 Mobile/15E148 Safari/604.1"
185.165.66.27 - - [14/Sep/2026:09:39:35 +0200] "GET /wp-content/plugins/elementor-pro/assets/css/widget-nav-menu.min.css?ver=4.2.1 HTTP/1.1" 200 27363 "https://lecocondalfred.fr/" "Mozilla/5.0 (iPhone; CPU iPhone OS 16_1_1 like Mac OS X) AppleWebKit/605.1.15 (KHTML, like Gecko) Version/16.1 Mobile/15E148 Safari/604.1"
185.165.66.27 - - [14/Sep/2026:09:39:35 +0200] "GET /wp-content/plugins/elementor/assets/css/widget-image.min.css?ver=4.2.4 HTTP/1.1" 200 214 "https://lecocondalfred.fr/" "Mozilla/5.0 (iPhone; CPU iPhone OS 16_1_1 like Mac OS X) AppleWebKit/605.1.15 (KHTML, like Gecko) Version/16.1 Mobile/15E148 Safari/604.1"
185.165.66.27 - - [14/Sep/2026:09:39:35 +0200] "GET /wp-content/plugins/elementor/assets/lib/font-awesome/css/v4-shims.min.css?ver=4.2.4 HTTP/1.1" 200 26702 "https://lecocondalfred.fr/" "Mozilla/5.0 (iPhone; CPU iPhone OS 16_1_1 like Mac OS X) AppleWebKit/605.1.15 (KHTML, like Gecko) Version/16.1 Mobile/15E148 Safari/604.1"
185.165.66.27 - - [14/Sep/2026:09:39:35 +0200] "GET /wp-content/plugins/elementor/assets/css/widget-heading.min.css?ver=4.2.4 HTTP/1.1" 200 560 "https://lecocondalfred.fr/" "Mozilla/5.0 (iPhone; CPU iPhone OS 16_1_1 like Mac OS X) AppleWebKit/605.1.15 (KHTML, like Gecko) Version/16.1 Mobile/15E148 Safari/604.1"
185.165.66.27 - - [14/Sep/2026:09:39:35 +0200] "GET /wp-content/plugins/elementor/assets/css/widget-divider.min.css?ver=4.2.4 HTTP/1.1" 200 4258 "https://lecocondalfred.fr/" "Mozilla/5.0 (iPhone; CPU iPhone OS 16_1_1 like Mac OS X) AppleWebKit/605.1.15 (KHTML, like Gecko) Version/16.1 Mobile/15E148 Safari/604.1"
185.165.66.27 - - [14/Sep/2026:09:39:35 +0200] "GET /wp-content/plugins/elementor/assets/css/widget-spacer.min.css?ver=4.2.4 HTTP/1.1" 200 1793 "https://lecocondalfred.fr/" "Mozilla/5.0 (iPhone; CPU iPhone OS 16_1_1 like Mac OS X) AppleWebKit/605.1.15 (KHTML, like Gecko) Version/16.1 Mobile/15E148 Safari/604.1"
185.165.66.27 - - [14/Sep/2026:09:39:35 +0200] "GET /wp-content/plugins/elementor/assets/lib/font-awesome/css/all.min.css?ver=4.2.4 HTTP/1.1" 200 59344 "https://lecocondalfred.fr/" "Mozilla/5.0 (iPhone; CPU iPhone OS 16_1_1 like Mac OS X) AppleWebKit/605.1.15 (KHTML, like Gecko) Version/16.1 Mobile/15E148 Safari/604.1"
185.165.66.27 - - [14/Sep/2026:09:39:35 +0200] "GET /wp-content/plugins/elementor/assets/lib/animations/styles/fadeInUp.min.css?ver=4.2.4 HTTP/1.1" 200 130 "https://lecocondalfred.fr/" "Mozilla/5.0 (iPhone; CPU iPhone OS 16_1_1 like Mac OS X) AppleWebKit/605.1.15 (KHTML, like Gecko) Version/16.1 Mobile/15E148 Safari/604.1"
185.165.66.27 - - [14/Sep/2026:09:39:35 +0200] "GET /wp-content/plugins/elementor/assets/css/widget-image-box.min.css?ver=4.2.4 HTTP/1.1" 200 1657 "https://lecocondalfred.fr/" "Mozilla/5.0 (iPhone; CPU iPhone OS 16_1_1 like Mac OS X) AppleWebKit/605.1.15 (KHTML, like Gecko) Version/16.1 Mobile/15E148 Safari/604.1"
185.165.66.27 - - [14/Sep/2026:09:39:35 +0200] "GET /wp-content/plugins/elementor-pro/assets/css/widget-slides.min.css?ver=4.2.1 HTTP/1.1" 200 2341 "https://lecocondalfred.fr/" "Mozilla/5.0 (iPhone; CPU iPhone OS 16_1_1 like Mac OS X) AppleWebKit/605.1.15 (KHTML, like Gecko) Version/16.1 Mobile/15E148 Safari/604.1"
185.165.66.27 - - [14/Sep/2026:09:39:35 +0200] "GET /wp-content/plugins/elementor/assets/css/conditionals/e-swiper.min.css?ver=4.2.4 HTTP/1.1" 200 5486 "https://lecocondalfred.fr/" "Mozilla/5.0 (iPhone; CPU iPhone OS 16_1_1 like Mac OS X) AppleWebKit/605.1.15 (KHTML, like Gecko) Version/16.1 Mobile/15E148 Safari/604.1"
185.165.66.27 - - [14/Sep/2026:09:39:35 +0200] "GET /wp-content/plugins/elementor/assets/css/widget-icon-box.min.css?ver=4.2.4 HTTP/1.1" 200 4726 "https://lecocondalfred.fr/" "Mozilla/5.0 (iPhone; CPU iPhone OS 16_1_1 like Mac OS X) AppleWebKit/605.1.15 (KHTML, like Gecko) Version/16.1 Mobile/15E148 Safari/604.1"
185.165.66.27 - - [14/Sep/2026:09:39:35 +0200] "GET /wp-content/plugins/elementor/assets/lib/swiper/v8/css/swiper.min.css?ver=8.4.5 HTTP/1.1" 200 16471 "https://lecocondalfred.fr/" "Mozilla/5.0 (iPhone; CPU iPhone OS 16_1_1 like Mac OS X) AppleWebKit/605.1.15 (KHTML, like Gecko) Version/16.1 Mobile/15E148 Safari/604.1"
185.165.66.27 - - [14/Sep/2026:09:39:35 +0200] "GET /wp-content/plugins/elementor/assets/css/widget-icon-list.min.css?ver=4.2.4 HTTP/1.1" 200 10255 "https://lecocondalfred.fr/" "Mozilla/5.0 (iPhone; CPU iPhone OS 16_1_1 like Mac OS X) AppleWebKit/605.1.15 (KHTML, like Gecko) Version/16.1 Mobile/15E148 Safari/604.1"
185.165.66.27 - - [14/Sep/2026:09:39:35 +0200] "GET /wp-content/plugins/elementor/assets/css/widget-social-icons.min.css?ver=4.2.4 HTTP/1.1" 200 5110 "https://lecocondalfred.fr/" "Mozilla/5.0 (iPhone; CPU iPhone OS 16_1_1 like Mac OS X) AppleWebKit/605.1.15 (KHTML, like Gecko) Version/16.1 Mobile/15E148 Safari/604.1"
185.165.66.27 - - [14/Sep/2026:09:39:35 +0200] "GET /wp-content/plugins/elementor/assets/css/conditionals/apple-webkit.min.css?ver=4.2.4 HTTP/1.1" 200 6713 "https://lecocondalfred.fr/" "Mozilla/5.0 (iPhone; CPU iPhone OS 16_1_1 like Mac OS X) AppleWebKit/605.1.15 (KHTML, like Gecko) Version/16.1 Mobile/15E148 Safari/604.1"
185.165.66.27 - - [14/Sep/2026:09:39:35 +0200] "GET /wp-content/uploads/elementor/google-fonts/css/roboto.css?ver=1742247286 HTTP/1.1" 200 104004 "https://lecocondalfred.fr/" "Mozilla/5.0 (iPhone; CPU iPhone OS 16_1_1 like Mac OS X) AppleWebKit/605.1.15 (KHTML, like Gecko) Version/16.1 Mobile/15E148 Safari/604.1"
185.165.66.27 - - [14/Sep/2026:09:39:35 +0200] "GET /wp-content/uploads/elementor/google-fonts/css/alatsi.css?ver=1742247287 HTTP/1.1" 200 1612 "https://lecocondalfred.fr/" "Mozilla/5.0 (iPhone; CPU iPhone OS 16_1_1 like Mac OS X) AppleWebKit/605.1.15 (KHTML, like Gecko) Version/16.1 Mobile/15E148 Safari/604.1"
185.165.66.27 - - [14/Sep/2026:09:39:35 +0200] "GET /wp-content/plugins/elementor/assets/css/widget-testimonial.min.css?ver=4.2.4 HTTP/1.1" 200 1646 "https://lecocondalfred.fr/" "Mozilla/5.0 (iPhone; CPU iPhone OS 16_1_1 like Mac OS X) AppleWebKit/605.1.15 (KHTML, like Gecko) Version/16.1 Mobile/15E148 Safari/604.1"
185.165.66.27 - - [14/Sep/2026:09:39:35 +0200] "GET /wp-content/uploads/elementor/google-fonts/css/alata.css?ver=1742247287 HTTP/1.1" 200 1272 "https://lecocondalfred.fr/" "Mozilla/5.0 (iPhone; CPU iPhone OS 16_1_1 like Mac OS X) AppleWebKit/605.1.15 (KHTML, like Gecko) Version/16.1 Mobile/15E148 Safari/604.1"
185.165.66.27 - - [14/Sep/2026:09:39:35 +0200] "GET /wp-content/uploads/elementor/google-fonts/css/actor.css?ver=1742247287 HTTP/1.1" 200 417 "https://lecocondalfred.fr/" "Mozilla/5.0 (iPhone; CPU iPhone OS 16_1_1 like Mac OS X) AppleWebKit/605.1.15 (KHTML, like Gecko) Version/16.1 Mobile/15E148 Safari/604.1"
185.165.66.27 - - [14/Sep/2026:09:39:35 +0200] "GET /wp-content/uploads/elementor/google-fonts/css/robotocondensed.css?ver=1742247293 HTTP/1.1" 200 49464 "https://lecocondalfred.fr/" "Mozilla/5.0 (iPhone; CPU iPhone OS 16_1_1 like Mac OS X) AppleWebKit/605.1.15 (KHTML, like Gecko) Version/16.1 Mobile/15E148 Safari/604.1"
185.165.66.27 - - [14/Sep/2026:09:39:35 +0200] "GET /wp-content/plugins/elementor/assets/lib/font-awesome/css/fontawesome.min.css?ver=5.15.3 HTTP/1.1" 200 58071 "https://lecocondalfred.fr/" "Mozilla/5.0 (iPhone; CPU iPhone OS 16_1_1 like Mac OS X) AppleWebKit/605.1.15 (KHTML, like Gecko) Version/16.1 Mobile/15E148 Safari/604.1"
185.165.66.27 - - [14/Sep/2026:09:39:35 +0200] "GET /wp-content/plugins/elementor/assets/lib/font-awesome/css/solid.min.css?ver=5.15.3 HTTP/1.1" 200 669 "https://lecocondalfred.fr/" "Mozilla/5.0 (iPhone; CPU iPhone OS 16_1_1 like Mac OS X) AppleWebKit/605.1.15 (KHTML, like Gecko) Version/16.1 Mobile/15E148 Safari/604.1"
185.165.66.27 - - [14/Sep/2026:09:39:35 +0200] "GET /wp-content/uploads/elementor/google-fonts/css/robotoslab.css?ver=1742247279 HTTP/1.1" 200 23625 "https://lecocondalfred.fr/" "Mozilla/5.0 (iPhone; CPU iPhone OS 16_1_1 like Mac OS X) AppleWebKit/605.1.15 (KHTML, like Gecko) Version/16.1 Mobile/15E148 Safari/604.1"
185.165.66.27 - - [14/Sep/2026:09:39:35 +0200] "GET /wp-content/uploads/elementor/google-fonts/css/baskervville.css?ver=1742247287 HTTP/1.1" 200 1828 "https://lecocondalfred.fr/" "Mozilla/5.0 (iPhone; CPU iPhone OS 16_1_1 like Mac OS X) AppleWebKit/605.1.15 (KHTML, like Gecko) Version/16.1 Mobile/15E148 Safari/604.1"
185.165.66.27 - - [14/Sep/2026:09:39:35 +0200] "GET /wp-content/plugins/elementor/assets/lib/font-awesome/css/brands.min.css?ver=5.15.3 HTTP/1.1" 200 675 "https://lecocondalfred.fr/" "Mozilla/5.0 (iPhone; CPU iPhone OS 16_1_1 like Mac OS X) AppleWebKit/605.1.15 (KHTML, like Gecko) Version/16.1 Mobile/15E148 Safari/604.1"
185.165.66.27 - - [14/Sep/2026:09:39:35 +0200] "GET /wp-includes/js/jquery/jquery-migrate.min.js?ver=3.4.1 HTTP/1.1" 200 13577 "https://lecocondalfred.fr/" "Mozilla/5.0 (iPhone; CPU iPhone OS 16_1_1 like Mac OS X) AppleWebKit/605.1.15 (KHTML, like Gecko) Version/16.1 Mobile/15E148 Safari/604.1"
185.165.66.27 - - [14/Sep/2026:09:39:35 +0200] "GET /wp-content/plugins/elementor/assets/lib/font-awesome/js/v4-shims.min.js?ver=4.2.4 HTTP/1.1" 200 15073 "https://lecocondalfred.fr/" "Mozilla/5.0 (iPhone; CPU iPhone OS 16_1_1 like Mac OS X) AppleWebKit/605.1.15 (KHTML, like Gecko) Version/16.1 Mobile/15E148 Safari/604.1"
185.165.66.27 - - [14/Sep/2026:09:39:35 +0200] "GET /wp-content/plugins/cookie-law-info/legacy/public/js/cookie-law-info-public.js?ver=3.5.5 HTTP/1.1" 200 34121 "https://lecocondalfred.fr/" "Mozilla/5.0 (iPhone; CPU iPhone OS 16_1_1 like Mac OS X) AppleWebKit/605.1.15 (KHTML, like Gecko) Version/16.1 Mobile/15E148 Safari/604.1"
185.165.66.27 - - [14/Sep/2026:09:39:35 +0200] "GET /wp-content/plugins/cookie-law-info/legacy/public/css/cookie-law-info-table.css?ver=3.5.5 HTTP/1.1" 200 6113 "https://lecocondalfred.fr/" "Mozilla/5.0 (iPhone; CPU iPhone OS 16_1_1 like Mac OS X) AppleWebKit/605.1.15 (KHTML, like Gecko) Version/16.1 Mobile/15E148 Safari/604.1"
185.165.66.27 - - [14/Sep/2026:09:39:36 +0200] "GET /wp-content/themes/astra/assets/js/minified/frontend.min.js?ver=4.13.10 HTTP/1.1" 200 26311 "https://lecocondalfred.fr/" "Mozilla/5.0 (iPhone; CPU iPhone OS 16_1_1 like Mac OS X) AppleWebKit/605.1.15 (KHTML, like Gecko) Version/16.1 Mobile/15E148 Safari/604.1"
185.165.66.27 - - [14/Sep/2026:09:39:36 +0200] "GET /wp-content/plugins/the-events-calendar/common/build/js/user-agent.js?ver=da75d0bdea6dde3898df HTTP/1.1" 200 291 "https://lecocondalfred.fr/" "Mozilla/5.0 (iPhone; CPU iPhone OS 16_1_1 like Mac OS X) AppleWebKit/605.1.15 (KHTML, like Gecko) Version/16.1 Mobile/15E148 Safari/604.1"
185.165.66.27 - - [14/Sep/2026:09:39:36 +0200] "GET /wp-includes/js/dist/dom-ready.min.js?ver=3fe927cab37bf38d6a23 HTTP/1.1" 200 881 "https://lecocondalfred.fr/" "Mozilla/5.0 (iPhone; CPU iPhone OS 16_1_1 like Mac OS X) AppleWebKit/605.1.15 (KHTML, like Gecko) Version/16.1 Mobile/15E148 Safari/604.1"
185.165.66.27 - - [14/Sep/2026:09:39:36 +0200] "GET /wp-content/plugins/astra-sites/inc/lib/onboarding/assets/dist/template-preview/main.js?ver=09382f635556bec359b3 HTTP/1.1" 200 6587 "https://lecocondalfred.fr/" "Mozilla/5.0 (iPhone; CPU iPhone OS 16_1_1 like Mac OS X) AppleWebKit/605.1.15 (KHTML, like Gecko) Version/16.1 Mobile/15E148 Safari/604.1"
185.165.66.27 - - [14/Sep/2026:09:39:36 +0200] "GET /wp-content/plugins/wpfront-scroll-top/includes/assets/wpfront-scroll-top.min.js?ver=3.0.1.09211 HTTP/1.1" 200 1490 "https://lecocondalfred.fr/" "Mozilla/5.0 (iPhone; CPU iPhone OS 16_1_1 like Mac OS X) AppleWebKit/605.1.15 (KHTML, like Gecko) Version/16.1 Mobile/15E148 Safari/604.1"
185.165.66.27 - - [14/Sep/2026:09:39:36 +0200] "GET /wp-content/plugins/elementor/assets/js/webpack.runtime.min.js?ver=4.2.4 HTTP/1.1" 200 5819 "https://lecocondalfred.fr/" "Mozilla/5.0 (iPhone; CPU iPhone OS 16_1_1 like Mac OS X) AppleWebKit/605.1.15 (KHTML, like Gecko) Version/16.1 Mobile/15E148 Safari/604.1"
185.165.66.27 - - [14/Sep/2026:09:39:36 +0200] "GET /wp-content/plugins/elementor/assets/js/frontend-modules.min.js?ver=4.2.4 HTTP/1.1" 200 50602 "https://lecocondalfred.fr/" "Mozilla/5.0 (iPhone; CPU iPhone OS 16_1_1 like Mac OS X) AppleWebKit/605.1.15 (KHTML, like Gecko) Version/16.1 Mobile/15E148 Safari/604.1"
185.165.66.27 - - [14/Sep/2026:09:39:36 +0200] "GET /wp-includes/js/jquery/ui/core.min.js?ver=1.14.2 HTTP/1.1" 200 18674 "https://lecocondalfred.fr/" "Mozilla/5.0 (iPhone; CPU iPhone OS 16_1_1 like Mac OS X) AppleWebKit/605.1.15 (KHTML, like Gecko) Version/16.1 Mobile/15E148 Safari/604.1"
185.165.66.27 - - [14/Sep/2026:09:39:36 +0200] "GET /wp-content/plugins/elementor/assets/js/frontend.min.js?ver=4.2.4 HTTP/1.1" 200 32098 "https://lecocondalfred.fr/" "Mozilla/5.0 (iPhone; CPU iPhone OS 16_1_1 like Mac OS X) AppleWebKit/605.1.15 (KHTML, like Gecko) Version/16.1 Mobile/15E148 Safari/604.1"
185.165.66.27 - - [14/Sep/2026:09:39:36 +0200] "GET /wp-content/plugins/elementor-pro/assets/lib/smartmenus/jquery.smartmenus.min.js?ver=1.2.1 HTTP/1.1" 200 24109 "https://lecocondalfred.fr/" "Mozilla/5.0 (iPhone; CPU iPhone OS 16_1_1 like Mac OS X) AppleWebKit/605.1.15 (KHTML, like Gecko) Version/16.1 Mobile/15E148 Safari/604.1"
185.165.66.27 - - [14/Sep/2026:09:39:36 +0200] "GET /wp-includes/js/imagesloaded.min.js?ver=5.0.0 HTTP/1.1" 200 5520 "https://lecocondalfred.fr/" "Mozilla/5.0 (iPhone; CPU iPhone OS 16_1_1 like Mac OS X) AppleWebKit/605.1.15 (KHTML, like Gecko) Version/16.1 Mobile/15E148 Safari/604.1"
185.165.66.27 - - [14/Sep/2026:09:39:36 +0200] "GET /wp-content/plugins/wp-smushit/app/assets/js/smush-lazy-load.min.js?ver=4.3.0 HTTP/1.1" 200 23727 "https://lecocondalfred.fr/" "Mozilla/5.0 (iPhone; CPU iPhone OS 16_1_1 like Mac OS X) AppleWebKit/605.1.15 (KHTML, like Gecko) Version/16.1 Mobile/15E148 Safari/604.1"
185.165.66.27 - - [14/Sep/2026:09:39:36 +0200] "GET /wp-content/plugins/wp-consent-api/assets/js/wp-consent-api.min.js?ver=2.0.1 HTTP/1.1" 200 2235 "https://lecocondalfred.fr/" "Mozilla/5.0 (iPhone; CPU iPhone OS 16_1_1 like Mac OS X) AppleWebKit/605.1.15 (KHTML, like Gecko) Version/16.1 Mobile/15E148 Safari/604.1"
185.165.66.27 - - [14/Sep/2026:09:39:36 +0200] "GET /wp-content/plugins/elementor-pro/assets/js/webpack-pro.runtime.min.js?ver=4.2.1 HTTP/1.1" 200 6242 "https://lecocondalfred.fr/" "Mozilla/5.0 (iPhone; CPU iPhone OS 16_1_1 like Mac OS X) AppleWebKit/605.1.15 (KHTML, like Gecko) Version/16.1 Mobile/15E148 Safari/604.1"
185.165.66.27 - - [14/Sep/2026:09:39:36 +0200] "GET /wp-content/plugins/mailpoet/assets/dist/js/public.min.js?ver=5.37.0 HTTP/1.1" 200 121063 "https://lecocondalfred.fr/" "Mozilla/5.0 (iPhone; CPU iPhone OS 16_1_1 like Mac OS X) AppleWebKit/605.1.15 (KHTML, like Gecko) Version/16.1 Mobile/15E148 Safari/604.1"
185.165.66.27 - - [14/Sep/2026:09:39:36 +0200] "GET /wp-includes/js/dist/hooks.min.js?ver=f0f188028580e8dc1255 HTTP/1.1" 200 5107 "https://lecocondalfred.fr/" "Mozilla/5.0 (iPhone; CPU iPhone OS 16_1_1 like Mac OS X) AppleWebKit/605.1.15 (KHTML, like Gecko) Version/16.1 Mobile/15E148 Safari/604.1"
185.165.66.27 - - [14/Sep/2026:09:39:36 +0200] "GET /wp-includes/js/dist/i18n.min.js?ver=1dfe7db3940c23ea9216 HTTP/1.1" 200 5791 "https://lecocondalfred.fr/" "Mozilla/5.0 (iPhone; CPU iPhone OS 16_1_1 like Mac OS X) AppleWebKit/605.1.15 (KHTML, like Gecko) Version/16.1 Mobile/15E148 Safari/604.1"
185.165.66.27 - - [14/Sep/2026:09:39:36 +0200] "GET /wp-content/plugins/elementor-pro/assets/js/frontend.min.js?ver=4.2.1 HTTP/1.1" 200 23939 "https://lecocondalfred.fr/" "Mozilla/5.0 (iPhone; CPU iPhone OS 16_1_1 like Mac OS X) AppleWebKit/605.1.15 (KHTML, like Gecko) Version/16.1 Mobile/15E148 Safari/604.1"
185.165.66.27 - - [14/Sep/2026:09:39:36 +0200] "GET /wp-content/plugins/elementor/assets/lib/swiper/v8/swiper.min.js?ver=8.4.5 HTTP/1.1" 200 143709 "https://lecocondalfred.fr/" "Mozilla/5.0 (iPhone; CPU iPhone OS 16_1_1 like Mac OS X) AppleWebKit/605.1.15 (KHTML, like Gecko) Version/16.1 Mobile/15E148 Safari/604.1"
185.165.66.27 - - [14/Sep/2026:09:39:36 +0200] "GET /wp-content/plugins/elementor-pro/assets/js/elements-handlers.min.js?ver=4.2.1 HTTP/1.1" 200 43922 "https://lecocondalfred.fr/" "Mozilla/5.0 (iPhone; CPU iPhone OS 16_1_1 like Mac OS X) AppleWebKit/605.1.15 (KHTML, like Gecko) Version/16.1 Mobile/15E148 Safari/604.1"
109.234.165.65 - - [14/Sep/2026:09:39:36 +0200] "POST /wp-cron.php?doing_wp_cron=1789371576.6829519271850585937500 HTTP/1.1" 200 - "-" "WordPress/7.1; https://lecocondalfred.fr"
185.165.66.27 - - [14/Sep/2026:09:39:36 +0200] "GET /wp-content/plugins/google-site-kit/dist/assets/js/googlesitekit-consent-mode-86cb52dcb9f2b27ed244.js HTTP/1.1" 404 146147 "https://lecocondalfred.fr/" "Mozilla/5.0 (iPhone; CPU iPhone OS 16_1_1 like Mac OS X) AppleWebKit/605.1.15 (KHTML, like Gecko) Version/16.1 Mobile/15E148 Safari/604.1"
109.234.165.65 - - [14/Sep/2026:09:39:36 +0200] "POST /wp-cron.php?doing_wp_cron=1789371576.8161120414733886718750 HTTP/1.1" 200 - "-" "WordPress/7.1; https://lecocondalfred.fr"
109.234.165.65 - - [14/Sep/2026:09:39:36 +0200] "POST /wp-cron.php?doing_wp_cron=1789371576.8162009716033935546875 HTTP/1.1" 200 - "-" "WordPress/7.1; https://lecocondalfred.fr"
185.165.66.27 - - [14/Sep/2026:09:39:36 +0200] "GET /wp-content/plugins/google-site-kit/dist/assets/js/googlesitekit-events-provider-wpforms-063cb453c64ecfd3dafe.js HTTP/1.1" 404 146163 "https://lecocondalfred.fr/" "Mozilla/5.0 (iPhone; CPU iPhone OS 16_1_1 like Mac OS X) AppleWebKit/605.1.15 (KHTML, like Gecko) Version/16.1 Mobile/15E148 Safari/604.1"
185.165.66.27 - - [14/Sep/2026:09:39:36 +0200] "GET /wp-content/plugins/google-site-kit/dist/assets/js/googlesitekit-events-provider-content-events-33078016c5e1e9f07c35.js HTTP/1.1" 404 146171 "https://lecocondalfred.fr/" "Mozilla/5.0 (iPhone; CPU iPhone OS 16_1_1 like Mac OS X) AppleWebKit/605.1.15 (KHTML, like Gecko) Version/16.1 Mobile/15E148 Safari/604.1"
185.165.66.27 - - [14/Sep/2026:09:39:36 +0200] "GET /wp-content/uploads/2021/07/LOGO-BLEU-COCON-768x543.png HTTP/1.1" 200 28221 "https://lecocondalfred.fr/" "Mozilla/5.0 (iPhone; CPU iPhone OS 16_1_1 like Mac OS X) AppleWebKit/605.1.15 (KHTML, like Gecko) Version/16.1 Mobile/15E148 Safari/604.1"
185.165.66.27 - - [14/Sep/2026:09:39:37 +0200] "GET /wp-content/uploads/elementor/google-fonts/fonts/roboto-kfo7cnqeu92fr1me7ksn66agldtyluama3yuba.woff2 HTTP/1.1" 200 40128 "https://lecocondalfred.fr/" "Mozilla/5.0 (iPhone; CPU iPhone OS 16_1_1 like Mac OS X) AppleWebKit/605.1.15 (KHTML, like Gecko) Version/16.1 Mobile/15E148 Safari/604.1"
185.165.66.27 - - [14/Sep/2026:09:39:37 +0200] "GET /wp-content/plugins/elementor/assets/lib/eicons/fonts/eicons.woff2?5.53.0 HTTP/1.1" 200 108000 "https://lecocondalfred.fr/" "Mozilla/5.0 (iPhone; CPU iPhone OS 16_1_1 like Mac OS X) AppleWebKit/605.1.15 (KHTML, like Gecko) Version/16.1 Mobile/15E148 Safari/604.1"
185.165.66.27 - - [14/Sep/2026:09:39:37 +0200] "GET /wp-content/uploads/elementor/google-fonts/fonts/baskervville-ya9kr0yu4l_xorogbkun3kqqtamrrvi.woff2 HTTP/1.1" 200 26968 "https://lecocondalfred.fr/" "Mozilla/5.0 (iPhone; CPU iPhone OS 16_1_1 like Mac OS X) AppleWebKit/605.1.15 (KHTML, like Gecko) Version/16.1 Mobile/15E148 Safari/604.1"
185.165.66.27 - - [14/Sep/2026:09:39:37 +0200] "GET /wp-content/uploads/elementor/google-fonts/fonts/alata-pbytfmztewbioce9zqy.woff2 HTTP/1.1" 200 39844 "https://lecocondalfred.fr/" "Mozilla/5.0 (iPhone; CPU iPhone OS 16_1_1 like Mac OS X) AppleWebKit/605.1.15 (KHTML, like Gecko) Version/16.1 Mobile/15E148 Safari/604.1"
185.165.66.27 - - [14/Sep/2026:09:39:37 +0200] "GET /wp-content/uploads/elementor/google-fonts/fonts/actor-weozebbckc5co0ejvsk.woff2 HTTP/1.1" 200 21976 "https://lecocondalfred.fr/" "Mozilla/5.0 (iPhone; CPU iPhone OS 16_1_1 like Mac OS X) AppleWebKit/605.1.15 (KHTML, like Gecko) Version/16.1 Mobile/15E148 Safari/604.1"
185.165.66.27 - - [14/Sep/2026:09:39:37 +0200] "GET /wp-content/uploads/elementor/google-fonts/fonts/roboto-kfo5cnqeu92fr1mu53zec9_vu3r1gihoszmkbnka.woff2 HTTP/1.1" 200 44192 "https://lecocondalfred.fr/" "Mozilla/5.0 (iPhone; CPU iPhone OS 16_1_1 like Mac OS X) AppleWebKit/605.1.15 (KHTML, like Gecko) Version/16.1 Mobile/15E148 Safari/604.1"
185.165.66.27 - - [14/Sep/2026:09:39:37 +0200] "GET /wp-content/plugins/elementor/assets/lib/font-awesome/webfonts/fa-solid-900.woff2 HTTP/1.1" 200 78196 "https://lecocondalfred.fr/" "Mozilla/5.0 (iPhone; CPU iPhone OS 16_1_1 like Mac OS X) AppleWebKit/605.1.15 (KHTML, like Gecko) Version/16.1 Mobile/15E148 Safari/604.1"
185.165.66.27 - - [14/Sep/2026:09:39:37 +0200] "GET /wp/wp-content/uploads/fbrfg/site.webmanifest HTTP/1.1" 404 146091 "https://lecocondalfred.fr/" "Mozilla/5.0 (iPhone; CPU iPhone OS 16_1_1 like Mac OS X) AppleWebKit/605.1.15 (KHTML, like Gecko) Version/16.1 Mobile/15E148 Safari/604.1"
185.165.66.27 - - [14/Sep/2026:09:39:37 +0200] "GET /wp-content/uploads/elementor/google-fonts/fonts/alatsi-tk3iwkujaxq2nln2gt8g.woff2 HTTP/1.1" 200 49868 "https://lecocondalfred.fr/" "Mozilla/5.0 (iPhone; CPU iPhone OS 16_1_1 like Mac OS X) AppleWebKit/605.1.15 (KHTML, like Gecko) Version/16.1 Mobile/15E148 Safari/604.1"
185.165.66.27 - - [14/Sep/2026:09:39:37 +0200] "GET /wp-content/plugins/elementor/assets/lib/font-awesome/webfonts/fa-brands-400.woff2 HTTP/1.1" 200 81612 "https://lecocondalfred.fr/" "Mozilla/5.0 (iPhone; CPU iPhone OS 16_1_1 like Mac OS X) AppleWebKit/605.1.15 (KHTML, like Gecko) Version/16.1 Mobile/15E148 Safari/604.1"
185.165.66.27 - - [14/Sep/2026:09:39:38 +0200] "GET /wp-content/uploads/2021/10/20211019_175052-3-scaled-e1634679864644.jpg HTTP/1.1" 200 35291 "https://lecocondalfred.fr/" "Mozilla/5.0 (iPhone; CPU iPhone OS 16_1_1 like Mac OS X) AppleWebKit/605.1.15 (KHTML, like Gecko) Version/16.1 Mobile/15E148 Safari/604.1"
185.165.66.27 - - [14/Sep/2026:09:39:38 +0200] "GET /wp-content/uploads/2021/10/PA190119-2-e1634680143122.jpg HTTP/1.1" 200 39843 "https://lecocondalfred.fr/" "Mozilla/5.0 (iPhone; CPU iPhone OS 16_1_1 like Mac OS X) AppleWebKit/605.1.15 (KHTML, like Gecko) Version/16.1 Mobile/15E148 Safari/604.1"
185.165.66.27 - - [14/Sep/2026:09:39:38 +0200] "GET /wp-content/uploads/2021/10/20211019_174946-2-scaled-e1634679961218.jpg HTTP/1.1" 200 40860 "https://lecocondalfred.fr/" "Mozilla/5.0 (iPhone; CPU iPhone OS 16_1_1 like Mac OS X) AppleWebKit/605.1.15 (KHTML, like Gecko) Version/16.1 Mobile/15E148 Safari/604.1"
185.165.66.27 - - [14/Sep/2026:09:39:38 +0200] "GET /wp-content/uploads/2021/11/elephant-cocon.jpg HTTP/1.1" 200 17428 "https://lecocondalfred.fr/" "Mozilla/5.0 (iPhone; CPU iPhone OS 16_1_1 like Mac OS X) AppleWebKit/605.1.15 (KHTML, like Gecko) Version/16.1 Mobile/15E148 Safari/604.1"
185.165.66.27 - - [14/Sep/2026:09:39:38 +0200] "GET /wp-content/uploads/2023/02/20230213_174801-scaled.jpg HTTP/1.1" 200 441289 "https://lecocondalfred.fr/" "Mozilla/5.0 (iPhone; CPU iPhone OS 16_1_1 like Mac OS X) AppleWebKit/605.1.15 (KHTML, like Gecko) Version/16.1 Mobile/15E148 Safari/604.1"
185.165.66.27 - - [14/Sep/2026:09:39:38 +0200] "GET /wp-content/plugins/elementor/assets/lib/font-awesome/webfonts/fa-regular-400.woff2 HTTP/1.1" 200 13276 "https://lecocondalfred.fr/" "Mozilla/5.0 (iPhone; CPU iPhone OS 16_1_1 like Mac OS X) AppleWebKit/605.1.15 (KHTML, like Gecko) Version/16.1 Mobile/15E148 Safari/604.1"
185.165.66.27 - - [14/Sep/2026:09:39:38 +0200] "GET /wp-content/uploads/2021/09/Image-Footer.jpg HTTP/1.1" 200 65284 "https://lecocondalfred.fr/" "Mozilla/5.0 (iPhone; CPU iPhone OS 16_1_1 like Mac OS X) AppleWebKit/605.1.15 (KHTML, like Gecko) Version/16.1 Mobile/15E148 Safari/604.1"
109.234.165.65 - - [14/Sep/2026:09:39:41 +0200] "POST /wp-cron.php?doing_wp_cron=1789371581.6198430061340332031250 HTTP/1.1" 200 - "-" "WordPress/7.1; https://lecocondalfred.fr"
185.165.66.27 - - [14/Sep/2026:09:39:35 +0200] "GET /wp-content/plugins/mailpoet/assets/dist/css/mailpoet-public.a7375e83.css?ver=7.1 HTTP/1.1" 404 146127 "https://lecocondalfred.fr/" "Mozilla/5.0 (iPhone; CPU iPhone OS 16_1_1 like Mac OS X) AppleWebKit/605.1.15 (KHTML, like Gecko) Version/16.1 Mobile/15E148 Safari/604.1"
185.165.66.27 - - [14/Sep/2026:09:39:42 +0200] "GET /wp-includes/js/wp-emoji-release.min.js?ver=7.1 HTTP/1.1" 200 22752 "https://lecocondalfred.fr/" "Mozilla/5.0 (iPhone; CPU iPhone OS 16_1_1 like Mac OS X) AppleWebKit/605.1.15 (KHTML, like Gecko) Version/16.1 Mobile/15E148 Safari/604.1"
185.165.66.27 - - [14/Sep/2026:09:39:43 +0200] "GET /wp-content/plugins/elementor/assets/js/section-frontend-handlers.d85ab872da118940910d.bundle.min.js HTTP/1.1" 200 449 "https://lecocondalfred.fr/" "Mozilla/5.0 (iPhone; CPU iPhone OS 16_1_1 like Mac OS X) AppleWebKit/605.1.15 (KHTML, like Gecko) Version/16.1 Mobile/15E148 Safari/604.1"
185.165.66.27 - - [14/Sep/2026:09:39:43 +0200] "GET /wp-content/plugins/elementor/assets/js/shared-frontend-handlers.03caa53373b56d3bab67.bundle.min.js HTTP/1.1" 200 8481 "https://lecocondalfred.fr/" "Mozilla/5.0 (iPhone; CPU iPhone OS 16_1_1 like Mac OS X) AppleWebKit/605.1.15 (KHTML, like Gecko) Version/16.1 Mobile/15E148 Safari/604.1"
185.165.66.27 - - [14/Sep/2026:09:39:43 +0200] "GET /wp-content/plugins/elementor-pro/assets/js/nav-menu.dc8790fd04afa5b6c0a3.bundle.min.js HTTP/1.1" 200 5038 "https://lecocondalfred.fr/" "Mozilla/5.0 (iPhone; CPU iPhone OS 16_1_1 like Mac OS X) AppleWebKit/605.1.15 (KHTML, like Gecko) Version/16.1 Mobile/15E148 Safari/604.1"
185.165.66.27 - - [14/Sep/2026:09:39:43 +0200] "GET /wp-content/plugins/elementor/assets/js/text-editor.45609661e409413f1cef.bundle.min.js HTTP/1.1" 200 1348 "https://lecocondalfred.fr/" "Mozilla/5.0 (iPhone; CPU iPhone OS 16_1_1 like Mac OS X) AppleWebKit/605.1.15 (KHTML, like Gecko) Version/16.1 Mobile/15E148 Safari/604.1"
185.165.66.27 - - [14/Sep/2026:09:39:43 +0200] "GET /wp-content/plugins/elementor-pro/assets/js/slides.8e9b74f1b31471377df8.bundle.min.js HTTP/1.1" 200 3918 "https://lecocondalfred.fr/" "Mozilla/5.0 (iPhone; CPU iPhone OS 16_1_1 like Mac OS X) AppleWebKit/605.1.15 (KHTML, like Gecko) Version/16.1 Mobile/15E148 Safari/604.1"
185.165.66.27 - - [14/Sep/2026:09:39:44 +0200] "GET /wp-content/plugins/wpfront-scroll-top/includes/assets/icons/116.png HTTP/1.1" 200 543 "https://lecocondalfred.fr/" "Mozilla/5.0 (iPhone; CPU iPhone OS 16_1_1 like Mac OS X) AppleWebKit/605.1.15 (KHTML, like Gecko) Version/16.1 Mobile/15E148 Safari/604.1"
216.73.217.79 - - [14/Sep/2026:09:39:43 +0200] "GET /robots.txt HTTP/1.1" 200 175 "-" "Mozilla/5.0 AppleWebKit/537.36 (KHTML, like Gecko; compatible; ClaudeBot/1.0; +claudebot@anthropic.com)"
185.165.66.27 - - [14/Sep/2026:09:39:44 +0200] "GET /wp-content/uploads/2021/08/cropped-FAVICON-lecocondalfred-192x192.png HTTP/1.1" 200 1935 "https://lecocondalfred.fr/" "Mozilla/5.0 (iPhone; CPU iPhone OS 16_1_1 like Mac OS X) AppleWebKit/605.1.15 (KHTML, like Gecko) Version/16.1 Mobile/15E148 Safari/604.1"
216.73.217.79 - - [14/Sep/2026:09:39:44 +0200] "GET /sitemap_index.xml HTTP/1.1" 200 796 "-" "Mozilla/5.0 AppleWebKit/537.36 (KHTML, like Gecko; compatible; ClaudeBot/1.0; +claudebot@anthropic.com)"
109.234.165.65 - - [14/Sep/2026:09:39:57 +0200] "POST /wp-cron.php?doing_wp_cron=1789371596.9959049224853515625000 HTTP/1.1" 200 - "-" "WordPress/7.1; https://lecocondalfred.fr"
109.234.165.65 - - [14/Sep/2026:09:39:36 +0200] "POST /?mailpoet_router&endpoint=cron_daemon&action=run&data=eyJ0b2tlbiI6IjE5eTByIn0 HTTP/1.1" 200 - "-" "MailPoet Cron"
78.123.100.37 - - [14/Sep/2026:09:40:18 +0200] "GET / HTTP/1.1" 200 224621 "-" "Mozilla/5.0 (Macintosh; Intel Mac OS X 10_15_7) AppleWebKit/537.36 (KHTML, like Gecko) Chrome/151.0.0.0 Safari/537.36"
78.123.100.37 - - [14/Sep/2026:09:40:18 +0200] "GET /wp-includes/js/jquery/jquery.min.js?ver=3.7.1 HTTP/1.1" 200 87553 "https://lecocondalfred.fr/" "Mozilla/5.0 (Macintosh; Intel Mac OS X 10_15_7) AppleWebKit/537.36 (KHTML, like Gecko) Chrome/151.0.0.0 Safari/537.36"
78.123.100.37 - - [14/Sep/2026:09:40:18 +0200] "GET /wp-content/plugins/elementor/assets/lib/swiper/v8/swiper.min.js?ver=8.4.5 HTTP/1.1" 200 143709 "https://lecocondalfred.fr/" "Mozilla/5.0 (Macintosh; Intel Mac OS X 10_15_7) AppleWebKit/537.36 (KHTML, like Gecko) Chrome/151.0.0.0 Safari/537.36"
78.123.100.37 - - [14/Sep/2026:09:40:18 +0200] "GET /wp-content/plugins/mailpoet/assets/dist/js/public.min.js?ver=5.37.0 HTTP/1.1" 200 121063 "https://lecocondalfred.fr/" "Mozilla/5.0 (Macintosh; Intel Mac OS X 10_15_7) AppleWebKit/537.36 (KHTML, like Gecko) Chrome/151.0.0.0 Safari/537.36"
78.123.100.37 - - [14/Sep/2026:09:40:18 +0200] "GET /wp-content/uploads/2021/10/20211019_175052-3-scaled-e1634679864644.jpg HTTP/1.1" 200 35291 "https://lecocondalfred.fr/" "Mozilla/5.0 (Macintosh; Intel Mac OS X 10_15_7) AppleWebKit/537.36 (KHTML, like Gecko) Chrome/151.0.0.0 Safari/537.36"
78.123.100.37 - - [14/Sep/2026:09:40:18 +0200] "GET /wp-content/uploads/2021/10/PA190119-2-e1634680143122.jpg HTTP/1.1" 200 39843 "https://lecocondalfred.fr/" "Mozilla/5.0 (Macintosh; Intel Mac OS X 10_15_7) AppleWebKit/537.36 (KHTML, like Gecko) Chrome/151.0.0.0 Safari/537.36"
78.123.100.37 - - [14/Sep/2026:09:40:18 +0200] "GET /wp-content/uploads/2021/10/20211019_174946-2-scaled-e1634679961218.jpg HTTP/1.1" 200 40860 "https://lecocondalfred.fr/" "Mozilla/5.0 (Macintosh; Intel Mac OS X 10_15_7) AppleWebKit/537.36 (KHTML, like Gecko) Chrome/151.0.0.0 Safari/537.36"
78.123.100.37 - - [14/Sep/2026:09:40:18 +0200] "GET /wp-content/uploads/2023/02/20230213_174801-scaled.jpg HTTP/1.1" 200 441289 "https://lecocondalfred.fr/" "Mozilla/5.0 (Macintosh; Intel Mac OS X 10_15_7) AppleWebKit/537.36 (KHTML, like Gecko) Chrome/151.0.0.0 Safari/537.36"
78.123.100.37 - - [14/Sep/2026:09:40:18 +0200] "GET /wp-content/uploads/2021/09/Image-Footer.jpg HTTP/1.1" 200 65284 "https://lecocondalfred.fr/" "Mozilla/5.0 (Macintosh; Intel Mac OS X 10_15_7) AppleWebKit/537.36 (KHTML, like Gecko) Chrome/151.0.0.0 Safari/537.36"
78.123.100.37 - - [14/Sep/2026:09:40:18 +0200] "GET /wp-content/uploads/elementor/google-fonts/fonts/roboto-kfo7cnqeu92fr1me7ksn66agldtyluama3yuba.woff2 HTTP/1.1" 200 40128 "https://lecocondalfred.fr/wp-content/uploads/elementor/google-fonts/css/roboto.css?ver=1742247286" "Mozilla/5.0 (Macintosh; Intel Mac OS X 10_15_7) AppleWebKit/537.36 (KHTML, like Gecko) Chrome/151.0.0.0 Safari/537.36"
78.123.100.37 - - [14/Sep/2026:09:40:18 +0200] "GET /wp-content/uploads/elementor/google-fonts/fonts/robotocondensed-ievl2zhzi2ecn5jzbjeets9weq8-19k7dq.woff2 HTTP/1.1" 200 51404 "https://lecocondalfred.fr/wp-content/uploads/elementor/google-fonts/css/robotocondensed.css?ver=1742247293" "Mozilla/5.0 (Macintosh; Intel Mac OS X 10_15_7) AppleWebKit/537.36 (KHTML, like Gecko) Chrome/151.0.0.0 Safari/537.36"
78.123.100.37 - - [14/Sep/2026:09:40:18 +0200] "GET /wp-content/uploads/elementor/google-fonts/fonts/alatsi-tk3iwkujaxq2nln2gt8g.woff2 HTTP/1.1" 200 49868 "https://lecocondalfred.fr/wp-content/uploads/elementor/google-fonts/css/alatsi.css?ver=1742247287" "Mozilla/5.0 (Macintosh; Intel Mac OS X 10_15_7) AppleWebKit/537.36 (KHTML, like Gecko) Chrome/151.0.0.0 Safari/537.36"
78.123.100.37 - - [14/Sep/2026:09:40:18 +0200] "GET /wp-content/uploads/elementor/google-fonts/fonts/alata-pbytfmztewbioce9zqy.woff2 HTTP/1.1" 200 39844 "https://lecocondalfred.fr/wp-content/uploads/elementor/google-fonts/css/alata.css?ver=1742247287" "Mozilla/5.0 (Macintosh; Intel Mac OS X 10_15_7) AppleWebKit/537.36 (KHTML, like Gecko) Chrome/151.0.0.0 Safari/537.36"
78.123.100.37 - - [14/Sep/2026:09:40:18 +0200] "GET /wp-content/plugins/elementor/assets/lib/eicons/fonts/eicons.woff2?5.53.0 HTTP/1.1" 200 108000 "https://lecocondalfred.fr/wp-content/plugins/elementor/assets/lib/eicons/css/elementor-icons.min.css?ver=5.53.0" "Mozilla/5.0 (Macintosh; Intel Mac OS X 10_15_7) AppleWebKit/537.36 (KHTML, like Gecko) Chrome/151.0.0.0 Safari/537.36"
78.123.100.37 - - [14/Sep/2026:09:40:18 +0200] "GET /wp-content/uploads/elementor/google-fonts/fonts/roboto-kfo5cnqeu92fr1mu53zec9_vu3r1gihoszmkbnka.woff2 HTTP/1.1" 200 44192 "https://lecocondalfred.fr/wp-content/uploads/elementor/google-fonts/css/roboto.css?ver=1742247286" "Mozilla/5.0 (Macintosh; Intel Mac OS X 10_15_7) AppleWebKit/537.36 (KHTML, like Gecko) Chrome/151.0.0.0 Safari/537.36"
78.123.100.37 - - [14/Sep/2026:09:40:18 +0200] "GET /wp-content/plugins/elementor/assets/lib/font-awesome/webfonts/fa-solid-900.woff2 HTTP/1.1" 200 78196 "https://lecocondalfred.fr/wp-content/plugins/elementor/assets/lib/font-awesome/css/all.min.css?ver=4.2.4" "Mozilla/5.0 (Macintosh; Intel Mac OS X 10_15_7) AppleWebKit/537.36 (KHTML, like Gecko) Chrome/151.0.0.0 Safari/537.36"
78.123.100.37 - - [14/Sep/2026:09:40:18 +0200] "GET /wp-content/plugins/elementor/assets/lib/font-awesome/webfonts/fa-brands-400.woff2 HTTP/1.1" 200 81612 "https://lecocondalfred.fr/wp-content/plugins/elementor/assets/lib/font-awesome/css/all.min.css?ver=4.2.4" "Mozilla/5.0 (Macintosh; Intel Mac OS X 10_15_7) AppleWebKit/537.36 (KHTML, like Gecko) Chrome/151.0.0.0 Safari/537.36"
109.234.165.65 - - [14/Sep/2026:09:40:18 +0200] "POST /wp-cron.php?doing_wp_cron=1789371618.9441258907318115234375 HTTP/1.1" 200 - "-" "WordPress/7.1; https://lecocondalfred.fr"
78.123.100.37 - - [14/Sep/2026:09:40:18 +0200] "GET /wp-content/plugins/mailpoet/assets/dist/css/mailpoet-public.a7375e83.css?ver=7.1 HTTP/1.1" 404 146116 "https://lecocondalfred.fr/" "Mozilla/5.0 (Macintosh; Intel Mac OS X 10_15_7) AppleWebKit/537.36 (KHTML, like Gecko) Chrome/151.0.0.0 Safari/537.36"
78.123.100.37 - - [14/Sep/2026:09:40:18 +0200] "GET /wp-content/plugins/google-site-kit/dist/assets/js/googlesitekit-consent-mode-86cb52dcb9f2b27ed244.js HTTP/1.1" 404 146136 "https://lecocondalfred.fr/" "Mozilla/5.0 (Macintosh; Intel Mac OS X 10_15_7) AppleWebKit/537.36 (KHTML, like Gecko) Chrome/151.0.0.0 Safari/537.36"
78.123.100.37 - - [14/Sep/2026:09:40:18 +0200] "GET /wp-content/plugins/google-site-kit/dist/assets/js/googlesitekit-events-provider-wpforms-063cb453c64ecfd3dafe.js HTTP/1.1" 404 146152 "https://lecocondalfred.fr/" "Mozilla/5.0 (Macintosh; Intel Mac OS X 10_15_7) AppleWebKit/537.36 (KHTML, like Gecko) Chrome/151.0.0.0 Safari/537.36"
78.123.100.37 - - [14/Sep/2026:09:40:18 +0200] "GET /wp-content/plugins/google-site-kit/dist/assets/js/googlesitekit-events-provider-content-events-33078016c5e1e9f07c35.js HTTP/1.1" 404 146160 "https://lecocondalfred.fr/" "Mozilla/5.0 (Macintosh; Intel Mac OS X 10_15_7) AppleWebKit/537.36 (KHTML, like Gecko) Chrome/151.0.0.0 Safari/537.36"
109.234.165.65 - - [14/Sep/2026:09:40:19 +0200] "POST /wp-cron.php?doing_wp_cron=1789371619.4058721065521240234375 HTTP/1.1" 200 - "-" "WordPress/7.1; https://lecocondalfred.fr"
78.123.100.37 - - [14/Sep/2026:09:40:18 +0200] "GET /wp/wp-content/uploads/fbrfg/site.webmanifest HTTP/1.1" 404 146080 "https://lecocondalfred.fr/" "Mozilla/5.0 (Macintosh; Intel Mac OS X 10_15_7) AppleWebKit/537.36 (KHTML, like Gecko) Chrome/151.0.0.0 Safari/537.36"
78.123.100.37 - - [14/Sep/2026:09:40:19 +0200] "GET /wp-content/uploads/2021/10/PA190122-2-scaled-e1634680406494.jpg HTTP/1.1" 200 51984 "https://lecocondalfred.fr/" "Mozilla/5.0 (Macintosh; Intel Mac OS X 10_15_7) AppleWebKit/537.36 (KHTML, like Gecko) Chrome/151.0.0.0 Safari/537.36"
78.123.100.37 - - [14/Sep/2026:09:40:19 +0200] "GET /wp/wp-content/uploads/fbrfg/site.webmanifest HTTP/1.1" 404 146080 "https://lecocondalfred.fr/" "Mozilla/5.0 (Macintosh; Intel Mac OS X 10_15_7) AppleWebKit/537.36 (KHTML, like Gecko) Chrome/151.0.0.0 Safari/537.36"
78.123.100.37 - - [14/Sep/2026:09:40:19 +0200] "GET /prendre-rendez-vous/ HTTP/1.1" 200 366738 "https://lecocondalfred.fr/" "Mozilla/5.0 (Macintosh; Intel Mac OS X 10_15_7) AppleWebKit/537.36 (KHTML, like Gecko) Chrome/151.0.0.0 Safari/537.36"
