89.95.213.182 - - [14/Sep/2026:09:12:25 +0200] "GET /wp-content/plugins/bookly-responsive-appointment-booking-tool/frontend/resources/css/frontend-reset.css?ver=28.0 HTTP/1.1" 200 3788 "https://lecocondalfred.fr/prendre-rendez-vous/" "Mozilla/5.0 (Windows NT 10.0; Win64; x64) AppleWebKit/537.36 (KHTML, like Gecko) Chrome/152.0.0.0 Safari/537.36"
89.95.213.182 - - [14/Sep/2026:09:12:25 +0200] "GET /wp-content/plugins/bookly-responsive-appointment-booking-tool/frontend/resources/css/modern-booking-form-calendar.css?ver=28.0 HTTP/1.1" 200 192 "https://lecocondalfred.fr/prendre-rendez-vous/" "Mozilla/5.0 (Windows NT 10.0; Win64; x64) AppleWebKit/537.36 (KHTML, like Gecko) Chrome/152.0.0.0 Safari/537.36"
89.95.213.182 - - [14/Sep/2026:09:12:25 +0200] "GET /wp-content/plugins/bookly-responsive-appointment-booking-tool/frontend/resources/css/bootstrap-icons.min.css?ver=28.0 HTTP/1.1" 200 85875 "https://lecocondalfred.fr/prendre-rendez-vous/" "Mozilla/5.0 (Windows NT 10.0; Win64; x64) AppleWebKit/537.36 (KHTML, like Gecko) Chrome/152.0.0.0 Safari/537.36"
89.95.213.182 - - [14/Sep/2026:09:12:25 +0200] "GET /wp-content/plugins/bookly-responsive-appointment-booking-tool/frontend/resources/css/intlTelInput.css?ver=28.0 HTTP/1.1" 200 17841 "https://lecocondalfred.fr/prendre-rendez-vous/" "Mozilla/5.0 (Windows NT 10.0; Win64; x64) AppleWebKit/537.36 (KHTML, like Gecko) Chrome/152.0.0.0 Safari/537.36"
89.95.213.182 - - [14/Sep/2026:09:12:25 +0200] "GET /wp-content/plugins/bookly-responsive-appointment-booking-tool/frontend/resources/css/bookly-main.css?ver=28.0 HTTP/1.1" 200 40459 "https://lecocondalfred.fr/prendre-rendez-vous/" "Mozilla/5.0 (Windows NT 10.0; Win64; x64) AppleWebKit/537.36 (KHTML, like Gecko) Chrome/152.0.0.0 Safari/537.36"
89.95.213.182 - - [14/Sep/2026:09:12:25 +0200] "GET /wp-content/plugins/elementor/assets/css/widget-menu-anchor.min.css?ver=4.2.4 HTTP/1.1" 200 69 "https://lecocondalfred.fr/prendre-rendez-vous/" "Mozilla/5.0 (Windows NT 10.0; Win64; x64) AppleWebKit/537.36 (KHTML, like Gecko) Chrome/152.0.0.0 Safari/537.36"
89.95.213.182 - - [14/Sep/2026:09:12:25 +0200] "GET /wp-content/uploads/elementor/google-fonts/css/baloo2.css?ver=1742478820 HTTP/1.1" 200 8290 "https://lecocondalfred.fr/prendre-rendez-vous/" "Mozilla/5.0 (Windows NT 10.0; Win64; x64) AppleWebKit/537.36 (KHTML, like Gecko) Chrome/152.0.0.0 Safari/537.36"
89.95.213.182 - - [14/Sep/2026:09:12:25 +0200] "GET /wp-content/plugins/elementor/assets/lib/font-awesome/css/regular.min.css?ver=5.15.3 HTTP/1.1" 200 677 "https://lecocondalfred.fr/prendre-rendez-vous/" "Mozilla/5.0 (Windows NT 10.0; Win64; x64) AppleWebKit/537.36 (KHTML, like Gecko) Chrome/152.0.0.0 Safari/537.36"
89.95.213.182 - - [14/Sep/2026:09:12:25 +0200] "GET /wp-content/plugins/bookly-responsive-appointment-booking-tool/frontend/resources/js/spin.min.js?ver=28.0 HTTP/1.1" 200 4277 "https://lecocondalfred.fr/prendre-rendez-vous/" "Mozilla/5.0 (Windows NT 10.0; Win64; x64) AppleWebKit/537.36 (KHTML, like Gecko) Chrome/152.0.0.0 Safari/537.36"
89.95.213.182 - - [14/Sep/2026:09:12:25 +0200] "GET /wp-content/plugins/bookly-responsive-appointment-booking-tool/frontend/resources/js/ladda.min.js?ver=28.0 HTTP/1.1" 200 3753 "https://lecocondalfred.fr/prendre-rendez-vous/" "Mozilla/5.0 (Windows NT 10.0; Win64; x64) AppleWebKit/537.36 (KHTML, like Gecko) Chrome/152.0.0.0 Safari/537.36"
89.95.213.182 - - [14/Sep/2026:09:12:25 +0200] "GET /wp-content/plugins/bookly-responsive-appointment-booking-tool/backend/resources/js/moment.min.js?ver=28.0 HTTP/1.1" 200 58064 "https://lecocondalfred.fr/prendre-rendez-vous/" "Mozilla/5.0 (Windows NT 10.0; Win64; x64) AppleWebKit/537.36 (KHTML, like Gecko) Chrome/152.0.0.0 Safari/537.36"
89.95.213.182 - - [14/Sep/2026:09:12:25 +0200] "GET /wp-content/plugins/bookly-responsive-appointment-booking-tool/frontend/resources/js/hammer.min.js?ver=28.0 HTTP/1.1" 200 19721 "https://lecocondalfred.fr/prendre-rendez-vous/" "Mozilla/5.0 (Windows NT 10.0; Win64; x64) AppleWebKit/537.36 (KHTML, like Gecko) Chrome/152.0.0.0 Safari/537.36"
89.95.213.182 - - [14/Sep/2026:09:12:25 +0200] "GET /wp-content/plugins/bookly-responsive-appointment-booking-tool/frontend/resources/js/jquery.hammer.min.js?ver=28.0 HTTP/1.1" 200 987 "https://lecocondalfred.fr/prendre-rendez-vous/" "Mozilla/5.0 (Windows NT 10.0; Win64; x64) AppleWebKit/537.36 (KHTML, like Gecko) Chrome/152.0.0.0 Safari/537.36"
89.95.213.182 - - [14/Sep/2026:09:12:25 +0200] "GET /wp-content/plugins/bookly-responsive-appointment-booking-tool/frontend/resources/js/qrcode.js?ver=28.0 HTTP/1.1" 200 33168 "https://lecocondalfred.fr/prendre-rendez-vous/" "Mozilla/5.0 (Windows NT 10.0; Win64; x64) AppleWebKit/537.36 (KHTML, like Gecko) Chrome/152.0.0.0 Safari/537.36"
89.95.213.182 - - [14/Sep/2026:09:12:25 +0200] "GET /wp-content/plugins/bookly-responsive-appointment-booking-tool/frontend/resources/js/bookly.min.js?ver=28.0 HTTP/1.1" 200 243408 "https://lecocondalfred.fr/prendre-rendez-vous/" "Mozilla/5.0 (Windows NT 10.0; Win64; x64) AppleWebKit/537.36 (KHTML, like Gecko) Chrome/152.0.0.0 Safari/537.36"
89.95.213.182 - - [14/Sep/2026:09:12:25 +0200] "GET /wp-content/plugins/bookly-responsive-appointment-booking-tool/frontend/resources/js/intlTelInput.min.js?ver=28.0 HTTP/1.1" 200 292952 "https://lecocondalfred.fr/prendre-rendez-vous/" "Mozilla/5.0 (Windows NT 10.0; Win64; x64) AppleWebKit/537.36 (KHTML, like Gecko) Chrome/152.0.0.0 Safari/537.36"
89.95.213.182 - - [14/Sep/2026:09:12:25 +0200] "GET /wp-content/plugins/google-site-kit/dist/assets/js/googlesitekit-consent-mode-755f1678e260138d789e.js HTTP/1.1" 200 73097 "https://lecocondalfred.fr/prendre-rendez-vous/" "Mozilla/5.0 (Windows NT 10.0; Win64; x64) AppleWebKit/537.36 (KHTML, like Gecko) Chrome/152.0.0.0 Safari/537.36"
89.95.213.182 - - [14/Sep/2026:09:12:26 +0200] "GET /wp-content/plugins/google-site-kit/dist/assets/js/googlesitekit-events-provider-content-events-bb83c1a0aedefa5d25d1.js HTTP/1.1" 200 6525 "https://lecocondalfred.fr/prendre-rendez-vous/" "Mozilla/5.0 (Windows NT 10.0; Win64; x64) AppleWebKit/537.36 (KHTML, like Gecko) Chrome/152.0.0.0 Safari/537.36"
89.95.213.182 - - [14/Sep/2026:09:12:26 +0200] "GET /wp-content/plugins/google-site-kit/dist/assets/js/googlesitekit-events-provider-wpforms-fdbd42f50702ca1e0c36.js HTTP/1.1" 200 7653 "https://lecocondalfred.fr/prendre-rendez-vous/" "Mozilla/5.0 (Windows NT 10.0; Win64; x64) AppleWebKit/537.36 (KHTML, like Gecko) Chrome/152.0.0.0 Safari/537.36"
89.95.213.182 - - [14/Sep/2026:09:12:26 +0200] "GET /wp-content/uploads/2021/11/reservations.jpg HTTP/1.1" 200 151872 "https://lecocondalfred.fr/prendre-rendez-vous/" "Mozilla/5.0 (Windows NT 10.0; Win64; x64) AppleWebKit/537.36 (KHTML, like Gecko) Chrome/152.0.0.0 Safari/537.36"
89.95.213.182 - - [14/Sep/2026:09:12:26 +0200] "GET /wp-content/plugins/elementor/assets/lib/font-awesome/webfonts/fa-regular-400.woff2 HTTP/1.1" 200 13276 "https://lecocondalfred.fr/wp-content/plugins/elementor/assets/lib/font-awesome/css/regular.min.css?ver=5.15.3" "Mozilla/5.0 (Windows NT 10.0; Win64; x64) AppleWebKit/537.36 (KHTML, like Gecko) Chrome/152.0.0.0 Safari/537.36"
89.95.213.182 - - [14/Sep/2026:09:12:26 +0200] "GET /wp-content/uploads/elementor/google-fonts/fonts/baloo2-wxkre3ktposypryd51jcaa.woff2 HTTP/1.1" 200 32676 "https://lecocondalfred.fr/wp-content/uploads/elementor/google-fonts/css/baloo2.css?ver=1742478820" "Mozilla/5.0 (Windows NT 10.0; Win64; x64) AppleWebKit/537.36 (KHTML, like Gecko) Chrome/152.0.0.0 Safari/537.36"
89.95.213.182 - - [14/Sep/2026:09:12:26 +0200] "GET /wp-includes/js/tinymce/skins/lightgray/img/loader.gif HTTP/1.1" 200 2608 "https://lecocondalfred.fr/prendre-rendez-vous/" "Mozilla/5.0 (Windows NT 10.0; Win64; x64) AppleWebKit/537.36 (KHTML, like Gecko) Chrome/152.0.0.0 Safari/537.36"
89.95.213.182 - - [14/Sep/2026:09:12:26 +0200] "GET /wp-content/uploads/2023/09/Copie-de-Succulents-and-Cactus-Daily-Agenda-Slide-2-1536x864.jpg HTTP/1.1" 200 138936 "https://lecocondalfred.fr/prendre-rendez-vous/" "Mozilla/5.0 (Windows NT 10.0; Win64; x64) AppleWebKit/537.36 (KHTML, like Gecko) Chrome/152.0.0.0 Safari/537.36"
89.95.213.182 - - [14/Sep/2026:09:12:26 +0200] "POST /wp-admin/admin-ajax.php HTTP/1.1" 200 88 "https://lecocondalfred.fr/prendre-rendez-vous/" "Mozilla/5.0 (Windows NT 10.0; Win64; x64) AppleWebKit/537.36 (KHTML, like Gecko) Chrome/152.0.0.0 Safari/537.36"
89.95.213.182 - - [14/Sep/2026:09:12:26 +0200] "GET /wp/wp-content/uploads/fbrfg/site.webmanifest HTTP/1.1" 404 146080 "https://lecocondalfred.fr/prendre-rendez-vous/" "Mozilla/5.0 (Windows NT 10.0; Win64; x64) AppleWebKit/537.36 (KHTML, like Gecko) Chrome/152.0.0.0 Safari/537.36"
89.95.213.182 - - [14/Sep/2026:09:12:27 +0200] "GET /wp-admin/admin-ajax.php?action=bookly_render_service&form_id=540163e1f9b5ff3342432b401048110e&new_chain=true&csrf_token=4d0610f653 HTTP/1.1" 200 32160 "https://lecocondalfred.fr/prendre-rendez-vous/" "Mozilla/5.0 (Windows NT 10.0; Win64; x64) AppleWebKit/537.36 (KHTML, like Gecko) Chrome/152.0.0.0 Safari/537.36"
89.95.213.182 - - [14/Sep/2026:09:12:27 +0200] "GET /wp-content/plugins/bookly-responsive-appointment-booking-tool/frontend/resources/images/checkbox.svg HTTP/1.1" 200 285 "https://lecocondalfred.fr/wp-content/plugins/bookly-responsive-appointment-booking-tool/frontend/resources/css/bookly-main.css?ver=28.0" "Mozilla/5.0 (Windows NT 10.0; Win64; x64) AppleWebKit/537.36 (KHTML, like Gecko) Chrome/152.0.0.0 Safari/537.36"
49.47.135.230 - - [14/Sep/2026:09:12:29 +0200] "POST /xmlrpc.php HTTP/1.1" 503 18035 "-" "Jetpack/13.0; WordPress/6.4; http://site49604944.com"
49.47.135.230 - - [14/Sep/2026:09:12:29 +0200] "POST /xmlrpc.php HTTP/1.1" 503 18035 "-" "Jetpack/13.0; WordPress/6.4; http://site49604944.com"
89.95.213.182 - - [14/Sep/2026:09:12:34 +0200] "GET /wp-content/uploads/elementor/google-fonts/fonts/roboto-kfo7cnqeu92fr1me7ksn66agldtyluamaxkubgee.woff2 HTTP/1.1" 200 20408 "https://lecocondalfred.fr/wp-content/uploads/elementor/google-fonts/css/roboto.css?ver=1742247286" "Mozilla/5.0 (Windows NT 10.0; Win64; x64) AppleWebKit/537.36 (KHTML, like Gecko) Chrome/152.0.0.0 Safari/537.36"
89.95.213.182 - - [14/Sep/2026:09:12:35 +0200] "GET /wp-content/astra-local-fonts/roboto/KFO7CnqEu92Fr1ME7kSn66aGLdTylUAMaxKUBGEe.woff2 HTTP/1.1" 200 20556 "https://lecocondalfred.fr/wp-content/astra-local-fonts/astra-local-fonts.css?ver=4.13.10" "Mozilla/5.0 (Windows NT 10.0; Win64; x64) AppleWebKit/537.36 (KHTML, like Gecko) Chrome/152.0.0.0 Safari/537.36"
49.47.135.230 - - [14/Sep/2026:09:12:36 +0200] "POST /xmlrpc.php HTTP/1.1" 503 18035 "-" "Jetpack/13.0; WordPress/6.2; http://site83089486.com"
49.47.135.230 - - [14/Sep/2026:09:12:36 +0200] "POST /xmlrpc.php HTTP/1.1" 503 18035 "-" "Jetpack/13.0; WordPress/6.2; http://site83089486.com"
49.47.135.230 - - [14/Sep/2026:09:12:48 +0200] "POST /xmlrpc.php HTTP/1.1" 503 18035 "-" "WordPress.com; https://wordpress.com"
49.47.135.230 - - [14/Sep/2026:09:12:48 +0200] "POST /xmlrpc.php HTTP/1.1" 503 18035 "-" "WordPress.com; https://wordpress.com"
49.47.135.230 - - [14/Sep/2026:09:12:57 +0200] "POST /xmlrpc.php HTTP/1.1" 503 18035 "-" "Jetpack/12.5; WordPress/6.3; http://site45484423.com"
49.47.135.230 - - [14/Sep/2026:09:12:57 +0200] "POST /xmlrpc.php HTTP/1.1" 503 18035 "-" "Jetpack/12.5; WordPress/6.3; http://site45484423.com"
49.47.135.230 - - [14/Sep/2026:09:13:10 +0200] "POST /xmlrpc.php HTTP/1.1" 503 18035 "-" "Jetpack by WordPress.com"
49.47.135.230 - - [14/Sep/2026:09:13:10 +0200] "POST /xmlrpc.php HTTP/1.1" 503 18035 "-" "Jetpack by WordPress.com"
49.47.135.230 - - [14/Sep/2026:09:13:19 +0200] "POST /xmlrpc.php HTTP/1.1" 503 18035 "-" "Jetpack by WordPress.com"
49.47.135.230 - - [14/Sep/2026:09:13:19 +0200] "POST /xmlrpc.php HTTP/1.1" 503 18035 "-" "Jetpack by WordPress.com"
89.95.213.182 - - [14/Sep/2026:09:13:22 +0200] "GET /flore_ponard/ HTTP/1.1" 200 272146 "https://lecocondalfred.fr/nos-psychologues/" "Mozilla/5.0 (Windows NT 10.0; Win64; x64) AppleWebKit/537.36 (KHTML, like Gecko) Chrome/152.0.0.0 Safari/537.36"
109.234.165.65 - - [14/Sep/2026:09:13:23 +0200] "POST /wp-cron.php?doing_wp_cron=1789370003.2184379100799560546875 HTTP/1.1" 200 - "-" "WordPress/7.1; https://lecocondalfred.fr"
109.234.165.65 - - [14/Sep/2026:09:13:22 +0200] "POST /?wordfence_syncAttackData=1789370002.7686 HTTP/1.1" 200 - "-" "WordPress/7.1; https://lecocondalfred.fr"
109.234.165.65 - - [14/Sep/2026:09:13:22 +0200] "POST /?wordfence_syncAttackData=1789370002.7788 HTTP/1.1" 200 - "-" "WordPress/7.1; https://lecocondalfred.fr"
109.234.165.65 - - [14/Sep/2026:09:13:22 +0200] "POST /?wordfence_syncAttackData=1789370002.7686 HTTP/1.1" 200 - "-" "WordPress/7.1; https://lecocondalfred.fr"
109.234.165.65 - - [14/Sep/2026:09:13:22 +0200] "POST /?wordfence_syncAttackData=1789370002.8235 HTTP/1.1" 200 233955 "-" "WordPress/7.1; https://lecocondalfred.fr"
89.95.213.182 - - [14/Sep/2026:09:13:22 +0200] "GET /wp-content/plugins/google-site-kit/dist/assets/js/googlesitekit-events-provider-content-events-33078016c5e1e9f07c35.js HTTP/1.1" 404 146160 "https://lecocondalfred.fr/flore_ponard/" "Mozilla/5.0 (Windows NT 10.0; Win64; x64) AppleWebKit/537.36 (KHTML, like Gecko) Chrome/152.0.0.0 Safari/537.36"
89.95.213.182 - - [14/Sep/2026:09:13:22 +0200] "GET /wp-content/plugins/google-site-kit/dist/assets/js/googlesitekit-events-provider-wpforms-063cb453c64ecfd3dafe.js HTTP/1.1" 404 146152 "https://lecocondalfred.fr/flore_ponard/" "Mozilla/5.0 (Windows NT 10.0; Win64; x64) AppleWebKit/537.36 (KHTML, like Gecko) Chrome/152.0.0.0 Safari/537.36"
89.95.213.182 - - [14/Sep/2026:09:13:22 +0200] "GET /wp-content/plugins/google-site-kit/dist/assets/js/googlesitekit-consent-mode-86cb52dcb9f2b27ed244.js HTTP/1.1" 404 146136 "https://lecocondalfred.fr/flore_ponard/" "Mozilla/5.0 (Windows NT 10.0; Win64; x64) AppleWebKit/537.36 (KHTML, like Gecko) Chrome/152.0.0.0 Safari/537.36"
109.234.165.65 - - [14/Sep/2026:09:13:23 +0200] "POST /wp-cron.php?doing_wp_cron=1789370003.9693720340728759765625 HTTP/1.1" 200 - "-" "WordPress/7.1; https://lecocondalfred.fr"
89.95.213.182 - - [14/Sep/2026:09:13:22 +0200] "GET /wp/wp-content/uploads/fbrfg/site.webmanifest HTTP/1.1" 404 146080 "https://lecocondalfred.fr/flore_ponard/" "Mozilla/5.0 (Windows NT 10.0; Win64; x64) AppleWebKit/537.36 (KHTML, like Gecko) Chrome/152.0.0.0 Safari/537.36"
89.95.213.182 - - [14/Sep/2026:09:13:25 +0200] "GET /prendre-rendez-vous/ HTTP/1.1" 200 366738 "https://lecocondalfred.fr/flore_ponard/" "Mozilla/5.0 (Windows NT 10.0; Win64; x64) AppleWebKit/537.36 (KHTML, like Gecko) Chrome/152.0.0.0 Safari/537.36"
89.95.213.182 - - [14/Sep/2026:09:13:27 +0200] "POST /wp-admin/admin-ajax.php HTTP/1.1" 200 88 "https://lecocondalfred.fr/prendre-rendez-vous/" "Mozilla/5.0 (Windows NT 10.0; Win64; x64) AppleWebKit/537.36 (KHTML, like Gecko) Chrome/152.0.0.0 Safari/537.36"
89.95.213.182 - - [14/Sep/2026:09:13:26 +0200] "GET /wp/wp-content/uploads/fbrfg/site.webmanifest HTTP/1.1" 404 146080 "https://lecocondalfred.fr/prendre-rendez-vous/" "Mozilla/5.0 (Windows NT 10.0; Win64; x64) AppleWebKit/537.36 (KHTML, like Gecko) Chrome/152.0.0.0 Safari/537.36"
89.95.213.182 - - [14/Sep/2026:09:13:27 +0200] "GET /wp-admin/admin-ajax.php?action=bookly_render_service&form_id=696094d6f9a88f070f5fc08add3470b5&new_chain=true&csrf_token=4d0610f653 HTTP/1.1" 200 32160 "https://lecocondalfred.fr/prendre-rendez-vous/" "Mozilla/5.0 (Windows NT 10.0; Win64; x64) AppleWebKit/537.36 (KHTML, like Gecko) Chrome/152.0.0.0 Safari/537.36"
49.47.135.230 - - [14/Sep/2026:09:13:30 +0200] "POST /xmlrpc.php HTTP/1.1" 503 18035 "-" "Jetpack by WordPress.com"
49.47.135.230 - - [14/Sep/2026:09:13:30 +0200] "POST /xmlrpc.php HTTP/1.1" 503 18035 "-" "Jetpack by WordPress.com"
49.47.135.230 - - [14/Sep/2026:09:13:51 +0200] "POST /xmlrpc.php HTTP/1.1" 503 18035 "-" "Jetpack by WordPress.com"
49.47.135.230 - - [14/Sep/2026:09:13:51 +0200] "POST /xmlrpc.php HTTP/1.1" 503 18035 "-" "Jetpack by WordPress.com"
49.47.135.230 - - [14/Sep/2026:09:14:13 +0200] "POST /xmlrpc.php HTTP/1.1" 503 18035 "-" "Jetpack/12.5; WordPress/6.3; http://site10260404.com"
49.47.135.230 - - [14/Sep/2026:09:14:13 +0200] "POST /xmlrpc.php HTTP/1.1" 503 18035 "-" "Jetpack/12.5; WordPress/6.3; http://site10260404.com"
49.47.135.230 - - [14/Sep/2026:09:14:34 +0200] "POST /xmlrpc.php HTTP/1.1" 503 18035 "-" "Jetpack by WordPress.com"
49.47.135.230 - - [14/Sep/2026:09:14:34 +0200] "POST /xmlrpc.php HTTP/1.1" 503 18035 "-" "Jetpack by WordPress.com"
49.47.135.230 - - [14/Sep/2026:09:14:56 +0200] "POST /xmlrpc.php HTTP/1.1" 503 18035 "-" "WordPress.com; https://wordpress.com"
49.47.135.230 - - [14/Sep/2026:09:14:56 +0200] "POST /xmlrpc.php HTTP/1.1" 503 18035 "-" "WordPress.com; https://wordpress.com"
49.47.135.230 - - [14/Sep/2026:09:15:05 +0200] "POST /xmlrpc.php HTTP/1.1" 503 18035 "-" "Jetpack/12.1; WordPress/6.2; http://site73339629.com"
49.47.135.230 - - [14/Sep/2026:09:15:05 +0200] "POST /xmlrpc.php HTTP/1.1" 503 18035 "-" "Jetpack/12.1; WordPress/6.2; http://site73339629.com"
49.47.135.230 - - [14/Sep/2026:09:15:16 +0200] "POST /xmlrpc.php HTTP/1.1" 503 18035 "-" "Jetpack/12.5; WordPress/6.3; http://site99220139.com"
49.47.135.230 - - [14/Sep/2026:09:15:16 +0200] "POST /xmlrpc.php HTTP/1.1" 503 18035 "-" "Jetpack/12.5; WordPress/6.3; http://site99220139.com"
49.47.135.230 - - [14/Sep/2026:09:15:26 +0200] "POST /xmlrpc.php HTTP/1.1" 503 18035 "-" "Jetpack/12.0; WordPress/6.2; http://site23234889.com"
49.47.135.230 - - [14/Sep/2026:09:15:26 +0200] "POST /xmlrpc.php HTTP/1.1" 503 18035 "-" "Jetpack/12.0; WordPress/6.2; http://site23234889.com"
109.234.165.65 - - [14/Sep/2026:09:15:38 +0200] "POST /wp-cron.php?doing_wp_cron=1789370138.7303729057312011718750 HTTP/1.1" 200 - "-" "WordPress/7.1; https://lecocondalfred.fr"
109.234.165.65 - - [14/Sep/2026:09:15:38 +0200] "POST /?wordfence_syncAttackData=1789370138.2778 HTTP/1.1" 200 - "-" "WordPress/7.1; https://lecocondalfred.fr"
109.234.165.65 - - [14/Sep/2026:09:15:39 +0200] "POST /wp-cron.php?doing_wp_cron=1789370139.0127990245819091796875 HTTP/1.1" 200 - "-" "WordPress/7.1; https://lecocondalfred.fr"
109.234.165.65 - - [14/Sep/2026:09:15:38 +0200] "POST /?wordfence_syncAttackData=1789370138.2778 HTTP/1.1" 200 233955 "-" "WordPress/7.1; https://lecocondalfred.fr"
109.234.165.65 - - [14/Sep/2026:09:15:39 +0200] "POST /wp-cron.php?doing_wp_cron=1789370139.1861848831176757812500 HTTP/1.1" 200 - "-" "WordPress/7.1; https://lecocondalfred.fr"
49.47.135.230 - - [14/Sep/2026:09:15:38 +0200] "POST /xmlrpc.php HTTP/1.1" 404 138354 "-" "Jetpack by WordPress.com"
109.234.165.65 - - [14/Sep/2026:09:15:39 +0200] "POST /wp-cron.php?doing_wp_cron=1789370139.4461979866027832031250 HTTP/1.1" 200 - "-" "WordPress/7.1; https://lecocondalfred.fr"
49.47.135.230 - - [14/Sep/2026:09:15:38 +0200] "POST /xmlrpc.php HTTP/1.1" 404 138354 "-" "Jetpack by WordPress.com"
109.234.165.65 - - [14/Sep/2026:09:16:00 +0200] "POST /wp-cron.php?doing_wp_cron=1789370160.9477190971374511718750 HTTP/1.1" 200 - "-" "WordPress/7.1; https://lecocondalfred.fr"
49.47.135.230 - - [14/Sep/2026:09:16:00 +0200] "POST /xmlrpc.php HTTP/1.1" 404 138354 "-" "Jetpack by WordPress.com"
49.47.135.230 - - [14/Sep/2026:09:16:00 +0200] "POST /xmlrpc.php HTTP/1.1" 404 138354 "-" "Jetpack by WordPress.com"
49.47.135.230 - - [14/Sep/2026:09:16:09 +0200] "POST /xmlrpc.php HTTP/1.1" 404 138354 "-" "WordPress.com; https://wordpress.com"
49.47.135.230 - - [14/Sep/2026:09:16:09 +0200] "POST /xmlrpc.php HTTP/1.1" 404 138354 "-" "WordPress.com; https://wordpress.com"
49.47.135.230 - - [14/Sep/2026:09:16:20 +0200] "POST /xmlrpc.php HTTP/1.1" 404 138354 "-" "WordPress.com; https://wordpress.com"
49.47.135.230 - - [14/Sep/2026:09:16:20 +0200] "POST /xmlrpc.php HTTP/1.1" 404 138354 "-" "WordPress.com; https://wordpress.com"
49.47.135.230 - - [14/Sep/2026:09:16:42 +0200] "POST /xmlrpc.php HTTP/1.1" 404 138354 "-" "Jetpack by WordPress.com (Jetpack 13.0; WordPress 6.1)"
49.47.135.230 - - [14/Sep/2026:09:16:42 +0200] "POST /xmlrpc.php HTTP/1.1" 404 138354 "-" "Jetpack by WordPress.com (Jetpack 13.0; WordPress 6.1)"
40.77.167.156 - - [14/Sep/2026:09:16:45 +0200] "GET /journee-dinformation-sur-la-prise-en-charge-du-surpoids-et-de-lobesite/ HTTP/1.1" 200 157089 "-" "Mozilla/5.0 AppleWebKit/537.36 (KHTML, like Gecko; compatible; bingbot/2.0; +http://www.bing.com/bingbot.htm) Chrome/116.0.1938.76 Safari/537.36"
31.13.127.52 - - [14/Sep/2026:09:16:52 +0200] "GET /wp-content/uploads/2022/08/Laurie-GIRARDOT.jpg HTTP/1.1" 200 29044 "-" "facebookexternalhit/1.1 (+http://www.facebook.com/externalhit_uatext.php)"
31.13.127.52 - - [14/Sep/2026:09:16:53 +0200] "GET /wp-content/uploads/2021/11/article-est-republicain-12-NOV-2021.png HTTP/1.1" 200 702234 "-" "facebookexternalhit/1.1 (+http://www.facebook.com/externalhit_uatext.php)"
31.13.103.115 - - [14/Sep/2026:09:16:53 +0200] "GET /wp-content/uploads/2023/10/accompagnement-parental-delphine.png HTTP/1.1" 200 819451 "-" "facebookexternalhit/1.1 (+http://www.facebook.com/externalhit_uatext.php)"
31.13.127.52 - - [14/Sep/2026:09:16:53 +0200] "GET /wp-content/uploads/2023/09/delphine-ortho-PETITE.jpg HTTP/1.1" 200 14292 "-" "facebookexternalhit/1.1 (+http://www.facebook.com/externalhit_uatext.php)"
109.234.165.65 - - [14/Sep/2026:09:17:03 +0200] "POST /wp-cron.php?doing_wp_cron=1789370223.9231419563293457031250 HTTP/1.1" 200 - "-" "WordPress/7.1; https://lecocondalfred.fr"
49.47.135.230 - - [14/Sep/2026:09:17:03 +0200] "POST /xmlrpc.php HTTP/1.1" 404 138354 "-" "Jetpack by WordPress.com (Jetpack 13.0; WordPress 6.4)"
49.47.135.230 - - [14/Sep/2026:09:17:03 +0200] "POST /xmlrpc.php HTTP/1.1" 404 138354 "-" "Jetpack by WordPress.com (Jetpack 13.0; WordPress 6.4)"
49.47.135.230 - - [14/Sep/2026:09:17:24 +0200] "POST /xmlrpc.php HTTP/1.1" 404 138354 "-" "Jetpack by WordPress.com (Jetpack 12.5; WordPress 6.4)"
49.47.135.230 - - [14/Sep/2026:09:17:24 +0200] "POST /xmlrpc.php HTTP/1.1" 404 138354 "-" "Jetpack by WordPress.com (Jetpack 12.5; WordPress 6.4)"
185.19.92.163 - - [14/Sep/2026:09:17:43 +0200] "GET / HTTP/1.1" 200 224621 "-" "Mozilla/5.0 (Windows NT 10.0; Win64; x64; rv:92.0) Gecko/20100101 Firefox/92.0"
185.19.92.163 - - [14/Sep/2026:09:17:43 +0200] "POST /xmlrpc.php HTTP/1.1" 404 138354 "-" "Mozilla/5.0 (Windows NT 10.0; Win64; x64; rv:92.0) Gecko/20100101 Firefox/92.0"
49.47.135.230 - - [14/Sep/2026:09:17:46 +0200] "POST /xmlrpc.php HTTP/1.1" 404 138354 "-" "Jetpack by WordPress.com (Jetpack 12.1; WordPress 6.1)"
49.47.135.230 - - [14/Sep/2026:09:17:46 +0200] "POST /xmlrpc.php HTTP/1.1" 404 138354 "-" "Jetpack by WordPress.com (Jetpack 12.1; WordPress 6.1)"
39.194.3.66 - - [14/Sep/2026:09:17:49 +0200] "GET /event/portes-ouvertes-du-cocon/ HTTP/1.1" 200 154630 "-" "Mozilla/5.0 (Windows NT 10.0; Win64; x64) AppleWebKit/537.36 (KHTML, like Gecko) Chrome/126.0.0.0 Safari/537.36"
39.194.3.66 - - [14/Sep/2026:09:17:50 +0200] "GET /event/atelier-test-du-x-decembre/ HTTP/1.1" 200 158493 "-" "Mozilla/5.0 (Windows NT 10.0; Win64; x64) AppleWebKit/537.36 (KHTML, like Gecko) Chrome/126.0.0.0 Safari/537.36"
39.194.3.66 - - [14/Sep/2026:09:17:51 +0200] "GET /event/atelier-sophrologie/ HTTP/1.1" 200 161748 "-" "Mozilla/5.0 (Windows NT 10.0; Win64; x64) AppleWebKit/537.36 (KHTML, like Gecko) Chrome/126.0.0.0 Safari/537.36"
89.95.213.182 - - [14/Sep/2026:09:18:02 +0200] "GET /flore_ponard/ HTTP/1.1" 200 272146 "https://lecocondalfred.fr/nos-psychologues/" "Mozilla/5.0 (Windows NT 10.0; Win64; x64) AppleWebKit/537.36 (KHTML, like Gecko) Chrome/152.0.0.0 Safari/537.36"
109.234.165.65 - - [14/Sep/2026:09:18:03 +0200] "POST /wp-cron.php?doing_wp_cron=1789370283.0444910526275634765625 HTTP/1.1" 200 - "-" "WordPress/7.1; https://lecocondalfred.fr"
109.234.165.65 - - [14/Sep/2026:09:18:03 +0200] "POST /wp-cron.php?doing_wp_cron=1789370283.0446870326995849609375 HTTP/1.1" 200 - "-" "WordPress/7.1; https://lecocondalfred.fr"
89.95.213.182 - - [14/Sep/2026:09:18:02 +0200] "GET /wp-content/plugins/google-site-kit/dist/assets/js/googlesitekit-events-provider-content-events-33078016c5e1e9f07c35.js HTTP/1.1" 404 146160 "https://lecocondalfred.fr/flore_ponard/" "Mozilla/5.0 (Windows NT 10.0; Win64; x64) AppleWebKit/537.36 (KHTML, like Gecko) Chrome/152.0.0.0 Safari/537.36"
89.95.213.182 - - [14/Sep/2026:09:18:02 +0200] "GET /wp-content/plugins/google-site-kit/dist/assets/js/googlesitekit-consent-mode-86cb52dcb9f2b27ed244.js HTTP/1.1" 404 146136 "https://lecocondalfred.fr/flore_ponard/" "Mozilla/5.0 (Windows NT 10.0; Win64; x64) AppleWebKit/537.36 (KHTML, like Gecko) Chrome/152.0.0.0 Safari/537.36"
89.95.213.182 - - [14/Sep/2026:09:18:02 +0200] "GET /wp-content/plugins/google-site-kit/dist/assets/js/googlesitekit-events-provider-wpforms-063cb453c64ecfd3dafe.js HTTP/1.1" 404 146152 "https://lecocondalfred.fr/flore_ponard/" "Mozilla/5.0 (Windows NT 10.0; Win64; x64) AppleWebKit/537.36 (KHTML, like Gecko) Chrome/152.0.0.0 Safari/537.36"
89.95.213.182 - - [14/Sep/2026:09:18:02 +0200] "GET /wp/wp-content/uploads/fbrfg/site.webmanifest HTTP/1.1" 404 146080 "https://lecocondalfred.fr/flore_ponard/" "Mozilla/5.0 (Windows NT 10.0; Win64; x64) AppleWebKit/537.36 (KHTML, like Gecko) Chrome/152.0.0.0 Safari/537.36"
89.95.213.182 - - [14/Sep/2026:09:18:03 +0200] "GET /wp/wp-content/uploads/fbrfg/site.webmanifest HTTP/1.1" 404 146080 "https://lecocondalfred.fr/flore_ponard/" "Mozilla/5.0 (Windows NT 10.0; Win64; x64) AppleWebKit/537.36 (KHTML, like Gecko) Chrome/152.0.0.0 Safari/537.36"
89.95.213.182 - - [14/Sep/2026:09:18:17 +0200] "GET /nos-psychologues/ HTTP/1.1" 200 256001 "https://www.google.com/" "Mozilla/5.0 (Windows NT 10.0; Win64; x64) AppleWebKit/537.36 (KHTML, like Gecko) Chrome/152.0.0.0 Safari/537.36"
89.95.213.182 - - [14/Sep/2026:09:18:18 +0200] "GET /wp/wp-content/uploads/fbrfg/site.webmanifest HTTP/1.1" 404 146080 "https://lecocondalfred.fr/nos-psychologues/" "Mozilla/5.0 (Windows NT 10.0; Win64; x64) AppleWebKit/537.36 (KHTML, like Gecko) Chrome/152.0.0.0 Safari/537.36"
49.47.135.230 - - [14/Sep/2026:09:18:29 +0200] "POST /xmlrpc.php HTTP/1.1" 404 138354 "-" "Jetpack by WordPress.com"
49.47.135.230 - - [14/Sep/2026:09:18:29 +0200] "POST /xmlrpc.php HTTP/1.1" 404 138354 "-" "Jetpack by WordPress.com"
49.47.135.230 - - [14/Sep/2026:09:18:38 +0200] "POST /xmlrpc.php HTTP/1.1" 404 138354 "-" "Jetpack/12.1; WordPress/6.2; http://site50021723.com"
49.47.135.230 - - [14/Sep/2026:09:18:38 +0200] "POST /xmlrpc.php HTTP/1.1" 404 138354 "-" "Jetpack/12.1; WordPress/6.2; http://site50021723.com"
88.191.178.4 - - [14/Sep/2026:09:18:41 +0200] "GET / HTTP/1.1" 200 224621 "-" "Mozilla/5.0 (Macintosh; Intel Mac OS X 10_15_7) AppleWebKit/605.1.15 (KHTML, like Gecko) Version/26.6.1 Safari/605.1.15"
88.191.178.4 - - [14/Sep/2026:09:18:42 +0200] "GET /wp/wp-content/uploads/fbrfg/site.webmanifest HTTP/1.1" 404 146080 "https://lecocondalfred.fr/" "Mozilla/5.0 (Macintosh; Intel Mac OS X 10_15_7) AppleWebKit/605.1.15 (KHTML, like Gecko) Version/26.6.1 Safari/605.1.15"
88.191.178.4 - - [14/Sep/2026:09:18:42 +0200] "GET /wp-content/plugins/mailpoet/assets/dist/css/mailpoet-public.a7375e83.css?ver=7.1 HTTP/1.1" 404 146116 "https://lecocondalfred.fr/" "Mozilla/5.0 (Macintosh; Intel Mac OS X 10_15_7) AppleWebKit/605.1.15 (KHTML, like Gecko) Version/26.6.1 Safari/605.1.15"
88.191.178.4 - - [14/Sep/2026:09:18:44 +0200] "GET /nos-professionnels/ HTTP/1.1" 200 274928 "https://lecocondalfred.fr/" "Mozilla/5.0 (Macintosh; Intel Mac OS X 10_15_7) AppleWebKit/605.1.15 (KHTML, like Gecko) Version/26.6.1 Safari/605.1.15"
88.191.178.4 - - [14/Sep/2026:09:18:44 +0200] "GET /wp-content/plugins/elementor-pro/assets/css/widget-flip-box.min.css?ver=4.2.1 HTTP/1.1" 200 11659 "https://lecocondalfred.fr/nos-professionnels/" "Mozilla/5.0 (Macintosh; Intel Mac OS X 10_15_7) AppleWebKit/605.1.15 (KHTML, like Gecko) Version/26.6.1 Safari/605.1.15"
88.191.178.4 - - [14/Sep/2026:09:18:44 +0200] "GET /wp-content/uploads/2022/12/laurie-presentation.jpg HTTP/1.1" 200 27886 "https://lecocondalfred.fr/nos-professionnels/" "Mozilla/5.0 (Macintosh; Intel Mac OS X 10_15_7) AppleWebKit/605.1.15 (KHTML, like Gecko) Version/26.6.1 Safari/605.1.15"
88.191.178.4 - - [14/Sep/2026:09:18:44 +0200] "GET /wp-content/uploads/2025/09/IMG_20250915_104859-1-scaled-e1757926796500.jpg HTTP/1.1" 200 35251 "https://lecocondalfred.fr/nos-professionnels/" "Mozilla/5.0 (Macintosh; Intel Mac OS X 10_15_7) AppleWebKit/605.1.15 (KHTML, like Gecko) Version/26.6.1 Safari/605.1.15"
88.191.178.4 - - [14/Sep/2026:09:18:44 +0200] "GET /wp-content/uploads/2025/04/Site-du-Cocon-e1757589450148.jpg HTTP/1.1" 200 48778 "https://lecocondalfred.fr/nos-professionnels/" "Mozilla/5.0 (Macintosh; Intel Mac OS X 10_15_7) AppleWebKit/605.1.15 (KHTML, like Gecko) Version/26.6.1 Safari/605.1.15"
88.191.178.4 - - [14/Sep/2026:09:18:44 +0200] "GET /wp-content/uploads/2025/04/8A1AF3D8-AD3D-4301-8725-9C2AD91E3B34-e1757062442279.jpg HTTP/1.1" 200 19037 "https://lecocondalfred.fr/nos-professionnels/" "Mozilla/5.0 (Macintosh; Intel Mac OS X 10_15_7) AppleWebKit/605.1.15 (KHTML, like Gecko) Version/26.6.1 Safari/605.1.15"
88.191.178.4 - - [14/Sep/2026:09:18:44 +0200] "GET /wp-content/uploads/2025/10/IMG_1538-scaled-e1761573720870.jpeg HTTP/1.1" 200 76354 "https://lecocondalfred.fr/nos-professionnels/" "Mozilla/5.0 (Macintosh; Intel Mac OS X 10_15_7) AppleWebKit/605.1.15 (KHTML, like Gecko) Version/26.6.1 Safari/605.1.15"
88.191.178.4 - - [14/Sep/2026:09:18:44 +0200] "GET /wp-content/uploads/2024/09/DSC00427.jpg HTTP/1.1" 200 347534 "https://lecocondalfred.fr/nos-professionnels/" "Mozilla/5.0 (Macintosh; Intel Mac OS X 10_15_7) AppleWebKit/605.1.15 (KHTML, like Gecko) Version/26.6.1 Safari/605.1.15"
88.191.178.4 - - [14/Sep/2026:09:18:44 +0200] "GET /wp-content/uploads/2021/10/TROMBI-Eugenie-LE-MOIGNE.jpg HTTP/1.1" 200 46371 "https://lecocondalfred.fr/nos-professionnels/" "Mozilla/5.0 (Macintosh; Intel Mac OS X 10_15_7) AppleWebKit/605.1.15 (KHTML, like Gecko) Version/26.6.1 Safari/605.1.15"
88.191.178.4 - - [14/Sep/2026:09:18:44 +0200] "GET /wp-content/uploads/2024/09/DSC00464-e1757589124789.jpg HTTP/1.1" 200 43484 "https://lecocondalfred.fr/nos-professionnels/" "Mozilla/5.0 (Macintosh; Intel Mac OS X 10_15_7) AppleWebKit/605.1.15 (KHTML, like Gecko) Version/26.6.1 Safari/605.1.15"
88.191.178.4 - - [14/Sep/2026:09:18:44 +0200] "GET /wp-content/uploads/2025/09/Cecile--e1758110888190.png HTTP/1.1" 200 230516 "https://lecocondalfred.fr/nos-professionnels/" "Mozilla/5.0 (Macintosh; Intel Mac OS X 10_15_7) AppleWebKit/605.1.15 (KHTML, like Gecko) Version/26.6.1 Safari/605.1.15"
88.191.178.4 - - [14/Sep/2026:09:18:44 +0200] "GET /wp-content/uploads/2024/09/DSC00483.jpg HTTP/1.1" 200 294143 "https://lecocondalfred.fr/nos-professionnels/" "Mozilla/5.0 (Macintosh; Intel Mac OS X 10_15_7) AppleWebKit/605.1.15 (KHTML, like Gecko) Version/26.6.1 Safari/605.1.15"
88.191.178.4 - - [14/Sep/2026:09:18:44 +0200] "GET /wp-content/uploads/2024/09/DSC00525.jpg HTTP/1.1" 200 229251 "https://lecocondalfred.fr/nos-professionnels/" "Mozilla/5.0 (Macintosh; Intel Mac OS X 10_15_7) AppleWebKit/605.1.15 (KHTML, like Gecko) Version/26.6.1 Safari/605.1.15"
88.191.178.4 - - [14/Sep/2026:09:18:44 +0200] "GET /wp-content/uploads/2024/09/DSC00457.jpg HTTP/1.1" 200 207472 "https://lecocondalfred.fr/nos-professionnels/" "Mozilla/5.0 (Macintosh; Intel Mac OS X 10_15_7) AppleWebKit/605.1.15 (KHTML, like Gecko) Version/26.6.1 Safari/605.1.15"
88.191.178.4 - - [14/Sep/2026:09:18:44 +0200] "GET /wp-content/uploads/2024/09/DSC00517.jpg HTTP/1.1" 200 304030 "https://lecocondalfred.fr/nos-professionnels/" "Mozilla/5.0 (Macintosh; Intel Mac OS X 10_15_7) AppleWebKit/605.1.15 (KHTML, like Gecko) Version/26.6.1 Safari/605.1.15"
88.191.178.4 - - [14/Sep/2026:09:18:44 +0200] "GET /wp-content/uploads/2024/09/DSC00508.jpg HTTP/1.1" 200 234308 "https://lecocondalfred.fr/nos-professionnels/" "Mozilla/5.0 (Macintosh; Intel Mac OS X 10_15_7) AppleWebKit/605.1.15 (KHTML, like Gecko) Version/26.6.1 Safari/605.1.15"
88.191.178.4 - - [14/Sep/2026:09:18:44 +0200] "GET /wp-content/uploads/2025/09/PHOTO-2025-09-18-16-56-00-e1758275008917.jpg HTTP/1.1" 200 49711 "https://lecocondalfred.fr/nos-professionnels/" "Mozilla/5.0 (Macintosh; Intel Mac OS X 10_15_7) AppleWebKit/605.1.15 (KHTML, like Gecko) Version/26.6.1 Safari/605.1.15"
88.191.178.4 - - [14/Sep/2026:09:18:44 +0200] "GET /wp-content/uploads/2021/09/PIERRICK-BOYER-TROMBI-1.jpg HTTP/1.1" 200 43249 "https://lecocondalfred.fr/nos-professionnels/" "Mozilla/5.0 (Macintosh; Intel Mac OS X 10_15_7) AppleWebKit/605.1.15 (KHTML, like Gecko) Version/26.6.1 Safari/605.1.15"
88.191.178.4 - - [14/Sep/2026:09:18:44 +0200] "GET /wp-content/uploads/2025/04/Sabine-Damongeot-Cocon_Original-e1745315332777.jpeg HTTP/1.1" 200 32241 "https://lecocondalfred.fr/nos-professionnels/" "Mozilla/5.0 (Macintosh; Intel Mac OS X 10_15_7) AppleWebKit/605.1.15 (KHTML, like Gecko) Version/26.6.1 Safari/605.1.15"
88.191.178.4 - - [14/Sep/2026:09:18:44 +0200] "GET /wp-content/uploads/2026/08/jessica-214x300.jpg HTTP/1.1" 200 16705 "https://lecocondalfred.fr/nos-professionnels/" "Mozilla/5.0 (Macintosh; Intel Mac OS X 10_15_7) AppleWebKit/605.1.15 (KHTML, like Gecko) Version/26.6.1 Safari/605.1.15"
88.191.178.4 - - [14/Sep/2026:09:18:44 +0200] "GET /wp-content/uploads/2026/08/jessica.jpg HTTP/1.1" 200 281395 "https://lecocondalfred.fr/nos-professionnels/" "Mozilla/5.0 (Macintosh; Intel Mac OS X 10_15_7) AppleWebKit/605.1.15 (KHTML, like Gecko) Version/26.6.1 Safari/605.1.15"
88.191.178.4 - - [14/Sep/2026:09:18:44 +0200] "GET /wp-content/uploads/2024/10/2024-10-12-11.57.38-768x1024.jpg HTTP/1.1" 200 83912 "https://lecocondalfred.fr/nos-professionnels/" "Mozilla/5.0 (Macintosh; Intel Mac OS X 10_15_7) AppleWebKit/605.1.15 (KHTML, like Gecko) Version/26.6.1 Safari/605.1.15"
88.191.178.4 - - [14/Sep/2026:09:18:44 +0200] "GET /wp/wp-content/uploads/fbrfg/site.webmanifest HTTP/1.1" 404 146080 "https://lecocondalfred.fr/nos-professionnels/" "Mozilla/5.0 (Macintosh; Intel Mac OS X 10_15_7) AppleWebKit/605.1.15 (KHTML, like Gecko) Version/26.6.1 Safari/605.1.15"
88.191.178.4 - - [14/Sep/2026:09:18:45 +0200] "GET /wp-content/uploads/2021/08/le-cocon-logo.png HTTP/1.1" 200 5329 "-" "NetworkingExtension/8624.5.1.10.3 Network/5812.160.9 iOS/26.6.2"
88.191.178.4 - - [14/Sep/2026:09:18:45 +0200] "GET /wp-content/uploads/2021/08/cropped-FAVICON-lecocondalfred-32x32.png HTTP/1.1" 200 340 "-" "NetworkingExtension/8624.5.1.10.3 Network/5812.160.9 iOS/26.6.2"
88.191.178.4 - - [14/Sep/2026:09:18:45 +0200] "GET /favicon.ico HTTP/1.1" 302 - "-" "NetworkingExtension/8624.5.1.10.3 Network/5812.160.9 iOS/26.6.2"
88.191.178.4 - - [14/Sep/2026:09:18:45 +0200] "GET /wp-content/uploads/2021/08/cropped-FAVICON-lecocondalfred-32x32.png HTTP/1.1" 200 340 "-" "NetworkingExtension/8624.5.1.10.3 Network/5812.160.9 iOS/26.6.2"
88.191.178.4 - - [14/Sep/2026:09:18:45 +0200] "GET /wp-content/uploads/2021/08/cropped-FAVICON-lecocondalfred-180x180.png HTTP/1.1" 200 1615 "-" "NetworkingExtension/8624.5.1.10.3 Network/5812.160.9 iOS/26.6.2"
88.191.178.4 - - [14/Sep/2026:09:18:45 +0200] "GET /wp-content/uploads/2021/08/cropped-FAVICON-lecocondalfred-192x192.png HTTP/1.1" 200 1935 "-" "NetworkingExtension/8624.5.1.10.3 Network/5812.160.9 iOS/26.6.2"
88.191.178.4 - - [14/Sep/2026:09:18:45 +0200] "GET /apple-touch-icon-precomposed.png HTTP/1.1" 404 138386 "-" "NetworkingExtension/8624.5.1.10.3 Network/5812.160.9 iOS/26.6.2"
88.191.178.4 - - [14/Sep/2026:09:18:45 +0200] "GET /apple-touch-icon.png HTTP/1.1" 404 138370 "-" "NetworkingExtension/8624.5.1.10.3 Network/5812.160.9 iOS/26.6.2"
88.191.178.4 - - [14/Sep/2026:09:18:45 +0200] "GET /wp/wp-content/uploads/fbrfg/favicon-16x16.png HTTP/1.1" 404 146084 "-" "NetworkingExtension/8624.5.1.10.3 Network/5812.160.9 iOS/26.6.2"
88.191.178.4 - - [14/Sep/2026:09:18:45 +0200] "GET /wp/wp-content/uploads/fbrfg/favicon.ico HTTP/1.1" 404 146076 "-" "NetworkingExtension/8624.5.1.10.3 Network/5812.160.9 iOS/26.6.2"
88.191.178.4 - - [14/Sep/2026:09:18:45 +0200] "GET /wp/wp-content/uploads/fbrfg/apple-touch-icon.png HTTP/1.1" 404 146088 "-" "NetworkingExtension/8624.5.1.10.3 Network/5812.160.9 iOS/26.6.2"
88.191.178.4 - - [14/Sep/2026:09:18:45 +0200] "GET /wp/wp-content/uploads/fbrfg/favicon-32x32.png HTTP/1.1" 404 146084 "-" "NetworkingExtension/8624.5.1.10.3 Network/5812.160.9 iOS/26.6.2"
109.234.165.65 - - [14/Sep/2026:09:18:51 +0200] "POST /wp-cron.php?doing_wp_cron=1789370331.5850598812103271484375 HTTP/1.1" 200 - "-" "WordPress/7.1; https://lecocondalfred.fr"
49.47.135.230 - - [14/Sep/2026:09:18:50 +0200] "POST /xmlrpc.php HTTP/1.1" 404 138354 "-" "Jetpack by WordPress.com (Jetpack 12.5; WordPress 6.4)"
49.47.135.230 - - [14/Sep/2026:09:18:51 +0200] "POST /xmlrpc.php HTTP/1.1" 404 138354 "-" "Jetpack by WordPress.com (Jetpack 12.5; WordPress 6.4)"
49.47.135.230 - - [14/Sep/2026:09:19:00 +0200] "POST /xmlrpc.php HTTP/1.1" 404 138354 "-" "Jetpack/12.0; WordPress/6.2; http://site56744246.com"
49.47.135.230 - - [14/Sep/2026:09:19:00 +0200] "POST /xmlrpc.php HTTP/1.1" 404 138354 "-" "Jetpack/12.0; WordPress/6.2; http://site56744246.com"
88.191.178.4 - - [14/Sep/2026:09:19:04 +0200] "GET /reflexes-archaiques-besancon/ HTTP/1.1" 200 242655 "https://lecocondalfred.fr/nos-professionnels/" "Mozilla/5.0 (Macintosh; Intel Mac OS X 10_15_7) AppleWebKit/605.1.15 (KHTML, like Gecko) Version/26.6.1 Safari/605.1.15"
88.191.178.4 - - [14/Sep/2026:09:19:04 +0200] "GET /wp-content/plugins/elementor/assets/lib/animations/styles/fadeInLeft.min.css?ver=4.2.4 HTTP/1.1" 200 137 "https://lecocondalfred.fr/reflexes-archaiques-besancon/" "Mozilla/5.0 (Macintosh; Intel Mac OS X 10_15_7) AppleWebKit/605.1.15 (KHTML, like Gecko) Version/26.6.1 Safari/605.1.15"
88.191.178.4 - - [14/Sep/2026:09:19:04 +0200] "GET /wp-content/uploads/elementor/google-fonts/fonts/baskervville-ya9ur0yu4l_xorogbkun3kqqsjmp.woff2 HTTP/1.1" 200 24992 "https://lecocondalfred.fr/" "Mozilla/5.0 (Macintosh; Intel Mac OS X 10_15_7) AppleWebKit/605.1.15 (KHTML, like Gecko) Version/26.6.1 Safari/605.1.15"
88.191.178.4 - - [14/Sep/2026:09:19:04 +0200] "GET /wp/wp-content/uploads/fbrfg/site.webmanifest HTTP/1.1" 404 146080 "https://lecocondalfred.fr/reflexes-archaiques-besancon/" "Mozilla/5.0 (Macintosh; Intel Mac OS X 10_15_7) AppleWebKit/605.1.15 (KHTML, like Gecko) Version/26.6.1 Safari/605.1.15"
88.191.178.4 - - [14/Sep/2026:09:19:05 +0200] "GET /wp-content/uploads/2021/08/cropped-FAVICON-lecocondalfred-192x192.png HTTP/1.1" 200 1935 "https://lecocondalfred.fr/reflexes-archaiques-besancon/" "Mozilla/5.0 (Macintosh; Intel Mac OS X 10_15_7) AppleWebKit/605.1.15 (KHTML, like Gecko) Version/26.6.1 Safari/605.1.15"
49.47.135.230 - - [14/Sep/2026:09:19:11 +0200] "POST /xmlrpc.php HTTP/1.1" 404 138354 "-" "Jetpack by WordPress.com"
49.47.135.230 - - [14/Sep/2026:09:19:11 +0200] "POST /xmlrpc.php HTTP/1.1" 404 138354 "-" "Jetpack by WordPress.com"
49.47.135.230 - - [14/Sep/2026:09:19:32 +0200] "POST /xmlrpc.php HTTP/1.1" 404 138354 "-" "Jetpack by WordPress.com"
49.47.135.230 - - [14/Sep/2026:09:19:32 +0200] "POST /xmlrpc.php HTTP/1.1" 404 138354 "-" "Jetpack by WordPress.com"
109.234.165.65 - - [14/Sep/2026:09:19:54 +0200] "POST /wp-cron.php?doing_wp_cron=1789370394.3433060646057128906250 HTTP/1.1" 200 - "-" "WordPress/7.1; https://lecocondalfred.fr"
109.234.165.65 - - [14/Sep/2026:09:19:54 +0200] "POST /wp-cron.php?doing_wp_cron=1789370394.3433060646057128906250 HTTP/1.1" 200 - "-" "WordPress/7.1; https://lecocondalfred.fr"
49.47.135.230 - - [14/Sep/2026:09:19:53 +0200] "POST /xmlrpc.php HTTP/1.1" 404 138354 "-" "Jetpack/12.1; WordPress/6.3; http://site33384563.com"
49.47.135.230 - - [14/Sep/2026:09:19:53 +0200] "POST /xmlrpc.php HTTP/1.1" 404 138354 "-" "Jetpack/12.1; WordPress/6.3; http://site33384563.com"
185.113.51.50 - - [14/Sep/2026:09:20:12 +0200] "POST /wp-admin/admin-ajax.php HTTP/1.1" 200 47 "https://lecocondalfred.fr/wp-admin/admin.php?page=bookly-calendar" "Mozilla/5.0 (Windows NT 10.0; Win64; x64; rv:155.0) Gecko/20100101 Firefox/155.0"
109.234.165.65 - - [14/Sep/2026:09:20:29 +0200] "POST /wp-cron.php?doing_wp_cron=1789370429.1845300197601318359375 HTTP/1.1" 200 - "-" "WordPress/7.1; https://lecocondalfred.fr"
109.234.165.65 - - [14/Sep/2026:09:20:29 +0200] "POST /wp-cron.php?doing_wp_cron=1789370429.1845300197601318359375 HTTP/1.1" 200 - "-" "WordPress/7.1; https://lecocondalfred.fr"
49.47.135.230 - - [14/Sep/2026:09:20:28 +0200] "POST /xmlrpc.php HTTP/1.1" 404 138354 "-" "WordPress.com; https://wordpress.com"
49.47.135.230 - - [14/Sep/2026:09:20:28 +0200] "POST /xmlrpc.php HTTP/1.1" 404 138354 "-" "WordPress.com; https://wordpress.com"
49.47.135.230 - - [14/Sep/2026:09:20:35 +0200] "POST /xmlrpc.php HTTP/1.1" 404 138354 "-" "WordPress.com; https://wordpress.com"
49.47.135.230 - - [14/Sep/2026:09:20:35 +0200] "POST /xmlrpc.php HTTP/1.1" 404 138354 "-" "WordPress.com; https://wordpress.com"
49.47.135.230 - - [14/Sep/2026:09:20:46 +0200] "POST /xmlrpc.php HTTP/1.1" 404 138354 "-" "Jetpack by WordPress.com (Jetpack 12.5; WordPress 6.3)"
49.47.135.230 - - [14/Sep/2026:09:20:46 +0200] "POST /xmlrpc.php HTTP/1.1" 404 138354 "-" "Jetpack by WordPress.com (Jetpack 12.5; WordPress 6.3)"
109.234.165.65 - - [14/Sep/2026:09:21:08 +0200] "POST /wp-cron.php?doing_wp_cron=1789370468.8050599098205566406250 HTTP/1.1" 200 - "-" "WordPress/7.1; https://lecocondalfred.fr"
109.234.165.65 - - [14/Sep/2026:09:21:08 +0200] "POST /wp-cron.php?doing_wp_cron=1789370468.8050599098205566406250 HTTP/1.1" 200 - "-" "WordPress/7.1; https://lecocondalfred.fr"
49.47.135.230 - - [14/Sep/2026:09:21:08 +0200] "POST /xmlrpc.php HTTP/1.1" 404 138354 "-" "Jetpack by WordPress.com"
49.47.135.230 - - [14/Sep/2026:09:21:08 +0200] "POST /xmlrpc.php HTTP/1.1" 404 138354 "-" "Jetpack by WordPress.com"
49.47.135.230 - - [14/Sep/2026:09:21:29 +0200] "POST /xmlrpc.php HTTP/1.1" 404 138354 "-" "WordPress.com; https://wordpress.com"
49.47.135.230 - - [14/Sep/2026:09:21:29 +0200] "POST /xmlrpc.php HTTP/1.1" 404 138354 "-" "WordPress.com; https://wordpress.com"
49.47.135.230 - - [14/Sep/2026:09:21:50 +0200] "POST /xmlrpc.php HTTP/1.1" 404 138354 "-" "Jetpack by WordPress.com"
109.234.165.65 - - [14/Sep/2026:09:21:51 +0200] "POST /wp-cron.php?doing_wp_cron=1789370511.5274960994720458984375 HTTP/1.1" 200 - "-" "WordPress/7.1; https://lecocondalfred.fr"
49.47.135.230 - - [14/Sep/2026:09:21:50 +0200] "POST /xmlrpc.php HTTP/1.1" 404 138354 "-" "Jetpack by WordPress.com"
49.47.135.230 - - [14/Sep/2026:09:22:12 +0200] "POST /xmlrpc.php HTTP/1.1" 404 138354 "-" "Jetpack/12.0; WordPress/6.4; http://site40559130.com"
49.47.135.230 - - [14/Sep/2026:09:22:12 +0200] "POST /xmlrpc.php HTTP/1.1" 404 138354 "-" "Jetpack/12.0; WordPress/6.4; http://site40559130.com"
49.47.135.230 - - [14/Sep/2026:09:22:22 +0200] "POST /xmlrpc.php HTTP/1.1" 404 138354 "-" "Jetpack by WordPress.com"
49.47.135.230 - - [14/Sep/2026:09:22:22 +0200] "POST /xmlrpc.php HTTP/1.1" 404 138354 "-" "Jetpack by WordPress.com"
49.47.135.230 - - [14/Sep/2026:09:22:36 +0200] "POST /xmlrpc.php HTTP/1.1" 404 138354 "-" "Jetpack/13.0; WordPress/6.3; http://site80483370.com"
49.47.135.230 - - [14/Sep/2026:09:22:36 +0200] "POST /xmlrpc.php HTTP/1.1" 404 138354 "-" "Jetpack/13.0; WordPress/6.3; http://site80483370.com"
49.47.135.230 - - [14/Sep/2026:09:22:43 +0200] "POST /xmlrpc.php HTTP/1.1" 404 138354 "-" "Jetpack by WordPress.com"
49.47.135.230 - - [14/Sep/2026:09:22:43 +0200] "POST /xmlrpc.php HTTP/1.1" 404 138354 "-" "Jetpack by WordPress.com"
109.234.165.65 - - [14/Sep/2026:09:22:55 +0200] "POST /wp-cron.php?doing_wp_cron=1789370575.2937951087951660156250 HTTP/1.1" 200 - "-" "WordPress/7.1; https://lecocondalfred.fr"
109.234.165.65 - - [14/Sep/2026:09:22:55 +0200] "POST /wp-cron.php?doing_wp_cron=1789370575.2937951087951660156250 HTTP/1.1" 200 - "-" "WordPress/7.1; https://lecocondalfred.fr"
49.47.135.230 - - [14/Sep/2026:09:22:54 +0200] "POST /xmlrpc.php HTTP/1.1" 404 138354 "-" "WordPress.com; https://wordpress.com"
49.47.135.230 - - [14/Sep/2026:09:22:54 +0200] "POST /xmlrpc.php HTTP/1.1" 404 138354 "-" "WordPress.com; https://wordpress.com"
49.47.135.230 - - [14/Sep/2026:09:23:17 +0200] "POST /xmlrpc.php HTTP/1.1" 404 138354 "-" "WordPress.com; https://wordpress.com"
49.47.135.230 - - [14/Sep/2026:09:23:17 +0200] "POST /xmlrpc.php HTTP/1.1" 404 138354 "-" "WordPress.com; https://wordpress.com"
49.47.135.230 - - [14/Sep/2026:09:23:26 +0200] "POST /xmlrpc.php HTTP/1.1" 404 138354 "-" "Jetpack by WordPress.com"
49.47.135.230 - - [14/Sep/2026:09:23:26 +0200] "POST /xmlrpc.php HTTP/1.1" 404 138354 "-" "Jetpack by WordPress.com"
49.47.135.230 - - [14/Sep/2026:09:23:37 +0200] "POST /xmlrpc.php HTTP/1.1" 404 138354 "-" "Jetpack/13.0; WordPress/6.4; http://site68685277.com"
49.47.135.230 - - [14/Sep/2026:09:23:37 +0200] "POST /xmlrpc.php HTTP/1.1" 404 138354 "-" "Jetpack/13.0; WordPress/6.4; http://site68685277.com"
109.234.165.65 - - [14/Sep/2026:09:24:01 +0200] "POST /wp-cron.php?doing_wp_cron=1789370641.5610470771789550781250 HTTP/1.1" 200 - "-" "WordPress/7.1; https://lecocondalfred.fr"
49.47.135.230 - - [14/Sep/2026:09:24:00 +0200] "POST /xmlrpc.php HTTP/1.1" 404 138354 "-" "Jetpack by WordPress.com (Jetpack 12.5; WordPress 6.2)"
109.234.165.65 - - [14/Sep/2026:09:24:06 +0200] "POST /wp-cron.php?doing_wp_cron=1789370646.5409510135650634765625 HTTP/1.1" 200 - "-" "WordPress/7.1; https://lecocondalfred.fr"
49.47.135.230 - - [14/Sep/2026:09:24:00 +0200] "POST /xmlrpc.php HTTP/1.1" 404 138354 "-" "Jetpack by WordPress.com (Jetpack 12.5; WordPress 6.2)"
49.47.135.230 - - [14/Sep/2026:09:24:08 +0200] "POST /xmlrpc.php HTTP/1.1" 404 138354 "-" "Jetpack by WordPress.com (Jetpack 12.1; WordPress 6.1)"
49.47.135.230 - - [14/Sep/2026:09:24:08 +0200] "POST /xmlrpc.php HTTP/1.1" 404 138354 "-" "Jetpack by WordPress.com (Jetpack 12.1; WordPress 6.1)"
49.47.135.230 - - [14/Sep/2026:09:24:20 +0200] "POST /xmlrpc.php HTTP/1.1" 404 138354 "-" "WordPress.com; https://wordpress.com"
49.47.135.230 - - [14/Sep/2026:09:24:20 +0200] "POST /xmlrpc.php HTTP/1.1" 404 138354 "-" "WordPress.com; https://wordpress.com"
109.234.165.65 - - [14/Sep/2026:09:24:01 +0200] "POST /?mailpoet_router&endpoint=cron_daemon&action=run&data=eyJ0b2tlbiI6IjEwdzQ4In0 HTTP/1.1" 200 - "-" "MailPoet Cron"
49.47.135.230 - - [14/Sep/2026:09:24:29 +0200] "POST /xmlrpc.php HTTP/1.1" 404 138354 "-" "Jetpack/12.1; WordPress/6.1; http://site21258970.com"
49.47.135.230 - - [14/Sep/2026:09:24:29 +0200] "POST /xmlrpc.php HTTP/1.1" 404 138354 "-" "Jetpack/12.1; WordPress/6.1; http://site21258970.com"
49.47.135.230 - - [14/Sep/2026:09:24:41 +0200] "POST /xmlrpc.php HTTP/1.1" 404 138354 "-" "Jetpack by WordPress.com"
49.47.135.230 - - [14/Sep/2026:09:24:41 +0200] "POST /xmlrpc.php HTTP/1.1" 404 138354 "-" "Jetpack by WordPress.com"
109.234.165.65 - - [14/Sep/2026:09:24:52 +0200] "POST /wp-cron.php?doing_wp_cron=1789370692.4738509654998779296875 HTTP/1.1" 200 - "-" "WordPress/7.1; https://lecocondalfred.fr"
109.234.165.65 - - [14/Sep/2026:09:24:52 +0200] "POST /wp-cron.php?doing_wp_cron=1789370692.4967930316925048828125 HTTP/1.1" 200 - "-" "WordPress/7.1; https://lecocondalfred.fr"
49.47.135.230 - - [14/Sep/2026:09:24:52 +0200] "POST /xmlrpc.php HTTP/1.1" 404 138354 "-" "WordPress.com; https://wordpress.com"
49.47.135.230 - - [14/Sep/2026:09:24:52 +0200] "POST /xmlrpc.php HTTP/1.1" 404 138354 "-" "WordPress.com; https://wordpress.com"
109.234.165.65 - - [14/Sep/2026:09:25:13 +0200] "POST /wp-cron.php?doing_wp_cron=1789370713.6086900234222412109375 HTTP/1.1" 200 - "-" "WordPress/7.1; https://lecocondalfred.fr"
49.47.135.230 - - [14/Sep/2026:09:25:12 +0200] "POST /xmlrpc.php HTTP/1.1" 404 138354 "-" "Jetpack by WordPress.com"
109.234.165.65 - - [14/Sep/2026:09:25:13 +0200] "POST /wp-cron.php?doing_wp_cron=1789370713.6362679004669189453125 HTTP/1.1" 200 - "-" "WordPress/7.1; https://lecocondalfred.fr"
49.47.135.230 - - [14/Sep/2026:09:25:12 +0200] "POST /xmlrpc.php HTTP/1.1" 404 138354 "-" "Jetpack by WordPress.com"
49.47.135.230 - - [14/Sep/2026:09:25:23 +0200] "POST /xmlrpc.php HTTP/1.1" 404 138354 "-" "Jetpack/12.1; WordPress/6.4; http://site73427677.com"
49.47.135.230 - - [14/Sep/2026:09:25:23 +0200] "POST /xmlrpc.php HTTP/1.1" 404 138354 "-" "Jetpack/12.1; WordPress/6.4; http://site73427677.com"
109.234.165.65 - - [14/Sep/2026:09:25:34 +0200] "POST /wp-cron.php?doing_wp_cron=1789370734.8969891071319580078125 HTTP/1.1" 200 - "-" "WordPress/7.1; https://lecocondalfred.fr"
49.47.135.230 - - [14/Sep/2026:09:25:34 +0200] "POST /xmlrpc.php HTTP/1.1" 404 138354 "-" "Jetpack by WordPress.com (Jetpack 12.0; WordPress 6.3)"
49.47.135.230 - - [14/Sep/2026:09:25:34 +0200] "POST /xmlrpc.php HTTP/1.1" 404 138354 "-" "Jetpack by WordPress.com (Jetpack 12.0; WordPress 6.3)"
49.47.135.230 - - [14/Sep/2026:09:25:56 +0200] "POST /xmlrpc.php HTTP/1.1" 404 138354 "-" "WordPress.com; https://wordpress.com"
109.234.165.65 - - [14/Sep/2026:09:25:57 +0200] "POST /wp-cron.php?doing_wp_cron=1789370757.2888720035552978515625 HTTP/1.1" 200 - "-" "WordPress/7.1; https://lecocondalfred.fr"
49.47.135.230 - - [14/Sep/2026:09:25:56 +0200] "POST /xmlrpc.php HTTP/1.1" 404 138354 "-" "WordPress.com; https://wordpress.com"
49.47.135.230 - - [14/Sep/2026:09:26:05 +0200] "POST /xmlrpc.php HTTP/1.1" 404 138354 "-" "Jetpack by WordPress.com"
49.47.135.230 - - [14/Sep/2026:09:26:05 +0200] "POST /xmlrpc.php HTTP/1.1" 404 138354 "-" "Jetpack by WordPress.com"
49.47.135.230 - - [14/Sep/2026:09:26:17 +0200] "POST /xmlrpc.php HTTP/1.1" 404 138354 "-" "WordPress.com; https://wordpress.com"
49.47.135.230 - - [14/Sep/2026:09:26:17 +0200] "POST /xmlrpc.php HTTP/1.1" 404 138354 "-" "WordPress.com; https://wordpress.com"
49.47.135.230 - - [14/Sep/2026:09:26:38 +0200] "POST /xmlrpc.php HTTP/1.1" 404 138354 "-" "Jetpack/12.0; WordPress/6.4; http://site21143942.com"
49.47.135.230 - - [14/Sep/2026:09:26:38 +0200] "POST /xmlrpc.php HTTP/1.1" 404 138354 "-" "Jetpack/12.0; WordPress/6.4; http://site21143942.com"
