37.165.147.211 - - [14/Sep/2026:08:02:18 +0200] "GET /wp-content/uploads/2024/10/2024-10-12-11.57.38-768x1024.jpg HTTP/1.1" 200 83912 "https://lecocondalfred.fr/nos-professionnels/" "Mozilla/5.0 (Linux; Android 10; K) AppleWebKit/537.36 (KHTML, like Gecko) Chrome/152.0.0.0 Mobile Safari/537.36"
37.165.147.211 - - [14/Sep/2026:08:02:17 +0200] "GET /wp-content/plugins/google-site-kit/dist/assets/js/googlesitekit-events-provider-content-events-33078016c5e1e9f07c35.js HTTP/1.1" 404 146171 "https://lecocondalfred.fr/nos-professionnels/" "Mozilla/5.0 (Linux; Android 10; K) AppleWebKit/537.36 (KHTML, like Gecko) Chrome/152.0.0.0 Mobile Safari/537.36"
37.165.147.211 - - [14/Sep/2026:08:02:18 +0200] "GET /wp-content/uploads/2021/09/Image-Footer.jpg HTTP/1.1" 200 65284 "https://lecocondalfred.fr/nos-professionnels/" "Mozilla/5.0 (Linux; Android 10; K) AppleWebKit/537.36 (KHTML, like Gecko) Chrome/152.0.0.0 Mobile Safari/537.36"
37.165.147.211 - - [14/Sep/2026:08:02:18 +0200] "GET /wp-content/plugins/wpfront-scroll-top/includes/assets/wpfront-scroll-top.min.js?ver=3.0.1.09211 HTTP/1.1" 200 1490 "https://lecocondalfred.fr/nos-professionnels/" "Mozilla/5.0 (Linux; Android 10; K) AppleWebKit/537.36 (KHTML, like Gecko) Chrome/152.0.0.0 Mobile Safari/537.36"
37.165.147.211 - - [14/Sep/2026:08:02:20 +0200] "GET /wp-content/plugins/wpfront-scroll-top/includes/assets/icons/116.png HTTP/1.1" 200 543 "https://lecocondalfred.fr/nos-professionnels/" "Mozilla/5.0 (Linux; Android 10; K) AppleWebKit/537.36 (KHTML, like Gecko) Chrome/152.0.0.0 Mobile Safari/537.36"
37.165.147.211 - - [14/Sep/2026:08:02:21 +0200] "GET /wp-content/plugins/elementor/assets/js/section-frontend-handlers.d85ab872da118940910d.bundle.min.js HTTP/1.1" 200 449 "https://lecocondalfred.fr/nos-professionnels/" "Mozilla/5.0 (Linux; Android 10; K) AppleWebKit/537.36 (KHTML, like Gecko) Chrome/152.0.0.0 Mobile Safari/537.36"
37.165.147.211 - - [14/Sep/2026:08:02:21 +0200] "GET /wp-content/plugins/elementor-pro/assets/js/nav-menu.dc8790fd04afa5b6c0a3.bundle.min.js HTTP/1.1" 200 5038 "https://lecocondalfred.fr/nos-professionnels/" "Mozilla/5.0 (Linux; Android 10; K) AppleWebKit/537.36 (KHTML, like Gecko) Chrome/152.0.0.0 Mobile Safari/537.36"
37.165.147.211 - - [14/Sep/2026:08:02:21 +0200] "GET /wp-content/plugins/elementor/assets/js/text-editor.45609661e409413f1cef.bundle.min.js HTTP/1.1" 200 1348 "https://lecocondalfred.fr/nos-professionnels/" "Mozilla/5.0 (Linux; Android 10; K) AppleWebKit/537.36 (KHTML, like Gecko) Chrome/152.0.0.0 Mobile Safari/537.36"
37.165.147.211 - - [14/Sep/2026:08:02:21 +0200] "GET /wp-content/plugins/elementor/assets/js/shared-frontend-handlers.03caa53373b56d3bab67.bundle.min.js HTTP/1.1" 200 8481 "https://lecocondalfred.fr/nos-professionnels/" "Mozilla/5.0 (Linux; Android 10; K) AppleWebKit/537.36 (KHTML, like Gecko) Chrome/152.0.0.0 Mobile Safari/537.36"
37.165.147.211 - - [14/Sep/2026:08:02:21 +0200] "GET /wp-content/uploads/2021/08/cropped-FAVICON-lecocondalfred-192x192.png HTTP/1.1" 200 1935 "https://lecocondalfred.fr/nos-professionnels/" "Mozilla/5.0 (Linux; Android 10; K) AppleWebKit/537.36 (KHTML, like Gecko) Chrome/152.0.0.0 Mobile Safari/537.36"
37.165.147.211 - - [14/Sep/2026:08:02:21 +0200] "GET /wp-includes/js/wp-emoji-release.min.js?ver=7.1 HTTP/1.1" 200 22752 "https://lecocondalfred.fr/nos-professionnels/" "Mozilla/5.0 (Linux; Android 10; K) AppleWebKit/537.36 (KHTML, like Gecko) Chrome/152.0.0.0 Mobile Safari/537.36"
37.165.147.211 - - [14/Sep/2026:08:02:21 +0200] "GET /wp/wp-content/uploads/fbrfg/apple-touch-icon.png HTTP/1.1" 404 146099 "https://lecocondalfred.fr/nos-professionnels/" "Mozilla/5.0 (Linux; Android 10; K) AppleWebKit/537.36 (KHTML, like Gecko) Chrome/152.0.0.0 Mobile Safari/537.36"
37.165.147.211 - - [14/Sep/2026:08:02:21 +0200] "GET /wp/wp-content/uploads/fbrfg/site.webmanifest HTTP/1.1" 404 146091 "https://lecocondalfred.fr/nos-professionnels/" "Mozilla/5.0 (Linux; Android 10; K) AppleWebKit/537.36 (KHTML, like Gecko) Chrome/152.0.0.0 Mobile Safari/537.36"
37.165.147.211 - - [14/Sep/2026:08:02:22 +0200] "GET /wp-content/uploads/2021/08/cropped-FAVICON-lecocondalfred-180x180.png HTTP/1.1" 200 1615 "https://lecocondalfred.fr/nos-professionnels/" "Mozilla/5.0 (Linux; Android 10; K) AppleWebKit/537.36 (KHTML, like Gecko) Chrome/152.0.0.0 Mobile Safari/537.36"
103.59.160.171 - - [14/Sep/2026:08:02:33 +0200] "GET /wp-json/wp/v2/tribe_events?per_page=1 HTTP/1.1" 200 2 "-" "Mozilla/5.0 (compatible; TECprobe/1.0)"
103.59.160.171 - - [14/Sep/2026:08:02:34 +0200] "GET /events/ HTTP/1.1" 200 149442 "-" "Mozilla/5.0 (compatible; TECprobe/1.0)"
103.59.160.171 - - [14/Sep/2026:08:02:35 +0200] "POST /wp-comments-post.php HTTP/1.1" 200 - "https://lecocondalfred.fr/" "Mozilla/5.0 (compatible; TECprobe/1.0)"
103.59.160.171 - - [14/Sep/2026:08:02:35 +0200] "GET /?p=atelier-sophrologie HTTP/1.1" 200 185330 "-" "Mozilla/5.0 (compatible; TECprobe/1.0)"
103.59.160.171 - - [14/Sep/2026:08:02:36 +0200] "POST /wp-comments-post.php HTTP/1.1" 200 - "https://lecocondalfred.fr/" "Mozilla/5.0 (compatible; TECprobe/1.0)"
103.59.160.171 - - [14/Sep/2026:08:02:37 +0200] "GET /?p=atelier-sophrologie HTTP/1.1" 200 185330 "-" "Mozilla/5.0 (compatible; TECprobe/1.0)"
37.165.147.211 - - [14/Sep/2026:08:02:47 +0200] "GET /pro-melissa-verdot-pelletier/ HTTP/1.1" 200 277879 "https://lecocondalfred.fr/nos-professionnels/" "Mozilla/5.0 (Linux; Android 10; K) AppleWebKit/537.36 (KHTML, like Gecko) Chrome/152.0.0.0 Mobile Safari/537.36"
37.165.147.211 - - [14/Sep/2026:08:02:47 +0200] "GET /wp-content/plugins/elementor/assets/lib/animations/styles/fadeInLeft.min.css?ver=4.2.4 HTTP/1.1" 200 137 "https://lecocondalfred.fr/pro-melissa-verdot-pelletier/" "Mozilla/5.0 (Linux; Android 10; K) AppleWebKit/537.36 (KHTML, like Gecko) Chrome/152.0.0.0 Mobile Safari/537.36"
37.165.147.211 - - [14/Sep/2026:08:02:47 +0200] "GET /wp-content/plugins/elementor/assets/css/widget-spacer.min.css?ver=4.2.4 HTTP/1.1" 200 1793 "https://lecocondalfred.fr/pro-melissa-verdot-pelletier/" "Mozilla/5.0 (Linux; Android 10; K) AppleWebKit/537.36 (KHTML, like Gecko) Chrome/152.0.0.0 Mobile Safari/537.36"
37.165.147.211 - - [14/Sep/2026:08:02:47 +0200] "GET /wp-content/plugins/elementor/assets/css/widget-accordion.min.css?ver=4.2.4 HTTP/1.1" 200 1744 "https://lecocondalfred.fr/pro-melissa-verdot-pelletier/" "Mozilla/5.0 (Linux; Android 10; K) AppleWebKit/537.36 (KHTML, like Gecko) Chrome/152.0.0.0 Mobile Safari/537.36"
37.165.147.211 - - [14/Sep/2026:08:02:47 +0200] "GET /wp-content/plugins/elementor-pro/assets/css/widget-form.min.css?ver=4.2.1 HTTP/1.1" 200 6797 "https://lecocondalfred.fr/pro-melissa-verdot-pelletier/" "Mozilla/5.0 (Linux; Android 10; K) AppleWebKit/537.36 (KHTML, like Gecko) Chrome/152.0.0.0 Mobile Safari/537.36"
37.165.147.211 - - [14/Sep/2026:08:02:47 +0200] "GET /wp-content/plugins/elementor/assets/lib/animations/styles/fadeInRight.min.css?ver=4.2.4 HTTP/1.1" 200 139 "https://lecocondalfred.fr/pro-melissa-verdot-pelletier/" "Mozilla/5.0 (Linux; Android 10; K) AppleWebKit/537.36 (KHTML, like Gecko) Chrome/152.0.0.0 Mobile Safari/537.36"
37.165.147.211 - - [14/Sep/2026:08:02:47 +0200] "GET /wp-content/uploads/elementor/google-fonts/fonts/baskervville-ya9ur0yu4l_xorogbkun3kqqsjmp.woff2 HTTP/1.1" 200 24992 "https://lecocondalfred.fr/wp-content/uploads/elementor/google-fonts/css/baskervville.css?ver=1742247287" "Mozilla/5.0 (Linux; Android 10; K) AppleWebKit/537.36 (KHTML, like Gecko) Chrome/152.0.0.0 Mobile Safari/537.36"
37.165.147.211 - - [14/Sep/2026:08:02:47 +0200] "GET /wp-content/uploads/elementor/google-fonts/fonts/robotocondensed-ievl2zhzi2ecn5jzbjeets9weq8-19k7dq.woff2 HTTP/1.1" 200 51404 "https://lecocondalfred.fr/wp-content/uploads/elementor/google-fonts/css/robotocondensed.css?ver=1742247293" "Mozilla/5.0 (Linux; Android 10; K) AppleWebKit/537.36 (KHTML, like Gecko) Chrome/152.0.0.0 Mobile Safari/537.36"
37.165.147.211 - - [14/Sep/2026:08:02:47 +0200] "GET /wp-content/plugins/google-site-kit/dist/assets/js/googlesitekit-consent-mode-86cb52dcb9f2b27ed244.js HTTP/1.1" 404 146147 "https://lecocondalfred.fr/pro-melissa-verdot-pelletier/" "Mozilla/5.0 (Linux; Android 10; K) AppleWebKit/537.36 (KHTML, like Gecko) Chrome/152.0.0.0 Mobile Safari/537.36"
37.165.147.211 - - [14/Sep/2026:08:02:47 +0200] "GET /wp-content/plugins/google-site-kit/dist/assets/js/googlesitekit-events-provider-content-events-33078016c5e1e9f07c35.js HTTP/1.1" 404 146171 "https://lecocondalfred.fr/pro-melissa-verdot-pelletier/" "Mozilla/5.0 (Linux; Android 10; K) AppleWebKit/537.36 (KHTML, like Gecko) Chrome/152.0.0.0 Mobile Safari/537.36"
37.165.147.211 - - [14/Sep/2026:08:02:47 +0200] "GET /wp-content/plugins/google-site-kit/dist/assets/js/googlesitekit-events-provider-wpforms-063cb453c64ecfd3dafe.js HTTP/1.1" 404 146163 "https://lecocondalfred.fr/pro-melissa-verdot-pelletier/" "Mozilla/5.0 (Linux; Android 10; K) AppleWebKit/537.36 (KHTML, like Gecko) Chrome/152.0.0.0 Mobile Safari/537.36"
37.165.147.211 - - [14/Sep/2026:08:02:48 +0200] "GET /wp-content/plugins/elementor/assets/js/accordion.8b0db5058afeb74622f5.bundle.min.js HTTP/1.1" 200 3739 "https://lecocondalfred.fr/pro-melissa-verdot-pelletier/" "Mozilla/5.0 (Linux; Android 10; K) AppleWebKit/537.36 (KHTML, like Gecko) Chrome/152.0.0.0 Mobile Safari/537.36"
37.165.147.211 - - [14/Sep/2026:08:02:48 +0200] "GET /wp-content/plugins/elementor-pro/assets/js/form.cfd61a9174be80f835c6.bundle.min.js HTTP/1.1" 200 19710 "https://lecocondalfred.fr/pro-melissa-verdot-pelletier/" "Mozilla/5.0 (Linux; Android 10; K) AppleWebKit/537.36 (KHTML, like Gecko) Chrome/152.0.0.0 Mobile Safari/537.36"
37.165.147.211 - - [14/Sep/2026:08:02:48 +0200] "GET /wp-content/plugins/elementor-pro/assets/js/popup.61d4fcab8891b2e07802.bundle.min.js HTTP/1.1" 200 746 "https://lecocondalfred.fr/pro-melissa-verdot-pelletier/" "Mozilla/5.0 (Linux; Android 10; K) AppleWebKit/537.36 (KHTML, like Gecko) Chrome/152.0.0.0 Mobile Safari/537.36"
37.165.147.211 - - [14/Sep/2026:08:02:48 +0200] "GET /wp/wp-content/uploads/fbrfg/site.webmanifest HTTP/1.1" 404 146091 "https://lecocondalfred.fr/pro-melissa-verdot-pelletier/" "Mozilla/5.0 (Linux; Android 10; K) AppleWebKit/537.36 (KHTML, like Gecko) Chrome/152.0.0.0 Mobile Safari/537.36"
37.165.147.211 - - [14/Sep/2026:08:03:48 +0200] "GET /nos-professionnels/ HTTP/1.1" 200 274928 "https://www.google.com/" "Mozilla/5.0 (Linux; Android 10; K) AppleWebKit/537.36 (KHTML, like Gecko) Chrome/152.0.0.0 Mobile Safari/537.36"
109.234.165.65 - - [14/Sep/2026:08:03:48 +0200] "POST /wp-cron.php?doing_wp_cron=1789365828.8024210929870605468750 HTTP/1.1" 200 - "-" "WordPress/7.1; https://lecocondalfred.fr"
37.165.147.211 - - [14/Sep/2026:08:03:48 +0200] "GET /wp-content/plugins/google-site-kit/dist/assets/js/googlesitekit-consent-mode-86cb52dcb9f2b27ed244.js HTTP/1.1" 404 146147 "https://lecocondalfred.fr/nos-professionnels/" "Mozilla/5.0 (Linux; Android 10; K) AppleWebKit/537.36 (KHTML, like Gecko) Chrome/152.0.0.0 Mobile Safari/537.36"
37.165.147.211 - - [14/Sep/2026:08:03:48 +0200] "GET /wp-content/plugins/google-site-kit/dist/assets/js/googlesitekit-events-provider-wpforms-063cb453c64ecfd3dafe.js HTTP/1.1" 404 146163 "https://lecocondalfred.fr/nos-professionnels/" "Mozilla/5.0 (Linux; Android 10; K) AppleWebKit/537.36 (KHTML, like Gecko) Chrome/152.0.0.0 Mobile Safari/537.36"
37.165.147.211 - - [14/Sep/2026:08:03:48 +0200] "GET /wp-content/plugins/google-site-kit/dist/assets/js/googlesitekit-events-provider-content-events-33078016c5e1e9f07c35.js HTTP/1.1" 404 146171 "https://lecocondalfred.fr/nos-professionnels/" "Mozilla/5.0 (Linux; Android 10; K) AppleWebKit/537.36 (KHTML, like Gecko) Chrome/152.0.0.0 Mobile Safari/537.36"
37.165.147.211 - - [14/Sep/2026:08:03:49 +0200] "GET /wp/wp-content/uploads/fbrfg/site.webmanifest HTTP/1.1" 404 146091 "https://lecocondalfred.fr/nos-professionnels/" "Mozilla/5.0 (Linux; Android 10; K) AppleWebKit/537.36 (KHTML, like Gecko) Chrome/152.0.0.0 Mobile Safari/537.36"
216.73.217.79 - - [14/Sep/2026:08:04:01 +0200] "GET /flore_ponard/ HTTP/1.1" 200 272146 "-" "Mozilla/5.0 AppleWebKit/537.36 (KHTML, like Gecko; compatible; ClaudeBot/1.0; +claudebot@anthropic.com)"
37.165.147.211 - - [14/Sep/2026:08:04:26 +0200] "GET /nos-professionnels/ HTTP/1.1" 200 274928 "https://www.google.com/" "Mozilla/5.0 (Linux; Android 10; K) AppleWebKit/537.36 (KHTML, like Gecko) Chrome/152.0.0.0 Mobile Safari/537.36"
109.234.165.65 - - [14/Sep/2026:08:04:27 +0200] "POST /wp-cron.php?doing_wp_cron=1789365867.4838669300079345703125 HTTP/1.1" 200 - "-" "WordPress/7.1; https://lecocondalfred.fr"
109.234.165.65 - - [14/Sep/2026:08:04:27 +0200] "POST /wp-cron.php?doing_wp_cron=1789365867.4838669300079345703125 HTTP/1.1" 200 - "-" "WordPress/7.1; https://lecocondalfred.fr"
37.165.147.211 - - [14/Sep/2026:08:04:26 +0200] "GET /wp-content/plugins/google-site-kit/dist/assets/js/googlesitekit-events-provider-content-events-33078016c5e1e9f07c35.js HTTP/1.1" 404 146171 "https://lecocondalfred.fr/nos-professionnels/" "Mozilla/5.0 (Linux; Android 10; K) AppleWebKit/537.36 (KHTML, like Gecko) Chrome/152.0.0.0 Mobile Safari/537.36"
37.165.147.211 - - [14/Sep/2026:08:04:26 +0200] "GET /wp-content/plugins/google-site-kit/dist/assets/js/googlesitekit-consent-mode-86cb52dcb9f2b27ed244.js HTTP/1.1" 404 146147 "https://lecocondalfred.fr/nos-professionnels/" "Mozilla/5.0 (Linux; Android 10; K) AppleWebKit/537.36 (KHTML, like Gecko) Chrome/152.0.0.0 Mobile Safari/537.36"
37.165.147.211 - - [14/Sep/2026:08:04:26 +0200] "GET /wp-content/plugins/google-site-kit/dist/assets/js/googlesitekit-events-provider-wpforms-063cb453c64ecfd3dafe.js HTTP/1.1" 404 146163 "https://lecocondalfred.fr/nos-professionnels/" "Mozilla/5.0 (Linux; Android 10; K) AppleWebKit/537.36 (KHTML, like Gecko) Chrome/152.0.0.0 Mobile Safari/537.36"
37.165.147.211 - - [14/Sep/2026:08:04:28 +0200] "GET /wp/wp-content/uploads/fbrfg/apple-touch-icon.png HTTP/1.1" 404 146099 "https://lecocondalfred.fr/nos-professionnels/" "Mozilla/5.0 (Linux; Android 10; K) AppleWebKit/537.36 (KHTML, like Gecko) Chrome/152.0.0.0 Mobile Safari/537.36"
37.165.147.211 - - [14/Sep/2026:08:04:28 +0200] "GET /wp/wp-content/uploads/fbrfg/site.webmanifest HTTP/1.1" 404 146091 "https://lecocondalfred.fr/nos-professionnels/" "Mozilla/5.0 (Linux; Android 10; K) AppleWebKit/537.36 (KHTML, like Gecko) Chrome/152.0.0.0 Mobile Safari/537.36"
109.234.165.65 - - [14/Sep/2026:08:05:44 +0200] "POST /wp-cron.php?doing_wp_cron=1789365944.3752400875091552734375 HTTP/1.1" 200 - "-" "WordPress/7.1; https://lecocondalfred.fr"
103.59.160.171 - - [14/Sep/2026:08:05:43 +0200] "GET /wp-json/wp/v2/tribe_events?per_page=1 HTTP/1.1" 200 2 "-" "Mozilla/5.0 (compatible; TECprobe/1.0)"
103.59.160.171 - - [14/Sep/2026:08:05:44 +0200] "GET /events/ HTTP/1.1" 200 149442 "-" "Mozilla/5.0 (compatible; TECprobe/1.0)"
103.59.160.171 - - [14/Sep/2026:08:05:44 +0200] "POST /wp-comments-post.php HTTP/1.1" 200 - "https://lecocondalfred.fr/" "Mozilla/5.0 (compatible; TECprobe/1.0)"
103.59.160.171 - - [14/Sep/2026:08:05:45 +0200] "GET /?p=atelier-sophrologie HTTP/1.1" 200 185330 "-" "Mozilla/5.0 (compatible; TECprobe/1.0)"
103.59.160.171 - - [14/Sep/2026:08:05:46 +0200] "POST /wp-comments-post.php HTTP/1.1" 200 - "https://lecocondalfred.fr/" "Mozilla/5.0 (compatible; TECprobe/1.0)"
103.59.160.171 - - [14/Sep/2026:08:05:47 +0200] "GET /?p=atelier-sophrologie HTTP/1.1" 200 185330 "-" "Mozilla/5.0 (compatible; TECprobe/1.0)"
216.73.217.79 - - [14/Sep/2026:08:06:01 +0200] "GET /sitemap_index.xml HTTP/1.1" 200 796 "-" "Mozilla/5.0 AppleWebKit/537.36 (KHTML, like Gecko; compatible; ClaudeBot/1.0; +claudebot@anthropic.com)"
109.234.165.65 - - [14/Sep/2026:08:06:19 +0200] "POST /wp-cron.php?doing_wp_cron=1789365979.1721510887145996093750 HTTP/1.1" 200 - "-" "WordPress/7.1; https://lecocondalfred.fr"
160.79.106.175 - - [14/Sep/2026:08:06:18 +0200] "POST /wp-json/royal-mcp/v1 HTTP/1.1" 400 141 "-" "Claude-User"
160.79.106.161 - - [14/Sep/2026:08:06:19 +0200] "POST /wp-json/royal-mcp/v1 HTTP/1.1" 200 157 "-" "Claude-User"
160.79.106.179 - - [14/Sep/2026:08:06:20 +0200] "POST /wp-json/royal-mcp/v1 HTTP/1.1" 202 - "-" "Claude-User"
160.79.106.179 - - [14/Sep/2026:08:06:22 +0200] "POST /wp-json/royal-mcp/v1 HTTP/1.1" 200 65991 "-" "Claude-User"
176.134.11.158 - - [14/Sep/2026:08:08:22 +0200] "GET /la-graphopedagogie/ HTTP/1.1" 200 206377 "https://www.google.com/" "Mozilla/5.0 (iPhone; CPU iPhone OS 18_7 like Mac OS X) AppleWebKit/605.1.15 (KHTML, like Gecko) Version/26.2 Mobile/15E148 Safari/604.1"
176.134.11.158 - - [14/Sep/2026:08:08:22 +0200] "GET /wp-content/themes/astra/assets/css/minified/main.min.css?ver=4.13.10 HTTP/1.1" 200 44905 "https://lecocondalfred.fr/la-graphopedagogie/" "Mozilla/5.0 (iPhone; CPU iPhone OS 18_7 like Mac OS X) AppleWebKit/605.1.15 (KHTML, like Gecko) Version/26.2 Mobile/15E148 Safari/604.1"
176.134.11.158 - - [14/Sep/2026:08:08:22 +0200] "GET /wp-content/astra-local-fonts/astra-local-fonts.css?ver=4.13.10 HTTP/1.1" 200 11134 "https://lecocondalfred.fr/la-graphopedagogie/" "Mozilla/5.0 (iPhone; CPU iPhone OS 18_7 like Mac OS X) AppleWebKit/605.1.15 (KHTML, like Gecko) Version/26.2 Mobile/15E148 Safari/604.1"
176.134.11.158 - - [14/Sep/2026:08:08:22 +0200] "GET /wp-content/plugins/cookie-law-info/legacy/public/css/cookie-law-info-public.css?ver=3.5.5 HTTP/1.1" 200 3106 "https://lecocondalfred.fr/la-graphopedagogie/" "Mozilla/5.0 (iPhone; CPU iPhone OS 18_7 like Mac OS X) AppleWebKit/605.1.15 (KHTML, like Gecko) Version/26.2 Mobile/15E148 Safari/604.1"
176.134.11.158 - - [14/Sep/2026:08:08:22 +0200] "GET /wp-content/plugins/cookie-law-info/legacy/public/css/cookie-law-info-gdpr.css?ver=3.5.5 HTTP/1.1" 200 27203 "https://lecocondalfred.fr/la-graphopedagogie/" "Mozilla/5.0 (iPhone; CPU iPhone OS 18_7 like Mac OS X) AppleWebKit/605.1.15 (KHTML, like Gecko) Version/26.2 Mobile/15E148 Safari/604.1"
176.134.11.158 - - [14/Sep/2026:08:08:22 +0200] "GET /wp-content/plugins/the-events-calendar/build/css/tribe-events-single-skeleton.css?ver=6.17.2 HTTP/1.1" 200 18813 "https://lecocondalfred.fr/la-graphopedagogie/" "Mozilla/5.0 (iPhone; CPU iPhone OS 18_7 like Mac OS X) AppleWebKit/605.1.15 (KHTML, like Gecko) Version/26.2 Mobile/15E148 Safari/604.1"
176.134.11.158 - - [14/Sep/2026:08:08:22 +0200] "GET /wp-content/plugins/the-events-calendar/build/css/tribe-events-single-full.css?ver=6.17.2 HTTP/1.1" 200 21027 "https://lecocondalfred.fr/la-graphopedagogie/" "Mozilla/5.0 (iPhone; CPU iPhone OS 18_7 like Mac OS X) AppleWebKit/605.1.15 (KHTML, like Gecko) Version/26.2 Mobile/15E148 Safari/604.1"
176.134.11.158 - - [14/Sep/2026:08:08:22 +0200] "GET /wp-content/plugins/the-events-calendar/build/css/integrations/plugins/elementor/widgets/widget-base.css?ver=6.17.2 HTTP/1.1" 200 1128 "https://lecocondalfred.fr/la-graphopedagogie/" "Mozilla/5.0 (iPhone; CPU iPhone OS 18_7 like Mac OS X) AppleWebKit/605.1.15 (KHTML, like Gecko) Version/26.2 Mobile/15E148 Safari/604.1"
176.134.11.158 - - [14/Sep/2026:08:08:22 +0200] "GET /wp-content/plugins/complianz-gdpr/assets/css/cookieblocker.min.css?ver=1787065124 HTTP/1.1" 200 2782 "https://lecocondalfred.fr/la-graphopedagogie/" "Mozilla/5.0 (iPhone; CPU iPhone OS 18_7 like Mac OS X) AppleWebKit/605.1.15 (KHTML, like Gecko) Version/26.2 Mobile/15E148 Safari/604.1"
176.134.11.158 - - [14/Sep/2026:08:08:22 +0200] "GET /wp-content/plugins/elementor/assets/css/frontend.min.css?ver=4.2.4 HTTP/1.1" 200 54666 "https://lecocondalfred.fr/la-graphopedagogie/" "Mozilla/5.0 (iPhone; CPU iPhone OS 18_7 like Mac OS X) AppleWebKit/605.1.15 (KHTML, like Gecko) Version/26.2 Mobile/15E148 Safari/604.1"
176.134.11.158 - - [14/Sep/2026:08:08:22 +0200] "GET /wp-content/plugins/elementor/assets/css/widget-image.min.css?ver=4.2.4 HTTP/1.1" 200 214 "https://lecocondalfred.fr/la-graphopedagogie/" "Mozilla/5.0 (iPhone; CPU iPhone OS 18_7 like Mac OS X) AppleWebKit/605.1.15 (KHTML, like Gecko) Version/26.2 Mobile/15E148 Safari/604.1"
176.134.11.158 - - [14/Sep/2026:08:08:22 +0200] "GET /wp-content/plugins/elementor/assets/lib/animations/styles/fadeIn.min.css?ver=4.2.4 HTTP/1.1" 200 77 "https://lecocondalfred.fr/la-graphopedagogie/" "Mozilla/5.0 (iPhone; CPU iPhone OS 18_7 like Mac OS X) AppleWebKit/605.1.15 (KHTML, like Gecko) Version/26.2 Mobile/15E148 Safari/604.1"
176.134.11.158 - - [14/Sep/2026:08:08:22 +0200] "GET /wp-content/plugins/elementor-pro/assets/css/widget-nav-menu.min.css?ver=4.2.1 HTTP/1.1" 200 27363 "https://lecocondalfred.fr/la-graphopedagogie/" "Mozilla/5.0 (iPhone; CPU iPhone OS 18_7 like Mac OS X) AppleWebKit/605.1.15 (KHTML, like Gecko) Version/26.2 Mobile/15E148 Safari/604.1"
176.134.11.158 - - [14/Sep/2026:08:08:23 +0200] "GET /wp-content/plugins/elementor/assets/lib/animations/styles/e-animation-pulse.min.css?ver=4.2.4 HTTP/1.1" 200 318 "https://lecocondalfred.fr/la-graphopedagogie/" "Mozilla/5.0 (iPhone; CPU iPhone OS 18_7 like Mac OS X) AppleWebKit/605.1.15 (KHTML, like Gecko) Version/26.2 Mobile/15E148 Safari/604.1"
176.134.11.158 - - [14/Sep/2026:08:08:23 +0200] "GET /wp-content/plugins/elementor/assets/lib/eicons/css/elementor-icons.min.css?ver=5.53.0 HTTP/1.1" 200 22258 "https://lecocondalfred.fr/la-graphopedagogie/" "Mozilla/5.0 (iPhone; CPU iPhone OS 18_7 like Mac OS X) AppleWebKit/605.1.15 (KHTML, like Gecko) Version/26.2 Mobile/15E148 Safari/604.1"
176.134.11.158 - - [14/Sep/2026:08:08:23 +0200] "GET /wp-content/plugins/elementor/assets/lib/font-awesome/css/all.min.css?ver=4.2.4 HTTP/1.1" 200 59344 "https://lecocondalfred.fr/la-graphopedagogie/" "Mozilla/5.0 (iPhone; CPU iPhone OS 18_7 like Mac OS X) AppleWebKit/605.1.15 (KHTML, like Gecko) Version/26.2 Mobile/15E148 Safari/604.1"
176.134.11.158 - - [14/Sep/2026:08:08:23 +0200] "GET /wp-content/plugins/elementor/assets/lib/font-awesome/css/v4-shims.min.css?ver=4.2.4 HTTP/1.1" 200 26702 "https://lecocondalfred.fr/la-graphopedagogie/" "Mozilla/5.0 (iPhone; CPU iPhone OS 18_7 like Mac OS X) AppleWebKit/605.1.15 (KHTML, like Gecko) Version/26.2 Mobile/15E148 Safari/604.1"
176.134.11.158 - - [14/Sep/2026:08:08:23 +0200] "GET /wp-content/plugins/elementor/assets/css/widget-heading.min.css?ver=4.2.4 HTTP/1.1" 200 560 "https://lecocondalfred.fr/la-graphopedagogie/" "Mozilla/5.0 (iPhone; CPU iPhone OS 18_7 like Mac OS X) AppleWebKit/605.1.15 (KHTML, like Gecko) Version/26.2 Mobile/15E148 Safari/604.1"
176.134.11.158 - - [14/Sep/2026:08:08:23 +0200] "GET /wp-content/plugins/elementor/assets/css/widget-video.min.css?ver=4.2.4 HTTP/1.1" 200 1243 "https://lecocondalfred.fr/la-graphopedagogie/" "Mozilla/5.0 (iPhone; CPU iPhone OS 18_7 like Mac OS X) AppleWebKit/605.1.15 (KHTML, like Gecko) Version/26.2 Mobile/15E148 Safari/604.1"
176.134.11.158 - - [14/Sep/2026:08:08:23 +0200] "GET /wp-content/plugins/elementor/assets/css/widget-spacer.min.css?ver=4.2.4 HTTP/1.1" 200 1793 "https://lecocondalfred.fr/la-graphopedagogie/" "Mozilla/5.0 (iPhone; CPU iPhone OS 18_7 like Mac OS X) AppleWebKit/605.1.15 (KHTML, like Gecko) Version/26.2 Mobile/15E148 Safari/604.1"
176.134.11.158 - - [14/Sep/2026:08:08:23 +0200] "GET /wp-content/uploads/elementor/google-fonts/css/robotoslab.css?ver=1742247279 HTTP/1.1" 200 23625 "https://lecocondalfred.fr/la-graphopedagogie/" "Mozilla/5.0 (iPhone; CPU iPhone OS 18_7 like Mac OS X) AppleWebKit/605.1.15 (KHTML, like Gecko) Version/26.2 Mobile/15E148 Safari/604.1"
176.134.11.158 - - [14/Sep/2026:08:08:23 +0200] "GET /wp-content/uploads/elementor/google-fonts/css/roboto.css?ver=1742247286 HTTP/1.1" 200 104004 "https://lecocondalfred.fr/la-graphopedagogie/" "Mozilla/5.0 (iPhone; CPU iPhone OS 18_7 like Mac OS X) AppleWebKit/605.1.15 (KHTML, like Gecko) Version/26.2 Mobile/15E148 Safari/604.1"
176.134.11.158 - - [14/Sep/2026:08:08:23 +0200] "GET /wp-content/uploads/elementor/google-fonts/css/baskervville.css?ver=1742247287 HTTP/1.1" 200 1828 "https://lecocondalfred.fr/la-graphopedagogie/" "Mozilla/5.0 (iPhone; CPU iPhone OS 18_7 like Mac OS X) AppleWebKit/605.1.15 (KHTML, like Gecko) Version/26.2 Mobile/15E148 Safari/604.1"
176.134.11.158 - - [14/Sep/2026:08:08:23 +0200] "GET /wp-content/uploads/elementor/google-fonts/css/robotocondensed.css?ver=1742247293 HTTP/1.1" 200 49464 "https://lecocondalfred.fr/la-graphopedagogie/" "Mozilla/5.0 (iPhone; CPU iPhone OS 18_7 like Mac OS X) AppleWebKit/605.1.15 (KHTML, like Gecko) Version/26.2 Mobile/15E148 Safari/604.1"
176.134.11.158 - - [14/Sep/2026:08:08:23 +0200] "GET /wp-includes/js/jquery/jquery.min.js?ver=3.7.1 HTTP/1.1" 200 87553 "https://lecocondalfred.fr/la-graphopedagogie/" "Mozilla/5.0 (iPhone; CPU iPhone OS 18_7 like Mac OS X) AppleWebKit/605.1.15 (KHTML, like Gecko) Version/26.2 Mobile/15E148 Safari/604.1"
176.134.11.158 - - [14/Sep/2026:08:08:23 +0200] "GET /wp-includes/js/jquery/jquery-migrate.min.js?ver=3.4.1 HTTP/1.1" 200 13577 "https://lecocondalfred.fr/la-graphopedagogie/" "Mozilla/5.0 (iPhone; CPU iPhone OS 18_7 like Mac OS X) AppleWebKit/605.1.15 (KHTML, like Gecko) Version/26.2 Mobile/15E148 Safari/604.1"
176.134.11.158 - - [14/Sep/2026:08:08:23 +0200] "GET /wp-content/plugins/cookie-law-info/legacy/public/js/cookie-law-info-public.js?ver=3.5.5 HTTP/1.1" 200 34121 "https://lecocondalfred.fr/la-graphopedagogie/" "Mozilla/5.0 (iPhone; CPU iPhone OS 18_7 like Mac OS X) AppleWebKit/605.1.15 (KHTML, like Gecko) Version/26.2 Mobile/15E148 Safari/604.1"
176.134.11.158 - - [14/Sep/2026:08:08:23 +0200] "GET /wp-content/plugins/elementor/assets/lib/font-awesome/js/v4-shims.min.js?ver=4.2.4 HTTP/1.1" 200 15073 "https://lecocondalfred.fr/la-graphopedagogie/" "Mozilla/5.0 (iPhone; CPU iPhone OS 18_7 like Mac OS X) AppleWebKit/605.1.15 (KHTML, like Gecko) Version/26.2 Mobile/15E148 Safari/604.1"
176.134.11.158 - - [14/Sep/2026:08:08:23 +0200] "GET /wp-content/uploads/2021/07/LOGO-BLEU-COCON-768x543.png HTTP/1.1" 200 28221 "https://lecocondalfred.fr/la-graphopedagogie/" "Mozilla/5.0 (iPhone; CPU iPhone OS 18_7 like Mac OS X) AppleWebKit/605.1.15 (KHTML, like Gecko) Version/26.2 Mobile/15E148 Safari/604.1"
176.134.11.158 - - [14/Sep/2026:08:08:23 +0200] "GET /wp-content/plugins/cookie-law-info/legacy/public/css/cookie-law-info-table.css?ver=3.5.5 HTTP/1.1" 200 6113 "https://lecocondalfred.fr/la-graphopedagogie/" "Mozilla/5.0 (iPhone; CPU iPhone OS 18_7 like Mac OS X) AppleWebKit/605.1.15 (KHTML, like Gecko) Version/26.2 Mobile/15E148 Safari/604.1"
176.134.11.158 - - [14/Sep/2026:08:08:23 +0200] "GET /wp-content/themes/astra/assets/js/minified/frontend.min.js?ver=4.13.10 HTTP/1.1" 200 26311 "https://lecocondalfred.fr/la-graphopedagogie/" "Mozilla/5.0 (iPhone; CPU iPhone OS 18_7 like Mac OS X) AppleWebKit/605.1.15 (KHTML, like Gecko) Version/26.2 Mobile/15E148 Safari/604.1"
176.134.11.158 - - [14/Sep/2026:08:08:23 +0200] "GET /wp-content/plugins/the-events-calendar/common/build/js/user-agent.js?ver=da75d0bdea6dde3898df HTTP/1.1" 200 291 "https://lecocondalfred.fr/la-graphopedagogie/" "Mozilla/5.0 (iPhone; CPU iPhone OS 18_7 like Mac OS X) AppleWebKit/605.1.15 (KHTML, like Gecko) Version/26.2 Mobile/15E148 Safari/604.1"
176.134.11.158 - - [14/Sep/2026:08:08:23 +0200] "GET /wp-includes/js/dist/dom-ready.min.js?ver=3fe927cab37bf38d6a23 HTTP/1.1" 200 881 "https://lecocondalfred.fr/la-graphopedagogie/" "Mozilla/5.0 (iPhone; CPU iPhone OS 18_7 like Mac OS X) AppleWebKit/605.1.15 (KHTML, like Gecko) Version/26.2 Mobile/15E148 Safari/604.1"
176.134.11.158 - - [14/Sep/2026:08:08:23 +0200] "GET /wp-content/plugins/astra-sites/inc/lib/onboarding/assets/dist/template-preview/main.js?ver=09382f635556bec359b3 HTTP/1.1" 200 6587 "https://lecocondalfred.fr/la-graphopedagogie/" "Mozilla/5.0 (iPhone; CPU iPhone OS 18_7 like Mac OS X) AppleWebKit/605.1.15 (KHTML, like Gecko) Version/26.2 Mobile/15E148 Safari/604.1"
176.134.11.158 - - [14/Sep/2026:08:08:23 +0200] "GET /wp-content/plugins/wpfront-scroll-top/includes/assets/wpfront-scroll-top.min.js?ver=3.0.1.09211 HTTP/1.1" 200 1490 "https://lecocondalfred.fr/la-graphopedagogie/" "Mozilla/5.0 (iPhone; CPU iPhone OS 18_7 like Mac OS X) AppleWebKit/605.1.15 (KHTML, like Gecko) Version/26.2 Mobile/15E148 Safari/604.1"
176.134.11.158 - - [14/Sep/2026:08:08:23 +0200] "GET /wp-content/plugins/elementor/assets/js/webpack.runtime.min.js?ver=4.2.4 HTTP/1.1" 200 5819 "https://lecocondalfred.fr/la-graphopedagogie/" "Mozilla/5.0 (iPhone; CPU iPhone OS 18_7 like Mac OS X) AppleWebKit/605.1.15 (KHTML, like Gecko) Version/26.2 Mobile/15E148 Safari/604.1"
176.134.11.158 - - [14/Sep/2026:08:08:23 +0200] "GET /wp-content/plugins/elementor/assets/js/frontend-modules.min.js?ver=4.2.4 HTTP/1.1" 200 50602 "https://lecocondalfred.fr/la-graphopedagogie/" "Mozilla/5.0 (iPhone; CPU iPhone OS 18_7 like Mac OS X) AppleWebKit/605.1.15 (KHTML, like Gecko) Version/26.2 Mobile/15E148 Safari/604.1"
176.134.11.158 - - [14/Sep/2026:08:08:23 +0200] "GET /wp-includes/js/jquery/ui/core.min.js?ver=1.14.2 HTTP/1.1" 200 18674 "https://lecocondalfred.fr/la-graphopedagogie/" "Mozilla/5.0 (iPhone; CPU iPhone OS 18_7 like Mac OS X) AppleWebKit/605.1.15 (KHTML, like Gecko) Version/26.2 Mobile/15E148 Safari/604.1"
176.134.11.158 - - [14/Sep/2026:08:08:23 +0200] "GET /wp-content/plugins/elementor/assets/js/frontend.min.js?ver=4.2.4 HTTP/1.1" 200 32098 "https://lecocondalfred.fr/la-graphopedagogie/" "Mozilla/5.0 (iPhone; CPU iPhone OS 18_7 like Mac OS X) AppleWebKit/605.1.15 (KHTML, like Gecko) Version/26.2 Mobile/15E148 Safari/604.1"
176.134.11.158 - - [14/Sep/2026:08:08:23 +0200] "GET /wp-content/plugins/elementor-pro/assets/lib/smartmenus/jquery.smartmenus.min.js?ver=1.2.1 HTTP/1.1" 200 24109 "https://lecocondalfred.fr/la-graphopedagogie/" "Mozilla/5.0 (iPhone; CPU iPhone OS 18_7 like Mac OS X) AppleWebKit/605.1.15 (KHTML, like Gecko) Version/26.2 Mobile/15E148 Safari/604.1"
176.134.11.158 - - [14/Sep/2026:08:08:23 +0200] "GET /wp-content/plugins/wp-smushit/app/assets/js/smush-lazy-load.min.js?ver=4.3.0 HTTP/1.1" 200 23727 "https://lecocondalfred.fr/la-graphopedagogie/" "Mozilla/5.0 (iPhone; CPU iPhone OS 18_7 like Mac OS X) AppleWebKit/605.1.15 (KHTML, like Gecko) Version/26.2 Mobile/15E148 Safari/604.1"
176.134.11.158 - - [14/Sep/2026:08:08:23 +0200] "GET /wp-content/plugins/wp-consent-api/assets/js/wp-consent-api.min.js?ver=2.0.1 HTTP/1.1" 200 2235 "https://lecocondalfred.fr/la-graphopedagogie/" "Mozilla/5.0 (iPhone; CPU iPhone OS 18_7 like Mac OS X) AppleWebKit/605.1.15 (KHTML, like Gecko) Version/26.2 Mobile/15E148 Safari/604.1"
176.134.11.158 - - [14/Sep/2026:08:08:23 +0200] "GET /wp-content/plugins/elementor-pro/assets/js/webpack-pro.runtime.min.js?ver=4.2.1 HTTP/1.1" 200 6242 "https://lecocondalfred.fr/la-graphopedagogie/" "Mozilla/5.0 (iPhone; CPU iPhone OS 18_7 like Mac OS X) AppleWebKit/605.1.15 (KHTML, like Gecko) Version/26.2 Mobile/15E148 Safari/604.1"
176.134.11.158 - - [14/Sep/2026:08:08:23 +0200] "GET /wp-includes/js/dist/hooks.min.js?ver=f0f188028580e8dc1255 HTTP/1.1" 200 5107 "https://lecocondalfred.fr/la-graphopedagogie/" "Mozilla/5.0 (iPhone; CPU iPhone OS 18_7 like Mac OS X) AppleWebKit/605.1.15 (KHTML, like Gecko) Version/26.2 Mobile/15E148 Safari/604.1"
176.134.11.158 - - [14/Sep/2026:08:08:23 +0200] "GET /wp-includes/js/dist/i18n.min.js?ver=1dfe7db3940c23ea9216 HTTP/1.1" 200 5791 "https://lecocondalfred.fr/la-graphopedagogie/" "Mozilla/5.0 (iPhone; CPU iPhone OS 18_7 like Mac OS X) AppleWebKit/605.1.15 (KHTML, like Gecko) Version/26.2 Mobile/15E148 Safari/604.1"
176.134.11.158 - - [14/Sep/2026:08:08:23 +0200] "GET /wp-content/plugins/elementor-pro/assets/js/frontend.min.js?ver=4.2.1 HTTP/1.1" 200 23939 "https://lecocondalfred.fr/la-graphopedagogie/" "Mozilla/5.0 (iPhone; CPU iPhone OS 18_7 like Mac OS X) AppleWebKit/605.1.15 (KHTML, like Gecko) Version/26.2 Mobile/15E148 Safari/604.1"
176.134.11.158 - - [14/Sep/2026:08:08:23 +0200] "GET /wp-content/plugins/elementor-pro/assets/js/elements-handlers.min.js?ver=4.2.1 HTTP/1.1" 200 43922 "https://lecocondalfred.fr/la-graphopedagogie/" "Mozilla/5.0 (iPhone; CPU iPhone OS 18_7 like Mac OS X) AppleWebKit/605.1.15 (KHTML, like Gecko) Version/26.2 Mobile/15E148 Safari/604.1"
176.134.11.158 - - [14/Sep/2026:08:08:23 +0200] "GET /wp-content/uploads/elementor/google-fonts/fonts/roboto-kfo7cnqeu92fr1me7ksn66agldtyluama3yuba.woff2 HTTP/1.1" 200 40128 "https://lecocondalfred.fr/la-graphopedagogie/" "Mozilla/5.0 (iPhone; CPU iPhone OS 18_7 like Mac OS X) AppleWebKit/605.1.15 (KHTML, like Gecko) Version/26.2 Mobile/15E148 Safari/604.1"
176.134.11.158 - - [14/Sep/2026:08:08:23 +0200] "GET /wp-content/plugins/elementor/assets/lib/eicons/fonts/eicons.woff2?5.53.0 HTTP/1.1" 200 108000 "https://lecocondalfred.fr/la-graphopedagogie/" "Mozilla/5.0 (iPhone; CPU iPhone OS 18_7 like Mac OS X) AppleWebKit/605.1.15 (KHTML, like Gecko) Version/26.2 Mobile/15E148 Safari/604.1"
176.134.11.158 - - [14/Sep/2026:08:08:23 +0200] "GET /wp-content/uploads/elementor/google-fonts/fonts/roboto-kfo5cnqeu92fr1mu53zec9_vu3r1gihoszmkbnka.woff2 HTTP/1.1" 200 44192 "https://lecocondalfred.fr/la-graphopedagogie/" "Mozilla/5.0 (iPhone; CPU iPhone OS 18_7 like Mac OS X) AppleWebKit/605.1.15 (KHTML, like Gecko) Version/26.2 Mobile/15E148 Safari/604.1"
109.234.165.65 - - [14/Sep/2026:08:08:24 +0200] "POST /wp-cron.php?doing_wp_cron=1789366104.4913051128387451171875 HTTP/1.1" 200 - "-" "WordPress/7.1; https://lecocondalfred.fr"
109.234.165.65 - - [14/Sep/2026:08:08:24 +0200] "POST /wp-cron.php?doing_wp_cron=1789366104.4915170669555664062500 HTTP/1.1" 200 - "-" "WordPress/7.1; https://lecocondalfred.fr"
109.234.165.65 - - [14/Sep/2026:08:08:24 +0200] "POST /wp-cron.php?doing_wp_cron=1789366104.4915170669555664062500 HTTP/1.1" 200 - "-" "WordPress/7.1; https://lecocondalfred.fr"
176.134.11.158 - - [14/Sep/2026:08:08:23 +0200] "GET /wp-content/plugins/google-site-kit/dist/assets/js/googlesitekit-events-provider-content-events-33078016c5e1e9f07c35.js HTTP/1.1" 404 146171 "https://lecocondalfred.fr/la-graphopedagogie/" "Mozilla/5.0 (iPhone; CPU iPhone OS 18_7 like Mac OS X) AppleWebKit/605.1.15 (KHTML, like Gecko) Version/26.2 Mobile/15E148 Safari/604.1"
176.134.11.158 - - [14/Sep/2026:08:08:23 +0200] "GET /wp-content/plugins/google-site-kit/dist/assets/js/googlesitekit-events-provider-wpforms-063cb453c64ecfd3dafe.js HTTP/1.1" 404 146163 "https://lecocondalfred.fr/la-graphopedagogie/" "Mozilla/5.0 (iPhone; CPU iPhone OS 18_7 like Mac OS X) AppleWebKit/605.1.15 (KHTML, like Gecko) Version/26.2 Mobile/15E148 Safari/604.1"
176.134.11.158 - - [14/Sep/2026:08:08:23 +0200] "GET /wp-content/plugins/google-site-kit/dist/assets/js/googlesitekit-consent-mode-86cb52dcb9f2b27ed244.js HTTP/1.1" 404 146147 "https://lecocondalfred.fr/la-graphopedagogie/" "Mozilla/5.0 (iPhone; CPU iPhone OS 18_7 like Mac OS X) AppleWebKit/605.1.15 (KHTML, like Gecko) Version/26.2 Mobile/15E148 Safari/604.1"
176.134.11.158 - - [14/Sep/2026:08:08:24 +0200] "GET /wp-content/plugins/elementor/assets/js/section-frontend-handlers.d85ab872da118940910d.bundle.min.js HTTP/1.1" 200 449 "https://lecocondalfred.fr/la-graphopedagogie/" "Mozilla/5.0 (iPhone; CPU iPhone OS 18_7 like Mac OS X) AppleWebKit/605.1.15 (KHTML, like Gecko) Version/26.2 Mobile/15E148 Safari/604.1"
176.134.11.158 - - [14/Sep/2026:08:08:24 +0200] "GET /wp-content/plugins/elementor/assets/js/shared-frontend-handlers.03caa53373b56d3bab67.bundle.min.js HTTP/1.1" 200 8481 "https://lecocondalfred.fr/la-graphopedagogie/" "Mozilla/5.0 (iPhone; CPU iPhone OS 18_7 like Mac OS X) AppleWebKit/605.1.15 (KHTML, like Gecko) Version/26.2 Mobile/15E148 Safari/604.1"
176.134.11.158 - - [14/Sep/2026:08:08:24 +0200] "GET /wp-content/plugins/elementor-pro/assets/js/nav-menu.dc8790fd04afa5b6c0a3.bundle.min.js HTTP/1.1" 200 5038 "https://lecocondalfred.fr/la-graphopedagogie/" "Mozilla/5.0 (iPhone; CPU iPhone OS 18_7 like Mac OS X) AppleWebKit/605.1.15 (KHTML, like Gecko) Version/26.2 Mobile/15E148 Safari/604.1"
176.134.11.158 - - [14/Sep/2026:08:08:24 +0200] "GET /wp-content/plugins/elementor/assets/js/text-editor.45609661e409413f1cef.bundle.min.js HTTP/1.1" 200 1348 "https://lecocondalfred.fr/la-graphopedagogie/" "Mozilla/5.0 (iPhone; CPU iPhone OS 18_7 like Mac OS X) AppleWebKit/605.1.15 (KHTML, like Gecko) Version/26.2 Mobile/15E148 Safari/604.1"
176.134.11.158 - - [14/Sep/2026:08:08:24 +0200] "GET /wp-content/plugins/elementor/assets/js/video.86d44e46e43d0807e708.bundle.min.js HTTP/1.1" 200 3223 "https://lecocondalfred.fr/la-graphopedagogie/" "Mozilla/5.0 (iPhone; CPU iPhone OS 18_7 like Mac OS X) AppleWebKit/605.1.15 (KHTML, like Gecko) Version/26.2 Mobile/15E148 Safari/604.1"
176.134.11.158 - - [14/Sep/2026:08:08:24 +0200] "GET /wp-includes/js/wp-emoji-release.min.js?ver=7.1 HTTP/1.1" 200 22752 "https://lecocondalfred.fr/la-graphopedagogie/" "Mozilla/5.0 (iPhone; CPU iPhone OS 18_7 like Mac OS X) AppleWebKit/605.1.15 (KHTML, like Gecko) Version/26.2 Mobile/15E148 Safari/604.1"
176.134.11.158 - - [14/Sep/2026:08:08:24 +0200] "GET /wp/wp-content/uploads/fbrfg/site.webmanifest HTTP/1.1" 404 146091 "https://lecocondalfred.fr/la-graphopedagogie/" "Mozilla/5.0 (iPhone; CPU iPhone OS 18_7 like Mac OS X) AppleWebKit/605.1.15 (KHTML, like Gecko) Version/26.2 Mobile/15E148 Safari/604.1"
176.134.11.158 - - [14/Sep/2026:08:08:25 +0200] "GET /wp-content/plugins/wpfront-scroll-top/includes/assets/icons/116.png HTTP/1.1" 200 543 "https://lecocondalfred.fr/la-graphopedagogie/" "Mozilla/5.0 (iPhone; CPU iPhone OS 18_7 like Mac OS X) AppleWebKit/605.1.15 (KHTML, like Gecko) Version/26.2 Mobile/15E148 Safari/604.1"
109.234.165.65 - - [14/Sep/2026:08:11:25 +0200] "POST /wp-cron.php?doing_wp_cron=1789366285.1554839611053466796875 HTTP/1.1" 200 - "-" "WordPress/7.1; https://lecocondalfred.fr"
57.141.20.49 - - [14/Sep/2026:08:11:24 +0200] "GET /dans-la-grange/ HTTP/1.1" 404 138366 "-" "Mozilla/5.0 (Windows NT 10.0; Win64; x64) AppleWebKit/537.36 (KHTML, like Gecko) Chrome/145.0.0.0 Safari/537.36 (compatible; meta-externalagent/1.1 (+https://developers.facebook.com/docs/sharing/webmasters/crawler))"
109.234.165.65 - - [14/Sep/2026:08:11:59 +0200] "POST /wp-cron.php?doing_wp_cron=1789366319.9130480289459228515625 HTTP/1.1" 200 - "-" "WordPress/7.1; https://lecocondalfred.fr"
207.46.13.87 - - [14/Sep/2026:08:11:59 +0200] "GET /?s= HTTP/1.1" 200 182526 "-" "Mozilla/5.0 AppleWebKit/537.36 (KHTML, like Gecko; compatible; bingbot/2.0; +http://www.bing.com/bingbot.htm) Chrome/116.0.1938.76 Safari/537.36"
109.234.165.65 - - [14/Sep/2026:08:12:51 +0200] "POST /wp-cron.php?doing_wp_cron=1789366371.1268639564514160156250 HTTP/1.1" 200 - "-" "WordPress/7.1; https://lecocondalfred.fr"
103.59.160.171 - - [14/Sep/2026:08:12:50 +0200] "GET /wp-json/wp/v2/tribe_events?per_page=1 HTTP/1.1" 200 2 "-" "Mozilla/5.0 (compatible; TECprobe/1.0)"
103.59.160.171 - - [14/Sep/2026:08:12:51 +0200] "GET /events/ HTTP/1.1" 200 149442 "-" "Mozilla/5.0 (compatible; TECprobe/1.0)"
103.59.160.171 - - [14/Sep/2026:08:12:51 +0200] "POST /wp-comments-post.php HTTP/1.1" 200 - "https://lecocondalfred.fr/" "Mozilla/5.0 (compatible; TECprobe/1.0)"
103.59.160.171 - - [14/Sep/2026:08:12:52 +0200] "GET /?p=atelier-sophrologie HTTP/1.1" 200 185330 "-" "Mozilla/5.0 (compatible; TECprobe/1.0)"
103.59.160.171 - - [14/Sep/2026:08:12:53 +0200] "POST /wp-comments-post.php HTTP/1.1" 200 - "https://lecocondalfred.fr/" "Mozilla/5.0 (compatible; TECprobe/1.0)"
103.59.160.171 - - [14/Sep/2026:08:12:54 +0200] "GET /?p=atelier-sophrologie HTTP/1.1" 200 185330 "-" "Mozilla/5.0 (compatible; TECprobe/1.0)"
112.215.171.149 - - [14/Sep/2026:08:16:17 +0200] "GET /wp-content/plugins/the-events-calendar/readme.txt HTTP/1.1" 200 27949 "-" "Mozilla/5.0 (Windows NT 10.0; Win64; x64) AppleWebKit/537.36 Chrome/120.0.0.0 Safari/537.36"
112.215.171.149 - - [14/Sep/2026:08:16:18 +0200] "GET /wp-content/plugins/the-events-calendar/readme.txt HTTP/1.1" 200 27949 "-" "Mozilla/5.0 (Windows NT 10.0; Win64; x64) AppleWebKit/537.36 Chrome/120.0.0.0 Safari/537.36"
109.234.165.65 - - [14/Sep/2026:08:16:24 +0200] "POST /wp-cron.php?doing_wp_cron=1789366584.4408650398254394531250 HTTP/1.1" 200 - "-" "WordPress/7.1; https://lecocondalfred.fr"
112.215.171.149 - - [14/Sep/2026:08:16:18 +0200] "GET /wp-content/plugins/the-events-calendar/style.css HTTP/1.1" 404 146060 "-" "Mozilla/5.0 (Windows NT 10.0; Win64; x64) AppleWebKit/537.36 Chrome/120.0.0.0 Safari/537.36"
112.215.171.149 - - [14/Sep/2026:08:16:24 +0200] "GET /wp-json/tribe/events/v1/ HTTP/1.1" 200 35631 "-" "Mozilla/5.0 (Windows NT 10.0; Win64; x64) AppleWebKit/537.36 Chrome/120.0.0.0 Safari/537.36"
112.215.171.149 - - [14/Sep/2026:08:16:25 +0200] "GET /sitemap.xml HTTP/1.1" 301 - "-" "Mozilla/5.0 (Windows NT 10.0; Win64; x64) AppleWebKit/537.36 Chrome/120.0.0.0 Safari/537.36"
112.215.171.149 - - [14/Sep/2026:08:16:26 +0200] "GET /sitemap_index.xml HTTP/1.1" 200 796 "-" "Mozilla/5.0 (Windows NT 10.0; Win64; x64) AppleWebKit/537.36 Chrome/120.0.0.0 Safari/537.36"
112.215.171.149 - - [14/Sep/2026:08:16:26 +0200] "GET /wp-sitemap.xml HTTP/1.1" 301 - "-" "Mozilla/5.0 (Windows NT 10.0; Win64; x64) AppleWebKit/537.36 Chrome/120.0.0.0 Safari/537.36"
112.215.171.149 - - [14/Sep/2026:08:16:27 +0200] "GET /sitemap_index.xml HTTP/1.1" 200 796 "-" "Mozilla/5.0 (Windows NT 10.0; Win64; x64) AppleWebKit/537.36 Chrome/120.0.0.0 Safari/537.36"
112.215.171.149 - - [14/Sep/2026:08:16:28 +0200] "GET /events/ HTTP/1.1" 200 149442 "-" "Mozilla/5.0 (Windows NT 10.0; Win64; x64) AppleWebKit/537.36 Chrome/120.0.0.0 Safari/537.36"
112.215.171.149 - - [14/Sep/2026:08:16:28 +0200] "GET /event/ HTTP/1.1" 200 149284 "-" "Mozilla/5.0 (Windows NT 10.0; Win64; x64) AppleWebKit/537.36 Chrome/120.0.0.0 Safari/537.36"
112.215.171.149 - - [14/Sep/2026:08:16:29 +0200] "GET /?post_type=tribe_events HTTP/1.1" 200 159734 "-" "Mozilla/5.0 (Windows NT 10.0; Win64; x64) AppleWebKit/537.36 Chrome/120.0.0.0 Safari/537.36"
112.215.171.149 - - [14/Sep/2026:08:16:30 +0200] "GET /tribe_events-sitemap.xml HTTP/1.1" 200 1253 "-" "Mozilla/5.0 (Windows NT 10.0; Win64; x64) AppleWebKit/537.36 Chrome/120.0.0.0 Safari/537.36"
112.215.171.149 - - [14/Sep/2026:08:16:30 +0200] "GET /tribe_events-sitemap.xml HTTP/1.1" 200 1253 "-" "Mozilla/5.0 (Windows NT 10.0; Win64; x64) AppleWebKit/537.36 Chrome/120.0.0.0 Safari/537.36"
109.234.165.65 - - [14/Sep/2026:08:16:39 +0200] "POST /wp-cron.php?doing_wp_cron=1789366599.6366438865661621093750 HTTP/1.1" 200 - "-" "WordPress/7.1; https://lecocondalfred.fr"
109.234.165.65 - - [14/Sep/2026:08:16:19 +0200] "POST /?mailpoet_router&endpoint=cron_daemon&action=run&data=eyJ0b2tlbiI6Ijd6OGM3In0 HTTP/1.1" 200 - "-" "MailPoet Cron"
82.66.112.110 - - [14/Sep/2026:08:16:42 +0200] "GET /lea-rateau/ HTTP/1.1" 200 269523 "https://www.google.com/" "Mozilla/5.0 (iPhone; CPU iPhone OS 18_7 like Mac OS X) AppleWebKit/605.1.15 (KHTML, like Gecko) Version/26.5.2 Mobile/15E148 Safari/604.1"
82.66.112.110 - - [14/Sep/2026:08:16:42 +0200] "GET /wp-content/themes/astra/assets/css/minified/main.min.css?ver=4.13.10 HTTP/1.1" 200 44905 "https://lecocondalfred.fr/lea-rateau/" "Mozilla/5.0 (iPhone; CPU iPhone OS 18_7 like Mac OS X) AppleWebKit/605.1.15 (KHTML, like Gecko) Version/26.5.2 Mobile/15E148 Safari/604.1"
82.66.112.110 - - [14/Sep/2026:08:16:42 +0200] "GET /wp-content/astra-local-fonts/astra-local-fonts.css?ver=4.13.10 HTTP/1.1" 200 11134 "https://lecocondalfred.fr/lea-rateau/" "Mozilla/5.0 (iPhone; CPU iPhone OS 18_7 like Mac OS X) AppleWebKit/605.1.15 (KHTML, like Gecko) Version/26.5.2 Mobile/15E148 Safari/604.1"
82.66.112.110 - - [14/Sep/2026:08:16:42 +0200] "GET /wp-content/plugins/cookie-law-info/legacy/public/css/cookie-law-info-public.css?ver=3.5.5 HTTP/1.1" 200 3106 "https://lecocondalfred.fr/lea-rateau/" "Mozilla/5.0 (iPhone; CPU iPhone OS 18_7 like Mac OS X) AppleWebKit/605.1.15 (KHTML, like Gecko) Version/26.5.2 Mobile/15E148 Safari/604.1"
82.66.112.110 - - [14/Sep/2026:08:16:42 +0200] "GET /wp-content/plugins/cookie-law-info/legacy/public/css/cookie-law-info-gdpr.css?ver=3.5.5 HTTP/1.1" 200 27203 "https://lecocondalfred.fr/lea-rateau/" "Mozilla/5.0 (iPhone; CPU iPhone OS 18_7 like Mac OS X) AppleWebKit/605.1.15 (KHTML, like Gecko) Version/26.5.2 Mobile/15E148 Safari/604.1"
82.66.112.110 - - [14/Sep/2026:08:16:42 +0200] "GET /wp-content/plugins/the-events-calendar/build/css/tribe-events-single-skeleton.css?ver=6.17.2 HTTP/1.1" 200 18813 "https://lecocondalfred.fr/lea-rateau/" "Mozilla/5.0 (iPhone; CPU iPhone OS 18_7 like Mac OS X) AppleWebKit/605.1.15 (KHTML, like Gecko) Version/26.5.2 Mobile/15E148 Safari/604.1"
82.66.112.110 - - [14/Sep/2026:08:16:42 +0200] "GET /wp-content/plugins/the-events-calendar/build/css/tribe-events-single-full.css?ver=6.17.2 HTTP/1.1" 200 21027 "https://lecocondalfred.fr/lea-rateau/" "Mozilla/5.0 (iPhone; CPU iPhone OS 18_7 like Mac OS X) AppleWebKit/605.1.15 (KHTML, like Gecko) Version/26.5.2 Mobile/15E148 Safari/604.1"
82.66.112.110 - - [14/Sep/2026:08:16:42 +0200] "GET /wp-content/plugins/the-events-calendar/build/css/integrations/plugins/elementor/widgets/widget-base.css?ver=6.17.2 HTTP/1.1" 200 1128 "https://lecocondalfred.fr/lea-rateau/" "Mozilla/5.0 (iPhone; CPU iPhone OS 18_7 like Mac OS X) AppleWebKit/605.1.15 (KHTML, like Gecko) Version/26.5.2 Mobile/15E148 Safari/604.1"
82.66.112.110 - - [14/Sep/2026:08:16:42 +0200] "GET /wp-content/plugins/complianz-gdpr/assets/css/cookieblocker.min.css?ver=1787065124 HTTP/1.1" 200 2782 "https://lecocondalfred.fr/lea-rateau/" "Mozilla/5.0 (iPhone; CPU iPhone OS 18_7 like Mac OS X) AppleWebKit/605.1.15 (KHTML, like Gecko) Version/26.5.2 Mobile/15E148 Safari/604.1"
82.66.112.110 - - [14/Sep/2026:08:16:42 +0200] "GET /wp-content/plugins/elementor/assets/css/frontend.min.css?ver=4.2.4 HTTP/1.1" 200 54666 "https://lecocondalfred.fr/lea-rateau/" "Mozilla/5.0 (iPhone; CPU iPhone OS 18_7 like Mac OS X) AppleWebKit/605.1.15 (KHTML, like Gecko) Version/26.5.2 Mobile/15E148 Safari/604.1"
82.66.112.110 - - [14/Sep/2026:08:16:42 +0200] "GET /wp-content/plugins/elementor/assets/css/widget-image.min.css?ver=4.2.4 HTTP/1.1" 200 214 "https://lecocondalfred.fr/lea-rateau/" "Mozilla/5.0 (iPhone; CPU iPhone OS 18_7 like Mac OS X) AppleWebKit/605.1.15 (KHTML, like Gecko) Version/26.5.2 Mobile/15E148 Safari/604.1"
82.66.112.110 - - [14/Sep/2026:08:16:42 +0200] "GET /wp-content/plugins/elementor/assets/lib/animations/styles/fadeIn.min.css?ver=4.2.4 HTTP/1.1" 200 77 "https://lecocondalfred.fr/lea-rateau/" "Mozilla/5.0 (iPhone; CPU iPhone OS 18_7 like Mac OS X) AppleWebKit/605.1.15 (KHTML, like Gecko) Version/26.5.2 Mobile/15E148 Safari/604.1"
82.66.112.110 - - [14/Sep/2026:08:16:42 +0200] "GET /wp-content/plugins/elementor-pro/assets/css/widget-nav-menu.min.css?ver=4.2.1 HTTP/1.1" 200 27363 "https://lecocondalfred.fr/lea-rateau/" "Mozilla/5.0 (iPhone; CPU iPhone OS 18_7 like Mac OS X) AppleWebKit/605.1.15 (KHTML, like Gecko) Version/26.5.2 Mobile/15E148 Safari/604.1"
82.66.112.110 - - [14/Sep/2026:08:16:42 +0200] "GET /wp-content/plugins/elementor/assets/lib/animations/styles/e-animation-pulse.min.css?ver=4.2.4 HTTP/1.1" 200 318 "https://lecocondalfred.fr/lea-rateau/" "Mozilla/5.0 (iPhone; CPU iPhone OS 18_7 like Mac OS X) AppleWebKit/605.1.15 (KHTML, like Gecko) Version/26.5.2 Mobile/15E148 Safari/604.1"
82.66.112.110 - - [14/Sep/2026:08:16:42 +0200] "GET /wp-content/plugins/elementor/assets/css/widget-heading.min.css?ver=4.2.4 HTTP/1.1" 200 560 "https://lecocondalfred.fr/lea-rateau/" "Mozilla/5.0 (iPhone; CPU iPhone OS 18_7 like Mac OS X) AppleWebKit/605.1.15 (KHTML, like Gecko) Version/26.5.2 Mobile/15E148 Safari/604.1"
82.66.112.110 - - [14/Sep/2026:08:16:42 +0200] "GET /wp-content/plugins/elementor/assets/css/widget-testimonial.min.css?ver=4.2.4 HTTP/1.1" 200 1646 "https://lecocondalfred.fr/lea-rateau/" "Mozilla/5.0 (iPhone; CPU iPhone OS 18_7 like Mac OS X) AppleWebKit/605.1.15 (KHTML, like Gecko) Version/26.5.2 Mobile/15E148 Safari/604.1"
82.66.112.110 - - [14/Sep/2026:08:16:42 +0200] "GET /wp-content/plugins/elementor/assets/css/widget-divider.min.css?ver=4.2.4 HTTP/1.1" 200 4258 "https://lecocondalfred.fr/lea-rateau/" "Mozilla/5.0 (iPhone; CPU iPhone OS 18_7 like Mac OS X) AppleWebKit/605.1.15 (KHTML, like Gecko) Version/26.5.2 Mobile/15E148 Safari/604.1"
82.66.112.110 - - [14/Sep/2026:08:16:42 +0200] "GET /wp-content/plugins/elementor/assets/css/widget-icon-list.min.css?ver=4.2.4 HTTP/1.1" 200 10255 "https://lecocondalfred.fr/lea-rateau/" "Mozilla/5.0 (iPhone; CPU iPhone OS 18_7 like Mac OS X) AppleWebKit/605.1.15 (KHTML, like Gecko) Version/26.5.2 Mobile/15E148 Safari/604.1"
82.66.112.110 - - [14/Sep/2026:08:16:42 +0200] "GET /wp-content/plugins/elementor/assets/css/widget-social-icons.min.css?ver=4.2.4 HTTP/1.1" 200 5110 "https://lecocondalfred.fr/lea-rateau/" "Mozilla/5.0 (iPhone; CPU iPhone OS 18_7 like Mac OS X) AppleWebKit/605.1.15 (KHTML, like Gecko) Version/26.5.2 Mobile/15E148 Safari/604.1"
82.66.112.110 - - [14/Sep/2026:08:16:42 +0200] "GET /wp-content/plugins/elementor/assets/css/conditionals/apple-webkit.min.css?ver=4.2.4 HTTP/1.1" 200 6713 "https://lecocondalfred.fr/lea-rateau/" "Mozilla/5.0 (iPhone; CPU iPhone OS 18_7 like Mac OS X) AppleWebKit/605.1.15 (KHTML, like Gecko) Version/26.5.2 Mobile/15E148 Safari/604.1"
82.66.112.110 - - [14/Sep/2026:08:16:42 +0200] "GET /wp-content/plugins/elementor/assets/lib/eicons/css/elementor-icons.min.css?ver=5.53.0 HTTP/1.1" 200 22258 "https://lecocondalfred.fr/lea-rateau/" "Mozilla/5.0 (iPhone; CPU iPhone OS 18_7 like Mac OS X) AppleWebKit/605.1.15 (KHTML, like Gecko) Version/26.5.2 Mobile/15E148 Safari/604.1"
82.66.112.110 - - [14/Sep/2026:08:16:42 +0200] "GET /wp-content/plugins/elementor/assets/lib/font-awesome/css/all.min.css?ver=4.2.4 HTTP/1.1" 200 59344 "https://lecocondalfred.fr/lea-rateau/" "Mozilla/5.0 (iPhone; CPU iPhone OS 18_7 like Mac OS X) AppleWebKit/605.1.15 (KHTML, like Gecko) Version/26.5.2 Mobile/15E148 Safari/604.1"
