35.185.83.192 - - [14/Sep/2026:18:21:58 +0200] "GET / HTTP/1.1" 301 - "-" "Mozilla/5.0 (compatible; CMS-Checker/1.0; +https://example.com)"
109.234.165.65 - - [14/Sep/2026:19:01:46 +0200] "POST /wp-cron.php?doing_wp_cron=1789405306.2088320255279541015625 HTTP/1.1" 200 - "-" "WordPress/7.1; https://lecocondalfred.fr"
35.185.83.192 - - [14/Sep/2026:19:01:45 +0200] "GET / HTTP/1.1" 301 - "-" "Mozilla/5.0 (Windows NT 10.0; Win64; x64) AppleWebKit/537.36 (KHTML, like Gecko) Chrome/78.0.3904.108 Safari/537.36"
220.181.108.90 - - [14/Sep/2026:19:06:43 +0200] "GET /wp-json/oembed/1.0/embed?url=https%3A%2F%2Flecocondalfred.fr%2F&format=xml HTTP/1.1" 200 2562 "-" "Mozilla/5.0 (compatible; Baiduspider/2.0; +http://www.baidu.com/search/spider.html)"
116.179.32.224 - - [14/Sep/2026:19:06:43 +0200] "GET /wp-json/wp/v2/posts/7333 HTTP/1.1" 200 24355 "-" "Mozilla/5.0 (compatible; Baiduspider/2.0; +http://www.baidu.com/search/spider.html)"
116.179.32.228 - - [14/Sep/2026:19:10:03 +0200] "GET /wp-json/oembed/1.0/embed?url=https%3A%2F%2Flecocondalfred.fr%2F HTTP/1.1" 200 2389 "-" "Mozilla/5.0 (compatible; Baiduspider/2.0; +http://www.baidu.com/search/spider.html)"
35.185.83.192 - - [14/Sep/2026:19:11:27 +0200] "GET / HTTP/1.1" 301 - "-" "Mozilla/5.0 (Windows NT 10.0; Win64; x64) AppleWebKit/537.36 (KHTML, like Gecko) Chrome/78.0.3904.108 Safari/537.36"
108.132.131.207 - - [14/Sep/2026:19:12:14 +0200] "GET /robots.txt HTTP/1.1" 200 5958 "-" "Mozilla/5.0 (Macintosh; Intel Mac OS X 10_15_5) AppleWebKit/537.36 (KHTML, like Gecko) Chrome/83.0.4103.61 Safari/537.36"
108.132.131.207 - - [14/Sep/2026:19:12:18 +0200] "GET / HTTP/1.1" 200 5783 "-" "Mozilla/5.0 (Macintosh; Intel Mac OS X 10_15_5) AppleWebKit/537.36 (KHTML, like Gecko) Chrome/83.0.4103.61 Safari/537.36"
108.132.131.207 - - [14/Sep/2026:19:12:22 +0200] "GET /robots.txt?path=/ HTTP/1.1" 200 3141 "http://lecocondalfred.fr/robots.txt" "Mozilla/5.0 (Macintosh; Intel Mac OS X 10_15_5) AppleWebKit/537.36 (KHTML, like Gecko) Chrome/83.0.4103.61 Safari/537.36"
108.132.131.207 - - [14/Sep/2026:19:12:28 +0200] "GET /robots.txt?path=/home2 HTTP/1.1" 200 2177 "http://lecocondalfred.fr/robots.txt" "Mozilla/5.0 (Macintosh; Intel Mac OS X 10_15_5) AppleWebKit/537.36 (KHTML, like Gecko) Chrome/83.0.4103.61 Safari/537.36"
108.132.131.207 - - [14/Sep/2026:19:12:32 +0200] "GET /robots.txt?path=/home2/sc1juliebave HTTP/1.1" 200 5857 "http://lecocondalfred.fr/robots.txt" "Mozilla/5.0 (Macintosh; Intel Mac OS X 10_15_5) AppleWebKit/537.36 (KHTML, like Gecko) Chrome/83.0.4103.61 Safari/537.36"
108.132.131.207 - - [14/Sep/2026:19:12:37 +0200] "GET /robots.txt?path=/home2/sc1juliebave/lecocondalfred.fr HTTP/1.1" 200 5958 "http://lecocondalfred.fr/robots.txt" "Mozilla/5.0 (Macintosh; Intel Mac OS X 10_15_5) AppleWebKit/537.36 (KHTML, like Gecko) Chrome/83.0.4103.61 Safari/537.36"
108.132.131.207 - - [14/Sep/2026:19:12:41 +0200] "GET /robots.txt?path=%2Fhome2%2Fsc1juliebave%2Flecocondalfred.fr%2F.well-known HTTP/1.1" 200 2484 "http://lecocondalfred.fr/robots.txt" "Mozilla/5.0 (Macintosh; Intel Mac OS X 10_15_5) AppleWebKit/537.36 (KHTML, like Gecko) Chrome/83.0.4103.61 Safari/537.36"
108.132.131.207 - - [14/Sep/2026:19:12:46 +0200] "GET /robots.txt?path=%2Fhome2%2Fsc1juliebave%2Flecocondalfred.fr%2Fcgi-bin HTTP/1.1" 200 2329 "http://lecocondalfred.fr/robots.txt" "Mozilla/5.0 (Macintosh; Intel Mac OS X 10_15_5) AppleWebKit/537.36 (KHTML, like Gecko) Chrome/83.0.4103.61 Safari/537.36"
108.132.131.207 - - [14/Sep/2026:19:12:51 +0200] "GET /robots.txt?path=%2Fhome2%2Fsc1juliebave%2Flecocondalfred.fr%2Fwp HTTP/1.1" 200 2314 "http://lecocondalfred.fr/robots.txt" "Mozilla/5.0 (Macintosh; Intel Mac OS X 10_15_5) AppleWebKit/537.36 (KHTML, like Gecko) Chrome/83.0.4103.61 Safari/537.36"
108.132.131.207 - - [14/Sep/2026:19:12:56 +0200] "GET /robots.txt?path=%2Fhome2%2Fsc1juliebave%2Flecocondalfred.fr%2Fwp-admin HTTP/1.1" 200 19123 "http://lecocondalfred.fr/robots.txt" "Mozilla/5.0 (Macintosh; Intel Mac OS X 10_15_5) AppleWebKit/537.36 (KHTML, like Gecko) Chrome/83.0.4103.61 Safari/537.36"
108.132.131.207 - - [14/Sep/2026:19:13:00 +0200] "GET /robots.txt?path=%2Fhome2%2Fsc1juliebave%2Flecocondalfred.fr%2Fwp-content HTTP/1.1" 200 5693 "http://lecocondalfred.fr/robots.txt" "Mozilla/5.0 (Macintosh; Intel Mac OS X 10_15_5) AppleWebKit/537.36 (KHTML, like Gecko) Chrome/83.0.4103.61 Safari/537.36"
108.132.131.207 - - [14/Sep/2026:19:13:05 +0200] "GET /robots.txt?path=%2Fhome2%2Fsc1juliebave%2Flecocondalfred.fr%2Fwp-includes HTTP/1.1" 200 53309 "http://lecocondalfred.fr/robots.txt" "Mozilla/5.0 (Macintosh; Intel Mac OS X 10_15_5) AppleWebKit/537.36 (KHTML, like Gecko) Chrome/83.0.4103.61 Safari/537.36"
108.132.131.207 - - [14/Sep/2026:19:13:10 +0200] "GET /robots.txt?action=edit&file=.htaccess&path=%2Fhome2%2Fsc1juliebave%2Flecocondalfred.fr HTTP/1.1" 406 5958 "http://lecocondalfred.fr/robots.txt" "Mozilla/5.0 (Macintosh; Intel Mac OS X 10_15_5) AppleWebKit/537.36 (KHTML, like Gecko) Chrome/83.0.4103.61 Safari/537.36"
108.132.131.207 - - [14/Sep/2026:19:13:18 +0200] "GET /robots.txt?action=edit&file=.htaccess.bk&path=%2Fhome2%2Fsc1juliebave%2Flecocondalfred.fr HTTP/1.1" 406 5958 "http://lecocondalfred.fr/robots.txt" "Mozilla/5.0 (Macintosh; Intel Mac OS X 10_15_5) AppleWebKit/537.36 (KHTML, like Gecko) Chrome/83.0.4103.61 Safari/537.36"
108.132.131.207 - - [14/Sep/2026:19:13:26 +0200] "GET /robots.txt?action=edit&file=error_log&path=%2Fhome2%2Fsc1juliebave%2Flecocondalfred.fr HTTP/1.1" 200 2588552 "http://lecocondalfred.fr/robots.txt" "Mozilla/5.0 (Macintosh; Intel Mac OS X 10_15_5) AppleWebKit/537.36 (KHTML, like Gecko) Chrome/83.0.4103.61 Safari/537.36"
108.132.131.207 - - [14/Sep/2026:19:13:56 +0200] "GET /robots.txt?action=edit&file=index.php&path=%2Fhome2%2Fsc1juliebave%2Flecocondalfred.fr HTTP/1.1" 200 1955 "http://lecocondalfred.fr/robots.txt" "Mozilla/5.0 (Macintosh; Intel Mac OS X 10_15_5) AppleWebKit/537.36 (KHTML, like Gecko) Chrome/83.0.4103.61 Safari/537.36"
108.132.131.207 - - [14/Sep/2026:19:14:01 +0200] "GET /robots.txt?action=edit&file=license.txt&path=%2Fhome2%2Fsc1juliebave%2Flecocondalfred.fr HTTP/1.1" 200 21606 "http://lecocondalfred.fr/robots.txt" "Mozilla/5.0 (Macintosh; Intel Mac OS X 10_15_5) AppleWebKit/537.36 (KHTML, like Gecko) Chrome/83.0.4103.61 Safari/537.36"
108.132.131.207 - - [14/Sep/2026:19:14:07 +0200] "GET /robots.txt?action=edit&file=readme.html&path=%2Fhome2%2Fsc1juliebave%2Flecocondalfred.fr HTTP/1.1" 200 10831 "http://lecocondalfred.fr/robots.txt" "Mozilla/5.0 (Macintosh; Intel Mac OS X 10_15_5) AppleWebKit/537.36 (KHTML, like Gecko) Chrome/83.0.4103.61 Safari/537.36"
108.132.131.207 - - [14/Sep/2026:19:14:11 +0200] "GET /robots.txt?action=edit&file=wp-activate.php&path=%2Fhome2%2Fsc1juliebave%2Flecocondalfred.fr HTTP/1.1" 200 10890 "http://lecocondalfred.fr/robots.txt" "Mozilla/5.0 (Macintosh; Intel Mac OS X 10_15_5) AppleWebKit/537.36 (KHTML, like Gecko) Chrome/83.0.4103.61 Safari/537.36"
108.132.131.207 - - [14/Sep/2026:19:14:17 +0200] "GET /robots.txt?action=edit&file=wp-blog-header.php&path=%2Fhome2%2Fsc1juliebave%2Flecocondalfred.fr HTTP/1.1" 200 1905 "http://lecocondalfred.fr/robots.txt" "Mozilla/5.0 (Macintosh; Intel Mac OS X 10_15_5) AppleWebKit/537.36 (KHTML, like Gecko) Chrome/83.0.4103.61 Safari/537.36"
108.132.131.207 - - [14/Sep/2026:19:14:23 +0200] "GET /robots.txt?action=edit&file=wp-comments-post.php&path=%2Fhome2%2Fsc1juliebave%2Flecocondalfred.fr HTTP/1.1" 200 4202 "http://lecocondalfred.fr/robots.txt" "Mozilla/5.0 (Macintosh; Intel Mac OS X 10_15_5) AppleWebKit/537.36 (KHTML, like Gecko) Chrome/83.0.4103.61 Safari/537.36"
108.132.131.207 - - [14/Sep/2026:19:14:27 +0200] "GET /robots.txt?action=edit&file=wp-config-sample.php&path=%2Fhome2%2Fsc1juliebave%2Flecocondalfred.fr HTTP/1.1" 406 5958 "http://lecocondalfred.fr/robots.txt" "Mozilla/5.0 (Macintosh; Intel Mac OS X 10_15_5) AppleWebKit/537.36 (KHTML, like Gecko) Chrome/83.0.4103.61 Safari/537.36"
108.132.131.207 - - [14/Sep/2026:19:14:32 +0200] "GET /robots.txt?action=edit&file=wp-config.php&path=%2Fhome2%2Fsc1juliebave%2Flecocondalfred.fr HTTP/1.1" 406 5958 "http://lecocondalfred.fr/robots.txt" "Mozilla/5.0 (Macintosh; Intel Mac OS X 10_15_5) AppleWebKit/537.36 (KHTML, like Gecko) Chrome/83.0.4103.61 Safari/537.36"
108.132.131.207 - - [14/Sep/2026:19:14:36 +0200] "GET /robots.txt?action=edit&file=wp-cron.php&path=%2Fhome2%2Fsc1juliebave%2Flecocondalfred.fr HTTP/1.1" 200 7486 "http://lecocondalfred.fr/robots.txt" "Mozilla/5.0 (Macintosh; Intel Mac OS X 10_15_5) AppleWebKit/537.36 (KHTML, like Gecko) Chrome/83.0.4103.61 Safari/537.36"
108.132.131.207 - - [14/Sep/2026:19:14:40 +0200] "GET /robots.txt?action=edit&file=wp-links-opml.php&path=%2Fhome2%2Fsc1juliebave%2Flecocondalfred.fr HTTP/1.1" 200 4579 "http://lecocondalfred.fr/robots.txt" "Mozilla/5.0 (Macintosh; Intel Mac OS X 10_15_5) AppleWebKit/537.36 (KHTML, like Gecko) Chrome/83.0.4103.61 Safari/537.36"
108.132.131.207 - - [14/Sep/2026:19:14:45 +0200] "GET /robots.txt?action=edit&file=wp-load.php&path=%2Fhome2%2Fsc1juliebave%2Flecocondalfred.fr HTTP/1.1" 200 6039 "http://lecocondalfred.fr/robots.txt" "Mozilla/5.0 (Macintosh; Intel Mac OS X 10_15_5) AppleWebKit/537.36 (KHTML, like Gecko) Chrome/83.0.4103.61 Safari/537.36"
108.132.131.207 - - [14/Sep/2026:19:14:49 +0200] "GET /robots.txt?action=edit&file=wp-login.php&path=%2Fhome2%2Fsc1juliebave%2Flecocondalfred.fr HTTP/1.1" 200 65316 "http://lecocondalfred.fr/robots.txt" "Mozilla/5.0 (Macintosh; Intel Mac OS X 10_15_5) AppleWebKit/537.36 (KHTML, like Gecko) Chrome/83.0.4103.61 Safari/537.36"
108.132.131.207 - - [14/Sep/2026:19:15:22 +0200] "GET /robots.txt?action=edit&file=wp-mail.php&path=%2Fhome2%2Fsc1juliebave%2Flecocondalfred.fr HTTP/1.1" 200 11421 "http://lecocondalfred.fr/robots.txt" "Mozilla/5.0 (Macintosh; Intel Mac OS X 10_15_5) AppleWebKit/537.36 (KHTML, like Gecko) Chrome/83.0.4103.61 Safari/537.36"
108.132.131.207 - - [14/Sep/2026:19:15:26 +0200] "GET /robots.txt?action=edit&file=wp-settings.php&path=%2Fhome2%2Fsc1juliebave%2Flecocondalfred.fr HTTP/1.1" 200 38514 "http://lecocondalfred.fr/robots.txt" "Mozilla/5.0 (Macintosh; Intel Mac OS X 10_15_5) AppleWebKit/537.36 (KHTML, like Gecko) Chrome/83.0.4103.61 Safari/537.36"
108.132.131.207 - - [14/Sep/2026:19:15:31 +0200] "GET /robots.txt?action=edit&file=wp-signup.php&path=%2Fhome2%2Fsc1juliebave%2Flecocondalfred.fr HTTP/1.1" 200 43691 "http://lecocondalfred.fr/robots.txt" "Mozilla/5.0 (Macintosh; Intel Mac OS X 10_15_5) AppleWebKit/537.36 (KHTML, like Gecko) Chrome/83.0.4103.61 Safari/537.36"
108.132.131.207 - - [14/Sep/2026:19:15:35 +0200] "GET /robots.txt?action=edit&file=wp-trackback.php&path=%2Fhome2%2Fsc1juliebave%2Flecocondalfred.fr HTTP/1.1" 200 7801 "http://lecocondalfred.fr/robots.txt" "Mozilla/5.0 (Macintosh; Intel Mac OS X 10_15_5) AppleWebKit/537.36 (KHTML, like Gecko) Chrome/83.0.4103.61 Safari/537.36"
108.132.131.207 - - [14/Sep/2026:19:15:46 +0200] "GET /robots.txt?action=edit&file=xmlrpc.php&path=%2Fhome2%2Fsc1juliebave%2Flecocondalfred.fr HTTP/1.1" 406 5958 "http://lecocondalfred.fr/robots.txt" "Mozilla/5.0 (Macintosh; Intel Mac OS X 10_15_5) AppleWebKit/537.36 (KHTML, like Gecko) Chrome/83.0.4103.61 Safari/537.36"
108.132.131.207 - - [14/Sep/2026:19:15:50 +0200] "GET /robots.txt?path=%2F%2Fbin HTTP/1.1" 200 60308 "http://lecocondalfred.fr/robots.txt?path=/" "Mozilla/5.0 (Macintosh; Intel Mac OS X 10_15_5) AppleWebKit/537.36 (KHTML, like Gecko) Chrome/83.0.4103.61 Safari/537.36"
108.132.131.207 - - [14/Sep/2026:19:16:00 +0200] "GET /robots.txt?path=%2F%2Fdev HTTP/1.1" 200 3197 "http://lecocondalfred.fr/robots.txt?path=/" "Mozilla/5.0 (Macintosh; Intel Mac OS X 10_15_5) AppleWebKit/537.36 (KHTML, like Gecko) Chrome/83.0.4103.61 Safari/537.36"
109.234.165.65 - - [14/Sep/2026:19:16:10 +0200] "POST /wp-cron.php?doing_wp_cron=1789406170.3282279968261718750000 HTTP/1.1" 200 - "-" "WordPress/7.1; https://lecocondalfred.fr"
108.132.131.207 - - [14/Sep/2026:19:16:09 +0200] "GET /robots.txt?path=%2F%2Fetc HTTP/1.1" 200 9050 "http://lecocondalfred.fr/robots.txt?path=/" "Mozilla/5.0 (Macintosh; Intel Mac OS X 10_15_5) AppleWebKit/537.36 (KHTML, like Gecko) Chrome/83.0.4103.61 Safari/537.36"
108.132.131.207 - - [14/Sep/2026:19:16:14 +0200] "GET /robots.txt?path=%2F%2Fhome HTTP/1.1" 200 2086 "http://lecocondalfred.fr/robots.txt?path=/" "Mozilla/5.0 (Macintosh; Intel Mac OS X 10_15_5) AppleWebKit/537.36 (KHTML, like Gecko) Chrome/83.0.4103.61 Safari/537.36"
108.132.131.207 - - [14/Sep/2026:19:16:20 +0200] "GET /robots.txt?path=%2F%2Fhome2 HTTP/1.1" 200 2182 "http://lecocondalfred.fr/robots.txt?path=/" "Mozilla/5.0 (Macintosh; Intel Mac OS X 10_15_5) AppleWebKit/537.36 (KHTML, like Gecko) Chrome/83.0.4103.61 Safari/537.36"
108.132.131.207 - - [14/Sep/2026:19:16:25 +0200] "GET /robots.txt?path=%2F%2Fhome3 HTTP/1.1" 200 2089 "http://lecocondalfred.fr/robots.txt?path=/" "Mozilla/5.0 (Macintosh; Intel Mac OS X 10_15_5) AppleWebKit/537.36 (KHTML, like Gecko) Chrome/83.0.4103.61 Safari/537.36"
108.132.131.207 - - [14/Sep/2026:19:16:31 +0200] "GET /robots.txt?path=%2F%2Flib HTTP/1.1" 200 6064 "http://lecocondalfred.fr/robots.txt?path=/" "Mozilla/5.0 (Macintosh; Intel Mac OS X 10_15_5) AppleWebKit/537.36 (KHTML, like Gecko) Chrome/83.0.4103.61 Safari/537.36"
108.132.131.207 - - [14/Sep/2026:19:16:35 +0200] "GET /robots.txt?path=%2F%2Flib64 HTTP/1.1" 200 174985 "http://lecocondalfred.fr/robots.txt?path=/" "Mozilla/5.0 (Macintosh; Intel Mac OS X 10_15_5) AppleWebKit/537.36 (KHTML, like Gecko) Chrome/83.0.4103.61 Safari/537.36"
108.132.131.207 - - [14/Sep/2026:19:16:41 +0200] "GET /robots.txt?path=%2F%2Fopt HTTP/1.1" 200 4415 "http://lecocondalfred.fr/robots.txt?path=/" "Mozilla/5.0 (Macintosh; Intel Mac OS X 10_15_5) AppleWebKit/537.36 (KHTML, like Gecko) Chrome/83.0.4103.61 Safari/537.36"
108.132.131.207 - - [14/Sep/2026:19:16:46 +0200] "GET /robots.txt?path=%2F%2Fproc HTTP/1.1" 200 8021 "http://lecocondalfred.fr/robots.txt?path=/" "Mozilla/5.0 (Macintosh; Intel Mac OS X 10_15_5) AppleWebKit/537.36 (KHTML, like Gecko) Chrome/83.0.4103.61 Safari/537.36"
108.132.131.207 - - [14/Sep/2026:19:16:51 +0200] "GET /robots.txt?path=%2F%2Froot HTTP/1.1" 200 2086 "http://lecocondalfred.fr/robots.txt?path=/" "Mozilla/5.0 (Macintosh; Intel Mac OS X 10_15_5) AppleWebKit/537.36 (KHTML, like Gecko) Chrome/83.0.4103.61 Safari/537.36"
108.132.131.207 - - [14/Sep/2026:19:16:55 +0200] "GET /robots.txt?path=%2F%2Frun HTTP/1.1" 200 3083 "http://lecocondalfred.fr/robots.txt?path=/" "Mozilla/5.0 (Macintosh; Intel Mac OS X 10_15_5) AppleWebKit/537.36 (KHTML, like Gecko) Chrome/83.0.4103.61 Safari/537.36"
108.132.131.207 - - [14/Sep/2026:19:16:59 +0200] "GET /robots.txt?path=%2F%2Fsbin HTTP/1.1" 200 12174 "http://lecocondalfred.fr/robots.txt?path=/" "Mozilla/5.0 (Macintosh; Intel Mac OS X 10_15_5) AppleWebKit/537.36 (KHTML, like Gecko) Chrome/83.0.4103.61 Safari/537.36"
108.132.131.207 - - [14/Sep/2026:19:17:05 +0200] "GET /robots.txt?path=%2F%2Ftmp HTTP/1.1" 200 2301 "http://lecocondalfred.fr/robots.txt?path=/" "Mozilla/5.0 (Macintosh; Intel Mac OS X 10_15_5) AppleWebKit/537.36 (KHTML, like Gecko) Chrome/83.0.4103.61 Safari/537.36"
108.132.131.207 - - [14/Sep/2026:19:17:13 +0200] "GET /robots.txt?path=%2F%2Fusr HTTP/1.1" 200 2944 "http://lecocondalfred.fr/robots.txt?path=/" "Mozilla/5.0 (Macintosh; Intel Mac OS X 10_15_5) AppleWebKit/537.36 (KHTML, like Gecko) Chrome/83.0.4103.61 Safari/537.36"
108.132.131.207 - - [14/Sep/2026:19:17:17 +0200] "GET /robots.txt?path=%2F%2Fvar HTTP/1.1" 200 3163 "http://lecocondalfred.fr/robots.txt?path=/" "Mozilla/5.0 (Macintosh; Intel Mac OS X 10_15_5) AppleWebKit/537.36 (KHTML, like Gecko) Chrome/83.0.4103.61 Safari/537.36"
108.132.131.207 - - [14/Sep/2026:19:17:22 +0200] "GET /robots.txt?path=%2Fhome2%2Fsc1juliebave HTTP/1.1" 200 5857 "http://lecocondalfred.fr/robots.txt?path=/home2" "Mozilla/5.0 (Macintosh; Intel Mac OS X 10_15_5) AppleWebKit/537.36 (KHTML, like Gecko) Chrome/83.0.4103.61 Safari/537.36"
108.132.131.207 - - [14/Sep/2026:19:17:27 +0200] "GET /robots.txt?path=%2Fhome2%2Fsc1juliebave%2F.cagefs HTTP/1.1" 200 2508 "http://lecocondalfred.fr/robots.txt?path=/home2/sc1juliebave" "Mozilla/5.0 (Macintosh; Intel Mac OS X 10_15_5) AppleWebKit/537.36 (KHTML, like Gecko) Chrome/83.0.4103.61 Safari/537.36"
108.132.131.207 - - [14/Sep/2026:19:17:32 +0200] "GET /robots.txt?path=%2Fhome2%2Fsc1juliebave%2F.caldav HTTP/1.1" 200 2475 "http://lecocondalfred.fr/robots.txt?path=/home2/sc1juliebave" "Mozilla/5.0 (Macintosh; Intel Mac OS X 10_15_5) AppleWebKit/537.36 (KHTML, like Gecko) Chrome/83.0.4103.61 Safari/537.36"
108.132.131.207 - - [14/Sep/2026:19:17:37 +0200] "GET /robots.txt?path=%2Fhome2%2Fsc1juliebave%2F.cl.selector HTTP/1.1" 200 2520 "http://lecocondalfred.fr/robots.txt?path=/home2/sc1juliebave" "Mozilla/5.0 (Macintosh; Intel Mac OS X 10_15_5) AppleWebKit/537.36 (KHTML, like Gecko) Chrome/83.0.4103.61 Safari/537.36"
108.132.131.207 - - [14/Sep/2026:19:17:41 +0200] "GET /robots.txt?path=%2Fhome2%2Fsc1juliebave%2F.clwpos HTTP/1.1" 200 2343 "http://lecocondalfred.fr/robots.txt?path=/home2/sc1juliebave" "Mozilla/5.0 (Macintosh; Intel Mac OS X 10_15_5) AppleWebKit/537.36 (KHTML, like Gecko) Chrome/83.0.4103.61 Safari/537.36"
108.132.131.207 - - [14/Sep/2026:19:17:46 +0200] "GET /robots.txt?path=%2Fhome2%2Fsc1juliebave%2F.cpanel HTTP/1.1" 200 3375 "http://lecocondalfred.fr/robots.txt?path=/home2/sc1juliebave" "Mozilla/5.0 (Macintosh; Intel Mac OS X 10_15_5) AppleWebKit/537.36 (KHTML, like Gecko) Chrome/83.0.4103.61 Safari/537.36"
108.132.131.207 - - [14/Sep/2026:19:17:51 +0200] "GET /robots.txt?path=%2Fhome2%2Fsc1juliebave%2F.cphorde HTTP/1.1" 200 2569 "http://lecocondalfred.fr/robots.txt?path=/home2/sc1juliebave" "Mozilla/5.0 (Macintosh; Intel Mac OS X 10_15_5) AppleWebKit/537.36 (KHTML, like Gecko) Chrome/83.0.4103.61 Safari/537.36"
108.132.131.207 - - [14/Sep/2026:19:17:57 +0200] "GET /robots.txt?path=%2Fhome2%2Fsc1juliebave%2F.htpasswds HTTP/1.1" 200 2226 "http://lecocondalfred.fr/robots.txt?path=/home2/sc1juliebave" "Mozilla/5.0 (Macintosh; Intel Mac OS X 10_15_5) AppleWebKit/537.36 (KHTML, like Gecko) Chrome/83.0.4103.61 Safari/537.36"
108.132.131.207 - - [14/Sep/2026:19:18:02 +0200] "GET /robots.txt?path=%2Fhome2%2Fsc1juliebave%2F.koality HTTP/1.1" 200 2220 "http://lecocondalfred.fr/robots.txt?path=/home2/sc1juliebave" "Mozilla/5.0 (Macintosh; Intel Mac OS X 10_15_5) AppleWebKit/537.36 (KHTML, like Gecko) Chrome/83.0.4103.61 Safari/537.36"
109.234.165.65 - - [14/Sep/2026:19:18:11 +0200] "POST /wp-cron.php?doing_wp_cron=1789406291.0366439819335937500000 HTTP/1.1" 200 - "-" "WordPress/7.1; https://lecocondalfred.fr"
108.132.131.207 - - [14/Sep/2026:19:18:10 +0200] "GET /robots.txt?path=%2Fhome2%2Fsc1juliebave%2F.pki HTTP/1.1" 200 2306 "http://lecocondalfred.fr/robots.txt?path=/home2/sc1juliebave" "Mozilla/5.0 (Macintosh; Intel Mac OS X 10_15_5) AppleWebKit/537.36 (KHTML, like Gecko) Chrome/83.0.4103.61 Safari/537.36"
108.132.131.207 - - [14/Sep/2026:19:18:14 +0200] "GET /robots.txt?path=%2Fhome2%2Fsc1juliebave%2F.sitepad HTTP/1.1" 200 2349 "http://lecocondalfred.fr/robots.txt?path=/home2/sc1juliebave" "Mozilla/5.0 (Macintosh; Intel Mac OS X 10_15_5) AppleWebKit/537.36 (KHTML, like Gecko) Chrome/83.0.4103.61 Safari/537.36"
108.132.131.207 - - [14/Sep/2026:19:18:19 +0200] "GET /robots.txt?path=%2Fhome2%2Fsc1juliebave%2F.softaculous HTTP/1.1" 200 3195 "http://lecocondalfred.fr/robots.txt?path=/home2/sc1juliebave" "Mozilla/5.0 (Macintosh; Intel Mac OS X 10_15_5) AppleWebKit/537.36 (KHTML, like Gecko) Chrome/83.0.4103.61 Safari/537.36"
108.132.131.207 - - [14/Sep/2026:19:18:23 +0200] "GET /robots.txt?path=%2Fhome2%2Fsc1juliebave%2F.spamassassin HTTP/1.1" 200 2375 "http://lecocondalfred.fr/robots.txt?path=/home2/sc1juliebave" "Mozilla/5.0 (Macintosh; Intel Mac OS X 10_15_5) AppleWebKit/537.36 (KHTML, like Gecko) Chrome/83.0.4103.61 Safari/537.36"
108.132.131.207 - - [14/Sep/2026:19:18:27 +0200] "GET /robots.txt?path=%2Fhome2%2Fsc1juliebave%2F.trash HTTP/1.1" 200 2214 "http://lecocondalfred.fr/robots.txt?path=/home2/sc1juliebave" "Mozilla/5.0 (Macintosh; Intel Mac OS X 10_15_5) AppleWebKit/537.36 (KHTML, like Gecko) Chrome/83.0.4103.61 Safari/537.36"
108.132.131.207 - - [14/Sep/2026:19:18:32 +0200] "GET /robots.txt?path=%2Fhome2%2Fsc1juliebave%2F.wp-cli HTTP/1.1" 200 2318 "http://lecocondalfred.fr/robots.txt?path=/home2/sc1juliebave" "Mozilla/5.0 (Macintosh; Intel Mac OS X 10_15_5) AppleWebKit/537.36 (KHTML, like Gecko) Chrome/83.0.4103.61 Safari/537.36"
108.132.131.207 - - [14/Sep/2026:19:18:36 +0200] "GET /robots.txt?path=%2Fhome2%2Fsc1juliebave%2Faccess-logs HTTP/1.1" 200 2993 "http://lecocondalfred.fr/robots.txt?path=/home2/sc1juliebave" "Mozilla/5.0 (Macintosh; Intel Mac OS X 10_15_5) AppleWebKit/537.36 (KHTML, like Gecko) Chrome/83.0.4103.61 Safari/537.36"
108.132.131.207 - - [14/Sep/2026:19:18:41 +0200] "GET /robots.txt?path=%2Fhome2%2Fsc1juliebave%2Fetc HTTP/1.1" 200 3941 "http://lecocondalfred.fr/robots.txt?path=/home2/sc1juliebave" "Mozilla/5.0 (Macintosh; Intel Mac OS X 10_15_5) AppleWebKit/537.36 (KHTML, like Gecko) Chrome/83.0.4103.61 Safari/537.36"
108.132.131.207 - - [14/Sep/2026:19:18:45 +0200] "GET /robots.txt?path=%2Fhome2%2Fsc1juliebave%2Flecocondalfred.fr HTTP/1.1" 200 5958 "http://lecocondalfred.fr/robots.txt?path=/home2/sc1juliebave" "Mozilla/5.0 (Macintosh; Intel Mac OS X 10_15_5) AppleWebKit/537.36 (KHTML, like Gecko) Chrome/83.0.4103.61 Safari/537.36"
109.234.165.65 - - [14/Sep/2026:19:18:51 +0200] "POST /wp-cron.php?doing_wp_cron=1789406331.3975059986114501953125 HTTP/1.1" 200 - "-" "WordPress/7.1; https://lecocondalfred.fr"
108.132.131.207 - - [14/Sep/2026:19:18:50 +0200] "GET /robots.txt?path=%2Fhome2%2Fsc1juliebave%2Flogs HTTP/1.1" 200 3154 "http://lecocondalfred.fr/robots.txt?path=/home2/sc1juliebave" "Mozilla/5.0 (Macintosh; Intel Mac OS X 10_15_5) AppleWebKit/537.36 (KHTML, like Gecko) Chrome/83.0.4103.61 Safari/537.36"
108.132.131.207 - - [14/Sep/2026:19:18:57 +0200] "GET /robots.txt?path=%2Fhome2%2Fsc1juliebave%2Fmail HTTP/1.1" 200 5099 "http://lecocondalfred.fr/robots.txt?path=/home2/sc1juliebave" "Mozilla/5.0 (Macintosh; Intel Mac OS X 10_15_5) AppleWebKit/537.36 (KHTML, like Gecko) Chrome/83.0.4103.61 Safari/537.36"
108.132.131.207 - - [14/Sep/2026:19:19:01 +0200] "GET /robots.txt?path=%2Fhome2%2Fsc1juliebave%2FmyTiger-backup HTTP/1.1" 200 2238 "http://lecocondalfred.fr/robots.txt?path=/home2/sc1juliebave" "Mozilla/5.0 (Macintosh; Intel Mac OS X 10_15_5) AppleWebKit/537.36 (KHTML, like Gecko) Chrome/83.0.4103.61 Safari/537.36"
108.132.131.207 - - [14/Sep/2026:19:19:04 +0200] "GET /robots.txt?path=%2Fhome2%2Fsc1juliebave%2Fpublic_ftp HTTP/1.1" 200 2336 "http://lecocondalfred.fr/robots.txt?path=/home2/sc1juliebave" "Mozilla/5.0 (Macintosh; Intel Mac OS X 10_15_5) AppleWebKit/537.36 (KHTML, like Gecko) Chrome/83.0.4103.61 Safari/537.36"
109.234.165.65 - - [14/Sep/2026:19:19:09 +0200] "POST /wp-cron.php?doing_wp_cron=1789406349.6965260505676269531250 HTTP/1.1" 200 - "-" "WordPress/7.1; https://lecocondalfred.fr"
108.132.131.207 - - [14/Sep/2026:19:19:09 +0200] "GET /robots.txt?path=%2Fhome2%2Fsc1juliebave%2Fpublic_html HTTP/1.1" 200 2476 "http://lecocondalfred.fr/robots.txt?path=/home2/sc1juliebave" "Mozilla/5.0 (Macintosh; Intel Mac OS X 10_15_5) AppleWebKit/537.36 (KHTML, like Gecko) Chrome/83.0.4103.61 Safari/537.36"
108.132.131.207 - - [14/Sep/2026:19:19:13 +0200] "GET /robots.txt?path=%2Fhome2%2Fsc1juliebave%2Fssl HTTP/1.1" 200 2751 "http://lecocondalfred.fr/robots.txt?path=/home2/sc1juliebave" "Mozilla/5.0 (Macintosh; Intel Mac OS X 10_15_5) AppleWebKit/537.36 (KHTML, like Gecko) Chrome/83.0.4103.61 Safari/537.36"
108.132.131.207 - - [14/Sep/2026:19:19:18 +0200] "GET /robots.txt?path=%2Fhome2%2Fsc1juliebave%2Ftmp HTTP/1.1" 200 3146 "http://lecocondalfred.fr/robots.txt?path=/home2/sc1juliebave" "Mozilla/5.0 (Macintosh; Intel Mac OS X 10_15_5) AppleWebKit/537.36 (KHTML, like Gecko) Chrome/83.0.4103.61 Safari/537.36"
108.132.131.207 - - [14/Sep/2026:19:19:22 +0200] "GET /robots.txt?path=%2Fhome2%2Fsc1juliebave%2Fwww HTTP/1.1" 200 2436 "http://lecocondalfred.fr/robots.txt?path=/home2/sc1juliebave" "Mozilla/5.0 (Macintosh; Intel Mac OS X 10_15_5) AppleWebKit/537.36 (KHTML, like Gecko) Chrome/83.0.4103.61 Safari/537.36"
108.132.131.207 - - [14/Sep/2026:19:19:28 +0200] "GET /robots.txt?action=edit&file=.bash_logout&path=%2Fhome2%2Fsc1juliebave HTTP/1.1" 200 1543 "http://lecocondalfred.fr/robots.txt?path=/home2/sc1juliebave" "Mozilla/5.0 (Macintosh; Intel Mac OS X 10_15_5) AppleWebKit/537.36 (KHTML, like Gecko) Chrome/83.0.4103.61 Safari/537.36"
108.132.131.207 - - [14/Sep/2026:19:19:33 +0200] "GET /robots.txt?action=edit&file=.bash_profile&path=%2Fhome2%2Fsc1juliebave HTTP/1.1" 200 1719 "http://lecocondalfred.fr/robots.txt?path=/home2/sc1juliebave" "Mozilla/5.0 (Macintosh; Intel Mac OS X 10_15_5) AppleWebKit/537.36 (KHTML, like Gecko) Chrome/83.0.4103.61 Safari/537.36"
108.132.131.207 - - [14/Sep/2026:19:19:37 +0200] "GET /robots.txt?action=edit&file=.bashrc&path=%2Fhome2%2Fsc1juliebave HTTP/1.1" 200 1761 "http://lecocondalfred.fr/robots.txt?path=/home2/sc1juliebave" "Mozilla/5.0 (Macintosh; Intel Mac OS X 10_15_5) AppleWebKit/537.36 (KHTML, like Gecko) Chrome/83.0.4103.61 Safari/537.36"
108.132.131.207 - - [14/Sep/2026:19:19:41 +0200] "GET /robots.txt?action=edit&file=.contactemail&path=%2Fhome2%2Fsc1juliebave HTTP/1.1" 200 1526 "http://lecocondalfred.fr/robots.txt?path=/home2/sc1juliebave" "Mozilla/5.0 (Macintosh; Intel Mac OS X 10_15_5) AppleWebKit/537.36 (KHTML, like Gecko) Chrome/83.0.4103.61 Safari/537.36"
108.132.131.207 - - [14/Sep/2026:19:19:45 +0200] "GET /robots.txt?action=edit&file=.imunify_patch_id&path=%2Fhome2%2Fsc1juliebave HTTP/1.1" 200 1636 "http://lecocondalfred.fr/robots.txt?path=/home2/sc1juliebave" "Mozilla/5.0 (Macintosh; Intel Mac OS X 10_15_5) AppleWebKit/537.36 (KHTML, like Gecko) Chrome/83.0.4103.61 Safari/537.36"
108.132.131.207 - - [14/Sep/2026:19:19:50 +0200] "GET /robots.txt?action=edit&file=.lastlogin&path=%2Fhome2%2Fsc1juliebave HTTP/1.1" 200 2110 "http://lecocondalfred.fr/robots.txt?path=/home2/sc1juliebave" "Mozilla/5.0 (Macintosh; Intel Mac OS X 10_15_5) AppleWebKit/537.36 (KHTML, like Gecko) Chrome/83.0.4103.61 Safari/537.36"
108.132.131.207 - - [14/Sep/2026:19:19:54 +0200] "GET /robots.txt?action=edit&file=.myimunify_id&path=%2Fhome2%2Fsc1juliebave HTTP/1.1" 200 1628 "http://lecocondalfred.fr/robots.txt?path=/home2/sc1juliebave" "Mozilla/5.0 (Macintosh; Intel Mac OS X 10_15_5) AppleWebKit/537.36 (KHTML, like Gecko) Chrome/83.0.4103.61 Safari/537.36"
108.132.131.207 - - [14/Sep/2026:19:20:00 +0200] "GET /robots.txt?action=edit&file=.spamassassinboxenable&path=%2Fhome2%2Fsc1juliebave HTTP/1.1" 200 1535 "http://lecocondalfred.fr/robots.txt?path=/home2/sc1juliebave" "Mozilla/5.0 (Macintosh; Intel Mac OS X 10_15_5) AppleWebKit/537.36 (KHTML, like Gecko) Chrome/83.0.4103.61 Safari/537.36"
108.132.131.207 - - [14/Sep/2026:19:20:04 +0200] "GET /robots.txt?action=edit&file=.spamassassinenable&path=%2Fhome2%2Fsc1juliebave HTTP/1.1" 200 1532 "http://lecocondalfred.fr/robots.txt?path=/home2/sc1juliebave" "Mozilla/5.0 (Macintosh; Intel Mac OS X 10_15_5) AppleWebKit/537.36 (KHTML, like Gecko) Chrome/83.0.4103.61 Safari/537.36"
109.234.165.65 - - [14/Sep/2026:19:20:08 +0200] "POST /wp-cron.php?doing_wp_cron=1789406408.9337909221649169921875 HTTP/1.1" 200 - "-" "WordPress/7.1; https://lecocondalfred.fr"
108.132.131.207 - - [14/Sep/2026:19:20:08 +0200] "GET /robots.txt?action=edit&file=.zshrc&path=%2Fhome2%2Fsc1juliebave HTTP/1.1" 200 2177 "http://lecocondalfred.fr/robots.txt?path=/home2/sc1juliebave" "Mozilla/5.0 (Macintosh; Intel Mac OS X 10_15_5) AppleWebKit/537.36 (KHTML, like Gecko) Chrome/83.0.4103.61 Safari/537.36"
108.132.131.207 - - [14/Sep/2026:19:20:13 +0200] "GET /robots.txt?path=/home2/sc1juliebave/lecocondalfred.fr/.well-known HTTP/1.1" 200 2484 "http://lecocondalfred.fr/robots.txt?path=%2Fhome2%2Fsc1juliebave%2Flecocondalfred.fr%2F.well-known" "Mozilla/5.0 (Macintosh; Intel Mac OS X 10_15_5) AppleWebKit/537.36 (KHTML, like Gecko) Chrome/83.0.4103.61 Safari/537.36"
108.132.131.207 - - [14/Sep/2026:19:20:18 +0200] "GET /robots.txt?path=%2Fhome2%2Fsc1juliebave%2Flecocondalfred.fr%2F.well-known%2Facme-challenge HTTP/1.1" 200 2456 "http://lecocondalfred.fr/robots.txt?path=%2Fhome2%2Fsc1juliebave%2Flecocondalfred.fr%2F.well-known" "Mozilla/5.0 (Macintosh; Intel Mac OS X 10_15_5) AppleWebKit/537.36 (KHTML, like Gecko) Chrome/83.0.4103.61 Safari/537.36"
108.132.131.207 - - [14/Sep/2026:19:20:23 +0200] "GET /robots.txt?path=/home2/sc1juliebave/lecocondalfred.fr/cgi-bin HTTP/1.1" 200 2329 "http://lecocondalfred.fr/robots.txt?path=%2Fhome2%2Fsc1juliebave%2Flecocondalfred.fr%2Fcgi-bin" "Mozilla/5.0 (Macintosh; Intel Mac OS X 10_15_5) AppleWebKit/537.36 (KHTML, like Gecko) Chrome/83.0.4103.61 Safari/537.36"
109.234.165.65 - - [14/Sep/2026:19:20:28 +0200] "POST /wp-cron.php?doing_wp_cron=1789406428.5436329841613769531250 HTTP/1.1" 200 - "-" "WordPress/7.1; https://lecocondalfred.fr"
108.132.131.207 - - [14/Sep/2026:19:20:28 +0200] "GET /robots.txt?path=/home2/sc1juliebave/lecocondalfred.fr/wp HTTP/1.1" 200 2314 "http://lecocondalfred.fr/robots.txt?path=%2Fhome2%2Fsc1juliebave%2Flecocondalfred.fr%2Fwp" "Mozilla/5.0 (Macintosh; Intel Mac OS X 10_15_5) AppleWebKit/537.36 (KHTML, like Gecko) Chrome/83.0.4103.61 Safari/537.36"
108.132.131.207 - - [14/Sep/2026:19:20:33 +0200] "GET /robots.txt?path=/home2/sc1juliebave/lecocondalfred.fr/wp-admin HTTP/1.1" 200 19123 "http://lecocondalfred.fr/robots.txt?path=%2Fhome2%2Fsc1juliebave%2Flecocondalfred.fr%2Fwp-admin" "Mozilla/5.0 (Macintosh; Intel Mac OS X 10_15_5) AppleWebKit/537.36 (KHTML, like Gecko) Chrome/83.0.4103.61 Safari/537.36"
108.132.131.207 - - [14/Sep/2026:19:20:38 +0200] "GET /robots.txt?path=%2Fhome2%2Fsc1juliebave%2Flecocondalfred.fr%2Fwp-admin%2Fcss HTTP/1.1" 200 21215 "http://lecocondalfred.fr/robots.txt?path=%2Fhome2%2Fsc1juliebave%2Flecocondalfred.fr%2Fwp-admin" "Mozilla/5.0 (Macintosh; Intel Mac OS X 10_15_5) AppleWebKit/537.36 (KHTML, like Gecko) Chrome/83.0.4103.61 Safari/537.36"
108.132.131.207 - - [14/Sep/2026:19:20:42 +0200] "GET /robots.txt?path=%2Fhome2%2Fsc1juliebave%2Flecocondalfred.fr%2Fwp-admin%2Fimages HTTP/1.1" 200 18239 "http://lecocondalfred.fr/robots.txt?path=%2Fhome2%2Fsc1juliebave%2Flecocondalfred.fr%2Fwp-admin" "Mozilla/5.0 (Macintosh; Intel Mac OS X 10_15_5) AppleWebKit/537.36 (KHTML, like Gecko) Chrome/83.0.4103.61 Safari/537.36"
108.132.131.207 - - [14/Sep/2026:19:20:46 +0200] "GET /robots.txt?path=%2Fhome2%2Fsc1juliebave%2Flecocondalfred.fr%2Fwp-admin%2Fincludes HTTP/1.1" 200 22759 "http://lecocondalfred.fr/robots.txt?path=%2Fhome2%2Fsc1juliebave%2Flecocondalfred.fr%2Fwp-admin" "Mozilla/5.0 (Macintosh; Intel Mac OS X 10_15_5) AppleWebKit/537.36 (KHTML, like Gecko) Chrome/83.0.4103.61 Safari/537.36"
108.132.131.207 - - [14/Sep/2026:19:20:51 +0200] "GET /robots.txt?path=%2Fhome2%2Fsc1juliebave%2Flecocondalfred.fr%2Fwp-admin%2Fjs HTTP/1.1" 200 19254 "http://lecocondalfred.fr/robots.txt?path=%2Fhome2%2Fsc1juliebave%2Flecocondalfred.fr%2Fwp-admin" "Mozilla/5.0 (Macintosh; Intel Mac OS X 10_15_5) AppleWebKit/537.36 (KHTML, like Gecko) Chrome/83.0.4103.61 Safari/537.36"
108.132.131.207 - - [14/Sep/2026:19:20:55 +0200] "GET /robots.txt?path=%2Fhome2%2Fsc1juliebave%2Flecocondalfred.fr%2Fwp-admin%2Fmaint HTTP/1.1" 200 2580 "http://lecocondalfred.fr/robots.txt?path=%2Fhome2%2Fsc1juliebave%2Flecocondalfred.fr%2Fwp-admin" "Mozilla/5.0 (Macintosh; Intel Mac OS X 10_15_5) AppleWebKit/537.36 (KHTML, like Gecko) Chrome/83.0.4103.61 Safari/537.36"
109.234.165.65 - - [14/Sep/2026:19:21:08 +0200] "POST /wp-cron.php?doing_wp_cron=1789406468.3471078872680664062500 HTTP/1.1" 200 - "-" "WordPress/7.1; https://lecocondalfred.fr"
108.132.131.207 - - [14/Sep/2026:19:21:07 +0200] "GET /robots.txt?path=%2Fhome2%2Fsc1juliebave%2Flecocondalfred.fr%2Fwp-admin%2Fnetwork HTTP/1.1" 200 7467 "http://lecocondalfred.fr/robots.txt?path=%2Fhome2%2Fsc1juliebave%2Flecocondalfred.fr%2Fwp-admin" "Mozilla/5.0 (Macintosh; Intel Mac OS X 10_15_5) AppleWebKit/537.36 (KHTML, like Gecko) Chrome/83.0.4103.61 Safari/537.36"
108.132.131.207 - - [14/Sep/2026:19:21:13 +0200] "GET /robots.txt?path=%2Fhome2%2Fsc1juliebave%2Flecocondalfred.fr%2Fwp-admin%2Fuser HTTP/1.1" 200 4028 "http://lecocondalfred.fr/robots.txt?path=%2Fhome2%2Fsc1juliebave%2Flecocondalfred.fr%2Fwp-admin" "Mozilla/5.0 (Macintosh; Intel Mac OS X 10_15_5) AppleWebKit/537.36 (KHTML, like Gecko) Chrome/83.0.4103.61 Safari/537.36"
108.132.131.207 - - [14/Sep/2026:19:21:18 +0200] "GET /robots.txt?action=edit&file=.htaccess&path=%2Fhome2%2Fsc1juliebave%2Flecocondalfred.fr%2Fwp-admin HTTP/1.1" 406 5958 "http://lecocondalfred.fr/robots.txt?path=%2Fhome2%2Fsc1juliebave%2Flecocondalfred.fr%2Fwp-admin" "Mozilla/5.0 (Macintosh; Intel Mac OS X 10_15_5) AppleWebKit/537.36 (KHTML, like Gecko) Chrome/83.0.4103.61 Safari/537.36"
108.132.131.207 - - [14/Sep/2026:19:21:26 +0200] "GET /robots.txt?action=edit&file=about.php&path=%2Fhome2%2Fsc1juliebave%2Flecocondalfred.fr%2Fwp-admin HTTP/1.1" 200 21720 "http://lecocondalfred.fr/robots.txt?path=%2Fhome2%2Fsc1juliebave%2Flecocondalfred.fr%2Fwp-admin" "Mozilla/5.0 (Macintosh; Intel Mac OS X 10_15_5) AppleWebKit/537.36 (KHTML, like Gecko) Chrome/83.0.4103.61 Safari/537.36"
108.132.131.207 - - [14/Sep/2026:19:21:31 +0200] "GET /robots.txt?action=edit&file=admin-ajax.php&path=%2Fhome2%2Fsc1juliebave%2Flecocondalfred.fr%2Fwp-admin HTTP/1.1" 200 8142 "http://lecocondalfred.fr/robots.txt?path=%2Fhome2%2Fsc1juliebave%2Flecocondalfred.fr%2Fwp-admin" "Mozilla/5.0 (Macintosh; Intel Mac OS X 10_15_5) AppleWebKit/537.36 (KHTML, like Gecko) Chrome/83.0.4103.61 Safari/537.36"
108.132.131.207 - - [14/Sep/2026:19:21:35 +0200] "GET /robots.txt?action=edit&file=admin-footer.php&path=%2Fhome2%2Fsc1juliebave%2Flecocondalfred.fr%2Fwp-admin HTTP/1.1" 200 4886 "http://lecocondalfred.fr/robots.txt?path=%2Fhome2%2Fsc1juliebave%2Flecocondalfred.fr%2Fwp-admin" "Mozilla/5.0 (Macintosh; Intel Mac OS X 10_15_5) AppleWebKit/537.36 (KHTML, like Gecko) Chrome/83.0.4103.61 Safari/537.36"
108.132.131.207 - - [14/Sep/2026:19:21:39 +0200] "GET /robots.txt?action=edit&file=admin-functions.php&path=%2Fhome2%2Fsc1juliebave%2Flecocondalfred.fr%2Fwp-admin HTTP/1.1" 200 2062 "http://lecocondalfred.fr/robots.txt?path=%2Fhome2%2Fsc1juliebave%2Flecocondalfred.fr%2Fwp-admin" "Mozilla/5.0 (Macintosh; Intel Mac OS X 10_15_5) AppleWebKit/537.36 (KHTML, like Gecko) Chrome/83.0.4103.61 Safari/537.36"
108.132.131.207 - - [14/Sep/2026:19:21:45 +0200] "GET /robots.txt?action=edit&file=admin-header.php&path=%2Fhome2%2Fsc1juliebave%2Flecocondalfred.fr%2Fwp-admin HTTP/1.1" 200 12135 "http://lecocondalfred.fr/robots.txt?path=%2Fhome2%2Fsc1juliebave%2Flecocondalfred.fr%2Fwp-admin" "Mozilla/5.0 (Macintosh; Intel Mac OS X 10_15_5) AppleWebKit/537.36 (KHTML, like Gecko) Chrome/83.0.4103.61 Safari/537.36"
108.132.131.207 - - [14/Sep/2026:19:21:51 +0200] "GET /robots.txt?action=edit&file=admin-post.php&path=%2Fhome2%2Fsc1juliebave%2Flecocondalfred.fr%2Fwp-admin HTTP/1.1" 200 3721 "http://lecocondalfred.fr/robots.txt?path=%2Fhome2%2Fsc1juliebave%2Flecocondalfred.fr%2Fwp-admin" "Mozilla/5.0 (Macintosh; Intel Mac OS X 10_15_5) AppleWebKit/537.36 (KHTML, like Gecko) Chrome/83.0.4103.61 Safari/537.36"
108.132.131.207 - - [14/Sep/2026:19:21:55 +0200] "GET /robots.txt?action=edit&file=admin.php&path=%2Fhome2%2Fsc1juliebave%2Flecocondalfred.fr%2Fwp-admin HTTP/1.1" 200 15784 "http://lecocondalfred.fr/robots.txt?path=%2Fhome2%2Fsc1juliebave%2Flecocondalfred.fr%2Fwp-admin" "Mozilla/5.0 (Macintosh; Intel Mac OS X 10_15_5) AppleWebKit/537.36 (KHTML, like Gecko) Chrome/83.0.4103.61 Safari/537.36"
108.132.131.207 - - [14/Sep/2026:19:22:00 +0200] "GET /robots.txt?action=edit&file=async-upload.php&path=%2Fhome2%2Fsc1juliebave%2Flecocondalfred.fr%2Fwp-admin HTTP/1.1" 200 8458 "http://lecocondalfred.fr/robots.txt?path=%2Fhome2%2Fsc1juliebave%2Flecocondalfred.fr%2Fwp-admin" "Mozilla/5.0 (Macintosh; Intel Mac OS X 10_15_5) AppleWebKit/537.36 (KHTML, like Gecko) Chrome/83.0.4103.61 Safari/537.36"
108.132.131.207 - - [14/Sep/2026:19:22:05 +0200] "GET /robots.txt?action=edit&file=authorize-application.php&path=%2Fhome2%2Fsc1juliebave%2Flecocondalfred.fr%2Fwp-admin HTTP/1.1" 200 14059 "http://lecocondalfred.fr/robots.txt?path=%2Fhome2%2Fsc1juliebave%2Flecocondalfred.fr%2Fwp-admin" "Mozilla/5.0 (Macintosh; Intel Mac OS X 10_15_5) AppleWebKit/537.36 (KHTML, like Gecko) Chrome/83.0.4103.61 Safari/537.36"
109.234.165.65 - - [14/Sep/2026:19:22:09 +0200] "POST /wp-cron.php?doing_wp_cron=1789406529.7726759910583496093750 HTTP/1.1" 200 - "-" "WordPress/7.1; https://lecocondalfred.fr"
108.132.131.207 - - [14/Sep/2026:19:22:09 +0200] "GET /robots.txt?action=edit&file=comment.php&path=%2Fhome2%2Fsc1juliebave%2Flecocondalfred.fr%2Fwp-admin HTTP/1.1" 200 16321 "http://lecocondalfred.fr/robots.txt?path=%2Fhome2%2Fsc1juliebave%2Flecocondalfred.fr%2Fwp-admin" "Mozilla/5.0 (Macintosh; Intel Mac OS X 10_15_5) AppleWebKit/537.36 (KHTML, like Gecko) Chrome/83.0.4103.61 Safari/537.36"
108.132.131.207 - - [14/Sep/2026:19:22:14 +0200] "GET /robots.txt?action=edit&file=contribute.php&path=%2Fhome2%2Fsc1juliebave%2Flecocondalfred.fr%2Fwp-admin HTTP/1.1" 200 9192 "http://lecocondalfred.fr/robots.txt?path=%2Fhome2%2Fsc1juliebave%2Flecocondalfred.fr%2Fwp-admin" "Mozilla/5.0 (Macintosh; Intel Mac OS X 10_15_5) AppleWebKit/537.36 (KHTML, like Gecko) Chrome/83.0.4103.61 Safari/537.36"
108.132.131.207 - - [14/Sep/2026:19:22:19 +0200] "GET /robots.txt?action=edit&file=credits.php&path=%2Fhome2%2Fsc1juliebave%2Flecocondalfred.fr%2Fwp-admin HTTP/1.1" 200 7162 "http://lecocondalfred.fr/robots.txt?path=%2Fhome2%2Fsc1juliebave%2Flecocondalfred.fr%2Fwp-admin" "Mozilla/5.0 (Macintosh; Intel Mac OS X 10_15_5) AppleWebKit/537.36 (KHTML, like Gecko) Chrome/83.0.4103.61 Safari/537.36"
108.132.131.207 - - [14/Sep/2026:19:22:23 +0200] "GET /robots.txt?action=edit&file=custom-background.php&path=%2Fhome2%2Fsc1juliebave%2Flecocondalfred.fr%2Fwp-admin HTTP/1.1" 200 2074 "http://lecocondalfred.fr/robots.txt?path=%2Fhome2%2Fsc1juliebave%2Flecocondalfred.fr%2Fwp-admin" "Mozilla/5.0 (Macintosh; Intel Mac OS X 10_15_5) AppleWebKit/537.36 (KHTML, like Gecko) Chrome/83.0.4103.61 Safari/537.36"
108.132.131.207 - - [14/Sep/2026:19:22:28 +0200] "GET /robots.txt?action=edit&file=custom-header.php&path=%2Fhome2%2Fsc1juliebave%2Flecocondalfred.fr%2Fwp-admin HTTP/1.1" 200 2080 "http://lecocondalfred.fr/robots.txt?path=%2Fhome2%2Fsc1juliebave%2Flecocondalfred.fr%2Fwp-admin" "Mozilla/5.0 (Macintosh; Intel Mac OS X 10_15_5) AppleWebKit/537.36 (KHTML, like Gecko) Chrome/83.0.4103.61 Safari/537.36"
108.132.131.207 - - [14/Sep/2026:19:22:33 +0200] "GET /robots.txt?action=edit&file=customize.php&path=%2Fhome2%2Fsc1juliebave%2Flecocondalfred.fr%2Fwp-admin HTTP/1.1" 200 16167 "http://lecocondalfred.fr/robots.txt?path=%2Fhome2%2Fsc1juliebave%2Flecocondalfred.fr%2Fwp-admin" "Mozilla/5.0 (Macintosh; Intel Mac OS X 10_15_5) AppleWebKit/537.36 (KHTML, like Gecko) Chrome/83.0.4103.61 Safari/537.36"
108.132.131.207 - - [14/Sep/2026:19:22:37 +0200] "GET /robots.txt?action=edit&file=edit-comments.php&path=%2Fhome2%2Fsc1juliebave%2Flecocondalfred.fr%2Fwp-admin HTTP/1.1" 200 19391 "http://lecocondalfred.fr/robots.txt?path=%2Fhome2%2Fsc1juliebave%2Flecocondalfred.fr%2Fwp-admin" "Mozilla/5.0 (Macintosh; Intel Mac OS X 10_15_5) AppleWebKit/537.36 (KHTML, like Gecko) Chrome/83.0.4103.61 Safari/537.36"
108.132.131.207 - - [14/Sep/2026:19:22:44 +0200] "GET /robots.txt?action=edit&file=edit-form-advanced.php&path=%2Fhome2%2Fsc1juliebave%2Flecocondalfred.fr%2Fwp-admin HTTP/1.1" 200 38422 "http://lecocondalfred.fr/robots.txt?path=%2Fhome2%2Fsc1juliebave%2Flecocondalfred.fr%2Fwp-admin" "Mozilla/5.0 (Macintosh; Intel Mac OS X 10_15_5) AppleWebKit/537.36 (KHTML, like Gecko) Chrome/83.0.4103.61 Safari/537.36"
108.132.131.207 - - [14/Sep/2026:19:22:49 +0200] "GET /robots.txt?action=edit&file=edit-form-blocks.php&path=%2Fhome2%2Fsc1juliebave%2Flecocondalfred.fr%2Fwp-admin HTTP/1.1" 200 19488 "http://lecocondalfred.fr/robots.txt?path=%2Fhome2%2Fsc1juliebave%2Flecocondalfred.fr%2Fwp-admin" "Mozilla/5.0 (Macintosh; Intel Mac OS X 10_15_5) AppleWebKit/537.36 (KHTML, like Gecko) Chrome/83.0.4103.61 Safari/537.36"
108.132.131.207 - - [14/Sep/2026:19:22:53 +0200] "GET /robots.txt?action=edit&file=edit-form-comment.php&path=%2Fhome2%2Fsc1juliebave%2Flecocondalfred.fr%2Fwp-admin HTTP/1.1" 200 19701 "http://lecocondalfred.fr/robots.txt?path=%2Fhome2%2Fsc1juliebave%2Flecocondalfred.fr%2Fwp-admin" "Mozilla/5.0 (Macintosh; Intel Mac OS X 10_15_5) AppleWebKit/537.36 (KHTML, like Gecko) Chrome/83.0.4103.61 Safari/537.36"
108.132.131.207 - - [14/Sep/2026:19:22:58 +0200] "GET /robots.txt?action=edit&file=edit-link-form.php&path=%2Fhome2%2Fsc1juliebave%2Flecocondalfred.fr%2Fwp-admin HTTP/1.1" 200 10300 "http://lecocondalfred.fr/robots.txt?path=%2Fhome2%2Fsc1juliebave%2Flecocondalfred.fr%2Fwp-admin" "Mozilla/5.0 (Macintosh; Intel Mac OS X 10_15_5) AppleWebKit/537.36 (KHTML, like Gecko) Chrome/83.0.4103.61 Safari/537.36"
108.132.131.207 - - [14/Sep/2026:19:23:02 +0200] "GET /robots.txt?action=edit&file=edit-tag-form.php&path=%2Fhome2%2Fsc1juliebave%2Flecocondalfred.fr%2Fwp-admin HTTP/1.1" 200 14579 "http://lecocondalfred.fr/robots.txt?path=%2Fhome2%2Fsc1juliebave%2Flecocondalfred.fr%2Fwp-admin" "Mozilla/5.0 (Macintosh; Intel Mac OS X 10_15_5) AppleWebKit/537.36 (KHTML, like Gecko) Chrome/83.0.4103.61 Safari/537.36"
109.234.165.65 - - [14/Sep/2026:19:23:07 +0200] "POST /wp-cron.php?doing_wp_cron=1789406587.7116100788116455078125 HTTP/1.1" 200 - "-" "WordPress/7.1; https://lecocondalfred.fr"
108.132.131.207 - - [14/Sep/2026:19:23:06 +0200] "GET /robots.txt?action=edit&file=edit-tags.php&path=%2Fhome2%2Fsc1juliebave%2Flecocondalfred.fr%2Fwp-admin HTTP/1.1" 200 29480 "http://lecocondalfred.fr/robots.txt?path=%2Fhome2%2Fsc1juliebave%2Flecocondalfred.fr%2Fwp-admin" "Mozilla/5.0 (Macintosh; Intel Mac OS X 10_15_5) AppleWebKit/537.36 (KHTML, like Gecko) Chrome/83.0.4103.61 Safari/537.36"
108.132.131.207 - - [14/Sep/2026:19:23:15 +0200] "GET /robots.txt?action=edit&file=edit.php&path=%2Fhome2%2Fsc1juliebave%2Flecocondalfred.fr%2Fwp-admin HTTP/1.1" 200 26399 "http://lecocondalfred.fr/robots.txt?path=%2Fhome2%2Fsc1juliebave%2Flecocondalfred.fr%2Fwp-admin" "Mozilla/5.0 (Macintosh; Intel Mac OS X 10_15_5) AppleWebKit/537.36 (KHTML, like Gecko) Chrome/83.0.4103.61 Safari/537.36"
108.132.131.207 - - [14/Sep/2026:19:23:19 +0200] "GET /robots.txt?action=edit&file=erase-personal-data.php&path=%2Fhome2%2Fsc1juliebave%2Flecocondalfred.fr%2Fwp-admin HTTP/1.1" 200 11388 "http://lecocondalfred.fr/robots.txt?path=%2Fhome2%2Fsc1juliebave%2Flecocondalfred.fr%2Fwp-admin" "Mozilla/5.0 (Macintosh; Intel Mac OS X 10_15_5) AppleWebKit/537.36 (KHTML, like Gecko) Chrome/83.0.4103.61 Safari/537.36"
108.132.131.207 - - [14/Sep/2026:19:23:24 +0200] "GET /robots.txt?action=edit&file=error_log&path=%2Fhome2%2Fsc1juliebave%2Flecocondalfred.fr%2Fwp-admin HTTP/1.1" 200 516630 "http://lecocondalfred.fr/robots.txt?path=%2Fhome2%2Fsc1juliebave%2Flecocondalfred.fr%2Fwp-admin" "Mozilla/5.0 (Macintosh; Intel Mac OS X 10_15_5) AppleWebKit/537.36 (KHTML, like Gecko) Chrome/83.0.4103.61 Safari/537.36"
108.132.131.207 - - [14/Sep/2026:19:23:41 +0200] "GET /robots.txt?action=edit&file=export-personal-data.php&path=%2Fhome2%2Fsc1juliebave%2Flecocondalfred.fr%2Fwp-admin HTTP/1.1" 200 11802 "http://lecocondalfred.fr/robots.txt?path=%2Fhome2%2Fsc1juliebave%2Flecocondalfred.fr%2Fwp-admin" "Mozilla/5.0 (Macintosh; Intel Mac OS X 10_15_5) AppleWebKit/537.36 (KHTML, like Gecko) Chrome/83.0.4103.61 Safari/537.36"
108.132.131.207 - - [14/Sep/2026:19:23:46 +0200] "GET /robots.txt?action=edit&file=export.php&path=%2Fhome2%2Fsc1juliebave%2Flecocondalfred.fr%2Fwp-admin HTTP/1.1" 200 16814 "http://lecocondalfred.fr/robots.txt?path=%2Fhome2%2Fsc1juliebave%2Flecocondalfred.fr%2Fwp-admin" "Mozilla/5.0 (Macintosh; Intel Mac OS X 10_15_5) AppleWebKit/537.36 (KHTML, like Gecko) Chrome/83.0.4103.61 Safari/537.36"
108.132.131.207 - - [14/Sep/2026:19:23:51 +0200] "GET /robots.txt?action=edit&file=font-library.php&path=%2Fhome2%2Fsc1juliebave%2Flecocondalfred.fr%2Fwp-admin HTTP/1.1" 200 3380 "http://lecocondalfred.fr/robots.txt?path=%2Fhome2%2Fsc1juliebave%2Flecocondalfred.fr%2Fwp-admin" "Mozilla/5.0 (Macintosh; Intel Mac OS X 10_15_5) AppleWebKit/537.36 (KHTML, like Gecko) Chrome/83.0.4103.61 Safari/537.36"
108.132.131.207 - - [14/Sep/2026:19:23:55 +0200] "GET /robots.txt?action=edit&file=freedoms.php&path=%2Fhome2%2Fsc1juliebave%2Flecocondalfred.fr%2Fwp-admin HTTP/1.1" 200 7555 "http://lecocondalfred.fr/robots.txt?path=%2Fhome2%2Fsc1juliebave%2Flecocondalfred.fr%2Fwp-admin" "Mozilla/5.0 (Macintosh; Intel Mac OS X 10_15_5) AppleWebKit/537.36 (KHTML, like Gecko) Chrome/83.0.4103.61 Safari/537.36"
108.132.131.207 - - [14/Sep/2026:19:23:59 +0200] "GET /robots.txt?action=edit&file=import.php&path=%2Fhome2%2Fsc1juliebave%2Flecocondalfred.fr%2Fwp-admin HTTP/1.1" 200 11165 "http://lecocondalfred.fr/robots.txt?path=%2Fhome2%2Fsc1juliebave%2Flecocondalfred.fr%2Fwp-admin" "Mozilla/5.0 (Macintosh; Intel Mac OS X 10_15_5) AppleWebKit/537.36 (KHTML, like Gecko) Chrome/83.0.4103.61 Safari/537.36"
108.132.131.207 - - [14/Sep/2026:19:24:04 +0200] "GET /robots.txt?action=edit&file=index.php&path=%2Fhome2%2Fsc1juliebave%2Flecocondalfred.fr%2Fwp-admin HTTP/1.1" 200 11403 "http://lecocondalfred.fr/robots.txt?path=%2Fhome2%2Fsc1juliebave%2Flecocondalfred.fr%2Fwp-admin" "Mozilla/5.0 (Macintosh; Intel Mac OS X 10_15_5) AppleWebKit/537.36 (KHTML, like Gecko) Chrome/83.0.4103.61 Safari/537.36"
109.234.165.65 - - [14/Sep/2026:19:24:09 +0200] "POST /wp-cron.php?doing_wp_cron=1789406649.0022130012512207031250 HTTP/1.1" 200 - "-" "WordPress/7.1; https://lecocondalfred.fr"
108.132.131.207 - - [14/Sep/2026:19:24:08 +0200] "GET /robots.txt?action=edit&file=install-helper.php&path=%2Fhome2%2Fsc1juliebave%2Flecocondalfred.fr%2Fwp-admin HTTP/1.1" 200 8901 "http://lecocondalfred.fr/robots.txt?path=%2Fhome2%2Fsc1juliebave%2Flecocondalfred.fr%2Fwp-admin" "Mozilla/5.0 (Macintosh; Intel Mac OS X 10_15_5) AppleWebKit/537.36 (KHTML, like Gecko) Chrome/83.0.4103.61 Safari/537.36"
108.132.131.207 - - [14/Sep/2026:19:24:12 +0200] "GET /robots.txt?action=edit&file=install.php&path=%2Fhome2%2Fsc1juliebave%2Flecocondalfred.fr%2Fwp-admin HTTP/1.1" 200 24854 "http://lecocondalfred.fr/robots.txt?path=%2Fhome2%2Fsc1juliebave%2Flecocondalfred.fr%2Fwp-admin" "Mozilla/5.0 (Macintosh; Intel Mac OS X 10_15_5) AppleWebKit/537.36 (KHTML, like Gecko) Chrome/83.0.4103.61 Safari/537.36"
108.132.131.207 - - [14/Sep/2026:19:24:16 +0200] "GET /robots.txt?action=edit&file=link-add.php&path=%2Fhome2%2Fsc1juliebave%2Flecocondalfred.fr%2Fwp-admin HTTP/1.1" 200 2632 "http://lecocondalfred.fr/robots.txt?path=%2Fhome2%2Fsc1juliebave%2Flecocondalfred.fr%2Fwp-admin" "Mozilla/5.0 (Macintosh; Intel Mac OS X 10_15_5) AppleWebKit/537.36 (KHTML, like Gecko) Chrome/83.0.4103.61 Safari/537.36"
108.132.131.207 - - [14/Sep/2026:19:24:21 +0200] "GET /robots.txt?action=edit&file=link-manager.php&path=%2Fhome2%2Fsc1juliebave%2Flecocondalfred.fr%2Fwp-admin HTTP/1.1" 200 7130 "http://lecocondalfred.fr/robots.txt?path=%2Fhome2%2Fsc1juliebave%2Flecocondalfred.fr%2Fwp-admin" "Mozilla/5.0 (Macintosh; Intel Mac OS X 10_15_5) AppleWebKit/537.36 (KHTML, like Gecko) Chrome/83.0.4103.61 Safari/537.36"
108.132.131.207 - - [14/Sep/2026:19:24:31 +0200] "GET /robots.txt?action=edit&file=link-parse-opml.php&path=%2Fhome2%2Fsc1juliebave%2Flecocondalfred.fr%2Fwp-admin HTTP/1.1" 200 4534 "http://lecocondalfred.fr/robots.txt?path=%2Fhome2%2Fsc1juliebave%2Flecocondalfred.fr%2Fwp-admin" "Mozilla/5.0 (Macintosh; Intel Mac OS X 10_15_5) AppleWebKit/537.36 (KHTML, like Gecko) Chrome/83.0.4103.61 Safari/537.36"
108.132.131.207 - - [14/Sep/2026:19:24:35 +0200] "GET /robots.txt?action=edit&file=link.php&path=%2Fhome2%2Fsc1juliebave%2Flecocondalfred.fr%2Fwp-admin HTTP/1.1" 200 4937 "http://lecocondalfred.fr/robots.txt?path=%2Fhome2%2Fsc1juliebave%2Flecocondalfred.fr%2Fwp-admin" "Mozilla/5.0 (Macintosh; Intel Mac OS X 10_15_5) AppleWebKit/537.36 (KHTML, like Gecko) Chrome/83.0.4103.61 Safari/537.36"
108.132.131.207 - - [14/Sep/2026:19:24:39 +0200] "GET /robots.txt?action=edit&file=load-scripts.php&path=%2Fhome2%2Fsc1juliebave%2Flecocondalfred.fr%2Fwp-admin HTTP/1.1" 200 3947 "http://lecocondalfred.fr/robots.txt?path=%2Fhome2%2Fsc1juliebave%2Flecocondalfred.fr%2Fwp-admin" "Mozilla/5.0 (Macintosh; Intel Mac OS X 10_15_5) AppleWebKit/537.36 (KHTML, like Gecko) Chrome/83.0.4103.61 Safari/537.36"
108.132.131.207 - - [14/Sep/2026:19:24:43 +0200] "GET /robots.txt?action=edit&file=load-styles.php&path=%2Fhome2%2Fsc1juliebave%2Flecocondalfred.fr%2Fwp-admin HTTP/1.1" 200 5136 "http://lecocondalfred.fr/robots.txt?path=%2Fhome2%2Fsc1juliebave%2Flecocondalfred.fr%2Fwp-admin" "Mozilla/5.0 (Macintosh; Intel Mac OS X 10_15_5) AppleWebKit/537.36 (KHTML, like Gecko) Chrome/83.0.4103.61 Safari/537.36"
108.132.131.207 - - [14/Sep/2026:19:24:48 +0200] "GET /robots.txt?action=edit&file=media-new.php&path=%2Fhome2%2Fsc1juliebave%2Flecocondalfred.fr%2Fwp-admin HTTP/1.1" 200 5725 "http://lecocondalfred.fr/robots.txt?path=%2Fhome2%2Fsc1juliebave%2Flecocondalfred.fr%2Fwp-admin" "Mozilla/5.0 (Macintosh; Intel Mac OS X 10_15_5) AppleWebKit/537.36 (KHTML, like Gecko) Chrome/83.0.4103.61 Safari/537.36"
108.132.131.207 - - [14/Sep/2026:19:24:53 +0200] "GET /robots.txt?action=edit&file=media-upload.php&path=%2Fhome2%2Fsc1juliebave%2Flecocondalfred.fr%2Fwp-admin HTTP/1.1" 200 5834 "http://lecocondalfred.fr/robots.txt?path=%2Fhome2%2Fsc1juliebave%2Flecocondalfred.fr%2Fwp-admin" "Mozilla/5.0 (Macintosh; Intel Mac OS X 10_15_5) AppleWebKit/537.36 (KHTML, like Gecko) Chrome/83.0.4103.61 Safari/537.36"
