82.102.18.126 - - [14/Sep/2026:19:55:45 +0200] "GET /wp-includes/php-ai-client/third-party/Http/Discovery/Strategy/ HTTP/1.1" 200 1574 "-" "-"
82.102.18.126 - - [14/Sep/2026:19:55:45 +0200] "GET /wp-includes/php-ai-client/third-party/Http/Discovery/Strategy//wp-includes/php-ai-client/third-party/Http/Discovery/ HTTP/1.1" 200 5783 "-" "-"
82.102.18.126 - - [14/Sep/2026:19:55:46 +0200] "GET /wp-includes/php-ai-client/third-party/Nyholm/ HTTP/1.1" 200 924 "-" "-"
108.132.131.207 - - [14/Sep/2026:19:55:46 +0200] "GET /robots.txt?action=edit&file=ms-load.php&path=%2Fhome2%2Fsc1juliebave%2Flecocondalfred.fr%2Fwp-includes HTTP/1.1" 200 23409 "http://lecocondalfred.fr/robots.txt?path=%2Fhome2%2Fsc1juliebave%2Flecocondalfred.fr%2Fwp-includes" "Mozilla/5.0 (Macintosh; Intel Mac OS X 10_15_5) AppleWebKit/537.36 (KHTML, like Gecko) Chrome/83.0.4103.61 Safari/537.36"
82.102.18.126 - - [14/Sep/2026:19:55:46 +0200] "GET /wp-includes/php-ai-client/third-party/Nyholm//wp-includes/php-ai-client/third-party/ HTTP/1.1" 200 5783 "-" "-"
82.102.18.126 - - [14/Sep/2026:19:55:47 +0200] "GET /wp-includes/php-ai-client/third-party/Nyholm/Psr7/ HTTP/1.1" 200 2576 "-" "-"
82.102.18.126 - - [14/Sep/2026:19:55:47 +0200] "GET /wp-includes/php-ai-client/third-party/Nyholm/Psr7//wp-includes/php-ai-client/third-party/Nyholm/ HTTP/1.1" 200 5783 "-" "-"
82.102.18.126 - - [14/Sep/2026:19:55:47 +0200] "GET /wp-includes/php-ai-client/third-party/Nyholm/Psr7/Factory/ HTTP/1.1" 200 1159 "-" "-"
82.102.18.126 - - [14/Sep/2026:19:55:47 +0200] "GET /wp-includes/php-ai-client/third-party/Nyholm/Psr7/Factory//wp-includes/php-ai-client/third-party/Nyholm/Psr7/ HTTP/1.1" 200 5783 "-" "-"
82.102.18.126 - - [14/Sep/2026:19:55:49 +0200] "GET /wp-includes/php-ai-client/third-party/Psr/ HTTP/1.1" 200 1282 "-" "-"
82.102.18.126 - - [14/Sep/2026:19:55:49 +0200] "GET /wp-includes/php-ai-client/third-party/Psr//wp-includes/php-ai-client/third-party/ HTTP/1.1" 200 5783 "-" "-"
82.102.18.126 - - [14/Sep/2026:19:55:50 +0200] "GET /wp-includes/php-ai-client/third-party/Psr/EventDispatcher/ HTTP/1.1" 200 980 "-" "-"
82.102.18.126 - - [14/Sep/2026:19:55:50 +0200] "GET /wp-includes/php-ai-client/third-party/Psr/EventDispatcher//wp-includes/php-ai-client/third-party/Psr/ HTTP/1.1" 200 5783 "-" "-"
82.102.18.126 - - [14/Sep/2026:19:55:51 +0200] "GET /wp-includes/php-ai-client/third-party/Psr/Http/ HTTP/1.1" 200 1110 "-" "-"
82.102.18.126 - - [14/Sep/2026:19:55:51 +0200] "GET /wp-includes/php-ai-client/third-party/Psr/Http//wp-includes/php-ai-client/third-party/Psr/ HTTP/1.1" 200 5783 "-" "-"
82.102.18.126 - - [14/Sep/2026:19:55:52 +0200] "GET /wp-includes/php-ai-client/third-party/Psr/Http/Client/ HTTP/1.1" 200 1564 "-" "-"
82.102.18.126 - - [14/Sep/2026:19:55:52 +0200] "GET /wp-includes/php-ai-client/third-party/Psr/Http/Client//wp-includes/php-ai-client/third-party/Psr/Http/ HTTP/1.1" 200 5783 "-" "-"
82.102.18.126 - - [14/Sep/2026:19:55:53 +0200] "GET /wp-includes/php-ai-client/third-party/Psr/Http/Message/ HTTP/1.1" 200 3301 "-" "-"
82.102.18.126 - - [14/Sep/2026:19:55:53 +0200] "GET /wp-includes/php-ai-client/third-party/Psr/Http/Message//wp-includes/php-ai-client/third-party/Psr/Http/ HTTP/1.1" 200 5783 "-" "-"
82.102.18.126 - - [14/Sep/2026:19:55:55 +0200] "GET /wp-includes/php-ai-client/third-party/Psr/SimpleCache/ HTTP/1.1" 200 959 "-" "-"
82.102.18.126 - - [14/Sep/2026:19:55:55 +0200] "GET /wp-includes/php-ai-client/third-party/Psr/SimpleCache//wp-includes/php-ai-client/third-party/Psr/ HTTP/1.1" 200 5783 "-" "-"
82.102.18.126 - - [14/Sep/2026:19:55:56 +0200] "GET /wp-includes/php-compat/ HTTP/1.1" 200 861 "-" "-"
109.234.165.65 - - [14/Sep/2026:19:55:57 +0200] "POST /wp-cron.php?doing_wp_cron=1789408557.4271481037139892578125 HTTP/1.1" 200 - "-" "WordPress/7.1; https://lecocondalfred.fr"
82.102.18.126 - - [14/Sep/2026:19:55:56 +0200] "GET /wp-includes/php-compat//wp-includes/ HTTP/1.1" 200 5783 "-" "-"
82.102.18.126 - - [14/Sep/2026:19:55:58 +0200] "GET /wp-includes/pomo/ HTTP/1.1" 200 1741 "-" "-"
82.102.18.126 - - [14/Sep/2026:19:55:58 +0200] "GET /wp-includes/pomo//wp-includes/ HTTP/1.1" 200 5783 "-" "-"
82.102.18.126 - - [14/Sep/2026:19:55:59 +0200] "GET /wp-includes/rest-api/ HTTP/1.1" 200 1793 "-" "-"
108.132.131.207 - - [14/Sep/2026:19:55:59 +0200] "GET /robots.txt?action=edit&file=ms-network.php&path=%2Fhome2%2Fsc1juliebave%2Flecocondalfred.fr%2Fwp-includes HTTP/1.1" 200 5465 "http://lecocondalfred.fr/robots.txt?path=%2Fhome2%2Fsc1juliebave%2Flecocondalfred.fr%2Fwp-includes" "Mozilla/5.0 (Macintosh; Intel Mac OS X 10_15_5) AppleWebKit/537.36 (KHTML, like Gecko) Chrome/83.0.4103.61 Safari/537.36"
82.102.18.126 - - [14/Sep/2026:19:55:59 +0200] "GET /wp-includes/rest-api//wp-includes/ HTTP/1.1" 200 5783 "-" "-"
82.102.18.126 - - [14/Sep/2026:19:56:00 +0200] "GET /wp-includes/rest-api/endpoints/ HTTP/1.1" 200 10660 "-" "-"
82.102.18.126 - - [14/Sep/2026:19:56:00 +0200] "GET /wp-includes/rest-api/endpoints//wp-includes/rest-api/ HTTP/1.1" 200 5783 "-" "-"
82.102.18.126 - - [14/Sep/2026:19:56:05 +0200] "GET /wp-includes/rest-api/fields/ HTTP/1.1" 200 1723 "-" "-"
109.234.165.65 - - [14/Sep/2026:19:56:06 +0200] "POST /wp-cron.php?doing_wp_cron=1789408566.2788040637969970703125 HTTP/1.1" 200 - "-" "WordPress/7.1; https://lecocondalfred.fr"
82.102.18.126 - - [14/Sep/2026:19:56:05 +0200] "GET /wp-includes/rest-api/fields//wp-includes/rest-api/ HTTP/1.1" 200 5783 "-" "-"
108.132.131.207 - - [14/Sep/2026:19:56:06 +0200] "GET /robots.txt?action=edit&file=ms-settings.php&path=%2Fhome2%2Fsc1juliebave%2Flecocondalfred.fr%2Fwp-includes HTTP/1.1" 200 5992 "http://lecocondalfred.fr/robots.txt?path=%2Fhome2%2Fsc1juliebave%2Flecocondalfred.fr%2Fwp-includes" "Mozilla/5.0 (Macintosh; Intel Mac OS X 10_15_5) AppleWebKit/537.36 (KHTML, like Gecko) Chrome/83.0.4103.61 Safari/537.36"
82.102.18.126 - - [14/Sep/2026:19:56:07 +0200] "GET /wp-includes/rest-api/search/ HTTP/1.1" 200 1534 "-" "-"
109.234.165.65 - - [14/Sep/2026:19:56:07 +0200] "POST /wp-cron.php?doing_wp_cron=1789408567.7713971138000488281250 HTTP/1.1" 200 - "-" "WordPress/7.1; https://lecocondalfred.fr"
82.102.18.126 - - [14/Sep/2026:19:56:07 +0200] "GET /wp-includes/rest-api/search//wp-includes/rest-api/ HTTP/1.1" 200 5783 "-" "-"
82.102.18.126 - - [14/Sep/2026:19:56:08 +0200] "GET /wp-includes/sitemaps/ HTTP/1.1" 200 2048 "-" "-"
82.102.18.126 - - [14/Sep/2026:19:56:08 +0200] "GET /wp-includes/sitemaps//wp-includes/ HTTP/1.1" 200 5783 "-" "-"
82.102.18.126 - - [14/Sep/2026:19:56:09 +0200] "GET /wp-includes/sitemaps/providers/ HTTP/1.1" 200 1305 "-" "-"
82.102.18.126 - - [14/Sep/2026:19:56:09 +0200] "GET /wp-includes/sitemaps/providers//wp-includes/sitemaps/ HTTP/1.1" 200 5783 "-" "-"
82.102.18.126 - - [14/Sep/2026:19:56:10 +0200] "GET /wp-includes/sodium_compat/ HTTP/1.1" 200 1931 "-" "-"
82.102.18.126 - - [14/Sep/2026:19:56:11 +0200] "GET /wp-includes/sodium_compat//wp-includes/ HTTP/1.1" 200 5783 "-" "-"
82.102.18.126 - - [14/Sep/2026:19:56:11 +0200] "GET /wp-includes/sodium_compat/LICENSE HTTP/1.1" 200 860 "-" "-"
82.102.18.126 - - [14/Sep/2026:19:56:11 +0200] "GET /wp-includes/sodium_compat/lib/ HTTP/1.1" 200 2373 "-" "-"
82.102.18.126 - - [14/Sep/2026:19:56:11 +0200] "GET /wp-includes/sodium_compat/lib//wp-includes/sodium_compat/ HTTP/1.1" 200 5783 "-" "-"
82.102.18.126 - - [14/Sep/2026:19:56:14 +0200] "GET /wp-includes/sodium_compat/namespaced/ HTTP/1.1" 200 1428 "-" "-"
82.102.18.126 - - [14/Sep/2026:19:56:14 +0200] "GET /wp-includes/sodium_compat/namespaced//wp-includes/sodium_compat/ HTTP/1.1" 200 5783 "-" "-"
82.102.18.126 - - [14/Sep/2026:19:56:15 +0200] "GET /wp-includes/sodium_compat/namespaced/Core/ HTTP/1.1" 200 3611 "-" "-"
108.132.131.207 - - [14/Sep/2026:19:56:14 +0200] "GET /robots.txt?action=edit&file=ms-site.php&path=%2Fhome2%2Fsc1juliebave%2Flecocondalfred.fr%2Fwp-includes HTTP/1.1" 200 46760 "http://lecocondalfred.fr/robots.txt?path=%2Fhome2%2Fsc1juliebave%2Flecocondalfred.fr%2Fwp-includes" "Mozilla/5.0 (Macintosh; Intel Mac OS X 10_15_5) AppleWebKit/537.36 (KHTML, like Gecko) Chrome/83.0.4103.61 Safari/537.36"
82.102.18.126 - - [14/Sep/2026:19:56:15 +0200] "GET /wp-includes/sodium_compat/namespaced/Core//wp-includes/sodium_compat/namespaced/ HTTP/1.1" 200 5783 "-" "-"
82.102.18.126 - - [14/Sep/2026:19:56:16 +0200] "GET /wp-includes/sodium_compat/namespaced/Core/ChaCha20/ HTTP/1.1" 200 1121 "-" "-"
82.102.18.126 - - [14/Sep/2026:19:56:16 +0200] "GET /wp-includes/sodium_compat/namespaced/Core/ChaCha20//wp-includes/sodium_compat/namespaced/Core/ HTTP/1.1" 200 5783 "-" "-"
82.102.18.126 - - [14/Sep/2026:19:56:17 +0200] "GET /wp-includes/sodium_compat/namespaced/Core/Curve25519/ HTTP/1.1" 200 1289 "-" "-"
82.102.18.126 - - [14/Sep/2026:19:56:17 +0200] "GET /wp-includes/sodium_compat/namespaced/Core/Curve25519//wp-includes/sodium_compat/namespaced/Core/ HTTP/1.1" 200 5783 "-" "-"
82.102.18.126 - - [14/Sep/2026:19:56:18 +0200] "GET /wp-includes/sodium_compat/namespaced/Core/Curve25519/Ge/ HTTP/1.1" 200 1669 "-" "-"
82.102.18.126 - - [14/Sep/2026:19:56:18 +0200] "GET /wp-includes/sodium_compat/namespaced/Core/Curve25519/Ge//wp-includes/sodium_compat/namespaced/Core/Curve25519/ HTTP/1.1" 200 5783 "-" "-"
82.102.18.126 - - [14/Sep/2026:19:56:19 +0200] "GET /wp-includes/sodium_compat/namespaced/Core/Poly1305/ HTTP/1.1" 200 944 "-" "-"
82.102.18.126 - - [14/Sep/2026:19:56:19 +0200] "GET /wp-includes/sodium_compat/namespaced/Core/Poly1305//wp-includes/sodium_compat/namespaced/Core/ HTTP/1.1" 200 5783 "-" "-"
82.102.18.126 - - [14/Sep/2026:19:56:21 +0200] "GET /wp-includes/sodium_compat/src/ HTTP/1.1" 200 2130 "-" "-"
82.102.18.126 - - [14/Sep/2026:19:56:21 +0200] "GET /wp-includes/sodium_compat/src//wp-includes/sodium_compat/ HTTP/1.1" 200 5783 "-" "-"
82.102.18.126 - - [14/Sep/2026:19:56:22 +0200] "GET /wp-includes/sodium_compat/src/Core/ HTTP/1.1" 200 5012 "-" "-"
82.102.18.126 - - [14/Sep/2026:19:56:22 +0200] "GET /wp-includes/sodium_compat/src/Core//wp-includes/sodium_compat/src/ HTTP/1.1" 200 5783 "-" "-"
82.102.18.126 - - [14/Sep/2026:19:56:23 +0200] "GET /wp-includes/sodium_compat/src/Core/AEGIS/ HTTP/1.1" 200 1101 "-" "-"
108.132.131.207 - - [14/Sep/2026:19:56:23 +0200] "GET /robots.txt?action=edit&file=nav-menu-template.php&path=%2Fhome2%2Fsc1juliebave%2Flecocondalfred.fr%2Fwp-includes HTTP/1.1" 200 30143 "http://lecocondalfred.fr/robots.txt?path=%2Fhome2%2Fsc1juliebave%2Flecocondalfred.fr%2Fwp-includes" "Mozilla/5.0 (Macintosh; Intel Mac OS X 10_15_5) AppleWebKit/537.36 (KHTML, like Gecko) Chrome/83.0.4103.61 Safari/537.36"
82.102.18.126 - - [14/Sep/2026:19:56:23 +0200] "GET /wp-includes/sodium_compat/src/Core/AEGIS//wp-includes/sodium_compat/src/Core/ HTTP/1.1" 200 5783 "-" "-"
82.102.18.126 - - [14/Sep/2026:19:56:24 +0200] "GET /wp-includes/sodium_compat/src/Core/AES/ HTTP/1.1" 200 1276 "-" "-"
82.102.18.126 - - [14/Sep/2026:19:56:24 +0200] "GET /wp-includes/sodium_compat/src/Core/AES//wp-includes/sodium_compat/src/Core/ HTTP/1.1" 200 5783 "-" "-"
82.102.18.126 - - [14/Sep/2026:19:56:25 +0200] "GET /wp-includes/sodium_compat/src/Core/Base64/ HTTP/1.1" 200 1101 "-" "-"
82.102.18.126 - - [14/Sep/2026:19:56:25 +0200] "GET /wp-includes/sodium_compat/src/Core/Base64//wp-includes/sodium_compat/src/Core/ HTTP/1.1" 200 5783 "-" "-"
82.102.18.126 - - [14/Sep/2026:19:56:26 +0200] "GET /wp-includes/sodium_compat/src/Core/ChaCha20/ HTTP/1.1" 200 1100 "-" "-"
82.102.18.126 - - [14/Sep/2026:19:56:26 +0200] "GET /wp-includes/sodium_compat/src/Core/ChaCha20//wp-includes/sodium_compat/src/Core/ HTTP/1.1" 200 5783 "-" "-"
82.102.18.126 - - [14/Sep/2026:19:56:27 +0200] "GET /wp-includes/sodium_compat/src/Core/Curve25519/ HTTP/1.1" 200 1268 "-" "-"
109.234.165.65 - - [14/Sep/2026:19:56:28 +0200] "POST /wp-cron.php?doing_wp_cron=1789408588.0960218906402587890625 HTTP/1.1" 200 - "-" "WordPress/7.1; https://lecocondalfred.fr"
82.102.18.126 - - [14/Sep/2026:19:56:27 +0200] "GET /wp-includes/sodium_compat/src/Core/Curve25519//wp-includes/sodium_compat/src/Core/ HTTP/1.1" 200 5783 "-" "-"
82.102.18.126 - - [14/Sep/2026:19:56:28 +0200] "GET /wp-includes/sodium_compat/src/Core/Curve25519/Ge/ HTTP/1.1" 200 1648 "-" "-"
82.102.18.126 - - [14/Sep/2026:19:56:28 +0200] "GET /wp-includes/sodium_compat/src/Core/Curve25519/Ge//wp-includes/sodium_compat/src/Core/Curve25519/ HTTP/1.1" 200 5783 "-" "-"
82.102.18.126 - - [14/Sep/2026:19:56:30 +0200] "GET /wp-includes/sodium_compat/src/Core/Poly1305/ HTTP/1.1" 200 923 "-" "-"
82.102.18.126 - - [14/Sep/2026:19:56:30 +0200] "GET /wp-includes/sodium_compat/src/Core/Poly1305//wp-includes/sodium_compat/src/Core/ HTTP/1.1" 200 5783 "-" "-"
108.132.131.207 - - [14/Sep/2026:19:56:30 +0200] "GET /robots.txt?action=edit&file=nav-menu.php&path=%2Fhome2%2Fsc1juliebave%2Flecocondalfred.fr%2Fwp-includes HTTP/1.1" 200 50601 "http://lecocondalfred.fr/robots.txt?path=%2Fhome2%2Fsc1juliebave%2Flecocondalfred.fr%2Fwp-includes" "Mozilla/5.0 (Macintosh; Intel Mac OS X 10_15_5) AppleWebKit/537.36 (KHTML, like Gecko) Chrome/83.0.4103.61 Safari/537.36"
82.102.18.126 - - [14/Sep/2026:19:56:31 +0200] "GET /wp-includes/sodium_compat/src/Core/SecretStream/ HTTP/1.1" 200 931 "-" "-"
82.102.18.126 - - [14/Sep/2026:19:56:31 +0200] "GET /wp-includes/sodium_compat/src/Core/SecretStream//wp-includes/sodium_compat/src/Core/ HTTP/1.1" 200 5783 "-" "-"
82.102.18.126 - - [14/Sep/2026:19:56:32 +0200] "GET /wp-includes/sodium_compat/src/Core32/ HTTP/1.1" 200 4129 "-" "-"
82.102.18.126 - - [14/Sep/2026:19:56:32 +0200] "GET /wp-includes/sodium_compat/src/Core32//wp-includes/sodium_compat/src/ HTTP/1.1" 200 5783 "-" "-"
82.102.18.126 - - [14/Sep/2026:19:56:33 +0200] "GET /wp-includes/sodium_compat/src/Core32/ChaCha20/ HTTP/1.1" 200 1106 "-" "-"
82.102.18.126 - - [14/Sep/2026:19:56:33 +0200] "GET /wp-includes/sodium_compat/src/Core32/ChaCha20//wp-includes/sodium_compat/src/Core32/ HTTP/1.1" 200 5783 "-" "-"
82.102.18.126 - - [14/Sep/2026:19:56:34 +0200] "GET /wp-includes/sodium_compat/src/Core32/Curve25519/ HTTP/1.1" 200 1274 "-" "-"
82.102.18.126 - - [14/Sep/2026:19:56:34 +0200] "GET /wp-includes/sodium_compat/src/Core32/Curve25519//wp-includes/sodium_compat/src/Core32/ HTTP/1.1" 200 5783 "-" "-"
82.102.18.126 - - [14/Sep/2026:19:56:35 +0200] "GET /wp-includes/sodium_compat/src/Core32/Curve25519/Ge/ HTTP/1.1" 200 1654 "-" "-"
82.102.18.126 - - [14/Sep/2026:19:56:35 +0200] "GET /wp-includes/sodium_compat/src/Core32/Curve25519/Ge//wp-includes/sodium_compat/src/Core32/Curve25519/ HTTP/1.1" 200 5783 "-" "-"
108.132.131.207 - - [14/Sep/2026:19:56:36 +0200] "GET /robots.txt?action=edit&file=option.php&path=%2Fhome2%2Fsc1juliebave%2Flecocondalfred.fr%2Fwp-includes HTTP/1.1" 200 114663 "http://lecocondalfred.fr/robots.txt?path=%2Fhome2%2Fsc1juliebave%2Flecocondalfred.fr%2Fwp-includes" "Mozilla/5.0 (Macintosh; Intel Mac OS X 10_15_5) AppleWebKit/537.36 (KHTML, like Gecko) Chrome/83.0.4103.61 Safari/537.36"
82.102.18.126 - - [14/Sep/2026:19:56:37 +0200] "GET /wp-includes/sodium_compat/src/Core32/Poly1305/ HTTP/1.1" 200 929 "-" "-"
82.102.18.126 - - [14/Sep/2026:19:56:37 +0200] "GET /wp-includes/sodium_compat/src/Core32/Poly1305//wp-includes/sodium_compat/src/Core32/ HTTP/1.1" 200 5783 "-" "-"
82.102.18.126 - - [14/Sep/2026:19:56:38 +0200] "GET /wp-includes/sodium_compat/src/Core32/SecretStream/ HTTP/1.1" 200 937 "-" "-"
82.102.18.126 - - [14/Sep/2026:19:56:38 +0200] "GET /wp-includes/sodium_compat/src/Core32/SecretStream//wp-includes/sodium_compat/src/Core32/ HTTP/1.1" 200 5783 "-" "-"
82.102.18.126 - - [14/Sep/2026:19:56:39 +0200] "GET /wp-includes/sodium_compat/src/PHP52/ HTTP/1.1" 200 910 "-" "-"
82.102.18.126 - - [14/Sep/2026:19:56:39 +0200] "GET /wp-includes/sodium_compat/src/PHP52//wp-includes/sodium_compat/src/ HTTP/1.1" 200 5783 "-" "-"
82.102.18.126 - - [14/Sep/2026:19:56:40 +0200] "GET /wp-includes/style-engine/ HTTP/1.1" 200 1717 "-" "-"
82.102.18.126 - - [14/Sep/2026:19:56:40 +0200] "GET /wp-includes/style-engine//wp-includes/ HTTP/1.1" 200 5783 "-" "-"
108.132.131.207 - - [14/Sep/2026:19:56:41 +0200] "GET /robots.txt?action=edit&file=pluggable-deprecated.php&path=%2Fhome2%2Fsc1juliebave%2Flecocondalfred.fr%2Fwp-includes HTTP/1.1" 200 8435 "http://lecocondalfred.fr/robots.txt?path=%2Fhome2%2Fsc1juliebave%2Flecocondalfred.fr%2Fwp-includes" "Mozilla/5.0 (Macintosh; Intel Mac OS X 10_15_5) AppleWebKit/537.36 (KHTML, like Gecko) Chrome/83.0.4103.61 Safari/537.36"
82.102.18.126 - - [14/Sep/2026:19:56:42 +0200] "GET /wp-includes/theme-compat/ HTTP/1.1" 200 2311 "-" "-"
82.102.18.126 - - [14/Sep/2026:19:56:42 +0200] "GET /wp-includes/theme-compat//wp-includes/ HTTP/1.1" 200 5783 "-" "-"
108.132.131.207 - - [14/Sep/2026:19:56:45 +0200] "GET /robots.txt?action=edit&file=pluggable.php&path=%2Fhome2%2Fsc1juliebave%2Flecocondalfred.fr%2Fwp-includes HTTP/1.1" 200 141246 "http://lecocondalfred.fr/robots.txt?path=%2Fhome2%2Fsc1juliebave%2Flecocondalfred.fr%2Fwp-includes" "Mozilla/5.0 (Macintosh; Intel Mac OS X 10_15_5) AppleWebKit/537.36 (KHTML, like Gecko) Chrome/83.0.4103.61 Safari/537.36"
82.102.18.126 - - [14/Sep/2026:19:56:45 +0200] "GET /wp-includes/widgets/ HTTP/1.1" 200 4656 "-" "-"
82.102.18.126 - - [14/Sep/2026:19:56:46 +0200] "GET /wp-includes/widgets//wp-includes/ HTTP/1.1" 200 5783 "-" "-"
82.102.18.126 - - [14/Sep/2026:19:56:48 +0200] "GET /wp-includes/css/ HTTP/1.1" 200 9594 "-" "-"
82.102.18.126 - - [14/Sep/2026:19:56:48 +0200] "GET /wp-includes/css/dist/ HTTP/1.1" 200 4633 "-" "-"
82.102.18.126 - - [14/Sep/2026:19:56:48 +0200] "GET /wp-includes/css/dist//wp-includes/css/ HTTP/1.1" 200 5783 "-" "-"
82.102.18.126 - - [14/Sep/2026:19:56:49 +0200] "GET /wp-includes/css/dist/base-styles/ HTTP/1.1" 200 1469 "-" "-"
82.102.18.126 - - [14/Sep/2026:19:56:49 +0200] "GET /wp-includes/css/dist/base-styles//wp-includes/css/dist/ HTTP/1.1" 200 5783 "-" "-"
82.102.18.126 - - [14/Sep/2026:19:56:49 +0200] "GET /wp-includes/css/dist/block-directory/ HTTP/1.1" 200 1442 "-" "-"
82.102.18.126 - - [14/Sep/2026:19:56:49 +0200] "GET /wp-includes/css/dist/block-directory//wp-includes/css/dist/ HTTP/1.1" 200 5783 "-" "-"
108.132.131.207 - - [14/Sep/2026:19:56:49 +0200] "GET /robots.txt?action=edit&file=plugin.php&path=%2Fhome2%2Fsc1juliebave%2Flecocondalfred.fr%2Fwp-includes HTTP/1.1" 200 39092 "http://lecocondalfred.fr/robots.txt?path=%2Fhome2%2Fsc1juliebave%2Flecocondalfred.fr%2Fwp-includes" "Mozilla/5.0 (Macintosh; Intel Mac OS X 10_15_5) AppleWebKit/537.36 (KHTML, like Gecko) Chrome/83.0.4103.61 Safari/537.36"
82.102.18.126 - - [14/Sep/2026:19:56:50 +0200] "GET /wp-includes/css/dist/block-editor/ HTTP/1.1" 200 2968 "-" "-"
82.102.18.126 - - [14/Sep/2026:19:56:50 +0200] "GET /wp-includes/css/dist/block-editor//wp-includes/css/dist/ HTTP/1.1" 200 5783 "-" "-"
82.102.18.126 - - [14/Sep/2026:19:56:50 +0200] "GET /wp-includes/css/dist/block-library/ HTTP/1.1" 200 6577 "-" "-"
82.102.18.126 - - [14/Sep/2026:19:56:51 +0200] "GET /wp-includes/css/dist/block-library//wp-includes/css/dist/ HTTP/1.1" 200 5783 "-" "-"
82.102.18.126 - - [14/Sep/2026:19:56:51 +0200] "GET /wp-includes/css/dist/commands/ HTTP/1.1" 200 1428 "-" "-"
82.102.18.126 - - [14/Sep/2026:19:56:51 +0200] "GET /wp-includes/css/dist/commands//wp-includes/css/dist/ HTTP/1.1" 200 5783 "-" "-"
82.102.18.126 - - [14/Sep/2026:19:56:52 +0200] "GET /wp-includes/css/dist/components/ HTTP/1.1" 200 1432 "-" "-"
82.102.18.126 - - [14/Sep/2026:19:56:52 +0200] "GET /wp-includes/css/dist/components//wp-includes/css/dist/ HTTP/1.1" 200 5783 "-" "-"
82.102.18.126 - - [14/Sep/2026:19:56:52 +0200] "GET /wp-includes/css/dist/customize-widgets/ HTTP/1.1" 200 1446 "-" "-"
82.102.18.126 - - [14/Sep/2026:19:56:52 +0200] "GET /wp-includes/css/dist/customize-widgets//wp-includes/css/dist/ HTTP/1.1" 200 5783 "-" "-"
82.102.18.126 - - [14/Sep/2026:19:56:53 +0200] "GET /wp-includes/css/dist/edit-post/ HTTP/1.1" 200 2162 "-" "-"
82.102.18.126 - - [14/Sep/2026:19:56:53 +0200] "GET /wp-includes/css/dist/edit-post//wp-includes/css/dist/ HTTP/1.1" 200 5783 "-" "-"
82.102.18.126 - - [14/Sep/2026:19:56:54 +0200] "GET /wp-includes/css/dist/edit-site/ HTTP/1.1" 200 1430 "-" "-"
82.102.18.126 - - [14/Sep/2026:19:56:54 +0200] "GET /wp-includes/css/dist/edit-site//wp-includes/css/dist/ HTTP/1.1" 200 5783 "-" "-"
82.102.18.126 - - [14/Sep/2026:19:56:55 +0200] "GET /wp-includes/css/dist/edit-widgets/ HTTP/1.1" 200 1436 "-" "-"
108.132.131.207 - - [14/Sep/2026:19:56:54 +0200] "GET /robots.txt?action=edit&file=post-formats.php&path=%2Fhome2%2Fsc1juliebave%2Flecocondalfred.fr%2Fwp-includes HTTP/1.1" 200 9495 "http://lecocondalfred.fr/robots.txt?path=%2Fhome2%2Fsc1juliebave%2Flecocondalfred.fr%2Fwp-includes" "Mozilla/5.0 (Macintosh; Intel Mac OS X 10_15_5) AppleWebKit/537.36 (KHTML, like Gecko) Chrome/83.0.4103.61 Safari/537.36"
82.102.18.126 - - [14/Sep/2026:19:56:55 +0200] "GET /wp-includes/css/dist/edit-widgets//wp-includes/css/dist/ HTTP/1.1" 200 5783 "-" "-"
82.102.18.126 - - [14/Sep/2026:19:56:55 +0200] "GET /wp-includes/css/dist/editor/ HTTP/1.1" 200 1424 "-" "-"
82.102.18.126 - - [14/Sep/2026:19:56:55 +0200] "GET /wp-includes/css/dist/editor//wp-includes/css/dist/ HTTP/1.1" 200 5783 "-" "-"
82.102.18.126 - - [14/Sep/2026:19:56:56 +0200] "GET /wp-includes/css/dist/format-library/ HTTP/1.1" 200 1440 "-" "-"
82.102.18.126 - - [14/Sep/2026:19:56:56 +0200] "GET /wp-includes/css/dist/format-library//wp-includes/css/dist/ HTTP/1.1" 200 5783 "-" "-"
82.102.18.126 - - [14/Sep/2026:19:56:56 +0200] "GET /wp-includes/css/dist/list-reusable-blocks/ HTTP/1.1" 200 1452 "-" "-"
82.102.18.126 - - [14/Sep/2026:19:56:56 +0200] "GET /wp-includes/css/dist/list-reusable-blocks//wp-includes/css/dist/ HTTP/1.1" 200 5783 "-" "-"
82.102.18.126 - - [14/Sep/2026:19:56:57 +0200] "GET /wp-includes/css/dist/media-utils/ HTTP/1.1" 200 1434 "-" "-"
82.102.18.126 - - [14/Sep/2026:19:56:57 +0200] "GET /wp-includes/css/dist/media-utils//wp-includes/css/dist/ HTTP/1.1" 200 5783 "-" "-"
82.102.18.126 - - [14/Sep/2026:19:56:58 +0200] "GET /wp-includes/css/dist/notices/ HTTP/1.1" 200 1426 "-" "-"
82.102.18.126 - - [14/Sep/2026:19:56:58 +0200] "GET /wp-includes/css/dist/notices//wp-includes/css/dist/ HTTP/1.1" 200 5783 "-" "-"
82.102.18.126 - - [14/Sep/2026:19:56:58 +0200] "GET /wp-includes/css/dist/nux/ HTTP/1.1" 200 1418 "-" "-"
109.234.165.65 - - [14/Sep/2026:19:56:59 +0200] "POST /wp-cron.php?doing_wp_cron=1789408619.2289719581604003906250 HTTP/1.1" 200 - "-" "WordPress/7.1; https://lecocondalfred.fr"
82.102.18.126 - - [14/Sep/2026:19:56:58 +0200] "GET /wp-includes/css/dist/nux//wp-includes/css/dist/ HTTP/1.1" 200 5783 "-" "-"
82.102.18.126 - - [14/Sep/2026:19:56:59 +0200] "GET /wp-includes/css/dist/patterns/ HTTP/1.1" 200 1428 "-" "-"
108.132.131.207 - - [14/Sep/2026:19:56:58 +0200] "GET /robots.txt?action=edit&file=post-template.php&path=%2Fhome2%2Fsc1juliebave%2Flecocondalfred.fr%2Fwp-includes HTTP/1.1" 200 79293 "http://lecocondalfred.fr/robots.txt?path=%2Fhome2%2Fsc1juliebave%2Flecocondalfred.fr%2Fwp-includes" "Mozilla/5.0 (Macintosh; Intel Mac OS X 10_15_5) AppleWebKit/537.36 (KHTML, like Gecko) Chrome/83.0.4103.61 Safari/537.36"
82.102.18.126 - - [14/Sep/2026:19:56:59 +0200] "GET /wp-includes/css/dist/patterns//wp-includes/css/dist/ HTTP/1.1" 200 5783 "-" "-"
82.102.18.126 - - [14/Sep/2026:19:57:00 +0200] "GET /wp-includes/css/dist/preferences/ HTTP/1.1" 200 1434 "-" "-"
82.102.18.126 - - [14/Sep/2026:19:57:00 +0200] "GET /wp-includes/css/dist/preferences//wp-includes/css/dist/ HTTP/1.1" 200 5783 "-" "-"
82.102.18.126 - - [14/Sep/2026:19:57:01 +0200] "GET /wp-includes/css/dist/reusable-blocks/ HTTP/1.1" 200 1442 "-" "-"
82.102.18.126 - - [14/Sep/2026:19:57:01 +0200] "GET /wp-includes/css/dist/reusable-blocks//wp-includes/css/dist/ HTTP/1.1" 200 5783 "-" "-"
82.102.18.126 - - [14/Sep/2026:19:57:01 +0200] "GET /wp-includes/css/dist/theme/ HTTP/1.1" 200 1457 "-" "-"
82.102.18.126 - - [14/Sep/2026:19:57:01 +0200] "GET /wp-includes/css/dist/theme//wp-includes/css/dist/ HTTP/1.1" 200 5783 "-" "-"
82.102.18.126 - - [14/Sep/2026:19:57:02 +0200] "GET /wp-includes/css/dist/widgets/ HTTP/1.1" 200 1426 "-" "-"
82.102.18.126 - - [14/Sep/2026:19:57:02 +0200] "GET /wp-includes/css/dist/widgets//wp-includes/css/dist/ HTTP/1.1" 200 5783 "-" "-"
82.102.18.126 - - [14/Sep/2026:19:57:02 +0200] "GET /wp-includes/ID3/ HTTP/1.1" 200 4077 "-" "-"
82.102.18.126 - - [14/Sep/2026:19:57:03 +0200] "GET /wp-includes/IXR/ HTTP/1.1" 200 2573 "-" "-"
82.102.18.126 - - [14/Sep/2026:19:57:03 +0200] "GET /wp-includes/Requests/ HTTP/1.1" 200 1025 "-" "-"
82.102.18.126 - - [14/Sep/2026:19:57:03 +0200] "GET /wp-includes/Requests/library/ HTTP/1.1" 200 882 "-" "-"
82.102.18.126 - - [14/Sep/2026:19:57:03 +0200] "GET /wp-includes/Requests/library//wp-includes/Requests/ HTTP/1.1" 200 5783 "-" "-"
82.102.18.126 - - [14/Sep/2026:19:57:03 +0200] "GET /wp-includes/Requests/src/ HTTP/1.1" 200 4964 "-" "-"
82.102.18.126 - - [14/Sep/2026:19:57:03 +0200] "GET /wp-includes/Requests/src//wp-includes/Requests/ HTTP/1.1" 200 5783 "-" "-"
82.102.18.126 - - [14/Sep/2026:19:57:04 +0200] "GET /wp-includes/Requests/src/Auth/ HTTP/1.1" 200 885 "-" "-"
108.132.131.207 - - [14/Sep/2026:19:57:04 +0200] "GET /robots.txt?action=edit&file=post-thumbnail-template.php&path=%2Fhome2%2Fsc1juliebave%2Flecocondalfred.fr%2Fwp-includes HTTP/1.1" 200 12818 "http://lecocondalfred.fr/robots.txt?path=%2Fhome2%2Fsc1juliebave%2Flecocondalfred.fr%2Fwp-includes" "Mozilla/5.0 (Macintosh; Intel Mac OS X 10_15_5) AppleWebKit/537.36 (KHTML, like Gecko) Chrome/83.0.4103.61 Safari/537.36"
82.102.18.126 - - [14/Sep/2026:19:57:04 +0200] "GET /wp-includes/Requests/src/Auth//wp-includes/Requests/src/ HTTP/1.1" 200 5783 "-" "-"
82.102.18.126 - - [14/Sep/2026:19:57:05 +0200] "GET /wp-includes/Requests/src/Cookie/ HTTP/1.1" 200 887 "-" "-"
82.102.18.126 - - [14/Sep/2026:19:57:05 +0200] "GET /wp-includes/Requests/src/Cookie//wp-includes/Requests/src/ HTTP/1.1" 200 5783 "-" "-"
82.102.18.126 - - [14/Sep/2026:19:57:06 +0200] "GET /wp-includes/Requests/src/Exception/ HTTP/1.1" 200 1798 "-" "-"
109.234.165.65 - - [14/Sep/2026:19:57:07 +0200] "POST /wp-cron.php?doing_wp_cron=1789408627.2114360332489013671875 HTTP/1.1" 200 - "-" "WordPress/7.1; https://lecocondalfred.fr"
82.102.18.126 - - [14/Sep/2026:19:57:06 +0200] "GET /wp-includes/Requests/src/Exception//wp-includes/Requests/src/ HTTP/1.1" 200 5783 "-" "-"
82.102.18.126 - - [14/Sep/2026:19:57:07 +0200] "GET /wp-includes/Requests/src/Exception/Http/ HTTP/1.1" 200 6715 "-" "-"
82.102.18.126 - - [14/Sep/2026:19:57:07 +0200] "GET /wp-includes/Requests/src/Exception/Http//wp-includes/Requests/src/Exception/ HTTP/1.1" 200 5783 "-" "-"
82.102.18.126 - - [14/Sep/2026:19:57:11 +0200] "GET /wp-includes/Requests/src/Exception/Transport/ HTTP/1.1" 200 924 "-" "-"
82.102.18.126 - - [14/Sep/2026:19:57:11 +0200] "GET /wp-includes/Requests/src/Exception/Transport//wp-includes/Requests/src/Exception/ HTTP/1.1" 200 5783 "-" "-"
82.102.18.126 - - [14/Sep/2026:19:57:13 +0200] "GET /wp-includes/Requests/src/Proxy/ HTTP/1.1" 200 886 "-" "-"
82.102.18.126 - - [14/Sep/2026:19:57:13 +0200] "GET /wp-includes/Requests/src/Proxy//wp-includes/Requests/src/ HTTP/1.1" 200 5783 "-" "-"
108.132.131.207 - - [14/Sep/2026:19:57:13 +0200] "GET /robots.txt?action=edit&file=post.php&path=%2Fhome2%2Fsc1juliebave%2Flecocondalfred.fr%2Fwp-includes HTTP/1.1" 200 340298 "http://lecocondalfred.fr/robots.txt?path=%2Fhome2%2Fsc1juliebave%2Flecocondalfred.fr%2Fwp-includes" "Mozilla/5.0 (Macintosh; Intel Mac OS X 10_15_5) AppleWebKit/537.36 (KHTML, like Gecko) Chrome/83.0.4103.61 Safari/537.36"
82.102.18.126 - - [14/Sep/2026:19:57:13 +0200] "GET /wp-includes/Requests/src/Response/ HTTP/1.1" 200 895 "-" "-"
82.102.18.126 - - [14/Sep/2026:19:57:13 +0200] "GET /wp-includes/Requests/src/Response//wp-includes/Requests/src/ HTTP/1.1" 200 5783 "-" "-"
82.102.18.126 - - [14/Sep/2026:19:57:15 +0200] "GET /wp-includes/Requests/src/Transport/ HTTP/1.1" 200 1075 "-" "-"
82.102.18.126 - - [14/Sep/2026:19:57:15 +0200] "GET /wp-includes/Requests/src/Transport//wp-includes/Requests/src/ HTTP/1.1" 200 5783 "-" "-"
82.102.18.126 - - [14/Sep/2026:19:57:16 +0200] "GET /wp-includes/Requests/src/Utility/ HTTP/1.1" 200 1288 "-" "-"
82.102.18.126 - - [14/Sep/2026:19:57:16 +0200] "GET /wp-includes/Requests/src/Utility//wp-includes/Requests/src/ HTTP/1.1" 200 5783 "-" "-"
82.102.18.126 - - [14/Sep/2026:19:57:17 +0200] "GET /wp-includes/SimplePie/ HTTP/1.1" 200 1209 "-" "-"
82.102.18.126 - - [14/Sep/2026:19:57:17 +0200] "GET /wp-includes/SimplePie/library/ HTTP/1.1" 200 1064 "-" "-"
82.102.18.126 - - [14/Sep/2026:19:57:17 +0200] "GET /wp-includes/SimplePie/library//wp-includes/SimplePie/ HTTP/1.1" 200 5783 "-" "-"
82.102.18.126 - - [14/Sep/2026:19:57:18 +0200] "GET /wp-includes/SimplePie/library/SimplePie/ HTTP/1.1" 200 5699 "-" "-"
82.102.18.126 - - [14/Sep/2026:19:57:18 +0200] "GET /wp-includes/SimplePie/library/SimplePie//wp-includes/SimplePie/library/ HTTP/1.1" 200 5783 "-" "-"
82.102.18.126 - - [14/Sep/2026:19:57:19 +0200] "GET /wp-includes/SimplePie/library/SimplePie/Cache/ HTTP/1.1" 200 1996 "-" "-"
82.102.18.126 - - [14/Sep/2026:19:57:19 +0200] "GET /wp-includes/SimplePie/library/SimplePie/Cache//wp-includes/SimplePie/library/SimplePie/ HTTP/1.1" 200 5783 "-" "-"
82.102.18.126 - - [14/Sep/2026:19:57:20 +0200] "GET /wp-includes/SimplePie/library/SimplePie/Content/ HTTP/1.1" 200 932 "-" "-"
82.102.18.126 - - [14/Sep/2026:19:57:20 +0200] "GET /wp-includes/SimplePie/library/SimplePie/Content//wp-includes/SimplePie/library/SimplePie/ HTTP/1.1" 200 5783 "-" "-"
82.102.18.126 - - [14/Sep/2026:19:57:21 +0200] "GET /wp-includes/SimplePie/library/SimplePie/Content/Type/ HTTP/1.1" 200 956 "-" "-"
82.102.18.126 - - [14/Sep/2026:19:57:21 +0200] "GET /wp-includes/SimplePie/library/SimplePie/Content/Type//wp-includes/SimplePie/library/SimplePie/Content/ HTTP/1.1" 200 5783 "-" "-"
82.102.18.126 - - [14/Sep/2026:19:57:22 +0200] "GET /wp-includes/SimplePie/library/SimplePie/Decode/ HTTP/1.1" 200 930 "-" "-"
82.102.18.126 - - [14/Sep/2026:19:57:22 +0200] "GET /wp-includes/SimplePie/library/SimplePie/Decode//wp-includes/SimplePie/library/SimplePie/ HTTP/1.1" 200 5783 "-" "-"
82.102.18.126 - - [14/Sep/2026:19:57:22 +0200] "GET /wp-includes/SimplePie/library/SimplePie/Decode/HTML/ HTTP/1.1" 200 954 "-" "-"
82.102.18.126 - - [14/Sep/2026:19:57:22 +0200] "GET /wp-includes/SimplePie/library/SimplePie/Decode/HTML//wp-includes/SimplePie/library/SimplePie/Decode/ HTTP/1.1" 200 5783 "-" "-"
82.102.18.126 - - [14/Sep/2026:19:57:24 +0200] "GET /wp-includes/SimplePie/library/SimplePie/HTTP/ HTTP/1.1" 200 931 "-" "-"
82.102.18.126 - - [14/Sep/2026:19:57:24 +0200] "GET /wp-includes/SimplePie/library/SimplePie/HTTP//wp-includes/SimplePie/library/SimplePie/ HTTP/1.1" 200 5783 "-" "-"
82.102.18.126 - - [14/Sep/2026:19:57:25 +0200] "GET /wp-includes/SimplePie/library/SimplePie/Net/ HTTP/1.1" 200 927 "-" "-"
82.102.18.126 - - [14/Sep/2026:19:57:25 +0200] "GET /wp-includes/SimplePie/library/SimplePie/Net//wp-includes/SimplePie/library/SimplePie/ HTTP/1.1" 200 5783 "-" "-"
82.102.18.126 - - [14/Sep/2026:19:57:26 +0200] "GET /wp-includes/SimplePie/library/SimplePie/Parse/ HTTP/1.1" 200 931 "-" "-"
82.102.18.126 - - [14/Sep/2026:19:57:26 +0200] "GET /wp-includes/SimplePie/library/SimplePie/Parse//wp-includes/SimplePie/library/SimplePie/ HTTP/1.1" 200 5783 "-" "-"
82.102.18.126 - - [14/Sep/2026:19:57:28 +0200] "GET /wp-includes/SimplePie/library/SimplePie/XML/ HTTP/1.1" 200 931 "-" "-"
82.102.18.126 - - [14/Sep/2026:19:57:28 +0200] "GET /wp-includes/SimplePie/library/SimplePie/XML//wp-includes/SimplePie/library/SimplePie/ HTTP/1.1" 200 5783 "-" "-"
82.102.18.126 - - [14/Sep/2026:19:57:28 +0200] "GET /wp-includes/SimplePie/library/SimplePie/XML/Declaration/ HTTP/1.1" 200 957 "-" "-"
82.102.18.126 - - [14/Sep/2026:19:57:28 +0200] "GET /wp-includes/SimplePie/library/SimplePie/XML/Declaration//wp-includes/SimplePie/library/SimplePie/XML/ HTTP/1.1" 200 5783 "-" "-"
82.102.18.126 - - [14/Sep/2026:19:57:29 +0200] "GET /wp-includes/SimplePie/src/ HTTP/1.1" 200 5678 "-" "-"
82.102.18.126 - - [14/Sep/2026:19:57:29 +0200] "GET /wp-includes/SimplePie/src//wp-includes/SimplePie/ HTTP/1.1" 200 5783 "-" "-"
82.102.18.126 - - [14/Sep/2026:19:57:30 +0200] "GET /wp-includes/SimplePie/src/Cache/ HTTP/1.1" 200 2869 "-" "-"
109.234.165.65 - - [14/Sep/2026:19:57:30 +0200] "POST /wp-cron.php?doing_wp_cron=1789408650.4713129997253417968750 HTTP/1.1" 200 - "-" "WordPress/7.1; https://lecocondalfred.fr"
108.132.131.207 - - [14/Sep/2026:19:57:30 +0200] "GET /robots.txt?action=edit&file=query.php&path=%2Fhome2%2Fsc1juliebave%2Flecocondalfred.fr%2Fwp-includes HTTP/1.1" 200 40830 "http://lecocondalfred.fr/robots.txt?path=%2Fhome2%2Fsc1juliebave%2Flecocondalfred.fr%2Fwp-includes" "Mozilla/5.0 (Macintosh; Intel Mac OS X 10_15_5) AppleWebKit/537.36 (KHTML, like Gecko) Chrome/83.0.4103.61 Safari/537.36"
82.102.18.126 - - [14/Sep/2026:19:57:30 +0200] "GET /wp-includes/SimplePie/src/Cache//wp-includes/SimplePie/src/ HTTP/1.1" 200 5783 "-" "-"
82.102.18.126 - - [14/Sep/2026:19:57:31 +0200] "GET /wp-includes/SimplePie/src/Content/ HTTP/1.1" 200 890 "-" "-"
82.102.18.126 - - [14/Sep/2026:19:57:31 +0200] "GET /wp-includes/SimplePie/src/Content//wp-includes/SimplePie/src/ HTTP/1.1" 200 5783 "-" "-"
82.102.18.126 - - [14/Sep/2026:19:57:32 +0200] "GET /wp-includes/SimplePie/src/Content/Type/ HTTP/1.1" 200 914 "-" "-"
82.102.18.126 - - [14/Sep/2026:19:57:32 +0200] "GET /wp-includes/SimplePie/src/Content/Type//wp-includes/SimplePie/src/Content/ HTTP/1.1" 200 5783 "-" "-"
82.102.18.126 - - [14/Sep/2026:19:57:33 +0200] "GET /wp-includes/SimplePie/src/HTTP/ HTTP/1.1" 200 2170 "-" "-"
82.102.18.126 - - [14/Sep/2026:19:57:33 +0200] "GET /wp-includes/SimplePie/src/HTTP//wp-includes/SimplePie/src/ HTTP/1.1" 200 5783 "-" "-"
108.132.131.207 - - [14/Sep/2026:19:57:34 +0200] "GET /robots.txt?action=edit&file=registration-functions.php&path=%2Fhome2%2Fsc1juliebave%2Flecocondalfred.fr%2Fwp-includes HTTP/1.1" 200 1772 "http://lecocondalfred.fr/robots.txt?path=%2Fhome2%2Fsc1juliebave%2Flecocondalfred.fr%2Fwp-includes" "Mozilla/5.0 (Macintosh; Intel Mac OS X 10_15_5) AppleWebKit/537.36 (KHTML, like Gecko) Chrome/83.0.4103.61 Safari/537.36"
82.102.18.126 - - [14/Sep/2026:19:57:35 +0200] "GET /wp-includes/SimplePie/src/Net/ HTTP/1.1" 200 885 "-" "-"
82.102.18.126 - - [14/Sep/2026:19:57:35 +0200] "GET /wp-includes/SimplePie/src/Net//wp-includes/SimplePie/src/ HTTP/1.1" 200 5783 "-" "-"
82.102.18.126 - - [14/Sep/2026:19:57:35 +0200] "GET /wp-includes/SimplePie/src/Parse/ HTTP/1.1" 200 889 "-" "-"
82.102.18.126 - - [14/Sep/2026:19:57:35 +0200] "GET /wp-includes/SimplePie/src/Parse//wp-includes/SimplePie/src/ HTTP/1.1" 200 5783 "-" "-"
82.102.18.126 - - [14/Sep/2026:19:57:37 +0200] "GET /wp-includes/SimplePie/src/XML/ HTTP/1.1" 200 889 "-" "-"
82.102.18.126 - - [14/Sep/2026:19:57:37 +0200] "GET /wp-includes/SimplePie/src/XML//wp-includes/SimplePie/src/ HTTP/1.1" 200 5783 "-" "-"
82.102.18.126 - - [14/Sep/2026:19:57:37 +0200] "GET /wp-includes/SimplePie/src/XML/Declaration/ HTTP/1.1" 200 915 "-" "-"
82.102.18.126 - - [14/Sep/2026:19:57:37 +0200] "GET /wp-includes/SimplePie/src/XML/Declaration//wp-includes/SimplePie/src/XML/ HTTP/1.1" 200 5783 "-" "-"
82.102.18.126 - - [14/Sep/2026:19:57:38 +0200] "GET /wp-includes/Text/ HTTP/1.1" 200 1199 "-" "-"
82.102.18.126 - - [14/Sep/2026:19:57:38 +0200] "GET /wp-includes/Text/Diff/ HTTP/1.1" 200 1216 "-" "-"
82.102.18.126 - - [14/Sep/2026:19:57:38 +0200] "GET /wp-includes/Text/Diff//wp-includes/Text/ HTTP/1.1" 200 5783 "-" "-"
82.102.18.126 - - [14/Sep/2026:19:57:39 +0200] "GET /wp-includes/Text/Diff/Engine/ HTTP/1.1" 200 1413 "-" "-"
108.132.131.207 - - [14/Sep/2026:19:57:39 +0200] "GET /robots.txt?action=edit&file=registration.php&path=%2Fhome2%2Fsc1juliebave%2Flecocondalfred.fr%2Fwp-includes HTTP/1.1" 200 1762 "http://lecocondalfred.fr/robots.txt?path=%2Fhome2%2Fsc1juliebave%2Flecocondalfred.fr%2Fwp-includes" "Mozilla/5.0 (Macintosh; Intel Mac OS X 10_15_5) AppleWebKit/537.36 (KHTML, like Gecko) Chrome/83.0.4103.61 Safari/537.36"
82.102.18.126 - - [14/Sep/2026:19:57:39 +0200] "GET /wp-includes/Text/Diff/Engine//wp-includes/Text/Diff/ HTTP/1.1" 200 5783 "-" "-"
82.102.18.126 - - [14/Sep/2026:19:57:40 +0200] "GET /wp-includes/Text/Diff/Renderer/ HTTP/1.1" 200 885 "-" "-"
82.102.18.126 - - [14/Sep/2026:19:57:40 +0200] "GET /wp-includes/Text/Diff/Renderer//wp-includes/Text/Diff/ HTTP/1.1" 200 5783 "-" "-"
82.102.18.126 - - [14/Sep/2026:19:57:41 +0200] "GET /wp-content/mu-plugins-old/ HTTP/1.1" 200 144063 "-" "-"
82.102.18.126 - - [14/Sep/2026:19:57:41 +0200] "GET /wp-content/themes/classic/inc/ HTTP/1.1" 200 151741 "-" "-"
82.102.18.126 - - [14/Sep/2026:19:57:42 +0200] "GET /wp-content/plugins/ninja-forms/ HTTP/1.1" 200 151741 "-" "-"
82.102.18.126 - - [14/Sep/2026:19:57:43 +0200] "GET /wp-content/mu-plugins/ HTTP/1.1" 200 869 "-" "-"
82.102.18.126 - - [14/Sep/2026:19:57:43 +0200] "GET /wp-includes/blocks/ HTTP/1.1" 200 - "-" "-"
82.102.18.126 - - [14/Sep/2026:19:57:43 +0200] "GET /wp-includes/certificates/ HTTP/1.1" 200 866 "-" "-"
82.102.18.126 - - [14/Sep/2026:19:57:43 +0200] "GET /wp-includes/customize/ HTTP/1.1" 200 8305 "-" "-"
108.132.131.207 - - [14/Sep/2026:19:57:44 +0200] "GET /robots.txt?action=edit&file=rest-api.php&path=%2Fhome2%2Fsc1juliebave%2Flecocondalfred.fr%2Fwp-includes HTTP/1.1" 200 114627 "http://lecocondalfred.fr/robots.txt?path=%2Fhome2%2Fsc1juliebave%2Flecocondalfred.fr%2Fwp-includes" "Mozilla/5.0 (Macintosh; Intel Mac OS X 10_15_5) AppleWebKit/537.36 (KHTML, like Gecko) Chrome/83.0.4103.61 Safari/537.36"
82.102.18.126 - - [14/Sep/2026:19:57:48 +0200] "GET /wp-includes/fonts/ HTTP/1.1" 200 2557 "-" "-"
82.102.18.126 - - [14/Sep/2026:19:57:49 +0200] "GET /wp-includes/images/ HTTP/1.1" 200 6374 "-" "-"
82.102.18.126 - - [14/Sep/2026:19:57:49 +0200] "GET /wp-includes/images/crystal/ HTTP/1.1" 200 2485 "-" "-"
82.102.18.126 - - [14/Sep/2026:19:57:49 +0200] "GET /wp-includes/images/crystal//wp-includes/images/ HTTP/1.1" 200 5783 "-" "-"
108.132.131.207 - - [14/Sep/2026:19:57:49 +0200] "GET /robots.txt?action=edit&file=revision.php&path=%2Fhome2%2Fsc1juliebave%2Flecocondalfred.fr%2Fwp-includes HTTP/1.1" 200 35149 "http://lecocondalfred.fr/robots.txt?path=%2Fhome2%2Fsc1juliebave%2Flecocondalfred.fr%2Fwp-includes" "Mozilla/5.0 (Macintosh; Intel Mac OS X 10_15_5) AppleWebKit/537.36 (KHTML, like Gecko) Chrome/83.0.4103.61 Safari/537.36"
82.102.18.126 - - [14/Sep/2026:19:57:49 +0200] "GET /wp-includes/images/icon-library/ HTTP/1.1" 200 16581 "-" "-"
82.102.18.126 - - [14/Sep/2026:19:57:49 +0200] "GET /wp-includes/images/icon-library//wp-includes/images/ HTTP/1.1" 200 5783 "-" "-"
82.102.18.126 - - [14/Sep/2026:19:57:50 +0200] "GET /wp-includes/images/media/ HTTP/1.1" 200 3912 "-" "-"
82.102.18.126 - - [14/Sep/2026:19:57:50 +0200] "GET /wp-includes/images/media//wp-includes/images/ HTTP/1.1" 200 5783 "-" "-"
82.102.18.126 - - [14/Sep/2026:19:57:51 +0200] "GET /wp-includes/images/smilies/ HTTP/1.1" 200 5432 "-" "-"
82.102.18.126 - - [14/Sep/2026:19:57:51 +0200] "GET /wp-includes/images/smilies//wp-includes/images/ HTTP/1.1" 200 5783 "-" "-"
82.102.18.126 - - [14/Sep/2026:19:57:51 +0200] "GET /.well-known/ HTTP/1.1" 200 830 "-" "-"
82.102.18.126 - - [14/Sep/2026:19:57:51 +0200] "GET /.well-known/acme-challenge/ HTTP/1.1" 200 689 "-" "-"
82.102.18.126 - - [14/Sep/2026:19:57:51 +0200] "GET /ALFA_DATA/ HTTP/1.1" 200 144039 "-" "-"
82.102.18.126 - - [14/Sep/2026:19:57:52 +0200] "GET /.well-knownold/ HTTP/1.1" 200 144043 "-" "-"
82.102.18.126 - - [14/Sep/2026:19:57:53 +0200] "GET /cgi-bin/ HTTP/1.1" 403 144035 "-" "-"
108.132.131.207 - - [14/Sep/2026:19:57:53 +0200] "GET /robots.txt?action=edit&file=rewrite.php&path=%2Fhome2%2Fsc1juliebave%2Flecocondalfred.fr%2Fwp-includes HTTP/1.1" 200 22865 "http://lecocondalfred.fr/robots.txt?path=%2Fhome2%2Fsc1juliebave%2Flecocondalfred.fr%2Fwp-includes" "Mozilla/5.0 (Macintosh; Intel Mac OS X 10_15_5) AppleWebKit/537.36 (KHTML, like Gecko) Chrome/83.0.4103.61 Safari/537.36"
82.102.18.126 - - [14/Sep/2026:19:57:53 +0200] "GET /index/ HTTP/1.1" 200 144031 "-" "-"
82.102.18.126 - - [14/Sep/2026:19:57:54 +0200] "GET /id/ HTTP/1.1" 200 144027 "-" "-"
82.102.18.126 - - [14/Sep/2026:19:57:55 +0200] "GET /www/ HTTP/1.1" 200 144031 "-" "-"
82.102.18.126 - - [14/Sep/2026:19:57:56 +0200] "GET /web/ HTTP/1.1" 200 144031 "-" "-"
82.102.18.126 - - [14/Sep/2026:19:57:56 +0200] "GET /uploads/ HTTP/1.1" 200 144035 "-" "-"
82.102.18.126 - - [14/Sep/2026:19:57:57 +0200] "GET /upload/ HTTP/1.1" 200 144035 "-" "-"
108.132.131.207 - - [14/Sep/2026:19:57:57 +0200] "GET /robots.txt?action=edit&file=robots-template.php&path=%2Fhome2%2Fsc1juliebave%2Flecocondalfred.fr%2Fwp-includes HTTP/1.1" 200 7119 "http://lecocondalfred.fr/robots.txt?path=%2Fhome2%2Fsc1juliebave%2Flecocondalfred.fr%2Fwp-includes" "Mozilla/5.0 (Macintosh; Intel Mac OS X 10_15_5) AppleWebKit/537.36 (KHTML, like Gecko) Chrome/83.0.4103.61 Safari/537.36"
82.102.18.126 - - [14/Sep/2026:19:57:58 +0200] "GET /admin/uploads/ HTTP/1.1" 200 144047 "-" "-"
82.102.18.126 - - [14/Sep/2026:19:57:58 +0200] "GET /Admin/uploads/ HTTP/1.1" 200 144047 "-" "-"
82.102.18.126 - - [14/Sep/2026:19:57:59 +0200] "GET /admin/ HTTP/1.1" 200 5783 "-" "-"
109.234.165.65 - - [14/Sep/2026:19:58:01 +0200] "POST /wp-cron.php?doing_wp_cron=1789408681.2647800445556640625000 HTTP/1.1" 200 - "-" "WordPress/7.1; https://lecocondalfred.fr"
82.102.18.126 - - [14/Sep/2026:19:58:00 +0200] "GET /images/ HTTP/1.1" 200 144035 "-" "-"
82.102.18.126 - - [14/Sep/2026:19:58:01 +0200] "GET /assets/ HTTP/1.1" 200 144035 "-" "-"
108.132.131.207 - - [14/Sep/2026:19:58:02 +0200] "GET /robots.txt?action=edit&file=rss-functions.php&path=%2Fhome2%2Fsc1juliebave%2Flecocondalfred.fr%2Fwp-includes HTTP/1.1" 200 1855 "http://lecocondalfred.fr/robots.txt?path=%2Fhome2%2Fsc1juliebave%2Flecocondalfred.fr%2Fwp-includes" "Mozilla/5.0 (Macintosh; Intel Mac OS X 10_15_5) AppleWebKit/537.36 (KHTML, like Gecko) Chrome/83.0.4103.61 Safari/537.36"
82.102.18.126 - - [14/Sep/2026:19:58:02 +0200] "GET /vendor/phpunit/phpunit/src/Util/PHP/ HTTP/1.1" 200 151757 "-" "-"
82.102.18.126 - - [14/Sep/2026:19:58:03 +0200] "GET /upload/image/ HTTP/1.1" 200 5783 "-" "-"
82.102.18.126 - - [14/Sep/2026:19:58:03 +0200] "GET /assets/images/ HTTP/1.1" 200 144047 "-" "-"
82.102.18.126 - - [14/Sep/2026:19:58:04 +0200] "GET /Public/ HTTP/1.1" 200 144035 "-" "-"
82.102.18.126 - - [14/Sep/2026:19:58:05 +0200] "GET /vendor/ HTTP/1.1" 200 144035 "-" "-"
109.234.165.65 - - [14/Sep/2026:19:58:06 +0200] "POST /wp-cron.php?doing_wp_cron=1789408686.7044188976287841796875 HTTP/1.1" 200 - "-" "WordPress/7.1; https://lecocondalfred.fr"
82.102.18.126 - - [14/Sep/2026:19:58:06 +0200] "GET /local/ HTTP/1.1" 200 144031 "-" "-"
108.132.131.207 - - [14/Sep/2026:19:58:06 +0200] "GET /robots.txt?action=edit&file=rss.php&path=%2Fhome2%2Fsc1juliebave%2Flecocondalfred.fr%2Fwp-includes HTTP/1.1" 200 27400 "http://lecocondalfred.fr/robots.txt?path=%2Fhome2%2Fsc1juliebave%2Flecocondalfred.fr%2Fwp-includes" "Mozilla/5.0 (Macintosh; Intel Mac OS X 10_15_5) AppleWebKit/537.36 (KHTML, like Gecko) Chrome/83.0.4103.61 Safari/537.36"
82.102.18.126 - - [14/Sep/2026:19:58:06 +0200] "GET /modules/ HTTP/1.1" 200 144035 "-" "-"
82.102.18.126 - - [14/Sep/2026:19:58:07 +0200] "GET /Site/ HTTP/1.1" 200 144031 "-" "-"
82.102.18.126 - - [14/Sep/2026:19:58:08 +0200] "GET /system/ HTTP/1.1" 200 144035 "-" "-"
82.102.18.126 - - [14/Sep/2026:19:58:09 +0200] "GET /template/ HTTP/1.1" 200 144035 "-" "-"
82.102.18.126 - - [14/Sep/2026:19:58:09 +0200] "GET /shop/ HTTP/1.1" 200 144031 "-" "-"
82.102.18.126 - - [14/Sep/2026:19:58:10 +0200] "GET /files/ HTTP/1.1" 200 144031 "-" "-"
108.132.131.207 - - [14/Sep/2026:19:58:11 +0200] "GET /robots.txt?action=edit&file=script-loader.php&path=%2Fhome2%2Fsc1juliebave%2Flecocondalfred.fr%2Fwp-includes HTTP/1.1" 200 196064 "http://lecocondalfred.fr/robots.txt?path=%2Fhome2%2Fsc1juliebave%2Flecocondalfred.fr%2Fwp-includes" "Mozilla/5.0 (Macintosh; Intel Mac OS X 10_15_5) AppleWebKit/537.36 (KHTML, like Gecko) Chrome/83.0.4103.61 Safari/537.36"
82.102.18.126 - - [14/Sep/2026:19:58:11 +0200] "GET /admin/editor/ HTTP/1.1" 200 144043 "-" "-"
82.102.18.126 - - [14/Sep/2026:19:58:11 +0200] "GET /include/ HTTP/1.1" 200 144035 "-" "-"
82.102.18.126 - - [14/Sep/2026:19:58:12 +0200] "GET /Assets/ HTTP/1.1" 200 144035 "-" "-"
82.102.18.126 - - [14/Sep/2026:19:58:13 +0200] "GET /images/stories/ HTTP/1.1" 200 144047 "-" "-"
82.102.18.126 - - [14/Sep/2026:19:58:14 +0200] "GET /plugins/ HTTP/1.1" 200 144035 "-" "-"
82.102.18.126 - - [14/Sep/2026:19:58:15 +0200] "GET /php/ HTTP/1.1" 200 144031 "-" "-"
82.102.18.126 - - [14/Sep/2026:19:58:16 +0200] "GET /wp-admin/css/ HTTP/1.1" 200 20531 "-" "-"
82.102.18.126 - - [14/Sep/2026:19:58:16 +0200] "GET /wp-admin/css/colors/ HTTP/1.1" 200 2800 "-" "-"
82.102.18.126 - - [14/Sep/2026:19:58:16 +0200] "GET /wp-admin/css/colors//wp-admin/css/ HTTP/1.1" 200 5783 "-" "-"
82.102.18.126 - - [14/Sep/2026:19:58:16 +0200] "GET /wp-admin/css/colors/blue/ HTTP/1.1" 200 1600 "-" "-"
82.102.18.126 - - [14/Sep/2026:19:58:16 +0200] "GET /wp-admin/css/colors/blue//wp-admin/css/colors/ HTTP/1.1" 200 5783 "-" "-"
82.102.18.126 - - [14/Sep/2026:19:58:17 +0200] "GET /wp-admin/css/colors/coffee/ HTTP/1.1" 200 1604 "-" "-"
82.102.18.126 - - [14/Sep/2026:19:58:17 +0200] "GET /wp-admin/css/colors/coffee//wp-admin/css/colors/ HTTP/1.1" 200 5783 "-" "-"
82.102.18.126 - - [14/Sep/2026:19:58:17 +0200] "GET /wp-admin/css/colors/ectoplasm/ HTTP/1.1" 200 1610 "-" "-"
82.102.18.126 - - [14/Sep/2026:19:58:17 +0200] "GET /wp-admin/css/colors/ectoplasm//wp-admin/css/colors/ HTTP/1.1" 200 5783 "-" "-"
82.102.18.126 - - [14/Sep/2026:19:58:18 +0200] "GET /wp-admin/css/colors/light/ HTTP/1.1" 200 1602 "-" "-"
82.102.18.126 - - [14/Sep/2026:19:58:18 +0200] "GET /wp-admin/css/colors/light//wp-admin/css/colors/ HTTP/1.1" 200 5783 "-" "-"
82.102.18.126 - - [14/Sep/2026:19:58:18 +0200] "GET /wp-admin/css/colors/midnight/ HTTP/1.1" 200 1608 "-" "-"
82.102.18.126 - - [14/Sep/2026:19:58:18 +0200] "GET /wp-admin/css/colors/midnight//wp-admin/css/colors/ HTTP/1.1" 200 5783 "-" "-"
82.102.18.126 - - [14/Sep/2026:19:58:19 +0200] "GET /wp-admin/css/colors/modern/ HTTP/1.1" 200 1604 "-" "-"
82.102.18.126 - - [14/Sep/2026:19:58:19 +0200] "GET /wp-admin/css/colors/modern//wp-admin/css/colors/ HTTP/1.1" 200 5783 "-" "-"
82.102.18.126 - - [14/Sep/2026:19:58:19 +0200] "GET /wp-admin/css/colors/ocean/ HTTP/1.1" 200 1602 "-" "-"
82.102.18.126 - - [14/Sep/2026:19:58:20 +0200] "GET /wp-admin/css/colors/ocean//wp-admin/css/colors/ HTTP/1.1" 200 5783 "-" "-"
82.102.18.126 - - [14/Sep/2026:19:58:20 +0200] "GET /wp-admin/css/colors/sunrise/ HTTP/1.1" 200 1606 "-" "-"
82.102.18.126 - - [14/Sep/2026:19:58:21 +0200] "GET /wp-admin/css/colors/sunrise//wp-admin/css/colors/ HTTP/1.1" 200 5783 "-" "-"
108.132.131.207 - - [14/Sep/2026:19:58:21 +0200] "GET /robots.txt?action=edit&file=script-modules.php&path=%2Fhome2%2Fsc1juliebave%2Flecocondalfred.fr%2Fwp-includes HTTP/1.1" 200 14460 "http://lecocondalfred.fr/robots.txt?path=%2Fhome2%2Fsc1juliebave%2Flecocondalfred.fr%2Fwp-includes" "Mozilla/5.0 (Macintosh; Intel Mac OS X 10_15_5) AppleWebKit/537.36 (KHTML, like Gecko) Chrome/83.0.4103.61 Safari/537.36"
82.102.18.126 - - [14/Sep/2026:19:58:21 +0200] "GET /wp-content/themes/twentytwenty/ HTTP/1.1" 200 151741 "-" "-"
82.102.18.126 - - [14/Sep/2026:19:58:22 +0200] "GET /wp-content/cache/ HTTP/1.1" 200 - "-" "-"
82.102.18.126 - - [14/Sep/2026:19:58:22 +0200] "GET /wp-admin/maint/ HTTP/1.1" 200 840 "-" "-"
82.102.18.126 - - [14/Sep/2026:19:58:22 +0200] "GET /wp-content/plugins/akismet/ HTTP/1.1" 200 151737 "-" "-"
82.102.18.126 - - [14/Sep/2026:19:58:23 +0200] "GET /wp-includes/assets/ HTTP/1.1" 200 1264 "-" "-"
82.102.18.126 - - [14/Sep/2026:19:58:23 +0200] "GET /wp-includes/block-patterns/ HTTP/1.1" 200 3061 "-" "-"
82.102.18.126 - - [14/Sep/2026:19:58:25 +0200] "GET /wp-includes/block-supports/ HTTP/1.1" 200 4868 "-" "-"
108.132.131.207 - - [14/Sep/2026:19:58:26 +0200] "GET /robots.txt?action=edit&file=session.php&path=%2Fhome2%2Fsc1juliebave%2Flecocondalfred.fr%2Fwp-includes HTTP/1.1" 200 1815 "http://lecocondalfred.fr/robots.txt?path=%2Fhome2%2Fsc1juliebave%2Flecocondalfred.fr%2Fwp-includes" "Mozilla/5.0 (Macintosh; Intel Mac OS X 10_15_5) AppleWebKit/537.36 (KHTML, like Gecko) Chrome/83.0.4103.61 Safari/537.36"
82.102.18.126 - - [14/Sep/2026:19:58:27 +0200] "GET /wp-includes/html-api/ HTTP/1.1" 200 3502 "-" "-"
82.102.18.126 - - [14/Sep/2026:19:58:29 +0200] "GET /wp-includes/js/ HTTP/1.1" 200 21671 "-" "-"
82.102.18.126 - - [14/Sep/2026:19:58:29 +0200] "GET /wp-includes/js/codemirror/ HTTP/1.1" 200 2321 "-" "-"
82.102.18.126 - - [14/Sep/2026:19:58:29 +0200] "GET /wp-includes/js/codemirror//wp-includes/js/ HTTP/1.1" 200 5783 "-" "-"
82.102.18.126 - - [14/Sep/2026:19:58:29 +0200] "GET /wp-includes/js/crop/ HTTP/1.1" 200 1402 "-" "-"
82.102.18.126 - - [14/Sep/2026:19:58:29 +0200] "GET /wp-includes/js/crop//wp-includes/js/ HTTP/1.1" 200 5783 "-" "-"
82.102.18.126 - - [14/Sep/2026:19:58:30 +0200] "GET /wp-includes/js/dist/ HTTP/1.1" 200 25106 "-" "-"
82.102.18.126 - - [14/Sep/2026:19:58:30 +0200] "GET /wp-includes/js/dist//wp-includes/js/ HTTP/1.1" 200 5783 "-" "-"
82.102.18.126 - - [14/Sep/2026:19:58:30 +0200] "GET /wp-includes/js/dist/development/ HTTP/1.1" 200 1488 "-" "-"
82.102.18.126 - - [14/Sep/2026:19:58:30 +0200] "GET /wp-includes/js/dist/development//wp-includes/js/dist/ HTTP/1.1" 200 5783 "-" "-"
82.102.18.126 - - [14/Sep/2026:19:58:31 +0200] "GET /wp-includes/js/dist/script-modules/ HTTP/1.1" 200 4134 "-" "-"
109.234.165.65 - - [14/Sep/2026:19:58:32 +0200] "POST /wp-cron.php?doing_wp_cron=1789408712.0217399597167968750000 HTTP/1.1" 200 - "-" "WordPress/7.1; https://lecocondalfred.fr"
82.102.18.126 - - [14/Sep/2026:19:58:31 +0200] "GET /wp-includes/js/dist/script-modules//wp-includes/js/dist/ HTTP/1.1" 200 5783 "-" "-"
