82.102.18.126 - - [14/Sep/2026:19:53:45 +0200] "GET /wp-includes/css/dist/preferences//wp-includes/css/dist/ HTTP/1.1" 200 5783 "-" "-"
82.102.18.126 - - [14/Sep/2026:19:53:45 +0200] "GET /wp-includes/css/dist/reusable-blocks/ HTTP/1.1" 200 1442 "-" "-"
82.102.18.126 - - [14/Sep/2026:19:53:45 +0200] "GET /wp-includes/css/dist/reusable-blocks//wp-includes/css/dist/ HTTP/1.1" 200 5783 "-" "-"
82.102.18.126 - - [14/Sep/2026:19:53:46 +0200] "GET /wp-includes/css/dist/theme/ HTTP/1.1" 200 1457 "-" "-"
82.102.18.126 - - [14/Sep/2026:19:53:46 +0200] "GET /wp-includes/css/dist/theme//wp-includes/css/dist/ HTTP/1.1" 200 5783 "-" "-"
82.102.18.126 - - [14/Sep/2026:19:53:46 +0200] "GET /wp-includes/css/dist/widgets/ HTTP/1.1" 200 1426 "-" "-"
82.102.18.126 - - [14/Sep/2026:19:53:47 +0200] "GET /wp-includes/css/dist/widgets//wp-includes/css/dist/ HTTP/1.1" 200 5783 "-" "-"
82.102.18.126 - - [14/Sep/2026:19:53:47 +0200] "GET /wp-includes/customize/ HTTP/1.1" 200 8305 "-" "-"
82.102.18.126 - - [14/Sep/2026:19:53:47 +0200] "GET /wp-includes/customize//wp-includes/ HTTP/1.1" 200 5783 "-" "-"
109.234.165.65 - - [14/Sep/2026:19:53:54 +0200] "POST /wp-cron.php?doing_wp_cron=1789408434.0311830043792724609375 HTTP/1.1" 200 - "-" "WordPress/7.1; https://lecocondalfred.fr"
108.132.131.207 - - [14/Sep/2026:19:53:53 +0200] "GET /robots.txt?action=edit&file=global-styles-and-settings.php&path=%2Fhome2%2Fsc1juliebave%2Flecocondalfred.fr%2Fwp-includes HTTP/1.1" 200 24018 "http://lecocondalfred.fr/robots.txt?path=%2Fhome2%2Fsc1juliebave%2Flecocondalfred.fr%2Fwp-includes" "Mozilla/5.0 (Macintosh; Intel Mac OS X 10_15_5) AppleWebKit/537.36 (KHTML, like Gecko) Chrome/83.0.4103.61 Safari/537.36"
82.102.18.126 - - [14/Sep/2026:19:53:54 +0200] "GET /wp-includes/fonts/ HTTP/1.1" 200 2557 "-" "-"
82.102.18.126 - - [14/Sep/2026:19:53:54 +0200] "GET /wp-includes/fonts//wp-includes/ HTTP/1.1" 200 5783 "-" "-"
82.102.18.126 - - [14/Sep/2026:19:53:56 +0200] "GET /wp-includes/html-api/ HTTP/1.1" 200 3502 "-" "-"
82.102.18.126 - - [14/Sep/2026:19:53:56 +0200] "GET /wp-includes/html-api//wp-includes/ HTTP/1.1" 200 5783 "-" "-"
82.102.18.126 - - [14/Sep/2026:19:53:59 +0200] "GET /wp-includes/images/ HTTP/1.1" 200 6374 "-" "-"
82.102.18.126 - - [14/Sep/2026:19:53:59 +0200] "GET /wp-includes/images//wp-includes/ HTTP/1.1" 200 5783 "-" "-"
82.102.18.126 - - [14/Sep/2026:19:54:00 +0200] "GET /wp-includes/images/crystal/ HTTP/1.1" 200 2485 "-" "-"
82.102.18.126 - - [14/Sep/2026:19:54:00 +0200] "GET /wp-includes/images/crystal//wp-includes/images/ HTTP/1.1" 200 5783 "-" "-"
82.102.18.126 - - [14/Sep/2026:19:54:00 +0200] "GET /wp-includes/images/icon-library/ HTTP/1.1" 200 16581 "-" "-"
108.132.131.207 - - [14/Sep/2026:19:54:00 +0200] "GET /robots.txt?action=edit&file=http.php&path=%2Fhome2%2Fsc1juliebave%2Flecocondalfred.fr%2Fwp-includes HTTP/1.1" 200 32016 "http://lecocondalfred.fr/robots.txt?path=%2Fhome2%2Fsc1juliebave%2Flecocondalfred.fr%2Fwp-includes" "Mozilla/5.0 (Macintosh; Intel Mac OS X 10_15_5) AppleWebKit/537.36 (KHTML, like Gecko) Chrome/83.0.4103.61 Safari/537.36"
82.102.18.126 - - [14/Sep/2026:19:54:00 +0200] "GET /wp-includes/images/icon-library//wp-includes/images/ HTTP/1.1" 200 5783 "-" "-"
82.102.18.126 - - [14/Sep/2026:19:54:01 +0200] "GET /wp-includes/images/media/ HTTP/1.1" 200 3912 "-" "-"
82.102.18.126 - - [14/Sep/2026:19:54:01 +0200] "GET /wp-includes/images/media//wp-includes/images/ HTTP/1.1" 200 5783 "-" "-"
82.102.18.126 - - [14/Sep/2026:19:54:01 +0200] "GET /wp-includes/images/smilies/ HTTP/1.1" 200 5432 "-" "-"
82.102.18.126 - - [14/Sep/2026:19:54:01 +0200] "GET /wp-includes/images/smilies//wp-includes/images/ HTTP/1.1" 200 5783 "-" "-"
82.102.18.126 - - [14/Sep/2026:19:54:02 +0200] "GET /wp-includes/interactivity-api/ HTTP/1.1" 200 1307 "-" "-"
82.102.18.126 - - [14/Sep/2026:19:54:02 +0200] "GET /wp-includes/interactivity-api//wp-includes/ HTTP/1.1" 200 5783 "-" "-"
82.102.18.126 - - [14/Sep/2026:19:54:03 +0200] "GET /wp-includes/js/ HTTP/1.1" 200 21671 "-" "-"
82.102.18.126 - - [14/Sep/2026:19:54:03 +0200] "GET /wp-includes/js//wp-includes/ HTTP/1.1" 200 5783 "-" "-"
82.102.18.126 - - [14/Sep/2026:19:54:04 +0200] "GET /wp-includes/js/codemirror/ HTTP/1.1" 200 2321 "-" "-"
82.102.18.126 - - [14/Sep/2026:19:54:04 +0200] "GET /wp-includes/js/codemirror//wp-includes/js/ HTTP/1.1" 200 5783 "-" "-"
82.102.18.126 - - [14/Sep/2026:19:54:04 +0200] "GET /wp-includes/js/crop/ HTTP/1.1" 200 1402 "-" "-"
82.102.18.126 - - [14/Sep/2026:19:54:04 +0200] "GET /wp-includes/js/crop//wp-includes/js/ HTTP/1.1" 200 5783 "-" "-"
82.102.18.126 - - [14/Sep/2026:19:54:05 +0200] "GET /wp-includes/js/dist/ HTTP/1.1" 200 25106 "-" "-"
82.102.18.126 - - [14/Sep/2026:19:54:05 +0200] "GET /wp-includes/js/dist//wp-includes/js/ HTTP/1.1" 200 5783 "-" "-"
82.102.18.126 - - [14/Sep/2026:19:54:05 +0200] "GET /wp-includes/js/dist/development/ HTTP/1.1" 200 1488 "-" "-"
82.102.18.126 - - [14/Sep/2026:19:54:06 +0200] "GET /wp-includes/js/dist/development//wp-includes/js/dist/ HTTP/1.1" 200 5783 "-" "-"
82.102.18.126 - - [14/Sep/2026:19:54:06 +0200] "GET /wp-includes/js/dist/script-modules/ HTTP/1.1" 200 4134 "-" "-"
109.234.165.65 - - [14/Sep/2026:19:54:07 +0200] "POST /wp-cron.php?doing_wp_cron=1789408447.0266420841217041015625 HTTP/1.1" 200 - "-" "WordPress/7.1; https://lecocondalfred.fr"
82.102.18.126 - - [14/Sep/2026:19:54:06 +0200] "GET /wp-includes/js/dist/script-modules//wp-includes/js/dist/ HTTP/1.1" 200 5783 "-" "-"
82.102.18.126 - - [14/Sep/2026:19:54:07 +0200] "GET /wp-includes/js/dist/script-modules/a11y/ HTTP/1.1" 200 1344 "-" "-"
82.102.18.126 - - [14/Sep/2026:19:54:07 +0200] "GET /wp-includes/js/dist/script-modules/abilities/ HTTP/1.1" 200 293170 "-" "-"
82.102.18.126 - - [14/Sep/2026:19:54:07 +0200] "GET /wp-includes/js/dist/script-modules/block-editor/ HTTP/1.1" 200 928 "-" "-"
108.132.131.207 - - [14/Sep/2026:19:54:07 +0200] "GET /robots.txt?action=edit&file=https-detection.php&path=%2Fhome2%2Fsc1juliebave%2Flecocondalfred.fr%2Fwp-includes HTTP/1.1" 200 7813 "http://lecocondalfred.fr/robots.txt?path=%2Fhome2%2Fsc1juliebave%2Flecocondalfred.fr%2Fwp-includes" "Mozilla/5.0 (Macintosh; Intel Mac OS X 10_15_5) AppleWebKit/537.36 (KHTML, like Gecko) Chrome/83.0.4103.61 Safari/537.36"
82.102.18.126 - - [14/Sep/2026:19:54:07 +0200] "GET /wp-includes/js/dist/script-modules/block-editor//wp-includes/js/dist/script-modules/ HTTP/1.1" 200 5783 "-" "-"
82.102.18.126 - - [14/Sep/2026:19:54:08 +0200] "GET /wp-includes/js/dist/script-modules/block-editor/utils/ HTTP/1.1" 200 1364 "-" "-"
82.102.18.126 - - [14/Sep/2026:19:54:08 +0200] "GET /wp-includes/js/dist/script-modules/block-editor/utils//wp-includes/js/dist/script-modules/block-editor/ HTTP/1.1" 200 5783 "-" "-"
82.102.18.126 - - [14/Sep/2026:19:54:08 +0200] "GET /wp-includes/js/dist/script-modules/block-library/ HTTP/1.1" 200 2332 "-" "-"
82.102.18.126 - - [14/Sep/2026:19:54:08 +0200] "GET /wp-includes/js/dist/script-modules/block-library//wp-includes/js/dist/script-modules/ HTTP/1.1" 200 5783 "-" "-"
82.102.18.126 - - [14/Sep/2026:19:54:09 +0200] "GET /wp-includes/js/dist/script-modules/block-library/accordion/ HTTP/1.1" 200 1330 "-" "-"
82.102.18.126 - - [14/Sep/2026:19:54:09 +0200] "GET /wp-includes/js/dist/script-modules/block-library/accordion//wp-includes/js/dist/script-modules/block-library/ HTTP/1.1" 200 5783 "-" "-"
82.102.18.126 - - [14/Sep/2026:19:54:10 +0200] "GET /wp-includes/js/dist/script-modules/block-library/file/ HTTP/1.1" 200 1320 "-" "-"
82.102.18.126 - - [14/Sep/2026:19:54:10 +0200] "GET /wp-includes/js/dist/script-modules/block-library/file//wp-includes/js/dist/script-modules/block-library/ HTTP/1.1" 200 5783 "-" "-"
82.102.18.126 - - [14/Sep/2026:19:54:11 +0200] "GET /wp-includes/js/dist/script-modules/block-library/form/ HTTP/1.1" 200 1320 "-" "-"
82.102.18.126 - - [14/Sep/2026:19:54:11 +0200] "GET /wp-includes/js/dist/script-modules/block-library/form//wp-includes/js/dist/script-modules/block-library/ HTTP/1.1" 200 5783 "-" "-"
82.102.18.126 - - [14/Sep/2026:19:54:12 +0200] "GET /wp-includes/js/dist/script-modules/block-library/image/ HTTP/1.1" 200 1322 "-" "-"
108.132.131.207 - - [14/Sep/2026:19:54:11 +0200] "GET /robots.txt?action=edit&file=https-migration.php&path=%2Fhome2%2Fsc1juliebave%2Flecocondalfred.fr%2Fwp-includes HTTP/1.1" 200 6617 "http://lecocondalfred.fr/robots.txt?path=%2Fhome2%2Fsc1juliebave%2Flecocondalfred.fr%2Fwp-includes" "Mozilla/5.0 (Macintosh; Intel Mac OS X 10_15_5) AppleWebKit/537.36 (KHTML, like Gecko) Chrome/83.0.4103.61 Safari/537.36"
82.102.18.126 - - [14/Sep/2026:19:54:12 +0200] "GET /wp-includes/js/dist/script-modules/block-library/image//wp-includes/js/dist/script-modules/block-library/ HTTP/1.1" 200 5783 "-" "-"
82.102.18.126 - - [14/Sep/2026:19:54:13 +0200] "GET /wp-includes/js/dist/script-modules/block-library/navigation/ HTTP/1.1" 200 1332 "-" "-"
82.102.18.126 - - [14/Sep/2026:19:54:13 +0200] "GET /wp-includes/js/dist/script-modules/block-library/navigation//wp-includes/js/dist/script-modules/block-library/ HTTP/1.1" 200 5783 "-" "-"
82.102.18.126 - - [14/Sep/2026:19:54:14 +0200] "GET /wp-includes/js/dist/script-modules/block-library/playlist/ HTTP/1.1" 200 1328 "-" "-"
82.102.18.126 - - [14/Sep/2026:19:54:14 +0200] "GET /wp-includes/js/dist/script-modules/block-library/playlist//wp-includes/js/dist/script-modules/block-library/ HTTP/1.1" 200 5783 "-" "-"
82.102.18.126 - - [14/Sep/2026:19:54:14 +0200] "GET /wp-includes/js/dist/script-modules/block-library/query/ HTTP/1.1" 200 1322 "-" "-"
82.102.18.126 - - [14/Sep/2026:19:54:14 +0200] "GET /wp-includes/js/dist/script-modules/block-library/query//wp-includes/js/dist/script-modules/block-library/ HTTP/1.1" 200 5783 "-" "-"
82.102.18.126 - - [14/Sep/2026:19:54:15 +0200] "GET /wp-includes/js/dist/script-modules/block-library/search/ HTTP/1.1" 200 1324 "-" "-"
82.102.18.126 - - [14/Sep/2026:19:54:15 +0200] "GET /wp-includes/js/dist/script-modules/block-library/search//wp-includes/js/dist/script-modules/block-library/ HTTP/1.1" 200 5783 "-" "-"
82.102.18.126 - - [14/Sep/2026:19:54:16 +0200] "GET /wp-includes/js/dist/script-modules/block-library/tabs/ HTTP/1.1" 200 1320 "-" "-"
108.132.131.207 - - [14/Sep/2026:19:54:16 +0200] "GET /robots.txt?action=edit&file=icons.php&path=%2Fhome2%2Fsc1juliebave%2Flecocondalfred.fr%2Fwp-includes HTTP/1.1" 200 8552 "http://lecocondalfred.fr/robots.txt?path=%2Fhome2%2Fsc1juliebave%2Flecocondalfred.fr%2Fwp-includes" "Mozilla/5.0 (Macintosh; Intel Mac OS X 10_15_5) AppleWebKit/537.36 (KHTML, like Gecko) Chrome/83.0.4103.61 Safari/537.36"
82.102.18.126 - - [14/Sep/2026:19:54:16 +0200] "GET /wp-includes/js/dist/script-modules/block-library/tabs//wp-includes/js/dist/script-modules/block-library/ HTTP/1.1" 200 5783 "-" "-"
82.102.18.126 - - [14/Sep/2026:19:54:17 +0200] "GET /wp-includes/js/dist/script-modules/boot/ HTTP/1.1" 200 411727 "-" "-"
82.102.18.126 - - [14/Sep/2026:19:54:17 +0200] "GET /wp-includes/js/dist/script-modules/connectors/ HTTP/1.1" 200 14552 "-" "-"
82.102.18.126 - - [14/Sep/2026:19:54:17 +0200] "GET /wp-includes/js/dist/script-modules/content-types/ HTTP/1.1" 200 1468835 "-" "-"
82.102.18.126 - - [14/Sep/2026:19:54:17 +0200] "GET /wp-includes/js/dist/script-modules/core-abilities/ HTTP/1.1" 200 4266 "-" "-"
82.102.18.126 - - [14/Sep/2026:19:54:17 +0200] "GET /wp-includes/js/dist/script-modules/dashboard-init/ HTTP/1.1" 200 2512 "-" "-"
82.102.18.126 - - [14/Sep/2026:19:54:17 +0200] "GET /wp-includes/js/dist/script-modules/edit-site-init/ HTTP/1.1" 200 7005 "-" "-"
82.102.18.126 - - [14/Sep/2026:19:54:17 +0200] "GET /wp-includes/js/dist/script-modules/interactivity-router/ HTTP/1.1" 200 45127 "-" "-"
82.102.18.126 - - [14/Sep/2026:19:54:18 +0200] "GET /wp-includes/js/dist/script-modules/interactivity/ HTTP/1.1" 200 104409 "-" "-"
82.102.18.126 - - [14/Sep/2026:19:54:18 +0200] "GET /wp-includes/js/dist/script-modules/latex-to-mathml/ HTTP/1.1" 200 366698 "-" "-"
82.102.18.126 - - [14/Sep/2026:19:54:18 +0200] "GET /wp-includes/js/dist/script-modules/lazy-editor/ HTTP/1.1" 200 101018 "-" "-"
82.102.18.126 - - [14/Sep/2026:19:54:18 +0200] "GET /wp-includes/js/dist/script-modules/route/ HTTP/1.1" 200 186058 "-" "-"
82.102.18.126 - - [14/Sep/2026:19:54:18 +0200] "GET /wp-includes/js/dist/script-modules/video-conversion/ HTTP/1.1" 200 1677 "-" "-"
82.102.18.126 - - [14/Sep/2026:19:54:18 +0200] "GET /wp-includes/js/dist/script-modules/video-conversion//wp-includes/js/dist/script-modules/ HTTP/1.1" 200 5783 "-" "-"
82.102.18.126 - - [14/Sep/2026:19:54:19 +0200] "GET /wp-includes/js/dist/script-modules/vips/ HTTP/1.1" 200 1476 "-" "-"
82.102.18.126 - - [14/Sep/2026:19:54:19 +0200] "GET /wp-includes/js/dist/script-modules/vips//wp-includes/js/dist/script-modules/ HTTP/1.1" 200 5783 "-" "-"
82.102.18.126 - - [14/Sep/2026:19:54:20 +0200] "GET /wp-includes/js/dist/script-modules/workflow/ HTTP/1.1" 200 112723 "-" "-"
82.102.18.126 - - [14/Sep/2026:19:54:20 +0200] "GET /wp-includes/js/dist/vendor/ HTTP/1.1" 200 6784 "-" "-"
108.132.131.207 - - [14/Sep/2026:19:54:20 +0200] "GET /robots.txt?action=edit&file=json-schema.php&path=%2Fhome2%2Fsc1juliebave%2Flecocondalfred.fr%2Fwp-includes HTTP/1.1" 200 10135 "http://lecocondalfred.fr/robots.txt?path=%2Fhome2%2Fsc1juliebave%2Flecocondalfred.fr%2Fwp-includes" "Mozilla/5.0 (Macintosh; Intel Mac OS X 10_15_5) AppleWebKit/537.36 (KHTML, like Gecko) Chrome/83.0.4103.61 Safari/537.36"
82.102.18.126 - - [14/Sep/2026:19:54:20 +0200] "GET /wp-includes/js/dist/vendor//wp-includes/js/dist/ HTTP/1.1" 200 5783 "-" "-"
82.102.18.126 - - [14/Sep/2026:19:54:21 +0200] "GET /wp-includes/js/imgareaselect/ HTTP/1.1" 200 1640 "-" "-"
82.102.18.126 - - [14/Sep/2026:19:54:21 +0200] "GET /wp-includes/js/imgareaselect//wp-includes/js/ HTTP/1.1" 200 5783 "-" "-"
82.102.18.126 - - [14/Sep/2026:19:54:22 +0200] "GET /wp-includes/js/jcrop/ HTTP/1.1" 200 1232 "-" "-"
82.102.18.126 - - [14/Sep/2026:19:54:22 +0200] "GET /wp-includes/js/jcrop//wp-includes/js/ HTTP/1.1" 200 5783 "-" "-"
82.102.18.126 - - [14/Sep/2026:19:54:22 +0200] "GET /wp-includes/js/jquery/ HTTP/1.1" 200 4213 "-" "-"
82.102.18.126 - - [14/Sep/2026:19:54:22 +0200] "GET /wp-includes/js/jquery//wp-includes/js/ HTTP/1.1" 200 5783 "-" "-"
82.102.18.126 - - [14/Sep/2026:19:54:23 +0200] "GET /wp-includes/js/jquery/ui/ HTTP/1.1" 200 14223 "-" "-"
82.102.18.126 - - [14/Sep/2026:19:54:23 +0200] "GET /wp-includes/js/jquery/ui//wp-includes/js/jquery/ HTTP/1.1" 200 5783 "-" "-"
82.102.18.126 - - [14/Sep/2026:19:54:23 +0200] "GET /wp-includes/js/mediaelement/ HTTP/1.1" 200 4312 "-" "-"
109.234.165.65 - - [14/Sep/2026:19:54:24 +0200] "POST /wp-cron.php?doing_wp_cron=1789408464.4630630016326904296875 HTTP/1.1" 200 - "-" "WordPress/7.1; https://lecocondalfred.fr"
82.102.18.126 - - [14/Sep/2026:19:54:24 +0200] "GET /wp-includes/js/mediaelement//wp-includes/js/ HTTP/1.1" 200 5783 "-" "-"
82.102.18.126 - - [14/Sep/2026:19:54:24 +0200] "GET /wp-includes/js/mediaelement/renderers/ HTTP/1.1" 200 1083 "-" "-"
82.102.18.126 - - [14/Sep/2026:19:54:24 +0200] "GET /wp-includes/js/mediaelement/renderers//wp-includes/js/mediaelement/ HTTP/1.1" 200 5783 "-" "-"
82.102.18.126 - - [14/Sep/2026:19:54:25 +0200] "GET /wp-includes/js/plupload/ HTTP/1.1" 200 2313 "-" "-"
82.102.18.126 - - [14/Sep/2026:19:54:25 +0200] "GET /wp-includes/js/plupload//wp-includes/js/ HTTP/1.1" 200 5783 "-" "-"
82.102.18.126 - - [14/Sep/2026:19:54:25 +0200] "GET /wp-includes/js/swfupload/ HTTP/1.1" 200 1409 "-" "-"
108.132.131.207 - - [14/Sep/2026:19:54:25 +0200] "GET /robots.txt?action=edit&file=kses.php&path=%2Fhome2%2Fsc1juliebave%2Flecocondalfred.fr%2Fwp-includes HTTP/1.1" 200 105856 "http://lecocondalfred.fr/robots.txt?path=%2Fhome2%2Fsc1juliebave%2Flecocondalfred.fr%2Fwp-includes" "Mozilla/5.0 (Macintosh; Intel Mac OS X 10_15_5) AppleWebKit/537.36 (KHTML, like Gecko) Chrome/83.0.4103.61 Safari/537.36"
82.102.18.126 - - [14/Sep/2026:19:54:25 +0200] "GET /wp-includes/js/swfupload//wp-includes/js/ HTTP/1.1" 200 5783 "-" "-"
82.102.18.126 - - [14/Sep/2026:19:54:26 +0200] "GET /wp-includes/js/thickbox/ HTTP/1.1" 200 1416 "-" "-"
82.102.18.126 - - [14/Sep/2026:19:54:26 +0200] "GET /wp-includes/js/thickbox//wp-includes/js/ HTTP/1.1" 200 5783 "-" "-"
82.102.18.126 - - [14/Sep/2026:19:54:26 +0200] "GET /wp-includes/js/tinymce/ HTTP/1.1" 200 2466 "-" "-"
82.102.18.126 - - [14/Sep/2026:19:54:26 +0200] "GET /wp-includes/js/tinymce//wp-includes/js/ HTTP/1.1" 200 5783 "-" "-"
82.102.18.126 - - [14/Sep/2026:19:54:27 +0200] "GET /wp-includes/js/tinymce/langs/ HTTP/1.1" 200 886 "-" "-"
82.102.18.126 - - [14/Sep/2026:19:54:27 +0200] "GET /wp-includes/js/tinymce/langs//wp-includes/js/tinymce/ HTTP/1.1" 200 5783 "-" "-"
82.102.18.126 - - [14/Sep/2026:19:54:27 +0200] "GET /wp-includes/js/tinymce/plugins/ HTTP/1.1" 200 4601 "-" "-"
82.102.18.126 - - [14/Sep/2026:19:54:28 +0200] "GET /wp-includes/js/tinymce/plugins//wp-includes/js/tinymce/ HTTP/1.1" 200 5783 "-" "-"
82.102.18.126 - - [14/Sep/2026:19:54:28 +0200] "GET /wp-includes/js/tinymce/plugins/charmap/ HTTP/1.1" 200 1090 "-" "-"
82.102.18.126 - - [14/Sep/2026:19:54:28 +0200] "GET /wp-includes/js/tinymce/plugins/charmap//wp-includes/js/tinymce/plugins/ HTTP/1.1" 200 5783 "-" "-"
82.102.18.126 - - [14/Sep/2026:19:54:29 +0200] "GET /wp-includes/js/tinymce/plugins/colorpicker/ HTTP/1.1" 200 1098 "-" "-"
82.102.18.126 - - [14/Sep/2026:19:54:29 +0200] "GET /wp-includes/js/tinymce/plugins/colorpicker//wp-includes/js/tinymce/plugins/ HTTP/1.1" 200 5783 "-" "-"
82.102.18.126 - - [14/Sep/2026:19:54:29 +0200] "GET /wp-includes/js/tinymce/plugins/compat3x/ HTTP/1.1" 200 1264 "-" "-"
82.102.18.126 - - [14/Sep/2026:19:54:29 +0200] "GET /wp-includes/js/tinymce/plugins/compat3x//wp-includes/js/tinymce/plugins/ HTTP/1.1" 200 5783 "-" "-"
82.102.18.126 - - [14/Sep/2026:19:54:30 +0200] "GET /wp-includes/js/tinymce/plugins/compat3x/css/ HTTP/1.1" 200 929 "-" "-"
108.132.131.207 - - [14/Sep/2026:19:54:30 +0200] "GET /robots.txt?action=edit&file=l10n.php&path=%2Fhome2%2Fsc1juliebave%2Flecocondalfred.fr%2Fwp-includes HTTP/1.1" 200 77736 "http://lecocondalfred.fr/robots.txt?path=%2Fhome2%2Fsc1juliebave%2Flecocondalfred.fr%2Fwp-includes" "Mozilla/5.0 (Macintosh; Intel Mac OS X 10_15_5) AppleWebKit/537.36 (KHTML, like Gecko) Chrome/83.0.4103.61 Safari/537.36"
82.102.18.126 - - [14/Sep/2026:19:54:30 +0200] "GET /wp-includes/js/tinymce/plugins/compat3x/css//wp-includes/js/tinymce/plugins/compat3x/ HTTP/1.1" 200 5783 "-" "-"
82.102.18.126 - - [14/Sep/2026:19:54:30 +0200] "GET /wp-includes/js/tinymce/plugins/directionality/ HTTP/1.1" 200 1104 "-" "-"
82.102.18.126 - - [14/Sep/2026:19:54:30 +0200] "GET /wp-includes/js/tinymce/plugins/directionality//wp-includes/js/tinymce/plugins/ HTTP/1.1" 200 5783 "-" "-"
82.102.18.126 - - [14/Sep/2026:19:54:31 +0200] "GET /wp-includes/js/tinymce/plugins/fullscreen/ HTTP/1.1" 200 1096 "-" "-"
82.102.18.126 - - [14/Sep/2026:19:54:31 +0200] "GET /wp-includes/js/tinymce/plugins/fullscreen//wp-includes/js/tinymce/plugins/ HTTP/1.1" 200 5783 "-" "-"
82.102.18.126 - - [14/Sep/2026:19:54:32 +0200] "GET /wp-includes/js/tinymce/plugins/hr/ HTTP/1.1" 200 1080 "-" "-"
82.102.18.126 - - [14/Sep/2026:19:54:32 +0200] "GET /wp-includes/js/tinymce/plugins/hr//wp-includes/js/tinymce/plugins/ HTTP/1.1" 200 5783 "-" "-"
82.102.18.126 - - [14/Sep/2026:19:54:32 +0200] "GET /wp-includes/js/tinymce/plugins/image/ HTTP/1.1" 200 1086 "-" "-"
82.102.18.126 - - [14/Sep/2026:19:54:32 +0200] "GET /wp-includes/js/tinymce/plugins/image//wp-includes/js/tinymce/plugins/ HTTP/1.1" 200 5783 "-" "-"
82.102.18.126 - - [14/Sep/2026:19:54:33 +0200] "GET /wp-includes/js/tinymce/plugins/link/ HTTP/1.1" 200 1084 "-" "-"
82.102.18.126 - - [14/Sep/2026:19:54:33 +0200] "GET /wp-includes/js/tinymce/plugins/link//wp-includes/js/tinymce/plugins/ HTTP/1.1" 200 5783 "-" "-"
82.102.18.126 - - [14/Sep/2026:19:54:33 +0200] "GET /wp-includes/js/tinymce/plugins/lists/ HTTP/1.1" 200 1086 "-" "-"
82.102.18.126 - - [14/Sep/2026:19:54:34 +0200] "GET /wp-includes/js/tinymce/plugins/lists//wp-includes/js/tinymce/plugins/ HTTP/1.1" 200 5783 "-" "-"
82.102.18.126 - - [14/Sep/2026:19:54:34 +0200] "GET /wp-includes/js/tinymce/plugins/media/ HTTP/1.1" 200 1086 "-" "-"
82.102.18.126 - - [14/Sep/2026:19:54:34 +0200] "GET /wp-includes/js/tinymce/plugins/media//wp-includes/js/tinymce/plugins/ HTTP/1.1" 200 5783 "-" "-"
108.132.131.207 - - [14/Sep/2026:19:54:34 +0200] "GET /robots.txt?action=edit&file=link-template.php&path=%2Fhome2%2Fsc1juliebave%2Flecocondalfred.fr%2Fwp-includes HTTP/1.1" 200 177609 "http://lecocondalfred.fr/robots.txt?path=%2Fhome2%2Fsc1juliebave%2Flecocondalfred.fr%2Fwp-includes" "Mozilla/5.0 (Macintosh; Intel Mac OS X 10_15_5) AppleWebKit/537.36 (KHTML, like Gecko) Chrome/83.0.4103.61 Safari/537.36"
82.102.18.126 - - [14/Sep/2026:19:54:35 +0200] "GET /wp-includes/js/tinymce/plugins/paste/ HTTP/1.1" 200 1086 "-" "-"
82.102.18.126 - - [14/Sep/2026:19:54:35 +0200] "GET /wp-includes/js/tinymce/plugins/paste//wp-includes/js/tinymce/plugins/ HTTP/1.1" 200 5783 "-" "-"
82.102.18.126 - - [14/Sep/2026:19:54:35 +0200] "GET /wp-includes/js/tinymce/plugins/tabfocus/ HTTP/1.1" 200 1092 "-" "-"
82.102.18.126 - - [14/Sep/2026:19:54:35 +0200] "GET /wp-includes/js/tinymce/plugins/tabfocus//wp-includes/js/tinymce/plugins/ HTTP/1.1" 200 5783 "-" "-"
82.102.18.126 - - [14/Sep/2026:19:54:36 +0200] "GET /wp-includes/js/tinymce/plugins/textcolor/ HTTP/1.1" 200 1094 "-" "-"
82.102.18.126 - - [14/Sep/2026:19:54:36 +0200] "GET /wp-includes/js/tinymce/plugins/textcolor//wp-includes/js/tinymce/plugins/ HTTP/1.1" 200 5783 "-" "-"
82.102.18.126 - - [14/Sep/2026:19:54:36 +0200] "GET /wp-includes/js/tinymce/plugins/wordpress/ HTTP/1.1" 200 1094 "-" "-"
82.102.18.126 - - [14/Sep/2026:19:54:36 +0200] "GET /wp-includes/js/tinymce/plugins/wordpress//wp-includes/js/tinymce/plugins/ HTTP/1.1" 200 5783 "-" "-"
82.102.18.126 - - [14/Sep/2026:19:54:37 +0200] "GET /wp-includes/js/tinymce/plugins/wpautoresize/ HTTP/1.1" 200 1100 "-" "-"
82.102.18.126 - - [14/Sep/2026:19:54:37 +0200] "GET /wp-includes/js/tinymce/plugins/wpautoresize//wp-includes/js/tinymce/plugins/ HTTP/1.1" 200 5783 "-" "-"
82.102.18.126 - - [14/Sep/2026:19:54:37 +0200] "GET /wp-includes/js/tinymce/plugins/wpdialogs/ HTTP/1.1" 200 1094 "-" "-"
82.102.18.126 - - [14/Sep/2026:19:54:37 +0200] "GET /wp-includes/js/tinymce/plugins/wpdialogs//wp-includes/js/tinymce/plugins/ HTTP/1.1" 200 5783 "-" "-"
82.102.18.126 - - [14/Sep/2026:19:54:38 +0200] "GET /wp-includes/js/tinymce/plugins/wpeditimage/ HTTP/1.1" 200 1098 "-" "-"
82.102.18.126 - - [14/Sep/2026:19:54:38 +0200] "GET /wp-includes/js/tinymce/plugins/wpeditimage//wp-includes/js/tinymce/plugins/ HTTP/1.1" 200 5783 "-" "-"
82.102.18.126 - - [14/Sep/2026:19:54:38 +0200] "GET /wp-includes/js/tinymce/plugins/wpemoji/ HTTP/1.1" 200 1090 "-" "-"
82.102.18.126 - - [14/Sep/2026:19:54:39 +0200] "GET /wp-includes/js/tinymce/plugins/wpemoji//wp-includes/js/tinymce/plugins/ HTTP/1.1" 200 5783 "-" "-"
108.132.131.207 - - [14/Sep/2026:19:54:39 +0200] "GET /robots.txt?action=edit&file=load.php&path=%2Fhome2%2Fsc1juliebave%2Flecocondalfred.fr%2Fwp-includes HTTP/1.1" 200 63600 "http://lecocondalfred.fr/robots.txt?path=%2Fhome2%2Fsc1juliebave%2Flecocondalfred.fr%2Fwp-includes" "Mozilla/5.0 (Macintosh; Intel Mac OS X 10_15_5) AppleWebKit/537.36 (KHTML, like Gecko) Chrome/83.0.4103.61 Safari/537.36"
82.102.18.126 - - [14/Sep/2026:19:54:39 +0200] "GET /wp-includes/js/tinymce/plugins/wpgallery/ HTTP/1.1" 200 1094 "-" "-"
82.102.18.126 - - [14/Sep/2026:19:54:39 +0200] "GET /wp-includes/js/tinymce/plugins/wpgallery//wp-includes/js/tinymce/plugins/ HTTP/1.1" 200 5783 "-" "-"
82.102.18.126 - - [14/Sep/2026:19:54:40 +0200] "GET /wp-includes/js/tinymce/plugins/wplink/ HTTP/1.1" 200 1088 "-" "-"
82.102.18.126 - - [14/Sep/2026:19:54:40 +0200] "GET /wp-includes/js/tinymce/plugins/wplink//wp-includes/js/tinymce/plugins/ HTTP/1.1" 200 5783 "-" "-"
82.102.18.126 - - [14/Sep/2026:19:54:40 +0200] "GET /wp-includes/js/tinymce/plugins/wptextpattern/ HTTP/1.1" 200 1102 "-" "-"
82.102.18.126 - - [14/Sep/2026:19:54:41 +0200] "GET /wp-includes/js/tinymce/plugins/wptextpattern//wp-includes/js/tinymce/plugins/ HTTP/1.1" 200 5783 "-" "-"
82.102.18.126 - - [14/Sep/2026:19:54:41 +0200] "GET /wp-includes/js/tinymce/plugins/wpview/ HTTP/1.1" 200 1088 "-" "-"
82.102.18.126 - - [14/Sep/2026:19:54:41 +0200] "GET /wp-includes/js/tinymce/plugins/wpview//wp-includes/js/tinymce/plugins/ HTTP/1.1" 200 5783 "-" "-"
82.102.18.126 - - [14/Sep/2026:19:54:42 +0200] "GET /wp-includes/js/tinymce/skins/ HTTP/1.1" 200 1060 "-" "-"
82.102.18.126 - - [14/Sep/2026:19:54:42 +0200] "GET /wp-includes/js/tinymce/skins//wp-includes/js/tinymce/ HTTP/1.1" 200 5783 "-" "-"
82.102.18.126 - - [14/Sep/2026:19:54:43 +0200] "GET /wp-includes/js/tinymce/skins/lightgray/ HTTP/1.1" 200 1629 "-" "-"
108.132.131.207 - - [14/Sep/2026:19:54:43 +0200] "GET /robots.txt?action=edit&file=locale.php&path=%2Fhome2%2Fsc1juliebave%2Flecocondalfred.fr%2Fwp-includes HTTP/1.1" 200 1698 "http://lecocondalfred.fr/robots.txt?path=%2Fhome2%2Fsc1juliebave%2Flecocondalfred.fr%2Fwp-includes" "Mozilla/5.0 (Macintosh; Intel Mac OS X 10_15_5) AppleWebKit/537.36 (KHTML, like Gecko) Chrome/83.0.4103.61 Safari/537.36"
82.102.18.126 - - [14/Sep/2026:19:54:43 +0200] "GET /wp-includes/js/tinymce/skins/lightgray//wp-includes/js/tinymce/skins/ HTTP/1.1" 200 5783 "-" "-"
82.102.18.126 - - [14/Sep/2026:19:54:43 +0200] "GET /wp-includes/js/tinymce/skins/lightgray/fonts/ HTTP/1.1" 200 2210 "-" "-"
82.102.18.126 - - [14/Sep/2026:19:54:43 +0200] "GET /wp-includes/js/tinymce/skins/lightgray/fonts//wp-includes/js/tinymce/skins/lightgray/ HTTP/1.1" 200 5783 "-" "-"
82.102.18.126 - - [14/Sep/2026:19:54:44 +0200] "GET /wp-includes/js/tinymce/skins/lightgray/img/ HTTP/1.1" 200 1459 "-" "-"
82.102.18.126 - - [14/Sep/2026:19:54:44 +0200] "GET /wp-includes/js/tinymce/skins/lightgray/img//wp-includes/js/tinymce/skins/lightgray/ HTTP/1.1" 200 5783 "-" "-"
82.102.18.126 - - [14/Sep/2026:19:54:44 +0200] "GET /wp-includes/js/tinymce/skins/wordpress/ HTTP/1.1" 200 1087 "-" "-"
82.102.18.126 - - [14/Sep/2026:19:54:44 +0200] "GET /wp-includes/js/tinymce/skins/wordpress//wp-includes/js/tinymce/skins/ HTTP/1.1" 200 5783 "-" "-"
82.102.18.126 - - [14/Sep/2026:19:54:45 +0200] "GET /wp-includes/js/tinymce/skins/wordpress/images/ HTTP/1.1" 200 3464 "-" "-"
82.102.18.126 - - [14/Sep/2026:19:54:45 +0200] "GET /wp-includes/js/tinymce/skins/wordpress/images//wp-includes/js/tinymce/skins/wordpress/ HTTP/1.1" 200 5783 "-" "-"
82.102.18.126 - - [14/Sep/2026:19:54:46 +0200] "GET /wp-includes/js/tinymce/themes/ HTTP/1.1" 200 1056 "-" "-"
82.102.18.126 - - [14/Sep/2026:19:54:46 +0200] "GET /wp-includes/js/tinymce/themes//wp-includes/js/tinymce/ HTTP/1.1" 200 5783 "-" "-"
82.102.18.126 - - [14/Sep/2026:19:54:46 +0200] "GET /wp-includes/js/tinymce/themes/inlite/ HTTP/1.1" 200 1083 "-" "-"
82.102.18.126 - - [14/Sep/2026:19:54:46 +0200] "GET /wp-includes/js/tinymce/themes/inlite//wp-includes/js/tinymce/themes/ HTTP/1.1" 200 5783 "-" "-"
82.102.18.126 - - [14/Sep/2026:19:54:47 +0200] "GET /wp-includes/js/tinymce/themes/modern/ HTTP/1.1" 200 1083 "-" "-"
82.102.18.126 - - [14/Sep/2026:19:54:47 +0200] "GET /wp-includes/js/tinymce/themes/modern//wp-includes/js/tinymce/themes/ HTTP/1.1" 200 5783 "-" "-"
108.132.131.207 - - [14/Sep/2026:19:54:47 +0200] "GET /robots.txt?action=edit&file=media-template.php&path=%2Fhome2%2Fsc1juliebave%2Flecocondalfred.fr%2Fwp-includes HTTP/1.1" 200 90407 "http://lecocondalfred.fr/robots.txt?path=%2Fhome2%2Fsc1juliebave%2Flecocondalfred.fr%2Fwp-includes" "Mozilla/5.0 (Macintosh; Intel Mac OS X 10_15_5) AppleWebKit/537.36 (KHTML, like Gecko) Chrome/83.0.4103.61 Safari/537.36"
82.102.18.126 - - [14/Sep/2026:19:54:47 +0200] "GET /wp-includes/js/tinymce/utils/ HTTP/1.1" 200 1428 "-" "-"
82.102.18.126 - - [14/Sep/2026:19:54:47 +0200] "GET /wp-includes/js/tinymce/utils//wp-includes/js/tinymce/ HTTP/1.1" 200 5783 "-" "-"
82.102.18.126 - - [14/Sep/2026:19:54:48 +0200] "GET /wp-includes/l10n/ HTTP/1.1" 200 1678 "-" "-"
82.102.18.126 - - [14/Sep/2026:19:54:48 +0200] "GET /wp-includes/l10n//wp-includes/ HTTP/1.1" 200 5783 "-" "-"
82.102.18.126 - - [14/Sep/2026:19:54:51 +0200] "GET /wp-includes/php-ai-client/ HTTP/1.1" 200 1219 "-" "-"
108.132.131.207 - - [14/Sep/2026:19:54:52 +0200] "GET /robots.txt?action=edit&file=media.php&path=%2Fhome2%2Fsc1juliebave%2Flecocondalfred.fr%2Fwp-includes HTTP/1.1" 200 267109 "http://lecocondalfred.fr/robots.txt?path=%2Fhome2%2Fsc1juliebave%2Flecocondalfred.fr%2Fwp-includes" "Mozilla/5.0 (Macintosh; Intel Mac OS X 10_15_5) AppleWebKit/537.36 (KHTML, like Gecko) Chrome/83.0.4103.61 Safari/537.36"
82.102.18.126 - - [14/Sep/2026:19:54:52 +0200] "GET /wp-includes/php-ai-client//wp-includes/ HTTP/1.1" 200 5783 "-" "-"
82.102.18.126 - - [14/Sep/2026:19:54:52 +0200] "GET /wp-includes/php-ai-client/src/ HTTP/1.1" 200 2474 "-" "-"
82.102.18.126 - - [14/Sep/2026:19:54:52 +0200] "GET /wp-includes/php-ai-client/src//wp-includes/php-ai-client/ HTTP/1.1" 200 5783 "-" "-"
82.102.18.126 - - [14/Sep/2026:19:54:53 +0200] "GET /wp-includes/php-ai-client/src/Builders/ HTTP/1.1" 200 1102 "-" "-"
82.102.18.126 - - [14/Sep/2026:19:54:53 +0200] "GET /wp-includes/php-ai-client/src/Builders//wp-includes/php-ai-client/src/ HTTP/1.1" 200 5783 "-" "-"
82.102.18.126 - - [14/Sep/2026:19:54:54 +0200] "GET /wp-includes/php-ai-client/src/Common/ HTTP/1.1" 200 1643 "-" "-"
109.234.165.65 - - [14/Sep/2026:19:54:55 +0200] "POST /wp-cron.php?doing_wp_cron=1789408495.5229649543762207031250 HTTP/1.1" 200 - "-" "WordPress/7.1; https://lecocondalfred.fr"
82.102.18.126 - - [14/Sep/2026:19:54:55 +0200] "GET /wp-includes/php-ai-client/src/Common//wp-includes/php-ai-client/src/ HTTP/1.1" 200 5783 "-" "-"
82.102.18.126 - - [14/Sep/2026:19:54:55 +0200] "GET /wp-includes/php-ai-client/src/Common/Contracts/ HTTP/1.1" 200 1551 "-" "-"
82.102.18.126 - - [14/Sep/2026:19:54:55 +0200] "GET /wp-includes/php-ai-client/src/Common/Contracts//wp-includes/php-ai-client/src/Common/ HTTP/1.1" 200 5783 "-" "-"
82.102.18.126 - - [14/Sep/2026:19:54:57 +0200] "GET /wp-includes/php-ai-client/src/Common/Exception/ HTTP/1.1" 200 1342 "-" "-"
82.102.18.126 - - [14/Sep/2026:19:54:57 +0200] "GET /wp-includes/php-ai-client/src/Common/Exception//wp-includes/php-ai-client/src/Common/ HTTP/1.1" 200 5783 "-" "-"
82.102.18.126 - - [14/Sep/2026:19:54:58 +0200] "GET /wp-includes/php-ai-client/src/Common/Traits/ HTTP/1.1" 200 943 "-" "-"
82.102.18.126 - - [14/Sep/2026:19:54:58 +0200] "GET /wp-includes/php-ai-client/src/Common/Traits//wp-includes/php-ai-client/src/Common/ HTTP/1.1" 200 5783 "-" "-"
82.102.18.126 - - [14/Sep/2026:19:54:58 +0200] "GET /wp-includes/php-ai-client/src/Events/ HTTP/1.1" 200 1126 "-" "-"
82.102.18.126 - - [14/Sep/2026:19:54:58 +0200] "GET /wp-includes/php-ai-client/src/Events//wp-includes/php-ai-client/src/ HTTP/1.1" 200 5783 "-" "-"
82.102.18.126 - - [14/Sep/2026:19:54:59 +0200] "GET /wp-includes/php-ai-client/src/Files/ HTTP/1.1" 200 1252 "-" "-"
82.102.18.126 - - [14/Sep/2026:19:54:59 +0200] "GET /wp-includes/php-ai-client/src/Files//wp-includes/php-ai-client/src/ HTTP/1.1" 200 5783 "-" "-"
82.102.18.126 - - [14/Sep/2026:19:55:00 +0200] "GET /wp-includes/php-ai-client/src/Files/DTO/ HTTP/1.1" 200 915 "-" "-"
82.102.18.126 - - [14/Sep/2026:19:55:00 +0200] "GET /wp-includes/php-ai-client/src/Files/DTO//wp-includes/php-ai-client/src/Files/ HTTP/1.1" 200 5783 "-" "-"
82.102.18.126 - - [14/Sep/2026:19:55:01 +0200] "GET /wp-includes/php-ai-client/src/Files/Enums/ HTTP/1.1" 200 1122 "-" "-"
82.102.18.126 - - [14/Sep/2026:19:55:01 +0200] "GET /wp-includes/php-ai-client/src/Files/Enums//wp-includes/php-ai-client/src/Files/ HTTP/1.1" 200 5783 "-" "-"
82.102.18.126 - - [14/Sep/2026:19:55:02 +0200] "GET /wp-includes/php-ai-client/src/Files/ValueObjects/ HTTP/1.1" 200 937 "-" "-"
82.102.18.126 - - [14/Sep/2026:19:55:02 +0200] "GET /wp-includes/php-ai-client/src/Files/ValueObjects//wp-includes/php-ai-client/src/Files/ HTTP/1.1" 200 5783 "-" "-"
82.102.18.126 - - [14/Sep/2026:19:55:02 +0200] "GET /wp-includes/php-ai-client/src/Messages/ HTTP/1.1" 200 1077 "-" "-"
82.102.18.126 - - [14/Sep/2026:19:55:02 +0200] "GET /wp-includes/php-ai-client/src/Messages//wp-includes/php-ai-client/src/ HTTP/1.1" 200 5783 "-" "-"
82.102.18.126 - - [14/Sep/2026:19:55:03 +0200] "GET /wp-includes/php-ai-client/src/Messages/DTO/ HTTP/1.1" 200 1477 "-" "-"
82.102.18.126 - - [14/Sep/2026:19:55:03 +0200] "GET /wp-includes/php-ai-client/src/Messages/DTO//wp-includes/php-ai-client/src/Messages/ HTTP/1.1" 200 5783 "-" "-"
82.102.18.126 - - [14/Sep/2026:19:55:04 +0200] "GET /wp-includes/php-ai-client/src/Messages/Enums/ HTTP/1.1" 200 1511 "-" "-"
82.102.18.126 - - [14/Sep/2026:19:55:04 +0200] "GET /wp-includes/php-ai-client/src/Messages/Enums//wp-includes/php-ai-client/src/Messages/ HTTP/1.1" 200 5783 "-" "-"
82.102.18.126 - - [14/Sep/2026:19:55:05 +0200] "GET /wp-includes/php-ai-client/src/Operations/ HTTP/1.1" 200 1259 "-" "-"
82.102.18.126 - - [14/Sep/2026:19:55:05 +0200] "GET /wp-includes/php-ai-client/src/Operations//wp-includes/php-ai-client/src/ HTTP/1.1" 200 5783 "-" "-"
82.102.18.126 - - [14/Sep/2026:19:55:06 +0200] "GET /wp-includes/php-ai-client/src/Operations/Contracts/ HTTP/1.1" 200 956 "-" "-"
82.102.18.126 - - [14/Sep/2026:19:55:06 +0200] "GET /wp-includes/php-ai-client/src/Operations/Contracts//wp-includes/php-ai-client/src/Operations/ HTTP/1.1" 200 5783 "-" "-"
82.102.18.126 - - [14/Sep/2026:19:55:07 +0200] "GET /wp-includes/php-ai-client/src/Operations/DTO/ HTTP/1.1" 200 950 "-" "-"
109.234.165.65 - - [14/Sep/2026:19:55:07 +0200] "POST /wp-cron.php?doing_wp_cron=1789408507.6240880489349365234375 HTTP/1.1" 200 - "-" "WordPress/7.1; https://lecocondalfred.fr"
82.102.18.126 - - [14/Sep/2026:19:55:07 +0200] "GET /wp-includes/php-ai-client/src/Operations/DTO//wp-includes/php-ai-client/src/Operations/ HTTP/1.1" 200 5783 "-" "-"
82.102.18.126 - - [14/Sep/2026:19:55:07 +0200] "GET /wp-includes/php-ai-client/src/Operations/Enums/ HTTP/1.1" 200 948 "-" "-"
82.102.18.126 - - [14/Sep/2026:19:55:07 +0200] "GET /wp-includes/php-ai-client/src/Operations/Enums//wp-includes/php-ai-client/src/Operations/ HTTP/1.1" 200 5783 "-" "-"
108.132.131.207 - - [14/Sep/2026:19:55:07 +0200] "GET /robots.txt?action=edit&file=meta.php&path=%2Fhome2%2Fsc1juliebave%2Flecocondalfred.fr%2Fwp-includes HTTP/1.1" 200 72446 "http://lecocondalfred.fr/robots.txt?path=%2Fhome2%2Fsc1juliebave%2Flecocondalfred.fr%2Fwp-includes" "Mozilla/5.0 (Macintosh; Intel Mac OS X 10_15_5) AppleWebKit/537.36 (KHTML, like Gecko) Chrome/83.0.4103.61 Safari/537.36"
82.102.18.126 - - [14/Sep/2026:19:55:08 +0200] "GET /wp-includes/php-ai-client/src/Providers/ HTTP/1.1" 200 2374 "-" "-"
82.102.18.126 - - [14/Sep/2026:19:55:08 +0200] "GET /wp-includes/php-ai-client/src/Providers//wp-includes/php-ai-client/src/ HTTP/1.1" 200 5783 "-" "-"
82.102.18.126 - - [14/Sep/2026:19:55:09 +0200] "GET /wp-includes/php-ai-client/src/Providers/ApiBasedImplementation/ HTTP/1.1" 200 1995 "-" "-"
82.102.18.126 - - [14/Sep/2026:19:55:09 +0200] "GET /wp-includes/php-ai-client/src/Providers/ApiBasedImplementation//wp-includes/php-ai-client/src/Providers/ HTTP/1.1" 200 5783 "-" "-"
82.102.18.126 - - [14/Sep/2026:19:55:10 +0200] "GET /wp-includes/php-ai-client/src/Providers/ApiBasedImplementation/Contracts/ HTTP/1.1" 200 1029 "-" "-"
82.102.18.126 - - [14/Sep/2026:19:55:10 +0200] "GET /wp-includes/php-ai-client/src/Providers/ApiBasedImplementation/Contracts//wp-includes/php-ai-client/src/Providers/ApiBasedImplementation/ HTTP/1.1" 200 5783 "-" "-"
82.102.18.126 - - [14/Sep/2026:19:55:11 +0200] "GET /wp-includes/php-ai-client/src/Providers/Contracts/ HTTP/1.1" 200 1784 "-" "-"
82.102.18.126 - - [14/Sep/2026:19:55:11 +0200] "GET /wp-includes/php-ai-client/src/Providers/Contracts//wp-includes/php-ai-client/src/Providers/ HTTP/1.1" 200 5783 "-" "-"
82.102.18.126 - - [14/Sep/2026:19:55:12 +0200] "GET /wp-includes/php-ai-client/src/Providers/DTO/ HTTP/1.1" 200 1136 "-" "-"
82.102.18.126 - - [14/Sep/2026:19:55:12 +0200] "GET /wp-includes/php-ai-client/src/Providers/DTO//wp-includes/php-ai-client/src/Providers/ HTTP/1.1" 200 5783 "-" "-"
82.102.18.126 - - [14/Sep/2026:19:55:13 +0200] "GET /wp-includes/php-ai-client/src/Providers/Enums/ HTTP/1.1" 200 1127 "-" "-"
82.102.18.126 - - [14/Sep/2026:19:55:13 +0200] "GET /wp-includes/php-ai-client/src/Providers/Enums//wp-includes/php-ai-client/src/Providers/ HTTP/1.1" 200 5783 "-" "-"
82.102.18.126 - - [14/Sep/2026:19:55:14 +0200] "GET /wp-includes/php-ai-client/src/Providers/Http/ HTTP/1.1" 200 2545 "-" "-"
108.132.131.207 - - [14/Sep/2026:19:55:14 +0200] "GET /robots.txt?action=edit&file=ms-blogs.php&path=%2Fhome2%2Fsc1juliebave%2Flecocondalfred.fr%2Fwp-includes HTTP/1.1" 200 29990 "http://lecocondalfred.fr/robots.txt?path=%2Fhome2%2Fsc1juliebave%2Flecocondalfred.fr%2Fwp-includes" "Mozilla/5.0 (Macintosh; Intel Mac OS X 10_15_5) AppleWebKit/537.36 (KHTML, like Gecko) Chrome/83.0.4103.61 Safari/537.36"
82.102.18.126 - - [14/Sep/2026:19:55:14 +0200] "GET /wp-includes/php-ai-client/src/Providers/Http//wp-includes/php-ai-client/src/Providers/ HTTP/1.1" 200 5783 "-" "-"
82.102.18.126 - - [14/Sep/2026:19:55:14 +0200] "GET /wp-includes/php-ai-client/src/Providers/Http/Abstracts/ HTTP/1.1" 200 984 "-" "-"
82.102.18.126 - - [14/Sep/2026:19:55:15 +0200] "GET /wp-includes/php-ai-client/src/Providers/Http/Abstracts//wp-includes/php-ai-client/src/Providers/Http/ HTTP/1.1" 200 5783 "-" "-"
82.102.18.126 - - [14/Sep/2026:19:55:15 +0200] "GET /wp-includes/php-ai-client/src/Providers/Http/Collections/ HTTP/1.1" 200 971 "-" "-"
82.102.18.126 - - [14/Sep/2026:19:55:15 +0200] "GET /wp-includes/php-ai-client/src/Providers/Http/Collections//wp-includes/php-ai-client/src/Providers/Http/ HTTP/1.1" 200 5783 "-" "-"
82.102.18.126 - - [14/Sep/2026:19:55:16 +0200] "GET /wp-includes/php-ai-client/src/Providers/Http/Contracts/ HTTP/1.1" 200 1795 "-" "-"
82.102.18.126 - - [14/Sep/2026:19:55:16 +0200] "GET /wp-includes/php-ai-client/src/Providers/Http/Contracts//wp-includes/php-ai-client/src/Providers/Http/ HTTP/1.1" 200 5783 "-" "-"
82.102.18.126 - - [14/Sep/2026:19:55:18 +0200] "GET /wp-includes/php-ai-client/src/Providers/Http/DTO/ HTTP/1.1" 200 1513 "-" "-"
82.102.18.126 - - [14/Sep/2026:19:55:18 +0200] "GET /wp-includes/php-ai-client/src/Providers/Http/DTO//wp-includes/php-ai-client/src/Providers/Http/ HTTP/1.1" 200 5783 "-" "-"
108.132.131.207 - - [14/Sep/2026:19:55:18 +0200] "GET /robots.txt?action=edit&file=ms-default-constants.php&path=%2Fhome2%2Fsc1juliebave%2Flecocondalfred.fr%2Fwp-includes HTTP/1.1" 200 7184 "http://lecocondalfred.fr/robots.txt?path=%2Fhome2%2Fsc1juliebave%2Flecocondalfred.fr%2Fwp-includes" "Mozilla/5.0 (Macintosh; Intel Mac OS X 10_15_5) AppleWebKit/537.36 (KHTML, like Gecko) Chrome/83.0.4103.61 Safari/537.36"
82.102.18.126 - - [14/Sep/2026:19:55:19 +0200] "GET /wp-includes/php-ai-client/src/Providers/Http/Enums/ HTTP/1.1" 200 1158 "-" "-"
82.102.18.126 - - [14/Sep/2026:19:55:19 +0200] "GET /wp-includes/php-ai-client/src/Providers/Http/Enums//wp-includes/php-ai-client/src/Providers/Http/ HTTP/1.1" 200 5783 "-" "-"
82.102.18.126 - - [14/Sep/2026:19:55:19 +0200] "GET /wp-includes/php-ai-client/src/Providers/Http/Exception/ HTTP/1.1" 200 1718 "-" "-"
82.102.18.126 - - [14/Sep/2026:19:55:19 +0200] "GET /wp-includes/php-ai-client/src/Providers/Http/Exception//wp-includes/php-ai-client/src/Providers/Http/ HTTP/1.1" 200 5783 "-" "-"
82.102.18.126 - - [14/Sep/2026:19:55:21 +0200] "GET /wp-includes/php-ai-client/src/Providers/Http/Traits/ HTTP/1.1" 200 1176 "-" "-"
82.102.18.126 - - [14/Sep/2026:19:55:21 +0200] "GET /wp-includes/php-ai-client/src/Providers/Http/Traits//wp-includes/php-ai-client/src/Providers/Http/ HTTP/1.1" 200 5783 "-" "-"
82.102.18.126 - - [14/Sep/2026:19:55:21 +0200] "GET /wp-includes/php-ai-client/src/Providers/Http/Util/ HTTP/1.1" 200 1148 "-" "-"
82.102.18.126 - - [14/Sep/2026:19:55:21 +0200] "GET /wp-includes/php-ai-client/src/Providers/Http/Util//wp-includes/php-ai-client/src/Providers/Http/ HTTP/1.1" 200 5783 "-" "-"
82.102.18.126 - - [14/Sep/2026:19:55:22 +0200] "GET /wp-includes/php-ai-client/src/Providers/Models/ HTTP/1.1" 200 2208 "-" "-"
82.102.18.126 - - [14/Sep/2026:19:55:22 +0200] "GET /wp-includes/php-ai-client/src/Providers/Models//wp-includes/php-ai-client/src/Providers/ HTTP/1.1" 200 5783 "-" "-"
82.102.18.126 - - [14/Sep/2026:19:55:23 +0200] "GET /wp-includes/php-ai-client/src/Providers/Models/Contracts/ HTTP/1.1" 200 970 "-" "-"
82.102.18.126 - - [14/Sep/2026:19:55:23 +0200] "GET /wp-includes/php-ai-client/src/Providers/Models/Contracts//wp-includes/php-ai-client/src/Providers/Models/ HTTP/1.1" 200 5783 "-" "-"
82.102.18.126 - - [14/Sep/2026:19:55:23 +0200] "GET /wp-includes/php-ai-client/src/Providers/Models/DTO/ HTTP/1.1" 200 1702 "-" "-"
82.102.18.126 - - [14/Sep/2026:19:55:23 +0200] "GET /wp-includes/php-ai-client/src/Providers/Models/DTO//wp-includes/php-ai-client/src/Providers/Models/ HTTP/1.1" 200 5783 "-" "-"
82.102.18.126 - - [14/Sep/2026:19:55:25 +0200] "GET /wp-includes/php-ai-client/src/Providers/Models/Enums/ HTTP/1.1" 200 1144 "-" "-"
82.102.18.126 - - [14/Sep/2026:19:55:25 +0200] "GET /wp-includes/php-ai-client/src/Providers/Models/Enums//wp-includes/php-ai-client/src/Providers/Models/ HTTP/1.1" 200 5783 "-" "-"
82.102.18.126 - - [14/Sep/2026:19:55:26 +0200] "GET /wp-includes/php-ai-client/src/Providers/Models/ImageGeneration/ HTTP/1.1" 200 974 "-" "-"
109.234.165.65 - - [14/Sep/2026:19:55:26 +0200] "POST /wp-cron.php?doing_wp_cron=1789408526.8491189479827880859375 HTTP/1.1" 200 - "-" "WordPress/7.1; https://lecocondalfred.fr"
82.102.18.126 - - [14/Sep/2026:19:55:26 +0200] "GET /wp-includes/php-ai-client/src/Providers/Models/ImageGeneration//wp-includes/php-ai-client/src/Providers/Models/ HTTP/1.1" 200 5783 "-" "-"
82.102.18.126 - - [14/Sep/2026:19:55:26 +0200] "GET /wp-includes/php-ai-client/src/Providers/Models/ImageGeneration/Contracts/ HTTP/1.1" 200 1249 "-" "-"
108.132.131.207 - - [14/Sep/2026:19:55:26 +0200] "GET /robots.txt?action=edit&file=ms-default-filters.php&path=%2Fhome2%2Fsc1juliebave%2Flecocondalfred.fr%2Fwp-includes HTTP/1.1" 200 9749 "http://lecocondalfred.fr/robots.txt?path=%2Fhome2%2Fsc1juliebave%2Flecocondalfred.fr%2Fwp-includes" "Mozilla/5.0 (Macintosh; Intel Mac OS X 10_15_5) AppleWebKit/537.36 (KHTML, like Gecko) Chrome/83.0.4103.61 Safari/537.36"
82.102.18.126 - - [14/Sep/2026:19:55:26 +0200] "GET /wp-includes/php-ai-client/src/Providers/Models/ImageGeneration/Contracts//wp-includes/php-ai-client/src/Providers/Models/ImageGeneration/ HTTP/1.1" 200 5783 "-" "-"
82.102.18.126 - - [14/Sep/2026:19:55:28 +0200] "GET /wp-includes/php-ai-client/src/Providers/Models/SpeechGeneration/ HTTP/1.1" 200 976 "-" "-"
82.102.18.126 - - [14/Sep/2026:19:55:28 +0200] "GET /wp-includes/php-ai-client/src/Providers/Models/SpeechGeneration//wp-includes/php-ai-client/src/Providers/Models/ HTTP/1.1" 200 5783 "-" "-"
82.102.18.126 - - [14/Sep/2026:19:55:28 +0200] "GET /wp-includes/php-ai-client/src/Providers/Models/SpeechGeneration/Contracts/ HTTP/1.1" 200 1254 "-" "-"
82.102.18.126 - - [14/Sep/2026:19:55:28 +0200] "GET /wp-includes/php-ai-client/src/Providers/Models/SpeechGeneration/Contracts//wp-includes/php-ai-client/src/Providers/Models/SpeechGeneration/ HTTP/1.1" 200 5783 "-" "-"
82.102.18.126 - - [14/Sep/2026:19:55:29 +0200] "GET /wp-includes/php-ai-client/src/Providers/Models/TextGeneration/ HTTP/1.1" 200 972 "-" "-"
82.102.18.126 - - [14/Sep/2026:19:55:29 +0200] "GET /wp-includes/php-ai-client/src/Providers/Models/TextGeneration//wp-includes/php-ai-client/src/Providers/Models/ HTTP/1.1" 200 5783 "-" "-"
82.102.18.126 - - [14/Sep/2026:19:55:30 +0200] "GET /wp-includes/php-ai-client/src/Providers/Models/TextGeneration/Contracts/ HTTP/1.1" 200 1244 "-" "-"
82.102.18.126 - - [14/Sep/2026:19:55:30 +0200] "GET /wp-includes/php-ai-client/src/Providers/Models/TextGeneration/Contracts//wp-includes/php-ai-client/src/Providers/Models/TextGeneration/ HTTP/1.1" 200 5783 "-" "-"
108.132.131.207 - - [14/Sep/2026:19:55:31 +0200] "GET /robots.txt?action=edit&file=ms-deprecated.php&path=%2Fhome2%2Fsc1juliebave%2Flecocondalfred.fr%2Fwp-includes HTTP/1.1" 200 25700 "http://lecocondalfred.fr/robots.txt?path=%2Fhome2%2Fsc1juliebave%2Flecocondalfred.fr%2Fwp-includes" "Mozilla/5.0 (Macintosh; Intel Mac OS X 10_15_5) AppleWebKit/537.36 (KHTML, like Gecko) Chrome/83.0.4103.61 Safari/537.36"
82.102.18.126 - - [14/Sep/2026:19:55:31 +0200] "GET /wp-includes/php-ai-client/src/Providers/Models/TextToSpeechConversion/ HTTP/1.1" 200 988 "-" "-"
82.102.18.126 - - [14/Sep/2026:19:55:31 +0200] "GET /wp-includes/php-ai-client/src/Providers/Models/TextToSpeechConversion//wp-includes/php-ai-client/src/Providers/Models/ HTTP/1.1" 200 5783 "-" "-"
82.102.18.126 - - [14/Sep/2026:19:55:32 +0200] "GET /wp-includes/php-ai-client/src/Providers/Models/TextToSpeechConversion/Contracts/ HTTP/1.1" 200 1284 "-" "-"
82.102.18.126 - - [14/Sep/2026:19:55:32 +0200] "GET /wp-includes/php-ai-client/src/Providers/Models/TextToSpeechConversion/Contracts//wp-includes/php-ai-client/src/Providers/Models/TextToSpeechConversion/ HTTP/1.1" 200 5783 "-" "-"
82.102.18.126 - - [14/Sep/2026:19:55:33 +0200] "GET /wp-includes/php-ai-client/src/Providers/Models/VideoGeneration/ HTTP/1.1" 200 974 "-" "-"
82.102.18.126 - - [14/Sep/2026:19:55:33 +0200] "GET /wp-includes/php-ai-client/src/Providers/Models/VideoGeneration//wp-includes/php-ai-client/src/Providers/Models/ HTTP/1.1" 200 5783 "-" "-"
82.102.18.126 - - [14/Sep/2026:19:55:33 +0200] "GET /wp-includes/php-ai-client/src/Providers/Models/VideoGeneration/Contracts/ HTTP/1.1" 200 1249 "-" "-"
82.102.18.126 - - [14/Sep/2026:19:55:33 +0200] "GET /wp-includes/php-ai-client/src/Providers/Models/VideoGeneration/Contracts//wp-includes/php-ai-client/src/Providers/Models/VideoGeneration/ HTTP/1.1" 200 5783 "-" "-"
82.102.18.126 - - [14/Sep/2026:19:55:34 +0200] "GET /wp-includes/php-ai-client/src/Providers/OpenAiCompatibleImplementation/ HTTP/1.1" 200 1463 "-" "-"
82.102.18.126 - - [14/Sep/2026:19:55:34 +0200] "GET /wp-includes/php-ai-client/src/Providers/OpenAiCompatibleImplementation//wp-includes/php-ai-client/src/Providers/ HTTP/1.1" 200 5783 "-" "-"
82.102.18.126 - - [14/Sep/2026:19:55:35 +0200] "GET /wp-includes/php-ai-client/src/Results/ HTTP/1.1" 200 1253 "-" "-"
82.102.18.126 - - [14/Sep/2026:19:55:36 +0200] "GET /wp-includes/php-ai-client/src/Results//wp-includes/php-ai-client/src/ HTTP/1.1" 200 5783 "-" "-"
82.102.18.126 - - [14/Sep/2026:19:55:36 +0200] "GET /wp-includes/php-ai-client/src/Results/Contracts/ HTTP/1.1" 200 944 "-" "-"
108.132.131.207 - - [14/Sep/2026:19:55:36 +0200] "GET /robots.txt?action=edit&file=ms-files.php&path=%2Fhome2%2Fsc1juliebave%2Flecocondalfred.fr%2Fwp-includes HTTP/1.1" 200 4886 "http://lecocondalfred.fr/robots.txt?path=%2Fhome2%2Fsc1juliebave%2Flecocondalfred.fr%2Fwp-includes" "Mozilla/5.0 (Macintosh; Intel Mac OS X 10_15_5) AppleWebKit/537.36 (KHTML, like Gecko) Chrome/83.0.4103.61 Safari/537.36"
82.102.18.126 - - [14/Sep/2026:19:55:36 +0200] "GET /wp-includes/php-ai-client/src/Results/Contracts//wp-includes/php-ai-client/src/Results/ HTTP/1.1" 200 5783 "-" "-"
82.102.18.126 - - [14/Sep/2026:19:55:37 +0200] "GET /wp-includes/php-ai-client/src/Results/DTO/ HTTP/1.1" 200 1298 "-" "-"
82.102.18.126 - - [14/Sep/2026:19:55:37 +0200] "GET /wp-includes/php-ai-client/src/Results/DTO//wp-includes/php-ai-client/src/Results/ HTTP/1.1" 200 5783 "-" "-"
82.102.18.126 - - [14/Sep/2026:19:55:38 +0200] "GET /wp-includes/php-ai-client/src/Results/Enums/ HTTP/1.1" 200 937 "-" "-"
82.102.18.126 - - [14/Sep/2026:19:55:38 +0200] "GET /wp-includes/php-ai-client/src/Results/Enums//wp-includes/php-ai-client/src/Results/ HTTP/1.1" 200 5783 "-" "-"
82.102.18.126 - - [14/Sep/2026:19:55:39 +0200] "GET /wp-includes/php-ai-client/src/Tools/ HTTP/1.1" 200 897 "-" "-"
82.102.18.126 - - [14/Sep/2026:19:55:39 +0200] "GET /wp-includes/php-ai-client/src/Tools//wp-includes/php-ai-client/src/ HTTP/1.1" 200 5783 "-" "-"
82.102.18.126 - - [14/Sep/2026:19:55:39 +0200] "GET /wp-includes/php-ai-client/src/Tools/DTO/ HTTP/1.1" 200 1483 "-" "-"
82.102.18.126 - - [14/Sep/2026:19:55:40 +0200] "GET /wp-includes/php-ai-client/src/Tools/DTO//wp-includes/php-ai-client/src/Tools/ HTTP/1.1" 200 5783 "-" "-"
82.102.18.126 - - [14/Sep/2026:19:55:40 +0200] "GET /wp-includes/php-ai-client/third-party/ HTTP/1.1" 200 1245 "-" "-"
82.102.18.126 - - [14/Sep/2026:19:55:40 +0200] "GET /wp-includes/php-ai-client/third-party//wp-includes/php-ai-client/ HTTP/1.1" 200 5783 "-" "-"
82.102.18.126 - - [14/Sep/2026:19:55:41 +0200] "GET /wp-includes/php-ai-client/third-party/Http/ HTTP/1.1" 200 925 "-" "-"
82.102.18.126 - - [14/Sep/2026:19:55:41 +0200] "GET /wp-includes/php-ai-client/third-party/Http//wp-includes/php-ai-client/third-party/ HTTP/1.1" 200 5783 "-" "-"
82.102.18.126 - - [14/Sep/2026:19:55:41 +0200] "GET /wp-includes/php-ai-client/third-party/Http/Discovery/ HTTP/1.1" 200 1885 "-" "-"
108.132.131.207 - - [14/Sep/2026:19:55:41 +0200] "GET /robots.txt?action=edit&file=ms-functions.php&path=%2Fhome2%2Fsc1juliebave%2Flecocondalfred.fr%2Fwp-includes HTTP/1.1" 200 101870 "http://lecocondalfred.fr/robots.txt?path=%2Fhome2%2Fsc1juliebave%2Flecocondalfred.fr%2Fwp-includes" "Mozilla/5.0 (Macintosh; Intel Mac OS X 10_15_5) AppleWebKit/537.36 (KHTML, like Gecko) Chrome/83.0.4103.61 Safari/537.36"
82.102.18.126 - - [14/Sep/2026:19:55:41 +0200] "GET /wp-includes/php-ai-client/third-party/Http/Discovery//wp-includes/php-ai-client/third-party/Http/ HTTP/1.1" 200 5783 "-" "-"
82.102.18.126 - - [14/Sep/2026:19:55:42 +0200] "GET /wp-includes/php-ai-client/third-party/Http/Discovery/Exception/ HTTP/1.1" 200 2000 "-" "-"
82.102.18.126 - - [14/Sep/2026:19:55:42 +0200] "GET /wp-includes/php-ai-client/third-party/Http/Discovery/Exception//wp-includes/php-ai-client/third-party/Http/Discovery/ HTTP/1.1" 200 5783 "-" "-"
