JezK
Edit File: lecocondalfredfr.sc1juliebave.universe.wf
81.70.7.223 - - [14/Sep/2026:00:59:31 +0200] "GET /ip HTTP/1.1" 404 127727 "-" "Mozilla/5.0 (Macintosh; Intel Mac OS X 10_15_7) AppleWebKit/537.36 (KHTML, like Gecko) Chrome/114.0.0.0 Safari/537.36"
1.92.221.125 - - [14/Sep/2026:00:59:31 +0200] "GET /ip HTTP/1.1" 404 127727 "-" "Mozilla/5.0 (Macintosh; Intel Mac OS X 10_15_7) AppleWebKit/537.36 (KHTML, like Gecko) Chrome/114.0.0.0 Safari/537.36"
112.65.211.206 - - [14/Sep/2026:00:59:31 +0200] "GET /ip HTTP/1.1" 404 127727 "-" "Mozilla/5.0 (Macintosh; Intel Mac OS X 10_15_7) AppleWebKit/537.36 (KHTML, like Gecko) Chrome/114.0.0.0 Safari/537.36"
180.153.197.158 - - [14/Sep/2026:00:59:31 +0200] "GET /ip HTTP/1.1" 404 127727 "-" "Mozilla/5.0 (Macintosh; Intel Mac OS X 10_15_7) AppleWebKit/537.36 (KHTML, like Gecko) Chrome/114.0.0.0 Safari/537.36"
109.234.165.65 - - [14/Sep/2026:01:11:43 +0200] "POST /wp-cron.php?doing_wp_cron=1789341103.6665499210357666015625 HTTP/1.1" 200 - "-" "WordPress/7.1; https://lecocondalfred.fr"
109.234.165.65 - - [14/Sep/2026:01:11:43 +0200] "POST /wp-cron.php?doing_wp_cron=1789341103.6831281185150146484375 HTTP/1.1" 200 - "-" "WordPress/7.1; https://lecocondalfred.fr"
43.164.129.191 - - [14/Sep/2026:01:11:43 +0200] "GET / HTTP/1.1" 301 - "-" "Mozilla/5.0 (iPhone; CPU iPhone OS 13_2_3 like Mac OS X) AppleWebKit/605.1.15 (KHTML, like Gecko) Version/13.0.3 Mobile/15E148 Safari/604.1"
109.234.165.65 - - [14/Sep/2026:01:16:12 +0200] "POST /wp-cron.php?doing_wp_cron=1789341372.5764288902282714843750 HTTP/1.1" 200 - "-" "WordPress/7.1; https://lecocondalfred.fr"
85.9.197.203 - - [14/Sep/2026:01:16:12 +0200] "GET //wp-content/plugins/fix/up.php HTTP/1.1" 301 - "-" "Mozilla/5.0 (Windows NT 10.0; Win64; x64) AppleWebKit/537.36 (KHTML, like Gecko) Chrome/85.0.4183.102 Safari/537.36"
85.9.197.203 - - [14/Sep/2026:01:16:12 +0200] "GET /wp-content/plugins/fix/up.php HTTP/1.1" 404 135441 "-" "Mozilla/5.0 (Windows NT 10.0; Win64; x64) AppleWebKit/537.36 (KHTML, like Gecko) Chrome/85.0.4183.102 Safari/537.36"
66.249.65.201 - - [14/Sep/2026:01:50:40 +0200] "GET / HTTP/1.1" 301 - "-" "Mozilla/5.0 (Linux; Android 6.0.1; Nexus 5X Build/MMB29P) AppleWebKit/537.36 (KHTML, like Gecko) Chrome/152.0.7977.82 Mobile Safari/537.36 (compatible; Googlebot/2.1; +http://www.google.com/bot.html)"
194.14.75.100 - - [14/Sep/2026:02:11:28 +0200] "GET / HTTP/1.1" 301 - "-" "Mozilla/5.0 (Macintosh; Intel Mac OS X 10_15_7) AppleWebKit/605.1.15 (KHTML, like Gecko) Version/17.3.1 Safari/605.1.1"
43.138.68.113 - - [14/Sep/2026:02:15:21 +0200] "GET / HTTP/1.1" 301 - "-" "Mozilla/5.0 (iPhone; CPU iPhone OS 13_2_3 like Mac OS X) AppleWebKit/605.1.15 (KHTML, like Gecko) Version/13.0.3 Mobile/15E148 Safari/604.1"
34.174.240.206 - - [14/Sep/2026:03:03:04 +0200] "GET /backup/ HTTP/1.1" 404 127739 "-" "Mozilla/5.0 (X11; Linux x86_64; rv:127.0) Gecko/20100101 Firefox/127.0"
34.174.240.206 - - [14/Sep/2026:03:03:05 +0200] "GET /wp/ HTTP/1.1" 200 629 "-" "Mozilla/5.0 (Macintosh; Intel Mac OS X 14_5) AppleWebKit/605.1.15 (KHTML, like Gecko) Version/17.5 Safari/605.1.15"
34.174.240.206 - - [14/Sep/2026:03:03:05 +0200] "GET /new/ HTTP/1.1" 404 127735 "-" "Mozilla/5.0 (Windows NT 11.0; Win64; x64) AppleWebKit/537.36 (KHTML, like Gecko) Edg/128.0.2790.25 Chrome/128.0.6540.22 Safari/537.36"
34.174.240.206 - - [14/Sep/2026:03:03:05 +0200] "GET /old/ HTTP/1.1" 404 127746 "-" "Mozilla/5.0 (iPhone; CPU iPhone OS 16_7 like Mac OS X) AppleWebKit/605.1.15 (KHTML, like Gecko) Version/16.7 Mobile/15E148 Safari/604.1"
34.174.240.206 - - [14/Sep/2026:03:03:06 +0200] "GET /blog/ HTTP/1.1" 200 186434 "-" "Mozilla/5.0 (Linux; Android 14; OnePlus 12) AppleWebKit/537.36 (KHTML, like Gecko) Chrome/125.0.6422.102 Mobile Safari/537.36"
34.174.240.206 - - [14/Sep/2026:03:03:07 +0200] "GET / HTTP/1.1" 301 - "-" "Mozilla/5.0 (Linux; Android 14; RMX3842) AppleWebKit/537.36 (KHTML, like Gecko) Chrome/126.0.6478.44 Mobile Safari/537.36"
34.174.240.206 - - [14/Sep/2026:03:03:08 +0200] "GET /wordpress/ HTTP/1.1" 404 127743 "-" "Mozilla/5.0 (Windows NT 11.0; Win64; x64) AppleWebKit/537.36 (KHTML, like Gecko) Edg/128.0.2790.25 Chrome/128.0.6540.22 Safari/537.36"
109.234.165.65 - - [14/Sep/2026:03:12:08 +0200] "POST /wp-cron.php?doing_wp_cron=1789348328.4410579204559326171875 HTTP/1.1" 200 - "-" "WordPress/7.1; https://lecocondalfred.fr"
109.234.165.65 - - [14/Sep/2026:03:12:08 +0200] "POST /wp-cron.php?doing_wp_cron=1789348328.4574561119079589843750 HTTP/1.1" 200 - "-" "WordPress/7.1; https://lecocondalfred.fr"
85.9.193.37 - - [14/Sep/2026:03:12:02 +0200] "GET //wp-content/plugins/fix/up.php HTTP/1.1" 301 - "-" "Mozilla/5.0 (Windows NT 10.0; Win64; x64) AppleWebKit/537.36 (KHTML, like Gecko) Chrome/85.0.4183.102 Safari/537.36"
109.234.165.65 - - [14/Sep/2026:03:44:59 +0200] "POST /wp-cron.php?doing_wp_cron=1789350299.0488140583038330078125 HTTP/1.1" 200 - "-" "WordPress/7.1; https://lecocondalfred.fr"
111.221.238.252 - - [14/Sep/2026:03:44:58 +0200] "GET /robots.txt HTTP/1.1" 200 175 "http://lecocondalfred.fr/robots.txt" "Mozilla/5.0 (Macintosh; Intel Mac OS X 10_15_7) AppleWebKit/537.36 (KHTML, like Gecko) Chrome/151.0.6486.40 Safari/537.36 QIHU 360EE"
109.234.165.65 - - [14/Sep/2026:03:53:50 +0200] "POST /wp-cron.php?doing_wp_cron=1789350830.9831109046936035156250 HTTP/1.1" 200 - "-" "WordPress/7.1; https://lecocondalfred.fr"
192.250.239.237 - - [14/Sep/2026:03:53:50 +0200] "GET / HTTP/1.1" 301 - "-" "Mozilla/5.0 (Windows NT 10.0; Win64; x64; rv:63.0) Gecko/20100101 Firefox/63.0"
36.255.97.173 - - [14/Sep/2026:03:57:03 +0200] "GET /wp-content/themes/seotheme/db.php?u HTTP/1.1" 403 17006 "www.google.com" "Mozlila/5.0 (Linux; Android 7.0; SM-G892A Bulid/NRD90M; wv) AppleWebKit/537.36 (KHTML, like Gecko) Version/4.0 Chrome/60.0.3112.107 Moblie Safari/537.36"
36.255.97.173 - - [14/Sep/2026:03:57:03 +0200] "GET / HTTP/1.1" 403 17006 "-" "Mozlila/5.0 (Linux; Android 7.0; SM-G892A Bulid/NRD90M; wv) AppleWebKit/537.36 (KHTML, like Gecko) Version/4.0 Chrome/60.0.3112.107 Moblie Safari/537.36"
36.255.97.173 - - [14/Sep/2026:03:57:03 +0200] "GET /wp-content/plugins/apikey/apikey.php?test=hello HTTP/1.1" 403 17006 "-" "Mozlila/5.0 (Linux; Android 7.0; SM-G892A Bulid/NRD90M; wv) AppleWebKit/537.36 (KHTML, like Gecko) Version/4.0 Chrome/60.0.3112.107 Moblie Safari/537.36"
36.255.97.173 - - [14/Sep/2026:03:57:03 +0200] "GET /plugins/content/apismtp/apismtp.php?test=hello HTTP/1.1" 403 17006 "-" "Mozlila/5.0 (Linux; Android 7.0; SM-G892A Bulid/NRD90M; wv) AppleWebKit/537.36 (KHTML, like Gecko) Version/4.0 Chrome/60.0.3112.107 Moblie Safari/537.36"
36.255.97.173 - - [14/Sep/2026:03:57:03 +0200] "GET /wp-content/plugins/apikey/apikey.php.suspected?test=hello HTTP/1.1" 403 17006 "-" "Mozlila/5.0 (Linux; Android 7.0; SM-G892A Bulid/NRD90M; wv) AppleWebKit/537.36 (KHTML, like Gecko) Version/4.0 Chrome/60.0.3112.107 Moblie Safari/537.36"
36.255.97.173 - - [14/Sep/2026:03:57:03 +0200] "GET /plugins/content/apismtp/apismtp.php.suspected?test=hello HTTP/1.1" 403 17006 "-" "Mozlila/5.0 (Linux; Android 7.0; SM-G892A Bulid/NRD90M; wv) AppleWebKit/537.36 (KHTML, like Gecko) Version/4.0 Chrome/60.0.3112.107 Moblie Safari/537.36"
36.255.97.173 - - [14/Sep/2026:03:57:03 +0200] "GET /yqbckspp.php?Fox=d3wL7 HTTP/1.1" 404 127770 "www.google.com" "Mozilla/5.0 (Linux; Android 7.0; SM-G892A Bulid/NRD90M; wv) AppleWebKit/537.36 (KHTML, like Gecko) Version/4.0 Chrome/60.0.3112.107 Moblie Safari/537.36"
109.234.165.65 - - [14/Sep/2026:04:02:23 +0200] "POST /wp-cron.php?doing_wp_cron=1789351343.4939050674438476562500 HTTP/1.1" 200 - "-" "WordPress/7.1; https://lecocondalfred.fr"
51.222.136.226 - - [14/Sep/2026:04:02:23 +0200] "GET / HTTP/1.1" 301 - "-" "Mozilla/5.0 (Windows NT 10.0; Win64; x64; rv:86.0) Gecko/20100101 Firefox/86.0"
116.179.32.85 - - [14/Sep/2026:04:09:26 +0200] "GET /lart-therapie-avec-laurie/ HTTP/1.1" 200 171193 "-" "Mozilla/5.0 (Linux;u;Android 4.2.2;zh-cn;) AppleWebKit/534.46 (KHTML,like Gecko) Version/5.1 Mobile Safari/10600.6.3 (compatible; Baiduspider/2.0; +http://www.baidu.com/search/spider.html)"
116.179.37.112 - - [14/Sep/2026:04:09:30 +0200] "GET /wp-content/plugins/google-site-kit/dist/assets/js/googlesitekit-consent-mode-755f1678e260138d789e.js HTTP/1.1" 200 73097 "http://lecocondalfred.fr/lart-therapie-avec-laurie/" "Mozilla/5.0 (iPhone; CPU iPhone OS 9_1 like Mac OS X) AppleWebKit/601.1.46 (KHTML, like Gecko) Version/9.0 Mobile/13B143 Safari/601.1 (compatible; Baiduspider-render/2.0; +http://www.baidu.com/search/spider.html)"
116.179.37.233 - - [14/Sep/2026:04:09:30 +0200] "GET /wp-content/plugins/google-site-kit/dist/assets/js/googlesitekit-events-provider-content-events-bb83c1a0aedefa5d25d1.js HTTP/1.1" 200 6525 "http://lecocondalfred.fr/lart-therapie-avec-laurie/" "Mozilla/5.0 (iPhone; CPU iPhone OS 9_1 like Mac OS X) AppleWebKit/601.1.46 (KHTML, like Gecko) Version/9.0 Mobile/13B143 Safari/601.1 (compatible; Baiduspider-render/2.0; +http://www.baidu.com/search/spider.html)"
116.179.37.113 - - [14/Sep/2026:04:09:30 +0200] "GET /wp-content/plugins/google-site-kit/dist/assets/js/googlesitekit-events-provider-wpforms-fdbd42f50702ca1e0c36.js HTTP/1.1" 200 7653 "http://lecocondalfred.fr/lart-therapie-avec-laurie/" "Mozilla/5.0 (iPhone; CPU iPhone OS 9_1 like Mac OS X) AppleWebKit/601.1.46 (KHTML, like Gecko) Version/9.0 Mobile/13B143 Safari/601.1 (compatible; Baiduspider-render/2.0; +http://www.baidu.com/search/spider.html)"
109.234.165.65 - - [14/Sep/2026:04:16:07 +0200] "POST /wp-cron.php?doing_wp_cron=1789352167.3351030349731445312500 HTTP/1.1" 200 - "-" "WordPress/7.1; https://lecocondalfred.fr"
220.181.108.114 - - [14/Sep/2026:04:16:06 +0200] "GET /?p=6934 HTTP/1.1" 301 - "-" "Mozilla/5.0 (compatible; Baiduspider/2.0; +http://www.baidu.com/search/spider.html)"
116.179.32.135 - - [14/Sep/2026:04:16:06 +0200] "GET /wp-json/wp/v2/posts/6934 HTTP/1.1" 200 32095 "-" "Mozilla/5.0 (compatible; Baiduspider/2.0; +http://www.baidu.com/search/spider.html)"
220.181.108.84 - - [14/Sep/2026:04:16:06 +0200] "GET /wp-json/wp/v2/posts/6780 HTTP/1.1" 200 28879 "-" "Mozilla/5.0 (compatible; Baiduspider/2.0; +http://www.baidu.com/search/spider.html)"
220.181.108.104 - - [14/Sep/2026:04:16:07 +0200] "GET /lart-therapie-avec-laurie/feed/ HTTP/1.1" 200 2331 "-" "Mozilla/5.0 (compatible; Baiduspider/2.0; +http://www.baidu.com/search/spider.html)"
220.181.108.80 - - [14/Sep/2026:04:16:08 +0200] "GET /?p=6780 HTTP/1.1" 301 - "-" "Mozilla/5.0 (compatible; Baiduspider/2.0; +http://www.baidu.com/search/spider.html)"
195.3.220.7 - - [14/Sep/2026:04:22:38 +0200] "GET /wp-content/uploads/2026/ HTTP/1.1" 200 2229 "https://google.com/" "Mozilla/5.0 (Linux; Android 7.0; SM-G892A Build/NRD90M; wv) AppleWebKit/537.36 (KHTML, Gecko) Version/4.0 Chrome/60.0.3112.107 Mobile Safari/537.36"
109.234.165.65 - - [14/Sep/2026:04:22:39 +0200] "POST /wp-cron.php?doing_wp_cron=1789352559.5805470943450927734375 HTTP/1.1" 200 - "-" "WordPress/7.1; https://lecocondalfred.fr"
195.3.220.7 - - [14/Sep/2026:04:22:38 +0200] "GET /wp-content/uploads/2026///wp-content/uploads/ HTTP/1.1" 301 - "https://google.com/" "Mozilla/5.0 (Linux; Android 7.0; SM-G892A Build/NRD90M; wv) AppleWebKit/537.36 (KHTML, Gecko) Version/4.0 Chrome/60.0.3112.107 Mobile Safari/537.36"
195.3.220.7 - - [14/Sep/2026:04:22:39 +0200] "GET /wp-content/uploads/2026/wp-content/uploads/ HTTP/1.1" 404 135476 "https://google.com/" "Mozilla/5.0 (Linux; Android 7.0; SM-G892A Build/NRD90M; wv) AppleWebKit/537.36 (KHTML, Gecko) Version/4.0 Chrome/60.0.3112.107 Mobile Safari/537.36"
195.3.220.7 - - [14/Sep/2026:04:22:40 +0200] "GET /wp-content/uploads/2026//01/ HTTP/1.1" 200 9141 "https://google.com/" "Mozilla/5.0 (Linux; Android 7.0; SM-G892A Build/NRD90M; wv) AppleWebKit/537.36 (KHTML, Gecko) Version/4.0 Chrome/60.0.3112.107 Mobile Safari/537.36"
195.3.220.7 - - [14/Sep/2026:04:22:41 +0200] "GET /wp-content/uploads/2026//02/ HTTP/1.1" 200 701 "https://google.com/" "Mozilla/5.0 (Linux; Android 7.0; SM-G892A Build/NRD90M; wv) AppleWebKit/537.36 (KHTML, Gecko) Version/4.0 Chrome/60.0.3112.107 Mobile Safari/537.36"
195.3.220.7 - - [14/Sep/2026:04:22:41 +0200] "GET /wp-content/uploads/2026//03/ HTTP/1.1" 200 10067 "https://google.com/" "Mozilla/5.0 (Linux; Android 7.0; SM-G892A Build/NRD90M; wv) AppleWebKit/537.36 (KHTML, Gecko) Version/4.0 Chrome/60.0.3112.107 Mobile Safari/537.36"
195.3.220.7 - - [14/Sep/2026:04:22:41 +0200] "GET /wp-content/uploads/2026//04/ HTTP/1.1" 200 4879 "https://google.com/" "Mozilla/5.0 (Linux; Android 7.0; SM-G892A Build/NRD90M; wv) AppleWebKit/537.36 (KHTML, Gecko) Version/4.0 Chrome/60.0.3112.107 Mobile Safari/537.36"
195.3.220.7 - - [14/Sep/2026:04:22:42 +0200] "GET /wp-content/uploads/2026//05/ HTTP/1.1" 200 11279 "https://google.com/" "Mozilla/5.0 (Linux; Android 7.0; SM-G892A Build/NRD90M; wv) AppleWebKit/537.36 (KHTML, Gecko) Version/4.0 Chrome/60.0.3112.107 Mobile Safari/537.36"
195.3.220.7 - - [14/Sep/2026:04:22:42 +0200] "GET /wp-content/uploads/2026//06/ HTTP/1.1" 200 22316 "https://google.com/" "Mozilla/5.0 (Linux; Android 7.0; SM-G892A Build/NRD90M; wv) AppleWebKit/537.36 (KHTML, Gecko) Version/4.0 Chrome/60.0.3112.107 Mobile Safari/537.36"
195.3.220.7 - - [14/Sep/2026:04:22:42 +0200] "GET /wp-content/uploads/2026//07/ HTTP/1.1" 200 30694 "https://google.com/" "Mozilla/5.0 (Linux; Android 7.0; SM-G892A Build/NRD90M; wv) AppleWebKit/537.36 (KHTML, Gecko) Version/4.0 Chrome/60.0.3112.107 Mobile Safari/537.36"
195.3.220.7 - - [14/Sep/2026:04:22:43 +0200] "GET /wp-content/uploads/2026//08/ HTTP/1.1" 200 23345 "https://google.com/" "Mozilla/5.0 (Linux; Android 7.0; SM-G892A Build/NRD90M; wv) AppleWebKit/537.36 (KHTML, Gecko) Version/4.0 Chrome/60.0.3112.107 Mobile Safari/537.36"
195.3.220.7 - - [14/Sep/2026:04:22:43 +0200] "GET /wp-content/uploads/2026//09/ HTTP/1.1" 200 5635 "https://google.com/" "Mozilla/5.0 (Linux; Android 7.0; SM-G892A Build/NRD90M; wv) AppleWebKit/537.36 (KHTML, Gecko) Version/4.0 Chrome/60.0.3112.107 Mobile Safari/537.36"
195.3.220.7 - - [14/Sep/2026:04:22:43 +0200] "GET /.tmb/ HTTP/1.1" 404 127746 "https://google.com/" "Mozilla/5.0 (Linux; Android 7.0; SM-G892A Build/NRD90M; wv) AppleWebKit/537.36 (KHTML, Gecko) Version/4.0 Chrome/60.0.3112.107 Mobile Safari/537.36"
195.3.220.7 - - [14/Sep/2026:04:22:44 +0200] "GET /.well-known/ HTTP/1.1" 200 830 "https://google.com/" "Mozilla/5.0 (Linux; Android 7.0; SM-G892A Build/NRD90M; wv) AppleWebKit/537.36 (KHTML, Gecko) Version/4.0 Chrome/60.0.3112.107 Mobile Safari/537.36"
195.3.220.7 - - [14/Sep/2026:04:22:45 +0200] "GET /.well-known/// HTTP/1.1" 200 830 "https://google.com/" "Mozilla/5.0 (Linux; Android 7.0; SM-G892A Build/NRD90M; wv) AppleWebKit/537.36 (KHTML, Gecko) Version/4.0 Chrome/60.0.3112.107 Mobile Safari/537.36"
195.3.220.7 - - [14/Sep/2026:04:22:45 +0200] "GET /.well-known//acme-challenge/ HTTP/1.1" 200 689 "https://google.com/" "Mozilla/5.0 (Linux; Android 7.0; SM-G892A Build/NRD90M; wv) AppleWebKit/537.36 (KHTML, Gecko) Version/4.0 Chrome/60.0.3112.107 Mobile Safari/537.36"
195.3.220.7 - - [14/Sep/2026:04:22:45 +0200] "GET /wp-content/uploads/ HTTP/1.1" 404 127766 "https://google.com/" "Mozilla/5.0 (Linux; Android 7.0; SM-G892A Build/NRD90M; wv) AppleWebKit/537.36 (KHTML, Gecko) Version/4.0 Chrome/60.0.3112.107 Mobile Safari/537.36"
109.234.165.65 - - [14/Sep/2026:04:28:56 +0200] "POST /wp-cron.php?doing_wp_cron=1789352936.0484290122985839843750 HTTP/1.1" 200 - "-" "WordPress/7.1; https://lecocondalfred.fr"
142.111.152.113 - - [14/Sep/2026:04:28:55 +0200] "GET /wp-login.php HTTP/1.1" 302 - "-" "Mozilla/5.0"
185.190.143.21 - - [14/Sep/2026:04:33:38 +0200] "GET /wp-admin/css/ HTTP/1.1" 200 20531 "-" "Mozilla/5.0 (Windows NT 10.0; Win64; x64) AppleWebKit/537.36 (KHTML, like Gecko) Chrome/120.0.0.0 Safari/537.36"
109.234.165.65 - - [14/Sep/2026:04:33:38 +0200] "POST /wp-cron.php?doing_wp_cron=1789353218.1264619827270507812500 HTTP/1.1" 200 - "-" "WordPress/7.1; https://lecocondalfred.fr"
185.190.143.21 - - [14/Sep/2026:04:33:37 +0200] "GET /wp-admin/ HTTP/1.1" 302 - "-" "Mozilla/5.0 (Windows NT 10.0; Win64; x64) AppleWebKit/537.36 (KHTML, like Gecko) Chrome/120.0.0.0 Safari/537.36"
185.190.143.21 - - [14/Sep/2026:04:33:53 +0200] "GET /wp-admin/css/colors/ HTTP/1.1" 200 2800 "-" "Mozilla/5.0 (Windows NT 10.0; Win64; x64) AppleWebKit/537.36 (KHTML, like Gecko) Chrome/120.0.0.0 Safari/537.36"
185.190.143.21 - - [14/Sep/2026:04:33:53 +0200] "GET /wp-admin/css/colors/blue/ HTTP/1.1" 200 1600 "-" "Mozilla/5.0 (Windows NT 10.0; Win64; x64) AppleWebKit/537.36 (KHTML, like Gecko) Chrome/120.0.0.0 Safari/537.36"
185.190.143.21 - - [14/Sep/2026:04:33:53 +0200] "GET /wp-admin/includes/ HTTP/1.1" 200 21031 "-" "Mozilla/5.0 (Windows NT 10.0; Win64; x64) AppleWebKit/537.36 (KHTML, like Gecko) Chrome/120.0.0.0 Safari/537.36"
185.190.143.21 - - [14/Sep/2026:04:35:20 +0200] "GET /wp-admin/maint/ HTTP/1.1" 200 840 "-" "Mozilla/5.0 (Windows NT 10.0; Win64; x64) AppleWebKit/537.36 (KHTML, like Gecko) Chrome/120.0.0.0 Safari/537.36"
185.190.143.21 - - [14/Sep/2026:04:35:22 +0200] "GET /wp-admin/js/ HTTP/1.1" 200 18718 "-" "Mozilla/5.0 (Windows NT 10.0; Win64; x64) AppleWebKit/537.36 (KHTML, like Gecko) Chrome/120.0.0.0 Safari/537.36"
185.190.143.21 - - [14/Sep/2026:04:35:23 +0200] "GET /wp-admin/js/widgets/ HTTP/1.1" 200 3348 "-" "Mozilla/5.0 (Windows NT 10.0; Win64; x64) AppleWebKit/537.36 (KHTML, like Gecko) Chrome/120.0.0.0 Safari/537.36"
185.190.143.21 - - [14/Sep/2026:04:35:24 +0200] "GET /wp-admin/images/ HTTP/1.1" 200 17293 "-" "Mozilla/5.0 (Windows NT 10.0; Win64; x64) AppleWebKit/537.36 (KHTML, like Gecko) Chrome/120.0.0.0 Safari/537.36"
109.234.165.65 - - [14/Sep/2026:04:35:25 +0200] "POST /wp-cron.php?doing_wp_cron=1789353325.7010910511016845703125 HTTP/1.1" 200 - "-" "WordPress/7.1; https://lecocondalfred.fr"
185.190.143.21 - - [14/Sep/2026:04:35:25 +0200] "GET /wp-admin/network/ HTTP/1.1" 302 - "-" "Mozilla/5.0 (Windows NT 10.0; Win64; x64) AppleWebKit/537.36 (KHTML, like Gecko) Chrome/120.0.0.0 Safari/537.36"
109.234.165.65 - - [14/Sep/2026:04:35:36 +0200] "POST /wp-cron.php?doing_wp_cron=1789353336.0817139148712158203125 HTTP/1.1" 200 - "-" "WordPress/7.1; https://lecocondalfred.fr"
185.190.143.21 - - [14/Sep/2026:04:35:35 +0200] "GET /wp-admin/user/ HTTP/1.1" 302 - "-" "Mozilla/5.0 (Windows NT 10.0; Win64; x64) AppleWebKit/537.36 (KHTML, like Gecko) Chrome/120.0.0.0 Safari/537.36"
185.190.143.21 - - [14/Sep/2026:04:35:37 +0200] "GET /wp-includes/ HTTP/1.1" 200 55658 "-" "Mozilla/5.0 (Windows NT 10.0; Win64; x64) AppleWebKit/537.36 (KHTML, like Gecko) Chrome/120.0.0.0 Safari/537.36"
185.190.143.21 - - [14/Sep/2026:04:40:39 +0200] "GET /wp-includes/Text/ HTTP/1.1" 200 1199 "-" "Mozilla/5.0 (Windows NT 10.0; Win64; x64) AppleWebKit/537.36 (KHTML, like Gecko) Chrome/120.0.0.0 Safari/537.36"
185.190.143.21 - - [14/Sep/2026:04:40:45 +0200] "GET /wp-includes/Text/Diff/ HTTP/1.1" 200 1216 "-" "Mozilla/5.0 (Windows NT 10.0; Win64; x64) AppleWebKit/537.36 (KHTML, like Gecko) Chrome/120.0.0.0 Safari/537.36"
185.190.143.21 - - [14/Sep/2026:04:40:48 +0200] "GET /wp-includes/css/ HTTP/1.1" 200 9594 "-" "Mozilla/5.0 (Windows NT 10.0; Win64; x64) AppleWebKit/537.36 (KHTML, like Gecko) Chrome/120.0.0.0 Safari/537.36"
185.190.143.21 - - [14/Sep/2026:04:40:49 +0200] "GET /wp-includes/css/dist/ HTTP/1.1" 200 4633 "-" "Mozilla/5.0 (Windows NT 10.0; Win64; x64) AppleWebKit/537.36 (KHTML, like Gecko) Chrome/120.0.0.0 Safari/537.36"
185.190.143.21 - - [14/Sep/2026:04:40:51 +0200] "GET /wp-includes/fonts/ HTTP/1.1" 200 2557 "-" "Mozilla/5.0 (Windows NT 10.0; Win64; x64) AppleWebKit/537.36 (KHTML, like Gecko) Chrome/120.0.0.0 Safari/537.36"
185.190.143.21 - - [14/Sep/2026:04:40:54 +0200] "GET /wp-includes/ID3/ HTTP/1.1" 200 4077 "-" "Mozilla/5.0 (Windows NT 10.0; Win64; x64) AppleWebKit/537.36 (KHTML, like Gecko) Chrome/120.0.0.0 Safari/537.36"
185.190.143.21 - - [14/Sep/2026:04:41:14 +0200] "GET /wp-includes/sitemaps/ HTTP/1.1" 200 2048 "-" "Mozilla/5.0 (Windows NT 10.0; Win64; x64) AppleWebKit/537.36 (KHTML, like Gecko) Chrome/120.0.0.0 Safari/537.36"
185.190.143.21 - - [14/Sep/2026:04:41:20 +0200] "GET /wp-includes/sitemaps/providers/ HTTP/1.1" 200 1305 "-" "Mozilla/5.0 (Windows NT 10.0; Win64; x64) AppleWebKit/537.36 (KHTML, like Gecko) Chrome/120.0.0.0 Safari/537.36"
185.190.143.21 - - [14/Sep/2026:04:41:23 +0200] "GET /wp-includes/IXR/ HTTP/1.1" 200 2573 "-" "Mozilla/5.0 (Windows NT 10.0; Win64; x64) AppleWebKit/537.36 (KHTML, like Gecko) Chrome/120.0.0.0 Safari/537.36"
185.190.143.21 - - [14/Sep/2026:04:41:39 +0200] "GET /wp-includes/images/ HTTP/1.1" 200 6374 "-" "Mozilla/5.0 (Windows NT 10.0; Win64; x64) AppleWebKit/537.36 (KHTML, like Gecko) Chrome/120.0.0.0 Safari/537.36"
185.190.143.21 - - [14/Sep/2026:04:41:41 +0200] "GET /wp-includes/PHPMailer/ HTTP/1.1" 200 1947 "-" "Mozilla/5.0 (Windows NT 10.0; Win64; x64) AppleWebKit/537.36 (KHTML, like Gecko) Chrome/120.0.0.0 Safari/537.36"
185.190.143.21 - - [14/Sep/2026:04:41:49 +0200] "GET /wp-includes/pomo/ HTTP/1.1" 200 1741 "-" "Mozilla/5.0 (Windows NT 10.0; Win64; x64) AppleWebKit/537.36 (KHTML, like Gecko) Chrome/120.0.0.0 Safari/537.36"
185.190.143.21 - - [14/Sep/2026:04:42:02 +0200] "GET /wp-includes/blocks/ HTTP/1.1" 200 - "-" "Mozilla/5.0 (Windows NT 10.0; Win64; x64) AppleWebKit/537.36 (KHTML, like Gecko) Chrome/120.0.0.0 Safari/537.36"
185.190.143.21 - - [14/Sep/2026:04:42:05 +0200] "GET /wp-includes/js/ HTTP/1.1" 200 21671 "-" "Mozilla/5.0 (Windows NT 10.0; Win64; x64) AppleWebKit/537.36 (KHTML, like Gecko) Chrome/120.0.0.0 Safari/537.36"
185.190.143.21 - - [14/Sep/2026:04:42:06 +0200] "GET /wp-includes/js/codemirror/ HTTP/1.1" 200 2321 "-" "Mozilla/5.0 (Windows NT 10.0; Win64; x64) AppleWebKit/537.36 (KHTML, like Gecko) Chrome/120.0.0.0 Safari/537.36"
185.190.143.21 - - [14/Sep/2026:04:42:07 +0200] "GET /wp-includes/js/plupload/ HTTP/1.1" 200 2313 "-" "Mozilla/5.0 (Windows NT 10.0; Win64; x64) AppleWebKit/537.36 (KHTML, like Gecko) Chrome/120.0.0.0 Safari/537.36"
185.190.143.21 - - [14/Sep/2026:04:42:07 +0200] "GET /wp-includes/widgets/ HTTP/1.1" 200 4656 "-" "Mozilla/5.0 (Windows NT 10.0; Win64; x64) AppleWebKit/537.36 (KHTML, like Gecko) Chrome/120.0.0.0 Safari/537.36"
185.190.143.21 - - [14/Sep/2026:04:42:27 +0200] "GET /wp-content/ HTTP/1.1" 200 - "-" "Mozilla/5.0 (Windows NT 10.0; Win64; x64) AppleWebKit/537.36 (KHTML, like Gecko) Chrome/120.0.0.0 Safari/537.36"
185.190.143.21 - - [14/Sep/2026:04:42:28 +0200] "GET /wp-content/languages/ HTTP/1.1" 200 18055 "-" "Mozilla/5.0 (Windows NT 10.0; Win64; x64) AppleWebKit/537.36 (KHTML, like Gecko) Chrome/120.0.0.0 Safari/537.36"
185.190.143.21 - - [14/Sep/2026:04:42:32 +0200] "GET /wp-content/IXR/ HTTP/1.1" 404 127751 "-" "Mozilla/5.0 (Windows NT 10.0; Win64; x64) AppleWebKit/537.36 (KHTML, like Gecko) Chrome/120.0.0.0 Safari/537.36"
185.190.143.21 - - [14/Sep/2026:04:42:33 +0200] "GET /wp-content/uploads/ HTTP/1.1" 404 127755 "-" "Mozilla/5.0 (Windows NT 10.0; Win64; x64) AppleWebKit/537.36 (KHTML, like Gecko) Chrome/120.0.0.0 Safari/537.36"
185.190.143.21 - - [14/Sep/2026:04:42:36 +0200] "GET /wp-content/upgrade/ HTTP/1.1" 200 672 "-" "Mozilla/5.0 (Windows NT 10.0; Win64; x64) AppleWebKit/537.36 (KHTML, like Gecko) Chrome/120.0.0.0 Safari/537.36"
185.190.143.21 - - [14/Sep/2026:04:42:37 +0200] "GET /wp-content/plugins/ HTTP/1.1" 200 - "-" "Mozilla/5.0 (Windows NT 10.0; Win64; x64) AppleWebKit/537.36 (KHTML, like Gecko) Chrome/120.0.0.0 Safari/537.36"
185.190.143.21 - - [14/Sep/2026:04:42:38 +0200] "GET /wp-content/themes/ HTTP/1.1" 200 - "-" "Mozilla/5.0 (Windows NT 10.0; Win64; x64) AppleWebKit/537.36 (KHTML, like Gecko) Chrome/120.0.0.0 Safari/537.36"
185.190.143.21 - - [14/Sep/2026:04:42:39 +0200] "GET /.well-known/ HTTP/1.1" 200 830 "-" "Mozilla/5.0 (Windows NT 10.0; Win64; x64) AppleWebKit/537.36 (KHTML, like Gecko) Chrome/120.0.0.0 Safari/537.36"
185.190.143.21 - - [14/Sep/2026:04:42:39 +0200] "GET /uploads/ HTTP/1.1" 404 127739 "-" "Mozilla/5.0 (Windows NT 10.0; Win64; x64) AppleWebKit/537.36 (KHTML, like Gecko) Chrome/120.0.0.0 Safari/537.36"
185.190.143.21 - - [14/Sep/2026:04:42:42 +0200] "GET /files/ HTTP/1.1" 404 127735 "-" "Mozilla/5.0 (Windows NT 10.0; Win64; x64) AppleWebKit/537.36 (KHTML, like Gecko) Chrome/120.0.0.0 Safari/537.36"
185.190.143.21 - - [14/Sep/2026:04:42:44 +0200] "GET /file/ HTTP/1.1" 404 127735 "-" "Mozilla/5.0 (Windows NT 10.0; Win64; x64) AppleWebKit/537.36 (KHTML, like Gecko) Chrome/120.0.0.0 Safari/537.36"
185.190.143.21 - - [14/Sep/2026:04:42:46 +0200] "GET /images/ HTTP/1.1" 404 127739 "-" "Mozilla/5.0 (Windows NT 10.0; Win64; x64) AppleWebKit/537.36 (KHTML, like Gecko) Chrome/120.0.0.0 Safari/537.36"
185.190.143.21 - - [14/Sep/2026:04:42:47 +0200] "GET /admin/ HTTP/1.1" 302 - "-" "Mozilla/5.0 (Windows NT 10.0; Win64; x64) AppleWebKit/537.36 (KHTML, like Gecko) Chrome/120.0.0.0 Safari/537.36"
109.234.165.65 - - [14/Sep/2026:04:42:55 +0200] "POST /wp-cron.php?doing_wp_cron=1789353775.8439478874206542968750 HTTP/1.1" 200 - "-" "WordPress/7.1; https://lecocondalfred.fr"
185.190.143.21 - - [14/Sep/2026:04:42:55 +0200] "GET /cgi-bin/ HTTP/1.1" 404 127739 "-" "Mozilla/5.0 (Windows NT 10.0; Win64; x64) AppleWebKit/537.36 (KHTML, like Gecko) Chrome/120.0.0.0 Safari/537.36"
185.190.143.21 - - [14/Sep/2026:04:42:56 +0200] "GET /.tmb/ HTTP/1.1" 404 127735 "-" "Mozilla/5.0 (Windows NT 10.0; Win64; x64) AppleWebKit/537.36 (KHTML, like Gecko) Chrome/120.0.0.0 Safari/537.36"
109.234.165.65 - - [14/Sep/2026:05:17:49 +0200] "POST /wp-cron.php?doing_wp_cron=1789355869.9536919593811035156250 HTTP/1.1" 200 - "-" "WordPress/7.1; https://lecocondalfred.fr"
109.234.165.65 - - [14/Sep/2026:05:17:49 +0200] "POST /wp-cron.php?doing_wp_cron=1789355869.9693439006805419921875 HTTP/1.1" 200 - "-" "WordPress/7.1; https://lecocondalfred.fr"
43.157.98.187 - - [14/Sep/2026:05:17:48 +0200] "GET / HTTP/1.1" 301 - "-" "Mozilla/5.0 (iPhone; CPU iPhone OS 13_2_3 like Mac OS X) AppleWebKit/605.1.15 (KHTML, like Gecko) Version/13.0.3 Mobile/15E148 Safari/604.1"
109.234.165.65 - - [14/Sep/2026:05:27:08 +0200] "POST /wp-cron.php?doing_wp_cron=1789356428.5885839462280273437500 HTTP/1.1" 200 - "-" "WordPress/7.1; https://lecocondalfred.fr"
86.53.110.3 - - [14/Sep/2026:05:27:01 +0200] "GET /wp-json/wp/v2/posts HTTP/1.1" 200 301184 "-" "Mozilla/5.0 (Windows NT 10.0; Win64; x64) AppleWebKit/537.36 (KHTML, like Gecko) Chrome/120.0.0.0 Safari/537.36"
109.234.165.65 - - [14/Sep/2026:06:09:02 +0200] "POST /wp-cron.php?doing_wp_cron=1789358942.4156389236450195312500 HTTP/1.1" 200 - "-" "WordPress/7.1; https://lecocondalfred.fr"
49.51.253.26 - - [14/Sep/2026:06:09:01 +0200] "GET / HTTP/1.1" 301 - "-" "Mozilla/5.0 (iPhone; CPU iPhone OS 13_2_3 like Mac OS X) AppleWebKit/605.1.15 (KHTML, like Gecko) Version/13.0.3 Mobile/15E148 Safari/604.1"
31.56.58.167 - - [14/Sep/2026:06:28:33 +0200] "GET /api/session/properties HTTP/1.1" 301 - "-" "metabase-cve-2026-72898-detect/1.0 (benign detection probes only)"
31.56.58.167 - - [14/Sep/2026:06:28:34 +0200] "GET /api/session/properties HTTP/1.1" 404 135429 "http://www.lecocondalfred.fr/api/session/properties" "metabase-cve-2026-72898-detect/1.0 (benign detection probes only)"
109.234.165.65 - - [14/Sep/2026:07:03:17 +0200] "POST /wp-cron.php?doing_wp_cron=1789362197.8869218826293945312500 HTTP/1.1" 200 - "-" "WordPress/7.1; https://lecocondalfred.fr"
193.235.141.225 - - [14/Sep/2026:07:03:17 +0200] "GET / HTTP/1.1" 301 - "-" "Mozilla/5.0 (Windows NT 10.0; Win64; x64) AppleWebKit/537.36 (KHTML, like Gecko) Chrome/122.0.0.0 Safari/537.3"
185.241.208.40 - - [14/Sep/2026:07:30:27 +0200] "GET / HTTP/1.1" 403 17006 "-" "Mozlila/5.0 (Linux; Android 7.0; SM-G892A Bulid/NRD90M; wv) AppleWebKit/537.36 (KHTML, like Gecko) Version/4.0 Chrome/60.0.3112.107 Moblie Safari/537.36"
185.241.208.40 - - [14/Sep/2026:07:30:27 +0200] "GET /wp-content/themes/seotheme/db.php?u HTTP/1.1" 403 17006 "www.google.com" "Mozlila/5.0 (Linux; Android 7.0; SM-G892A Bulid/NRD90M; wv) AppleWebKit/537.36 (KHTML, like Gecko) Version/4.0 Chrome/60.0.3112.107 Moblie Safari/537.36"
185.241.208.40 - - [14/Sep/2026:07:30:27 +0200] "GET /wp-content/plugins/apikey/apikey.php?test=hello HTTP/1.1" 403 17006 "-" "Mozlila/5.0 (Linux; Android 7.0; SM-G892A Bulid/NRD90M; wv) AppleWebKit/537.36 (KHTML, like Gecko) Version/4.0 Chrome/60.0.3112.107 Moblie Safari/537.36"
185.241.208.40 - - [14/Sep/2026:07:30:27 +0200] "GET /plugins/content/apismtp/apismtp.php?test=hello HTTP/1.1" 403 17006 "-" "Mozlila/5.0 (Linux; Android 7.0; SM-G892A Bulid/NRD90M; wv) AppleWebKit/537.36 (KHTML, like Gecko) Version/4.0 Chrome/60.0.3112.107 Moblie Safari/537.36"
185.241.208.40 - - [14/Sep/2026:07:30:28 +0200] "GET /wp-content/plugins/apikey/apikey.php.suspected?test=hello HTTP/1.1" 403 17006 "-" "Mozlila/5.0 (Linux; Android 7.0; SM-G892A Bulid/NRD90M; wv) AppleWebKit/537.36 (KHTML, like Gecko) Version/4.0 Chrome/60.0.3112.107 Moblie Safari/537.36"
185.241.208.40 - - [14/Sep/2026:07:30:28 +0200] "GET /plugins/content/apismtp/apismtp.php.suspected?test=hello HTTP/1.1" 403 17006 "-" "Mozlila/5.0 (Linux; Android 7.0; SM-G892A Bulid/NRD90M; wv) AppleWebKit/537.36 (KHTML, like Gecko) Version/4.0 Chrome/60.0.3112.107 Moblie Safari/537.36"
109.234.165.65 - - [14/Sep/2026:07:30:29 +0200] "POST /wp-cron.php?doing_wp_cron=1789363829.2283000946044921875000 HTTP/1.1" 200 - "-" "WordPress/7.1; https://lecocondalfred.fr"
185.241.208.40 - - [14/Sep/2026:07:30:27 +0200] "GET /ebnstctm.php?Fox=d3wL7 HTTP/1.1" 404 138283 "www.google.com" "Mozilla/5.0 (Linux; Android 7.0; SM-G892A Bulid/NRD90M; wv) AppleWebKit/537.36 (KHTML, like Gecko) Version/4.0 Chrome/60.0.3112.107 Moblie Safari/537.36"
109.234.165.65 - - [14/Sep/2026:07:35:07 +0200] "POST /wp-cron.php?doing_wp_cron=1789364107.1730821132659912109375 HTTP/1.1" 200 - "-" "WordPress/7.1; https://lecocondalfred.fr"
157.245.242.243 - - [14/Sep/2026:07:35:06 +0200] "GET /.git/config HTTP/1.1" 404 138322 "-" "Mozilla/5.0 (Linux; Android 8.0.0; SM-J737A) AppleWebKit/537.36 (KHTML, like Gecko) Chrome/75.0.3770.143 Mobile Safari/537.36"
109.234.165.65 - - [14/Sep/2026:08:21:14 +0200] "POST /wp-cron.php?doing_wp_cron=1789366874.7429308891296386718750 HTTP/1.1" 200 - "-" "WordPress/7.1; https://lecocondalfred.fr"
216.24.219.138 - - [14/Sep/2026:08:21:09 +0200] "GET / HTTP/1.1" 301 - "-" "Mozilla/5.0 (Windows NT 10.0; Win64; x64) AppleWebKit/537.36 (KHTML, like Gecko) Chrome/95.0.4638.69 Safari/537.36"
52.141.45.117 - - [14/Sep/2026:08:37:15 +0200] "GET /wp-admin/css/ HTTP/1.1" 200 20531 "-" "-"
52.141.45.117 - - [14/Sep/2026:08:37:23 +0200] "GET /wp-admin/css/colors/modern/ HTTP/1.1" 200 1604 "-" "-"
52.141.45.117 - - [14/Sep/2026:08:37:24 +0200] "GET /wp-admin/css/colors/sunrise/ HTTP/1.1" 200 1606 "-" "-"
157.245.242.243 - - [14/Sep/2026:08:48:22 +0200] "GET /.git/config HTTP/1.1" 301 - "-" "iTunes/4.2 (Macintosh; U; PPC Mac OS X 10.2)"
173.239.240.87 - - [14/Sep/2026:08:52:32 +0200] "GET / HTTP/1.1" 301 - "-" "Mozilla/5.0 (Windows NT 10.0; Win64; x64) AppleWebKit/537.36 (KHTML, like Gecko) Chrome/95.0.4638.69 Safari/537.36"
109.234.165.65 - - [14/Sep/2026:09:02:00 +0200] "POST /wp-cron.php?doing_wp_cron=1789369320.7776861190795898437500 HTTP/1.1" 200 - "-" "WordPress/7.1; https://lecocondalfred.fr"
129.211.172.249 - - [14/Sep/2026:09:02:00 +0200] "GET / HTTP/1.1" 301 - "-" "Mozilla/5.0 (iPhone; CPU iPhone OS 13_2_3 like Mac OS X) AppleWebKit/605.1.15 (KHTML, like Gecko) Version/13.0.3 Mobile/15E148 Safari/604.1"
185.19.92.163 - - [14/Sep/2026:09:17:42 +0200] "GET / HTTP/1.1" 301 - "-" "Mozilla/5.0 (Windows NT 10.0; Win64; x64; rv:92.0) Gecko/20100101 Firefox/92.0"
39.194.3.66 - - [14/Sep/2026:09:17:43 +0200] "GET /wp-content/plugins/the-events-calendar/readme.txt HTTP/1.1" 200 27949 "-" "Mozilla/5.0 (Windows NT 10.0; Win64; x64) AppleWebKit/537.36 (KHTML, like Gecko) Chrome/126.0.0.0 Safari/537.36"
39.194.3.66 - - [14/Sep/2026:09:17:44 +0200] "GET /wp-content/plugins/the-events-calendar/src/Tribe/Views/V2/Widgets/Service_Provider.php HTTP/1.1" 500 - "-" "Mozilla/5.0 (Windows NT 10.0; Win64; x64) AppleWebKit/537.36 (KHTML, like Gecko) Chrome/126.0.0.0 Safari/537.36"
39.194.3.66 - - [14/Sep/2026:09:17:45 +0200] "GET /wp-json/tribe/events/v1/events?per_page=50&page=1&start_date=2000-01-01&end_date=2036-09-11 HTTP/1.1" 200 12742 "-" "Mozilla/5.0 (Windows NT 10.0; Win64; x64) AppleWebKit/537.36 (KHTML, like Gecko) Chrome/126.0.0.0 Safari/537.36"
39.194.3.66 - - [14/Sep/2026:09:17:46 +0200] "GET /wp-json/wp/v2/tribe_events?per_page=100&_fields=id,link,date HTTP/1.1" 200 2 "-" "Mozilla/5.0 (Windows NT 10.0; Win64; x64) AppleWebKit/537.36 (KHTML, like Gecko) Chrome/126.0.0.0 Safari/537.36"
39.194.3.66 - - [14/Sep/2026:09:17:47 +0200] "GET /events/ HTTP/1.1" 200 159726 "-" "Mozilla/5.0 (Windows NT 10.0; Win64; x64) AppleWebKit/537.36 (KHTML, like Gecko) Chrome/126.0.0.0 Safari/537.36"
109.234.165.65 - - [14/Sep/2026:09:37:13 +0200] "POST /wp-cron.php?doing_wp_cron=1789371433.5145730972290039062500 HTTP/1.1" 200 - "-" "WordPress/7.1; https://lecocondalfred.fr"
43.134.94.96 - - [14/Sep/2026:09:37:08 +0200] "GET / HTTP/1.1" 301 - "-" "Mozilla/5.0 (iPhone; CPU iPhone OS 13_2_3 like Mac OS X) AppleWebKit/605.1.15 (KHTML, like Gecko) Version/13.0.3 Mobile/15E148 Safari/604.1"
109.234.165.65 - - [14/Sep/2026:10:19:52 +0200] "POST /wp-cron.php?doing_wp_cron=1789373992.5394949913024902343750 HTTP/1.1" 200 - "-" "WordPress/7.1; https://lecocondalfred.fr"
46.224.156.27 - - [14/Sep/2026:10:19:52 +0200] "GET / HTTP/1.1" 301 - "-" "Mozilla/5.0 (Windows NT 10.0; Win64; x64) AppleWebKit/537.36 (KHTML, like Gecko) Chrome/134.0.0.0 Safari/537.36 Trailer/93.3.8652.5"
109.234.165.65 - - [14/Sep/2026:10:48:54 +0200] "POST /wp-cron.php?doing_wp_cron=1789375734.2374160289764404296875 HTTP/1.1" 200 - "-" "WordPress/7.1; https://lecocondalfred.fr"
150.109.10.41 - - [14/Sep/2026:10:48:52 +0200] "GET / HTTP/1.1" 301 - "-" "Mozilla/5.0 (iPhone; CPU iPhone OS 13_2_3 like Mac OS X) AppleWebKit/605.1.15 (KHTML, like Gecko) Version/13.0.3 Mobile/15E148 Safari/604.1"
109.234.165.65 - - [14/Sep/2026:11:31:20 +0200] "POST /wp-cron.php?doing_wp_cron=1789378280.7463479042053222656250 HTTP/1.1" 200 - "-" "WordPress/7.1; https://lecocondalfred.fr"
24.66.208.32 - - [14/Sep/2026:11:31:20 +0200] "GET / HTTP/1.1" 301 - "-" "Mozilla/5.0 (Windows NT 10.0; Win64; x64) AppleWebKit/537.36 (KHTML, like Gecko) Chrome/130.0.0.0 Safari/537.36"
24.66.208.32 - - [14/Sep/2026:11:31:21 +0200] "GET / HTTP/1.1" 301 - "-" "Mozilla/5.0 (Windows NT 10.0; Win64; x64) AppleWebKit/537.36 (KHTML, like Gecko) Chrome/130.0.0.0 Safari/537.36"
109.234.165.65 - - [14/Sep/2026:12:04:41 +0200] "POST /wp-cron.php?doing_wp_cron=1789380281.7250859737396240234375 HTTP/1.1" 200 - "-" "WordPress/7.1; https://lecocondalfred.fr"
205.210.31.182 - - [14/Sep/2026:12:04:41 +0200] "GET / HTTP/1.1" 301 - "-" "Hello from Palo Alto Networks, find out more about our scans in https://docs-cortex.paloaltonetworks.com/r/1/Cortex-Xpanse/Scanning-activity"
45.138.12.13 - - [14/Sep/2026:12:33:15 +0200] "GET /.git/HEAD HTTP/1.1" 404 138252 "-" "Mozilla/5.0 (Windows NT 10.0; Win64; x64) AppleWebKit/537.36 (KHTML, like Gecko) Chrome/116.0.0.0 Safari/537.36"
45.138.12.13 - - [14/Sep/2026:12:33:17 +0200] "GET /.svn/wc.db HTTP/1.1" 404 138256 "-" "Mozilla/5.0 (Windows NT 10.0; Win64; x64) AppleWebKit/537.36 (KHTML, like Gecko) Chrome/116.0.0.0 Safari/537.36"
45.138.12.13 - - [14/Sep/2026:12:33:17 +0200] "GET /.svn/entries HTTP/1.1" 404 138256 "-" "Mozilla/5.0 (Windows NT 10.0; Win64; x64) AppleWebKit/537.36 (KHTML, like Gecko) Chrome/116.0.0.0 Safari/537.36"
109.234.165.65 - - [14/Sep/2026:12:54:52 +0200] "POST /wp-cron.php?doing_wp_cron=1789383292.9125339984893798828125 HTTP/1.1" 200 - "-" "WordPress/7.1; https://lecocondalfred.fr"
144.172.114.51 - - [14/Sep/2026:12:54:51 +0200] "GET / HTTP/1.1" 301 - "-" "Mozilla/5.0 (Windows NT 10.0; Win64; x64) AppleWebKit/537.36"
42.193.171.36 - - [14/Sep/2026:13:00:56 +0200] "GET / HTTP/1.1" 301 - "https://m.baidu.com/s?word=www.qgxsyg.cn" "Mozilla/5.0 (Linux; Android 9; MI 6 Build/PKQ1.190118.001; wv) AppleWebKit/537.36 (KHTML, like Gecko) Version/4.0 Chrome/76.0.3809.89 Mobile Safari/537.36 T7/11.19 SP-engine/2.14.0 baiduboxapp/11.19.0.0 (Baidu; P1 9)"
173.252.87.6 - - [14/Sep/2026:13:07:54 +0200] "GET /robots.txt HTTP/1.1" 301 - "-" "facebookexternalhit/1.1 (+http://www.facebook.com/externalhit_uatext.php)"
109.234.165.65 - - [14/Sep/2026:13:07:56 +0200] "POST /wp-cron.php?doing_wp_cron=1789384076.2148890495300292968750 HTTP/1.1" 200 - "-" "WordPress/7.1; https://lecocondalfred.fr"
173.252.87.6 - - [14/Sep/2026:13:07:55 +0200] "GET /robots.txt HTTP/1.1" 200 175 "-" "facebookexternalhit/1.1 (+http://www.facebook.com/externalhit_uatext.php)"
14.192.214.30 - - [14/Sep/2026:13:15:48 +0200] "GET /wp-content/plugins/the-events-calendar/readme.txt HTTP/1.1" 200 27949 "-" "Mozilla/5.0 (Windows NT 10.0; Win64; x64) AppleWebKit/537.36 (KHTML, like Gecko) Chrome/124.0 Safari/537.36"
14.192.214.30 - - [14/Sep/2026:13:15:48 +0200] "GET /wp-json/tribe/events/v1/events?per_page=50 HTTP/1.1" 200 212 "-" "Mozilla/5.0 (Windows NT 10.0; Win64; x64) AppleWebKit/537.36 (KHTML, like Gecko) Chrome/124.0 Safari/537.36"
14.192.214.30 - - [14/Sep/2026:13:15:49 +0200] "GET /wp-json/tribe/events/v1/events?per_page=50&start_date=2000-01-01 HTTP/1.1" 200 12742 "-" "Mozilla/5.0 (Windows NT 10.0; Win64; x64) AppleWebKit/537.36 (KHTML, like Gecko) Chrome/124.0 Safari/537.36"
14.192.214.30 - - [14/Sep/2026:13:15:50 +0200] "GET /wp-json/wp/v2/tribe_events?per_page=50&_fields=id,link,comment_status HTTP/1.1" 200 2 "-" "Mozilla/5.0 (Windows NT 10.0; Win64; x64) AppleWebKit/537.36 (KHTML, like Gecko) Chrome/124.0 Safari/537.36"
14.192.214.30 - - [14/Sep/2026:13:15:52 +0200] "POST /wp-comments-post.php HTTP/1.1" 404 138264 "-" "Mozilla/5.0 (Windows NT 10.0; Win64; x64) AppleWebKit/537.36 (KHTML, like Gecko) Chrome/124.0 Safari/537.36"
137.131.43.163 - - [14/Sep/2026:13:18:58 +0200] "GET / HTTP/1.1" 301 - "-" "Mozilla/5.0 (Windows NT 10.0; Win64; x64) AppleWebKit/537.36 (KHTML, like Gecko) Chrome/80.0.3987.149 Safari/537.36"
43.161.234.148 - - [14/Sep/2026:14:00:56 +0200] "GET / HTTP/1.1" 301 - "-" "Mozilla/5.0 (iPhone; CPU iPhone OS 13_2_3 like Mac OS X) AppleWebKit/605.1.15 (KHTML, like Gecko) Version/13.0.3 Mobile/15E148 Safari/604.1"
109.234.165.65 - - [14/Sep/2026:14:31:16 +0200] "POST /wp-cron.php?doing_wp_cron=1789389076.0384058952331542968750 HTTP/1.1" 200 - "-" "WordPress/7.1; https://lecocondalfred.fr"
137.131.43.163 - - [14/Sep/2026:14:31:15 +0200] "GET / HTTP/1.1" 301 - "-" "Mozilla/5.0 (Windows NT 10.0; Win64; x64) AppleWebKit/537.36 (KHTML, like Gecko) Chrome/80.0.3987.149 Safari/537.36"
68.67.113.17 - - [14/Sep/2026:14:40:21 +0200] "GET /.git/HEAD HTTP/1.1" 404 138252 "-" "Mozilla/5.0 (Windows NT 10.0; Win64; x64) AppleWebKit/537.36"
109.234.165.65 - - [14/Sep/2026:14:49:12 +0200] "POST /wp-cron.php?doing_wp_cron=1789390152.6525969505310058593750 HTTP/1.1" 200 - "-" "WordPress/7.1; https://lecocondalfred.fr"
49.51.195.195 - - [14/Sep/2026:14:49:12 +0200] "GET / HTTP/1.1" 301 - "-" "Mozilla/5.0 (iPhone; CPU iPhone OS 13_2_3 like Mac OS X) AppleWebKit/605.1.15 (KHTML, like Gecko) Version/13.0.3 Mobile/15E148 Safari/604.1"
109.234.165.65 - - [14/Sep/2026:15:22:59 +0200] "POST /wp-cron.php?doing_wp_cron=1789392179.6381371021270751953125 HTTP/1.1" 200 - "-" "WordPress/7.1; https://lecocondalfred.fr"
109.172.92.126 - - [14/Sep/2026:15:22:54 +0200] "GET / HTTP/1.1" 301 - "-" "Mozilla/5.0 (X11; Linux x86_64) AppleWebKit/536.5 (KHTML, like Gecko) Chrome/19.0.1084.9 Safari/536.5"
109.234.165.65 - - [14/Sep/2026:15:25:19 +0200] "POST /wp-cron.php?doing_wp_cron=1789392319.4656438827514648437500 HTTP/1.1" 200 - "-" "WordPress/7.1; https://lecocondalfred.fr"
216.244.66.248 - - [14/Sep/2026:15:25:13 +0200] "GET /robots.txt HTTP/1.1" 200 175 "-" "Mozilla/5.0 (compatible; DotBot/1.2; +https://opensiteexplorer.org/dotbot; help@moz.com)"
216.244.66.248 - - [14/Sep/2026:15:26:22 +0200] "GET / HTTP/1.1" 301 - "-" "Mozilla/5.0 (compatible; DotBot/1.2; +https://opensiteexplorer.org/dotbot; help@moz.com)"
109.234.165.65 - - [14/Sep/2026:15:29:13 +0200] "POST /wp-cron.php?doing_wp_cron=1789392553.0627610683441162109375 HTTP/1.1" 200 - "-" "WordPress/7.1; https://lecocondalfred.fr"
18.216.114.83 - - [14/Sep/2026:15:29:12 +0200] "GET / HTTP/1.1" 301 - "-" "Go-http-client/1.1"
18.216.114.83 - - [14/Sep/2026:15:29:13 +0200] "GET /wp-includes/css/buttons.css HTTP/1.1" 200 13059 "-" "Go-http-client/1.1"
175.27.136.83 - - [14/Sep/2026:15:43:23 +0200] "GET / HTTP/1.1" 301 - "-" "Mozilla/5.0 (iPhone; CPU iPhone OS 13_2_3 like Mac OS X) AppleWebKit/605.1.15 (KHTML, like Gecko) Version/13.0.3 Mobile/15E148 Safari/604.1"
109.234.165.65 - - [14/Sep/2026:16:20:24 +0200] "POST /wp-cron.php?doing_wp_cron=1789395624.4191720485687255859375 HTTP/1.1" 200 - "-" "WordPress/7.1; https://lecocondalfred.fr"
169.58.235.29 - - [14/Sep/2026:16:20:23 +0200] "GET / HTTP/1.1" 301 - "-" "Mozilla/5.0 (X11; Linux x86_64; rv:127.0) Gecko/20100101 Firefox/127.0"
109.234.165.65 - - [14/Sep/2026:16:45:09 +0200] "POST /wp-cron.php?doing_wp_cron=1789397109.1270430088043212890625 HTTP/1.1" 200 - "-" "WordPress/7.1; https://lecocondalfred.fr"
185.253.162.20 - - [14/Sep/2026:16:45:08 +0200] "GET /xmlrpc.php HTTP/1.1" 404 138252 "-" "Mozilla/5.0 (Windows NT 10.0; Win64; x64; rv:121.0) Gecko/20100101 Firefox/121.0"
109.234.165.65 - - [14/Sep/2026:17:09:04 +0200] "POST /wp-cron.php?doing_wp_cron=1789398544.1582150459289550781250 HTTP/1.1" 200 - "-" "WordPress/7.1; https://lecocondalfred.fr"
34.138.46.193 - - [14/Sep/2026:17:09:03 +0200] "GET / HTTP/1.1" 301 - "-" "Mozilla/5.0 (compatible; CMS-Checker/1.0; +https://example.com)"
191.124.63.161 - - [14/Sep/2026:17:14:28 +0200] "GET /wp-content/plugins/the-events-calendar/readme.txt HTTP/1.1" 200 27949 "-" "Mozilla/5.0 (Macintosh; Intel Mac OS X 14_5) AppleWebKit/605.1.15 (KHTML, like Gecko) Version/17.4.1 Safari/605.1.15"
191.124.63.161 - - [14/Sep/2026:17:14:30 +0200] "GET /wp-json/wp/v2/tribe_events?per_page=30&status=publish&orderby=date&order=desc HTTP/1.1" 200 2 "-" "Mozilla/5.0 (Macintosh; Intel Mac OS X 14_5) AppleWebKit/605.1.15 (KHTML, like Gecko) Version/17.4.1 Safari/605.1.15"
191.124.63.161 - - [14/Sep/2026:17:14:31 +0200] "GET /wp-json/wp/v2/tribe_events?per_page=30&status=publish&orderby=date&order=asc HTTP/1.1" 200 2 "-" "Mozilla/5.0 (Macintosh; Intel Mac OS X 14_5) AppleWebKit/605.1.15 (KHTML, like Gecko) Version/17.4.1 Safari/605.1.15"
191.124.63.161 - - [14/Sep/2026:17:14:32 +0200] "GET /wp-json/wp/v2/tribe_events?per_page=30&status=publish&orderby=modified&order=desc HTTP/1.1" 200 2 "-" "Mozilla/5.0 (Macintosh; Intel Mac OS X 14_5) AppleWebKit/605.1.15 (KHTML, like Gecko) Version/17.4.1 Safari/605.1.15"
191.124.63.161 - - [14/Sep/2026:17:14:33 +0200] "GET /wp-json/tribe/events/v1/events?per_page=50 HTTP/1.1" 200 212 "-" "Mozilla/5.0 (Macintosh; Intel Mac OS X 14_5) AppleWebKit/605.1.15 (KHTML, like Gecko) Version/17.4.1 Safari/605.1.15"
191.124.63.161 - - [14/Sep/2026:17:14:34 +0200] "GET /wp-json/tribe/events/v1/events?per_page=50&start_date=2020-01-01 HTTP/1.1" 200 12742 "-" "Mozilla/5.0 (Macintosh; Intel Mac OS X 14_5) AppleWebKit/605.1.15 (KHTML, like Gecko) Version/17.4.1 Safari/605.1.15"
191.124.63.161 - - [14/Sep/2026:17:14:36 +0200] "GET /events/ HTTP/1.1" 200 159726 "-" "Mozilla/5.0 (Macintosh; Intel Mac OS X 14_5) AppleWebKit/605.1.15 (KHTML, like Gecko) Version/17.4.1 Safari/605.1.15"
191.124.63.161 - - [14/Sep/2026:17:14:40 +0200] "GET /events/list/ HTTP/1.1" 200 159572 "-" "Mozilla/5.0 (Macintosh; Intel Mac OS X 14_5) AppleWebKit/605.1.15 (KHTML, like Gecko) Version/17.4.1 Safari/605.1.15"
191.124.63.161 - - [14/Sep/2026:17:14:45 +0200] "GET /events/past/ HTTP/1.1" 404 138260 "-" "Mozilla/5.0 (Macintosh; Intel Mac OS X 14_5) AppleWebKit/605.1.15 (KHTML, like Gecko) Version/17.4.1 Safari/605.1.15"
191.124.63.161 - - [14/Sep/2026:17:14:49 +0200] "GET /events/month/ HTTP/1.1" 200 159734 "-" "Mozilla/5.0 (Macintosh; Intel Mac OS X 14_5) AppleWebKit/605.1.15 (KHTML, like Gecko) Version/17.4.1 Safari/605.1.15"
191.124.63.161 - - [14/Sep/2026:17:14:55 +0200] "GET /tribe_events/ HTTP/1.1" 404 138260 "-" "Mozilla/5.0 (Macintosh; Intel Mac OS X 14_5) AppleWebKit/605.1.15 (KHTML, like Gecko) Version/17.4.1 Safari/605.1.15"
191.124.63.161 - - [14/Sep/2026:17:14:59 +0200] "GET /calendario/ HTTP/1.1" 404 138256 "-" "Mozilla/5.0 (Macintosh; Intel Mac OS X 14_5) AppleWebKit/605.1.15 (KHTML, like Gecko) Version/17.4.1 Safari/605.1.15"
109.234.165.65 - - [14/Sep/2026:17:15:03 +0200] "POST /wp-cron.php?doing_wp_cron=1789398903.2916550636291503906250 HTTP/1.1" 200 - "-" "WordPress/7.1; https://lecocondalfred.fr"
191.124.63.161 - - [14/Sep/2026:17:15:02 +0200] "GET /evenementen/ HTTP/1.1" 404 138256 "-" "Mozilla/5.0 (Macintosh; Intel Mac OS X 14_5) AppleWebKit/605.1.15 (KHTML, like Gecko) Version/17.4.1 Safari/605.1.15"
109.234.165.65 - - [14/Sep/2026:17:15:07 +0200] "POST /wp-cron.php?doing_wp_cron=1789398907.4510009288787841796875 HTTP/1.1" 200 - "-" "WordPress/7.1; https://lecocondalfred.fr"
191.124.63.161 - - [14/Sep/2026:17:15:06 +0200] "GET /eventos/ HTTP/1.1" 404 138252 "-" "Mozilla/5.0 (Macintosh; Intel Mac OS X 14_5) AppleWebKit/605.1.15 (KHTML, like Gecko) Version/17.4.1 Safari/605.1.15"
191.124.63.161 - - [14/Sep/2026:17:15:10 +0200] "GET /?post_type=tribe_events HTTP/1.1" 200 159624 "-" "Mozilla/5.0 (Macintosh; Intel Mac OS X 14_5) AppleWebKit/605.1.15 (KHTML, like Gecko) Version/17.4.1 Safari/605.1.15"
191.124.63.161 - - [14/Sep/2026:17:15:14 +0200] "GET /wp-sitemap-posts-tribe_events-1.xml HTTP/1.1" 301 - "-" "Mozilla/5.0 (Macintosh; Intel Mac OS X 14_5) AppleWebKit/605.1.15 (KHTML, like Gecko) Version/17.4.1 Safari/605.1.15"
191.124.63.161 - - [14/Sep/2026:17:15:18 +0200] "GET /wp-sitemap-posts-tribe_events-2.xml HTTP/1.1" 301 - "-" "Mozilla/5.0 (Macintosh; Intel Mac OS X 14_5) AppleWebKit/605.1.15 (KHTML, like Gecko) Version/17.4.1 Safari/605.1.15"
191.124.63.161 - - [14/Sep/2026:17:15:20 +0200] "GET /tribe_events-sitemap.xml HTTP/1.1" 200 1216 "-" "Mozilla/5.0 (Macintosh; Intel Mac OS X 14_5) AppleWebKit/605.1.15 (KHTML, like Gecko) Version/17.4.1 Safari/605.1.15"
191.124.63.161 - - [14/Sep/2026:17:15:21 +0200] "GET /event-sitemap.xml HTTP/1.1" 404 145930 "-" "Mozilla/5.0 (Macintosh; Intel Mac OS X 14_5) AppleWebKit/605.1.15 (KHTML, like Gecko) Version/17.4.1 Safari/605.1.15"
191.124.63.161 - - [14/Sep/2026:17:15:25 +0200] "GET /sitemap.xml HTTP/1.1" 404 145922 "-" "Mozilla/5.0 (Macintosh; Intel Mac OS X 14_5) AppleWebKit/605.1.15 (KHTML, like Gecko) Version/17.4.1 Safari/605.1.15"
191.124.63.161 - - [14/Sep/2026:17:15:29 +0200] "GET /post-sitemap.xml HTTP/1.1" 200 33907 "-" "Mozilla/5.0 (Macintosh; Intel Mac OS X 14_5) AppleWebKit/605.1.15 (KHTML, like Gecko) Version/17.4.1 Safari/605.1.15"
191.124.63.161 - - [14/Sep/2026:17:15:30 +0200] "GET /events/feed/ HTTP/1.1" 200 1312 "-" "Mozilla/5.0 (Macintosh; Intel Mac OS X 14_5) AppleWebKit/605.1.15 (KHTML, like Gecko) Version/17.4.1 Safari/605.1.15"
191.124.63.161 - - [14/Sep/2026:17:15:31 +0200] "GET /feed/?post_type=tribe_events HTTP/1.1" 200 1328 "-" "Mozilla/5.0 (Macintosh; Intel Mac OS X 14_5) AppleWebKit/605.1.15 (KHTML, like Gecko) Version/17.4.1 Safari/605.1.15"
176.165.62.138 - - [14/Sep/2026:17:16:03 +0200] "GET / HTTP/1.1" 301 - "-" "Mozilla/5.0 (compatible; AFDecouverte/1.0; +https://af-developpement.com)"
109.234.165.65 - - [14/Sep/2026:17:39:15 +0200] "POST /wp-cron.php?doing_wp_cron=1789400355.5282011032104492187500 HTTP/1.1" 200 - "-" "WordPress/7.1; https://lecocondalfred.fr"
205.210.31.144 - - [14/Sep/2026:17:39:15 +0200] "GET / HTTP/1.1" 301 - "-" "Hello from Palo Alto Networks, find out more about our scans in https://docs-cortex.paloaltonetworks.com/r/1/Cortex-Xpanse/Scanning-activity"
109.234.165.65 - - [14/Sep/2026:17:41:19 +0200] "POST /wp-cron.php?doing_wp_cron=1789400479.7351989746093750000000 HTTP/1.1" 200 - "-" "WordPress/7.1; https://lecocondalfred.fr"
35.185.83.192 - - [14/Sep/2026:17:41:19 +0200] "GET / HTTP/1.1" 301 - "-" "Mozilla/5.0 (compatible; CMS-Checker/1.0; +https://example.com)"
109.234.165.65 - - [14/Sep/2026:17:47:19 +0200] "POST /wp-cron.php?doing_wp_cron=1789400839.5700368881225585937500 HTTP/1.1" 200 - "-" "WordPress/7.1; https://lecocondalfred.fr"
20.191.45.212 - - [14/Sep/2026:17:47:14 +0200] "GET / HTTP/1.1" 301 - "-" "DuckDuckBot/1.1; (+http://duckduckgo.com/duckduckbot.html)"
20.191.45.212 - - [14/Sep/2026:17:47:19 +0200] "GET /favicon.ico HTTP/1.1" 302 - "-" "DuckDuckBot/1.1; (+http://duckduckgo.com/duckduckbot.html)"
34.138.46.193 - - [14/Sep/2026:17:47:23 +0200] "GET / HTTP/1.1" 301 - "-" "Mozilla/5.0 (Windows NT 10.0; Win64; x64) AppleWebKit/537.36 (KHTML, like Gecko) Chrome/78.0.3904.108 Safari/537.36"
43.166.131.228 - - [14/Sep/2026:18:11:00 +0200] "GET / HTTP/1.1" 301 - "-" "Mozilla/5.0 (iPhone; CPU iPhone OS 13_2_3 like Mac OS X) AppleWebKit/605.1.15 (KHTML, like Gecko) Version/13.0.3 Mobile/15E148 Safari/604.1"
109.234.165.65 - - [14/Sep/2026:18:15:45 +0200] "POST /wp-cron.php?doing_wp_cron=1789402545.4580850601196289062500 HTTP/1.1" 200 - "-" "WordPress/7.1; https://lecocondalfred.fr"
119.249.100.111 - - [14/Sep/2026:18:15:44 +0200] "GET /robots.txt HTTP/1.1" 301 - "-" "Mozilla/5.0 (Windows NT 10.0; WOW64) AppleWebKit/537.36 (KHTML, like Gecko) Chrome/48.0.2564.116 Safari/537.36"
119.249.100.173 - - [14/Sep/2026:18:15:45 +0200] "GET /robots.txt HTTP/1.1" 200 175 "-" "Mozilla/5.0 (Windows NT 10.0; WOW64) AppleWebKit/537.36 (KHTML, like Gecko) Chrome/48.0.2564.116 Safari/537.36"
220.181.108.84 - - [14/Sep/2026:18:19:04 +0200] "GET / HTTP/1.1" 301 - "-" "Mozilla/5.0 (compatible; Baiduspider/2.0; +http://www.baidu.com/search/spider.html)"
109.234.165.65 - - [14/Sep/2026:18:21:59 +0200] "POST /wp-cron.php?doing_wp_cron=1789402919.1686611175537109375000 HTTP/1.1" 200 - "-" "WordPress/7.1; https://lecocondalfred.fr"
