82.102.18.126 - - [14/Sep/2026:19:58:32 +0200] "GET /wp-includes/js/dist/script-modules/a11y/ HTTP/1.1" 200 1344 "-" "-"
82.102.18.126 - - [14/Sep/2026:19:58:32 +0200] "GET /wp-includes/js/dist/script-modules/abilities/ HTTP/1.1" 200 293170 "-" "-"
82.102.18.126 - - [14/Sep/2026:19:58:32 +0200] "GET /wp-includes/js/dist/script-modules/block-editor/ HTTP/1.1" 200 928 "-" "-"
82.102.18.126 - - [14/Sep/2026:19:58:32 +0200] "GET /wp-includes/js/dist/script-modules/block-editor//wp-includes/js/dist/script-modules/ HTTP/1.1" 200 5783 "-" "-"
82.102.18.126 - - [14/Sep/2026:19:58:32 +0200] "GET /wp-includes/js/dist/script-modules/block-editor/utils/ HTTP/1.1" 200 1364 "-" "-"
82.102.18.126 - - [14/Sep/2026:19:58:32 +0200] "GET /wp-includes/js/dist/script-modules/block-editor/utils//wp-includes/js/dist/script-modules/block-editor/ HTTP/1.1" 200 5783 "-" "-"
82.102.18.126 - - [14/Sep/2026:19:58:33 +0200] "GET /wp-includes/js/dist/script-modules/block-library/ HTTP/1.1" 200 2332 "-" "-"
82.102.18.126 - - [14/Sep/2026:19:58:33 +0200] "GET /wp-includes/js/dist/script-modules/block-library//wp-includes/js/dist/script-modules/ HTTP/1.1" 200 5783 "-" "-"
82.102.18.126 - - [14/Sep/2026:19:58:33 +0200] "GET /wp-includes/js/dist/script-modules/block-library/accordion/ HTTP/1.1" 200 1330 "-" "-"
108.132.131.207 - - [14/Sep/2026:19:58:33 +0200] "GET /robots.txt?action=edit&file=shortcodes.php&path=%2Fhome2%2Fsc1juliebave%2Flecocondalfred.fr%2Fwp-includes HTTP/1.1" 200 27164 "http://lecocondalfred.fr/robots.txt?path=%2Fhome2%2Fsc1juliebave%2Flecocondalfred.fr%2Fwp-includes" "Mozilla/5.0 (Macintosh; Intel Mac OS X 10_15_5) AppleWebKit/537.36 (KHTML, like Gecko) Chrome/83.0.4103.61 Safari/537.36"
82.102.18.126 - - [14/Sep/2026:19:58:34 +0200] "GET /wp-includes/js/dist/script-modules/block-library/accordion//wp-includes/js/dist/script-modules/block-library/ HTTP/1.1" 200 5783 "-" "-"
82.102.18.126 - - [14/Sep/2026:19:58:34 +0200] "GET /wp-includes/js/dist/script-modules/block-library/file/ HTTP/1.1" 200 1320 "-" "-"
82.102.18.126 - - [14/Sep/2026:19:58:34 +0200] "GET /wp-includes/js/dist/script-modules/block-library/file//wp-includes/js/dist/script-modules/block-library/ HTTP/1.1" 200 5783 "-" "-"
82.102.18.126 - - [14/Sep/2026:19:58:35 +0200] "GET /wp-includes/js/dist/script-modules/block-library/form/ HTTP/1.1" 200 1320 "-" "-"
82.102.18.126 - - [14/Sep/2026:19:58:35 +0200] "GET /wp-includes/js/dist/script-modules/block-library/form//wp-includes/js/dist/script-modules/block-library/ HTTP/1.1" 200 5783 "-" "-"
82.102.18.126 - - [14/Sep/2026:19:58:35 +0200] "GET /wp-includes/js/dist/script-modules/block-library/image/ HTTP/1.1" 200 1322 "-" "-"
82.102.18.126 - - [14/Sep/2026:19:58:35 +0200] "GET /wp-includes/js/dist/script-modules/block-library/image//wp-includes/js/dist/script-modules/block-library/ HTTP/1.1" 200 5783 "-" "-"
82.102.18.126 - - [14/Sep/2026:19:58:36 +0200] "GET /wp-includes/js/dist/script-modules/block-library/navigation/ HTTP/1.1" 200 1332 "-" "-"
82.102.18.126 - - [14/Sep/2026:19:58:36 +0200] "GET /wp-includes/js/dist/script-modules/block-library/navigation//wp-includes/js/dist/script-modules/block-library/ HTTP/1.1" 200 5783 "-" "-"
82.102.18.126 - - [14/Sep/2026:19:58:37 +0200] "GET /wp-includes/js/dist/script-modules/block-library/playlist/ HTTP/1.1" 200 1328 "-" "-"
82.102.18.126 - - [14/Sep/2026:19:58:37 +0200] "GET /wp-includes/js/dist/script-modules/block-library/playlist//wp-includes/js/dist/script-modules/block-library/ HTTP/1.1" 200 5783 "-" "-"
82.102.18.126 - - [14/Sep/2026:19:58:38 +0200] "GET /wp-includes/js/dist/script-modules/block-library/query/ HTTP/1.1" 200 1322 "-" "-"
108.132.131.207 - - [14/Sep/2026:19:58:37 +0200] "GET /robots.txt?action=edit&file=sitemaps.php&path=%2Fhome2%2Fsc1juliebave%2Flecocondalfred.fr%2Fwp-includes HTTP/1.1" 200 4920 "http://lecocondalfred.fr/robots.txt?path=%2Fhome2%2Fsc1juliebave%2Flecocondalfred.fr%2Fwp-includes" "Mozilla/5.0 (Macintosh; Intel Mac OS X 10_15_5) AppleWebKit/537.36 (KHTML, like Gecko) Chrome/83.0.4103.61 Safari/537.36"
82.102.18.126 - - [14/Sep/2026:19:58:38 +0200] "GET /wp-includes/js/dist/script-modules/block-library/query//wp-includes/js/dist/script-modules/block-library/ HTTP/1.1" 200 5783 "-" "-"
82.102.18.126 - - [14/Sep/2026:19:58:38 +0200] "GET /wp-includes/js/dist/script-modules/block-library/search/ HTTP/1.1" 200 1324 "-" "-"
82.102.18.126 - - [14/Sep/2026:19:58:38 +0200] "GET /wp-includes/js/dist/script-modules/block-library/search//wp-includes/js/dist/script-modules/block-library/ HTTP/1.1" 200 5783 "-" "-"
82.102.18.126 - - [14/Sep/2026:19:58:39 +0200] "GET /wp-includes/js/dist/script-modules/block-library/tabs/ HTTP/1.1" 200 1320 "-" "-"
82.102.18.126 - - [14/Sep/2026:19:58:39 +0200] "GET /wp-includes/js/dist/script-modules/block-library/tabs//wp-includes/js/dist/script-modules/block-library/ HTTP/1.1" 200 5783 "-" "-"
82.102.18.126 - - [14/Sep/2026:19:58:39 +0200] "GET /wp-includes/js/dist/script-modules/boot/ HTTP/1.1" 200 411727 "-" "-"
82.102.18.126 - - [14/Sep/2026:19:58:40 +0200] "GET /wp-includes/js/dist/script-modules/connectors/ HTTP/1.1" 200 14552 "-" "-"
82.102.18.126 - - [14/Sep/2026:19:58:40 +0200] "GET /wp-includes/js/dist/script-modules/content-types/ HTTP/1.1" 200 1468835 "-" "-"
82.102.18.126 - - [14/Sep/2026:19:58:40 +0200] "GET /wp-includes/js/dist/script-modules/core-abilities/ HTTP/1.1" 200 4266 "-" "-"
82.102.18.126 - - [14/Sep/2026:19:58:40 +0200] "GET /wp-includes/js/dist/script-modules/dashboard-init/ HTTP/1.1" 200 2512 "-" "-"
82.102.18.126 - - [14/Sep/2026:19:58:40 +0200] "GET /wp-includes/js/dist/script-modules/edit-site-init/ HTTP/1.1" 200 7005 "-" "-"
82.102.18.126 - - [14/Sep/2026:19:58:40 +0200] "GET /wp-includes/js/dist/script-modules/interactivity-router/ HTTP/1.1" 200 45127 "-" "-"
82.102.18.126 - - [14/Sep/2026:19:58:40 +0200] "GET /wp-includes/js/dist/script-modules/interactivity/ HTTP/1.1" 200 104409 "-" "-"
82.102.18.126 - - [14/Sep/2026:19:58:40 +0200] "GET /wp-includes/js/dist/script-modules/latex-to-mathml/ HTTP/1.1" 200 366698 "-" "-"
82.102.18.126 - - [14/Sep/2026:19:58:40 +0200] "GET /wp-includes/js/dist/script-modules/lazy-editor/ HTTP/1.1" 200 101018 "-" "-"
82.102.18.126 - - [14/Sep/2026:19:58:40 +0200] "GET /wp-includes/js/dist/script-modules/route/ HTTP/1.1" 200 186058 "-" "-"
82.102.18.126 - - [14/Sep/2026:19:58:40 +0200] "GET /wp-includes/js/dist/script-modules/video-conversion/ HTTP/1.1" 200 1677 "-" "-"
82.102.18.126 - - [14/Sep/2026:19:58:40 +0200] "GET /wp-includes/js/dist/script-modules/video-conversion//wp-includes/js/dist/script-modules/ HTTP/1.1" 200 5783 "-" "-"
82.102.18.126 - - [14/Sep/2026:19:58:41 +0200] "GET /wp-includes/js/dist/script-modules/vips/ HTTP/1.1" 200 1476 "-" "-"
82.102.18.126 - - [14/Sep/2026:19:58:41 +0200] "GET /wp-includes/js/dist/script-modules/vips//wp-includes/js/dist/script-modules/ HTTP/1.1" 200 5783 "-" "-"
108.132.131.207 - - [14/Sep/2026:19:58:42 +0200] "GET /robots.txt?action=edit&file=speculative-loading.php&path=%2Fhome2%2Fsc1juliebave%2Flecocondalfred.fr%2Fwp-includes HTTP/1.1" 200 14864 "http://lecocondalfred.fr/robots.txt?path=%2Fhome2%2Fsc1juliebave%2Flecocondalfred.fr%2Fwp-includes" "Mozilla/5.0 (Macintosh; Intel Mac OS X 10_15_5) AppleWebKit/537.36 (KHTML, like Gecko) Chrome/83.0.4103.61 Safari/537.36"
82.102.18.126 - - [14/Sep/2026:19:58:42 +0200] "GET /wp-includes/js/dist/script-modules/workflow/ HTTP/1.1" 200 112723 "-" "-"
82.102.18.126 - - [14/Sep/2026:19:58:42 +0200] "GET /wp-includes/js/dist/vendor/ HTTP/1.1" 200 6784 "-" "-"
82.102.18.126 - - [14/Sep/2026:19:58:42 +0200] "GET /wp-includes/js/dist/vendor//wp-includes/js/dist/ HTTP/1.1" 200 5783 "-" "-"
82.102.18.126 - - [14/Sep/2026:19:58:43 +0200] "GET /wp-includes/js/imgareaselect/ HTTP/1.1" 200 1640 "-" "-"
82.102.18.126 - - [14/Sep/2026:19:58:43 +0200] "GET /wp-includes/js/imgareaselect//wp-includes/js/ HTTP/1.1" 200 5783 "-" "-"
82.102.18.126 - - [14/Sep/2026:19:58:43 +0200] "GET /wp-includes/js/jcrop/ HTTP/1.1" 200 1232 "-" "-"
82.102.18.126 - - [14/Sep/2026:19:58:43 +0200] "GET /wp-includes/js/jcrop//wp-includes/js/ HTTP/1.1" 200 5783 "-" "-"
82.102.18.126 - - [14/Sep/2026:19:58:44 +0200] "GET /wp-includes/js/jquery/ HTTP/1.1" 200 4213 "-" "-"
82.102.18.126 - - [14/Sep/2026:19:58:44 +0200] "GET /wp-includes/js/jquery//wp-includes/js/ HTTP/1.1" 200 5783 "-" "-"
82.102.18.126 - - [14/Sep/2026:19:58:44 +0200] "GET /wp-includes/js/jquery/ui/ HTTP/1.1" 200 14223 "-" "-"
82.102.18.126 - - [14/Sep/2026:19:58:45 +0200] "GET /wp-includes/js/jquery/ui//wp-includes/js/jquery/ HTTP/1.1" 200 5783 "-" "-"
82.102.18.126 - - [14/Sep/2026:19:58:45 +0200] "GET /wp-includes/js/mediaelement/ HTTP/1.1" 200 4312 "-" "-"
82.102.18.126 - - [14/Sep/2026:19:58:45 +0200] "GET /wp-includes/js/mediaelement//wp-includes/js/ HTTP/1.1" 200 5783 "-" "-"
82.102.18.126 - - [14/Sep/2026:19:58:46 +0200] "GET /wp-includes/js/mediaelement/renderers/ HTTP/1.1" 200 1083 "-" "-"
108.132.131.207 - - [14/Sep/2026:19:58:46 +0200] "GET /robots.txt?action=edit&file=spl-autoload-compat.php&path=%2Fhome2%2Fsc1juliebave%2Flecocondalfred.fr%2Fwp-includes HTTP/1.1" 200 2010 "http://lecocondalfred.fr/robots.txt?path=%2Fhome2%2Fsc1juliebave%2Flecocondalfred.fr%2Fwp-includes" "Mozilla/5.0 (Macintosh; Intel Mac OS X 10_15_5) AppleWebKit/537.36 (KHTML, like Gecko) Chrome/83.0.4103.61 Safari/537.36"
82.102.18.126 - - [14/Sep/2026:19:58:46 +0200] "GET /wp-includes/js/mediaelement/renderers//wp-includes/js/mediaelement/ HTTP/1.1" 200 5783 "-" "-"
82.102.18.126 - - [14/Sep/2026:19:58:47 +0200] "GET /wp-includes/js/plupload/ HTTP/1.1" 200 2313 "-" "-"
82.102.18.126 - - [14/Sep/2026:19:58:47 +0200] "GET /wp-includes/js/plupload//wp-includes/js/ HTTP/1.1" 200 5783 "-" "-"
82.102.18.126 - - [14/Sep/2026:19:58:47 +0200] "GET /wp-includes/js/swfupload/ HTTP/1.1" 200 1409 "-" "-"
82.102.18.126 - - [14/Sep/2026:19:58:47 +0200] "GET /wp-includes/js/swfupload//wp-includes/js/ HTTP/1.1" 200 5783 "-" "-"
82.102.18.126 - - [14/Sep/2026:19:58:48 +0200] "GET /wp-includes/js/thickbox/ HTTP/1.1" 200 1416 "-" "-"
82.102.18.126 - - [14/Sep/2026:19:58:48 +0200] "GET /wp-includes/js/thickbox//wp-includes/js/ HTTP/1.1" 200 5783 "-" "-"
82.102.18.126 - - [14/Sep/2026:19:58:49 +0200] "GET /wp-includes/js/tinymce/ HTTP/1.1" 200 2466 "-" "-"
82.102.18.126 - - [14/Sep/2026:19:58:49 +0200] "GET /wp-includes/js/tinymce//wp-includes/js/ HTTP/1.1" 200 5783 "-" "-"
82.102.18.126 - - [14/Sep/2026:19:58:49 +0200] "GET /wp-includes/js/tinymce/langs/ HTTP/1.1" 200 886 "-" "-"
82.102.18.126 - - [14/Sep/2026:19:58:49 +0200] "GET /wp-includes/js/tinymce/langs//wp-includes/js/tinymce/ HTTP/1.1" 200 5783 "-" "-"
82.102.18.126 - - [14/Sep/2026:19:58:50 +0200] "GET /wp-includes/js/tinymce/plugins/ HTTP/1.1" 200 4601 "-" "-"
82.102.18.126 - - [14/Sep/2026:19:58:50 +0200] "GET /wp-includes/js/tinymce/plugins//wp-includes/js/tinymce/ HTTP/1.1" 200 5783 "-" "-"
82.102.18.126 - - [14/Sep/2026:19:58:50 +0200] "GET /wp-includes/js/tinymce/plugins/charmap/ HTTP/1.1" 200 1090 "-" "-"
82.102.18.126 - - [14/Sep/2026:19:58:51 +0200] "GET /wp-includes/js/tinymce/plugins/charmap//wp-includes/js/tinymce/plugins/ HTTP/1.1" 200 5783 "-" "-"
82.102.18.126 - - [14/Sep/2026:19:58:51 +0200] "GET /wp-includes/js/tinymce/plugins/colorpicker/ HTTP/1.1" 200 1098 "-" "-"
82.102.18.126 - - [14/Sep/2026:19:58:51 +0200] "GET /wp-includes/js/tinymce/plugins/colorpicker//wp-includes/js/tinymce/plugins/ HTTP/1.1" 200 5783 "-" "-"
82.102.18.126 - - [14/Sep/2026:19:58:52 +0200] "GET /wp-includes/js/tinymce/plugins/compat3x/ HTTP/1.1" 200 1264 "-" "-"
108.132.131.207 - - [14/Sep/2026:19:58:51 +0200] "GET /robots.txt?action=edit&file=style-engine.php&path=%2Fhome2%2Fsc1juliebave%2Flecocondalfred.fr%2Fwp-includes HTTP/1.1" 200 10229 "http://lecocondalfred.fr/robots.txt?path=%2Fhome2%2Fsc1juliebave%2Flecocondalfred.fr%2Fwp-includes" "Mozilla/5.0 (Macintosh; Intel Mac OS X 10_15_5) AppleWebKit/537.36 (KHTML, like Gecko) Chrome/83.0.4103.61 Safari/537.36"
82.102.18.126 - - [14/Sep/2026:19:58:52 +0200] "GET /wp-includes/js/tinymce/plugins/compat3x//wp-includes/js/tinymce/plugins/ HTTP/1.1" 200 5783 "-" "-"
82.102.18.126 - - [14/Sep/2026:19:58:52 +0200] "GET /wp-includes/js/tinymce/plugins/compat3x/css/ HTTP/1.1" 200 929 "-" "-"
82.102.18.126 - - [14/Sep/2026:19:58:52 +0200] "GET /wp-includes/js/tinymce/plugins/compat3x/css//wp-includes/js/tinymce/plugins/compat3x/ HTTP/1.1" 200 5783 "-" "-"
82.102.18.126 - - [14/Sep/2026:19:58:53 +0200] "GET /wp-includes/js/tinymce/plugins/directionality/ HTTP/1.1" 200 1104 "-" "-"
82.102.18.126 - - [14/Sep/2026:19:58:53 +0200] "GET /wp-includes/js/tinymce/plugins/directionality//wp-includes/js/tinymce/plugins/ HTTP/1.1" 200 5783 "-" "-"
82.102.18.126 - - [14/Sep/2026:19:58:53 +0200] "GET /wp-includes/js/tinymce/plugins/fullscreen/ HTTP/1.1" 200 1096 "-" "-"
82.102.18.126 - - [14/Sep/2026:19:58:53 +0200] "GET /wp-includes/js/tinymce/plugins/fullscreen//wp-includes/js/tinymce/plugins/ HTTP/1.1" 200 5783 "-" "-"
82.102.18.126 - - [14/Sep/2026:19:58:54 +0200] "GET /wp-includes/js/tinymce/plugins/hr/ HTTP/1.1" 200 1080 "-" "-"
82.102.18.126 - - [14/Sep/2026:19:58:54 +0200] "GET /wp-includes/js/tinymce/plugins/hr//wp-includes/js/tinymce/plugins/ HTTP/1.1" 200 5783 "-" "-"
82.102.18.126 - - [14/Sep/2026:19:58:54 +0200] "GET /wp-includes/js/tinymce/plugins/image/ HTTP/1.1" 200 1086 "-" "-"
82.102.18.126 - - [14/Sep/2026:19:58:55 +0200] "GET /wp-includes/js/tinymce/plugins/image//wp-includes/js/tinymce/plugins/ HTTP/1.1" 200 5783 "-" "-"
82.102.18.126 - - [14/Sep/2026:19:58:55 +0200] "GET /wp-includes/js/tinymce/plugins/link/ HTTP/1.1" 200 1084 "-" "-"
82.102.18.126 - - [14/Sep/2026:19:58:55 +0200] "GET /wp-includes/js/tinymce/plugins/link//wp-includes/js/tinymce/plugins/ HTTP/1.1" 200 5783 "-" "-"
82.102.18.126 - - [14/Sep/2026:19:58:56 +0200] "GET /wp-includes/js/tinymce/plugins/lists/ HTTP/1.1" 200 1086 "-" "-"
82.102.18.126 - - [14/Sep/2026:19:58:56 +0200] "GET /wp-includes/js/tinymce/plugins/lists//wp-includes/js/tinymce/plugins/ HTTP/1.1" 200 5783 "-" "-"
108.132.131.207 - - [14/Sep/2026:19:58:56 +0200] "GET /robots.txt?action=edit&file=taxonomy.php&path=%2Fhome2%2Fsc1juliebave%2Flecocondalfred.fr%2Fwp-includes HTTP/1.1" 200 193450 "http://lecocondalfred.fr/robots.txt?path=%2Fhome2%2Fsc1juliebave%2Flecocondalfred.fr%2Fwp-includes" "Mozilla/5.0 (Macintosh; Intel Mac OS X 10_15_5) AppleWebKit/537.36 (KHTML, like Gecko) Chrome/83.0.4103.61 Safari/537.36"
82.102.18.126 - - [14/Sep/2026:19:58:56 +0200] "GET /wp-includes/js/tinymce/plugins/media/ HTTP/1.1" 200 1086 "-" "-"
82.102.18.126 - - [14/Sep/2026:19:58:56 +0200] "GET /wp-includes/js/tinymce/plugins/media//wp-includes/js/tinymce/plugins/ HTTP/1.1" 200 5783 "-" "-"
82.102.18.126 - - [14/Sep/2026:19:58:57 +0200] "GET /wp-includes/js/tinymce/plugins/paste/ HTTP/1.1" 200 1086 "-" "-"
82.102.18.126 - - [14/Sep/2026:19:58:57 +0200] "GET /wp-includes/js/tinymce/plugins/paste//wp-includes/js/tinymce/plugins/ HTTP/1.1" 200 5783 "-" "-"
82.102.18.126 - - [14/Sep/2026:19:58:58 +0200] "GET /wp-includes/js/tinymce/plugins/tabfocus/ HTTP/1.1" 200 1092 "-" "-"
82.102.18.126 - - [14/Sep/2026:19:58:58 +0200] "GET /wp-includes/js/tinymce/plugins/tabfocus//wp-includes/js/tinymce/plugins/ HTTP/1.1" 200 5783 "-" "-"
82.102.18.126 - - [14/Sep/2026:19:58:58 +0200] "GET /wp-includes/js/tinymce/plugins/textcolor/ HTTP/1.1" 200 1094 "-" "-"
82.102.18.126 - - [14/Sep/2026:19:58:58 +0200] "GET /wp-includes/js/tinymce/plugins/textcolor//wp-includes/js/tinymce/plugins/ HTTP/1.1" 200 5783 "-" "-"
82.102.18.126 - - [14/Sep/2026:19:58:59 +0200] "GET /wp-includes/js/tinymce/plugins/wordpress/ HTTP/1.1" 200 1094 "-" "-"
82.102.18.126 - - [14/Sep/2026:19:58:59 +0200] "GET /wp-includes/js/tinymce/plugins/wordpress//wp-includes/js/tinymce/plugins/ HTTP/1.1" 200 5783 "-" "-"
82.102.18.126 - - [14/Sep/2026:19:58:59 +0200] "GET /wp-includes/js/tinymce/plugins/wpautoresize/ HTTP/1.1" 200 1100 "-" "-"
82.102.18.126 - - [14/Sep/2026:19:58:59 +0200] "GET /wp-includes/js/tinymce/plugins/wpautoresize//wp-includes/js/tinymce/plugins/ HTTP/1.1" 200 5783 "-" "-"
82.102.18.126 - - [14/Sep/2026:19:59:00 +0200] "GET /wp-includes/js/tinymce/plugins/wpdialogs/ HTTP/1.1" 200 1094 "-" "-"
82.102.18.126 - - [14/Sep/2026:19:59:00 +0200] "GET /wp-includes/js/tinymce/plugins/wpdialogs//wp-includes/js/tinymce/plugins/ HTTP/1.1" 200 5783 "-" "-"
82.102.18.126 - - [14/Sep/2026:19:59:00 +0200] "GET /wp-includes/js/tinymce/plugins/wpeditimage/ HTTP/1.1" 200 1098 "-" "-"
82.102.18.126 - - [14/Sep/2026:19:59:01 +0200] "GET /wp-includes/js/tinymce/plugins/wpeditimage//wp-includes/js/tinymce/plugins/ HTTP/1.1" 200 5783 "-" "-"
82.102.18.126 - - [14/Sep/2026:19:59:01 +0200] "GET /wp-includes/js/tinymce/plugins/wpemoji/ HTTP/1.1" 200 1090 "-" "-"
108.132.131.207 - - [14/Sep/2026:19:59:01 +0200] "GET /robots.txt?action=edit&file=template-canvas.php&path=%2Fhome2%2Fsc1juliebave%2Flecocondalfred.fr%2Fwp-includes HTTP/1.1" 200 2208 "http://lecocondalfred.fr/robots.txt?path=%2Fhome2%2Fsc1juliebave%2Flecocondalfred.fr%2Fwp-includes" "Mozilla/5.0 (Macintosh; Intel Mac OS X 10_15_5) AppleWebKit/537.36 (KHTML, like Gecko) Chrome/83.0.4103.61 Safari/537.36"
82.102.18.126 - - [14/Sep/2026:19:59:01 +0200] "GET /wp-includes/js/tinymce/plugins/wpemoji//wp-includes/js/tinymce/plugins/ HTTP/1.1" 200 5783 "-" "-"
82.102.18.126 - - [14/Sep/2026:19:59:02 +0200] "GET /wp-includes/js/tinymce/plugins/wpgallery/ HTTP/1.1" 200 1094 "-" "-"
82.102.18.126 - - [14/Sep/2026:19:59:02 +0200] "GET /wp-includes/js/tinymce/plugins/wpgallery//wp-includes/js/tinymce/plugins/ HTTP/1.1" 200 5783 "-" "-"
82.102.18.126 - - [14/Sep/2026:19:59:02 +0200] "GET /wp-includes/js/tinymce/plugins/wplink/ HTTP/1.1" 200 1088 "-" "-"
82.102.18.126 - - [14/Sep/2026:19:59:02 +0200] "GET /wp-includes/js/tinymce/plugins/wplink//wp-includes/js/tinymce/plugins/ HTTP/1.1" 200 5783 "-" "-"
82.102.18.126 - - [14/Sep/2026:19:59:03 +0200] "GET /wp-includes/js/tinymce/plugins/wptextpattern/ HTTP/1.1" 200 1102 "-" "-"
82.102.18.126 - - [14/Sep/2026:19:59:03 +0200] "GET /wp-includes/js/tinymce/plugins/wptextpattern//wp-includes/js/tinymce/plugins/ HTTP/1.1" 200 5783 "-" "-"
82.102.18.126 - - [14/Sep/2026:19:59:04 +0200] "GET /wp-includes/js/tinymce/plugins/wpview/ HTTP/1.1" 200 1088 "-" "-"
82.102.18.126 - - [14/Sep/2026:19:59:04 +0200] "GET /wp-includes/js/tinymce/plugins/wpview//wp-includes/js/tinymce/plugins/ HTTP/1.1" 200 5783 "-" "-"
82.102.18.126 - - [14/Sep/2026:19:59:04 +0200] "GET /wp-includes/js/tinymce/skins/ HTTP/1.1" 200 1060 "-" "-"
82.102.18.126 - - [14/Sep/2026:19:59:04 +0200] "GET /wp-includes/js/tinymce/skins//wp-includes/js/tinymce/ HTTP/1.1" 200 5783 "-" "-"
82.102.18.126 - - [14/Sep/2026:19:59:05 +0200] "GET /wp-includes/js/tinymce/skins/lightgray/ HTTP/1.1" 200 1629 "-" "-"
82.102.18.126 - - [14/Sep/2026:19:59:05 +0200] "GET /wp-includes/js/tinymce/skins/lightgray//wp-includes/js/tinymce/skins/ HTTP/1.1" 200 5783 "-" "-"
82.102.18.126 - - [14/Sep/2026:19:59:05 +0200] "GET /wp-includes/js/tinymce/skins/lightgray/fonts/ HTTP/1.1" 200 2210 "-" "-"
82.102.18.126 - - [14/Sep/2026:19:59:05 +0200] "GET /wp-includes/js/tinymce/skins/lightgray/fonts//wp-includes/js/tinymce/skins/lightgray/ HTTP/1.1" 200 5783 "-" "-"
82.102.18.126 - - [14/Sep/2026:19:59:06 +0200] "GET /wp-includes/js/tinymce/skins/lightgray/img/ HTTP/1.1" 200 1459 "-" "-"
82.102.18.126 - - [14/Sep/2026:19:59:06 +0200] "GET /wp-includes/js/tinymce/skins/lightgray/img//wp-includes/js/tinymce/skins/lightgray/ HTTP/1.1" 200 5783 "-" "-"
82.102.18.126 - - [14/Sep/2026:19:59:06 +0200] "GET /wp-includes/js/tinymce/skins/wordpress/ HTTP/1.1" 200 1087 "-" "-"
109.234.165.65 - - [14/Sep/2026:19:59:07 +0200] "POST /wp-cron.php?doing_wp_cron=1789408747.4128880500793457031250 HTTP/1.1" 200 - "-" "WordPress/7.1; https://lecocondalfred.fr"
82.102.18.126 - - [14/Sep/2026:19:59:06 +0200] "GET /wp-includes/js/tinymce/skins/wordpress//wp-includes/js/tinymce/skins/ HTTP/1.1" 200 5783 "-" "-"
82.102.18.126 - - [14/Sep/2026:19:59:07 +0200] "GET /wp-includes/js/tinymce/skins/wordpress/images/ HTTP/1.1" 200 3464 "-" "-"
82.102.18.126 - - [14/Sep/2026:19:59:07 +0200] "GET /wp-includes/js/tinymce/skins/wordpress/images//wp-includes/js/tinymce/skins/wordpress/ HTTP/1.1" 200 5783 "-" "-"
82.102.18.126 - - [14/Sep/2026:19:59:08 +0200] "GET /wp-includes/js/tinymce/themes/ HTTP/1.1" 200 1056 "-" "-"
82.102.18.126 - - [14/Sep/2026:19:59:08 +0200] "GET /wp-includes/js/tinymce/themes//wp-includes/js/tinymce/ HTTP/1.1" 200 5783 "-" "-"
82.102.18.126 - - [14/Sep/2026:19:59:08 +0200] "GET /wp-includes/js/tinymce/themes/inlite/ HTTP/1.1" 200 1083 "-" "-"
82.102.18.126 - - [14/Sep/2026:19:59:08 +0200] "GET /wp-includes/js/tinymce/themes/inlite//wp-includes/js/tinymce/themes/ HTTP/1.1" 200 5783 "-" "-"
82.102.18.126 - - [14/Sep/2026:19:59:09 +0200] "GET /wp-includes/js/tinymce/themes/modern/ HTTP/1.1" 200 1083 "-" "-"
82.102.18.126 - - [14/Sep/2026:19:59:09 +0200] "GET /wp-includes/js/tinymce/themes/modern//wp-includes/js/tinymce/themes/ HTTP/1.1" 200 5783 "-" "-"
82.102.18.126 - - [14/Sep/2026:19:59:09 +0200] "GET /wp-includes/js/tinymce/utils/ HTTP/1.1" 200 1428 "-" "-"
108.132.131.207 - - [14/Sep/2026:19:59:09 +0200] "GET /robots.txt?action=edit&file=template-loader.php&path=%2Fhome2%2Fsc1juliebave%2Flecocondalfred.fr%2Fwp-includes HTTP/1.1" 200 6447 "http://lecocondalfred.fr/robots.txt?path=%2Fhome2%2Fsc1juliebave%2Flecocondalfred.fr%2Fwp-includes" "Mozilla/5.0 (Macintosh; Intel Mac OS X 10_15_5) AppleWebKit/537.36 (KHTML, like Gecko) Chrome/83.0.4103.61 Safari/537.36"
82.102.18.126 - - [14/Sep/2026:19:59:09 +0200] "GET /wp-includes/js/tinymce/utils//wp-includes/js/tinymce/ HTTP/1.1" 200 5783 "-" "-"
82.102.18.126 - - [14/Sep/2026:19:59:10 +0200] "GET /wp-includes/php-compat/ HTTP/1.1" 200 861 "-" "-"
82.102.18.126 - - [14/Sep/2026:19:59:10 +0200] "GET /wp-includes/PHPMailer/ HTTP/1.1" 200 1947 "-" "-"
82.102.18.126 - - [14/Sep/2026:19:59:11 +0200] "GET /wp-includes/pomo/ HTTP/1.1" 200 1741 "-" "-"
82.102.18.126 - - [14/Sep/2026:19:59:11 +0200] "GET /wp-includes/random_compat/ HTTP/1.1" 200 144063 "-" "-"
82.102.18.126 - - [14/Sep/2026:19:59:12 +0200] "GET /wp-includes/rest-api/ HTTP/1.1" 200 1793 "-" "-"
82.102.18.126 - - [14/Sep/2026:19:59:12 +0200] "GET /wp-includes/rest-api/endpoints/ HTTP/1.1" 200 10660 "-" "-"
82.102.18.126 - - [14/Sep/2026:19:59:12 +0200] "GET /wp-includes/rest-api/endpoints//wp-includes/rest-api/ HTTP/1.1" 200 5783 "-" "-"
108.132.131.207 - - [14/Sep/2026:19:59:13 +0200] "GET /robots.txt?action=edit&file=template.php&path=%2Fhome2%2Fsc1juliebave%2Flecocondalfred.fr%2Fwp-includes HTTP/1.1" 200 40491 "http://lecocondalfred.fr/robots.txt?path=%2Fhome2%2Fsc1juliebave%2Flecocondalfred.fr%2Fwp-includes" "Mozilla/5.0 (Macintosh; Intel Mac OS X 10_15_5) AppleWebKit/537.36 (KHTML, like Gecko) Chrome/83.0.4103.61 Safari/537.36"
108.132.131.207 - - [14/Sep/2026:19:59:17 +0200] "GET /robots.txt?action=edit&file=theme-i18n.json&path=%2Fhome2%2Fsc1juliebave%2Flecocondalfred.fr%2Fwp-includes HTTP/1.1" 200 4230 "http://lecocondalfred.fr/robots.txt?path=%2Fhome2%2Fsc1juliebave%2Flecocondalfred.fr%2Fwp-includes" "Mozilla/5.0 (Macintosh; Intel Mac OS X 10_15_5) AppleWebKit/537.36 (KHTML, like Gecko) Chrome/83.0.4103.61 Safari/537.36"
82.102.18.126 - - [14/Sep/2026:19:59:19 +0200] "GET /wp-includes/rest-api/fields/ HTTP/1.1" 200 1723 "-" "-"
82.102.18.126 - - [14/Sep/2026:19:59:19 +0200] "GET /wp-includes/rest-api/fields//wp-includes/rest-api/ HTTP/1.1" 200 5783 "-" "-"
82.102.18.126 - - [14/Sep/2026:19:59:20 +0200] "GET /wp-includes/rest-api/search/ HTTP/1.1" 200 1534 "-" "-"
82.102.18.126 - - [14/Sep/2026:19:59:20 +0200] "GET /wp-includes/rest-api/search//wp-includes/rest-api/ HTTP/1.1" 200 5783 "-" "-"
82.102.18.126 - - [14/Sep/2026:19:59:21 +0200] "GET /wp-includes/sitemaps/ HTTP/1.1" 200 2048 "-" "-"
82.102.18.126 - - [14/Sep/2026:19:59:21 +0200] "GET /wp-includes/sitemaps/providers/ HTTP/1.1" 200 1305 "-" "-"
82.102.18.126 - - [14/Sep/2026:19:59:21 +0200] "GET /wp-includes/sitemaps/providers//wp-includes/sitemaps/ HTTP/1.1" 200 5783 "-" "-"
108.132.131.207 - - [14/Sep/2026:19:59:22 +0200] "GET /robots.txt?action=edit&file=theme-previews.php&path=%2Fhome2%2Fsc1juliebave%2Flecocondalfred.fr%2Fwp-includes HTTP/1.1" 200 4659 "http://lecocondalfred.fr/robots.txt?path=%2Fhome2%2Fsc1juliebave%2Flecocondalfred.fr%2Fwp-includes" "Mozilla/5.0 (Macintosh; Intel Mac OS X 10_15_5) AppleWebKit/537.36 (KHTML, like Gecko) Chrome/83.0.4103.61 Safari/537.36"
82.102.18.126 - - [14/Sep/2026:19:59:23 +0200] "GET /wp-includes/sodium_compat/ HTTP/1.1" 200 1931 "-" "-"
82.102.18.126 - - [14/Sep/2026:19:59:23 +0200] "GET /wp-includes/sodium_compat/LICENSE HTTP/1.1" 200 860 "-" "-"
82.102.18.126 - - [14/Sep/2026:19:59:23 +0200] "GET /wp-includes/sodium_compat/lib/ HTTP/1.1" 200 2373 "-" "-"
82.102.18.126 - - [14/Sep/2026:19:59:23 +0200] "GET /wp-includes/sodium_compat/lib//wp-includes/sodium_compat/ HTTP/1.1" 200 5783 "-" "-"
82.102.18.126 - - [14/Sep/2026:19:59:25 +0200] "GET /wp-includes/sodium_compat/namespaced/ HTTP/1.1" 200 1428 "-" "-"
82.102.18.126 - - [14/Sep/2026:19:59:25 +0200] "GET /wp-includes/sodium_compat/namespaced//wp-includes/sodium_compat/ HTTP/1.1" 200 5783 "-" "-"
82.102.18.126 - - [14/Sep/2026:19:59:26 +0200] "GET /wp-includes/sodium_compat/namespaced/Core/ HTTP/1.1" 200 3611 "-" "-"
82.102.18.126 - - [14/Sep/2026:19:59:26 +0200] "GET /wp-includes/sodium_compat/namespaced/Core//wp-includes/sodium_compat/namespaced/ HTTP/1.1" 200 5783 "-" "-"
82.102.18.126 - - [14/Sep/2026:19:59:27 +0200] "GET /wp-includes/sodium_compat/namespaced/Core/ChaCha20/ HTTP/1.1" 200 1121 "-" "-"
108.132.131.207 - - [14/Sep/2026:19:59:26 +0200] "GET /robots.txt?action=edit&file=theme-templates.php&path=%2Fhome2%2Fsc1juliebave%2Flecocondalfred.fr%2Fwp-includes HTTP/1.1" 200 5965 "http://lecocondalfred.fr/robots.txt?path=%2Fhome2%2Fsc1juliebave%2Flecocondalfred.fr%2Fwp-includes" "Mozilla/5.0 (Macintosh; Intel Mac OS X 10_15_5) AppleWebKit/537.36 (KHTML, like Gecko) Chrome/83.0.4103.61 Safari/537.36"
82.102.18.126 - - [14/Sep/2026:19:59:27 +0200] "GET /wp-includes/sodium_compat/namespaced/Core/ChaCha20//wp-includes/sodium_compat/namespaced/Core/ HTTP/1.1" 200 5783 "-" "-"
82.102.18.126 - - [14/Sep/2026:19:59:27 +0200] "GET /wp-includes/sodium_compat/namespaced/Core/Curve25519/ HTTP/1.1" 200 1289 "-" "-"
82.102.18.126 - - [14/Sep/2026:19:59:27 +0200] "GET /wp-includes/sodium_compat/namespaced/Core/Curve25519//wp-includes/sodium_compat/namespaced/Core/ HTTP/1.1" 200 5783 "-" "-"
82.102.18.126 - - [14/Sep/2026:19:59:28 +0200] "GET /wp-includes/sodium_compat/namespaced/Core/Curve25519/Ge/ HTTP/1.1" 200 1669 "-" "-"
82.102.18.126 - - [14/Sep/2026:19:59:28 +0200] "GET /wp-includes/sodium_compat/namespaced/Core/Curve25519/Ge//wp-includes/sodium_compat/namespaced/Core/Curve25519/ HTTP/1.1" 200 5783 "-" "-"
82.102.18.126 - - [14/Sep/2026:19:59:30 +0200] "GET /wp-includes/sodium_compat/namespaced/Core/Poly1305/ HTTP/1.1" 200 944 "-" "-"
82.102.18.126 - - [14/Sep/2026:19:59:30 +0200] "GET /wp-includes/sodium_compat/namespaced/Core/Poly1305//wp-includes/sodium_compat/namespaced/Core/ HTTP/1.1" 200 5783 "-" "-"
82.102.18.126 - - [14/Sep/2026:19:59:31 +0200] "GET /wp-includes/sodium_compat/src/ HTTP/1.1" 200 2130 "-" "-"
82.102.18.126 - - [14/Sep/2026:19:59:31 +0200] "GET /wp-includes/sodium_compat/src//wp-includes/sodium_compat/ HTTP/1.1" 200 5783 "-" "-"
82.102.18.126 - - [14/Sep/2026:19:59:32 +0200] "GET /wp-includes/sodium_compat/src/Core/ HTTP/1.1" 200 5012 "-" "-"
108.132.131.207 - - [14/Sep/2026:19:59:32 +0200] "GET /robots.txt?action=edit&file=theme.json&path=%2Fhome2%2Fsc1juliebave%2Flecocondalfred.fr%2Fwp-includes HTTP/1.1" 200 15973 "http://lecocondalfred.fr/robots.txt?path=%2Fhome2%2Fsc1juliebave%2Flecocondalfred.fr%2Fwp-includes" "Mozilla/5.0 (Macintosh; Intel Mac OS X 10_15_5) AppleWebKit/537.36 (KHTML, like Gecko) Chrome/83.0.4103.61 Safari/537.36"
82.102.18.126 - - [14/Sep/2026:19:59:32 +0200] "GET /wp-includes/sodium_compat/src/Core//wp-includes/sodium_compat/src/ HTTP/1.1" 200 5783 "-" "-"
82.102.18.126 - - [14/Sep/2026:19:59:33 +0200] "GET /wp-includes/sodium_compat/src/Core/AEGIS/ HTTP/1.1" 200 1101 "-" "-"
82.102.18.126 - - [14/Sep/2026:19:59:33 +0200] "GET /wp-includes/sodium_compat/src/Core/AEGIS//wp-includes/sodium_compat/src/Core/ HTTP/1.1" 200 5783 "-" "-"
82.102.18.126 - - [14/Sep/2026:19:59:34 +0200] "GET /wp-includes/sodium_compat/src/Core/AES/ HTTP/1.1" 200 1276 "-" "-"
82.102.18.126 - - [14/Sep/2026:19:59:34 +0200] "GET /wp-includes/sodium_compat/src/Core/AES//wp-includes/sodium_compat/src/Core/ HTTP/1.1" 200 5783 "-" "-"
82.102.18.126 - - [14/Sep/2026:19:59:34 +0200] "GET /wp-includes/sodium_compat/src/Core/Base64/ HTTP/1.1" 200 1101 "-" "-"
82.102.18.126 - - [14/Sep/2026:19:59:35 +0200] "GET /wp-includes/sodium_compat/src/Core/Base64//wp-includes/sodium_compat/src/Core/ HTTP/1.1" 200 5783 "-" "-"
82.102.18.126 - - [14/Sep/2026:19:59:35 +0200] "GET /wp-includes/sodium_compat/src/Core/ChaCha20/ HTTP/1.1" 200 1100 "-" "-"
82.102.18.126 - - [14/Sep/2026:19:59:35 +0200] "GET /wp-includes/sodium_compat/src/Core/ChaCha20//wp-includes/sodium_compat/src/Core/ HTTP/1.1" 200 5783 "-" "-"
82.102.18.126 - - [14/Sep/2026:19:59:36 +0200] "GET /wp-includes/sodium_compat/src/Core/Curve25519/ HTTP/1.1" 200 1268 "-" "-"
82.102.18.126 - - [14/Sep/2026:19:59:36 +0200] "GET /wp-includes/sodium_compat/src/Core/Curve25519//wp-includes/sodium_compat/src/Core/ HTTP/1.1" 200 5783 "-" "-"
82.102.18.126 - - [14/Sep/2026:19:59:37 +0200] "GET /wp-includes/sodium_compat/src/Core/Curve25519/Ge/ HTTP/1.1" 200 1648 "-" "-"
82.102.18.126 - - [14/Sep/2026:19:59:37 +0200] "GET /wp-includes/sodium_compat/src/Core/Curve25519/Ge//wp-includes/sodium_compat/src/Core/Curve25519/ HTTP/1.1" 200 5783 "-" "-"
82.102.18.126 - - [14/Sep/2026:19:59:38 +0200] "GET /wp-includes/sodium_compat/src/Core/Poly1305/ HTTP/1.1" 200 923 "-" "-"
108.132.131.207 - - [14/Sep/2026:19:59:38 +0200] "GET /robots.txt?action=edit&file=theme.php&path=%2Fhome2%2Fsc1juliebave%2Flecocondalfred.fr%2Fwp-includes HTTP/1.1" 200 154968 "http://lecocondalfred.fr/robots.txt?path=%2Fhome2%2Fsc1juliebave%2Flecocondalfred.fr%2Fwp-includes" "Mozilla/5.0 (Macintosh; Intel Mac OS X 10_15_5) AppleWebKit/537.36 (KHTML, like Gecko) Chrome/83.0.4103.61 Safari/537.36"
82.102.18.126 - - [14/Sep/2026:19:59:38 +0200] "GET /wp-includes/sodium_compat/src/Core/Poly1305//wp-includes/sodium_compat/src/Core/ HTTP/1.1" 200 5783 "-" "-"
82.102.18.126 - - [14/Sep/2026:19:59:39 +0200] "GET /wp-includes/sodium_compat/src/Core/SecretStream/ HTTP/1.1" 200 931 "-" "-"
82.102.18.126 - - [14/Sep/2026:19:59:39 +0200] "GET /wp-includes/sodium_compat/src/Core/SecretStream//wp-includes/sodium_compat/src/Core/ HTTP/1.1" 200 5783 "-" "-"
82.102.18.126 - - [14/Sep/2026:19:59:40 +0200] "GET /wp-includes/sodium_compat/src/Core32/ HTTP/1.1" 200 4129 "-" "-"
82.102.18.126 - - [14/Sep/2026:19:59:40 +0200] "GET /wp-includes/sodium_compat/src/Core32//wp-includes/sodium_compat/src/ HTTP/1.1" 200 5783 "-" "-"
82.102.18.126 - - [14/Sep/2026:19:59:41 +0200] "GET /wp-includes/sodium_compat/src/Core32/ChaCha20/ HTTP/1.1" 200 1106 "-" "-"
82.102.18.126 - - [14/Sep/2026:19:59:41 +0200] "GET /wp-includes/sodium_compat/src/Core32/ChaCha20//wp-includes/sodium_compat/src/Core32/ HTTP/1.1" 200 5783 "-" "-"
82.102.18.126 - - [14/Sep/2026:19:59:42 +0200] "GET /wp-includes/sodium_compat/src/Core32/Curve25519/ HTTP/1.1" 200 1274 "-" "-"
82.102.18.126 - - [14/Sep/2026:19:59:42 +0200] "GET /wp-includes/sodium_compat/src/Core32/Curve25519//wp-includes/sodium_compat/src/Core32/ HTTP/1.1" 200 5783 "-" "-"
82.102.18.126 - - [14/Sep/2026:19:59:43 +0200] "GET /wp-includes/sodium_compat/src/Core32/Curve25519/Ge/ HTTP/1.1" 200 1654 "-" "-"
82.102.18.126 - - [14/Sep/2026:19:59:43 +0200] "GET /wp-includes/sodium_compat/src/Core32/Curve25519/Ge//wp-includes/sodium_compat/src/Core32/Curve25519/ HTTP/1.1" 200 5783 "-" "-"
82.102.18.126 - - [14/Sep/2026:19:59:45 +0200] "GET /wp-includes/sodium_compat/src/Core32/Poly1305/ HTTP/1.1" 200 929 "-" "-"
108.132.131.207 - - [14/Sep/2026:19:59:45 +0200] "GET /robots.txt?action=edit&file=update.php&path=%2Fhome2%2Fsc1juliebave%2Flecocondalfred.fr%2Fwp-includes HTTP/1.1" 200 44205 "http://lecocondalfred.fr/robots.txt?path=%2Fhome2%2Fsc1juliebave%2Flecocondalfred.fr%2Fwp-includes" "Mozilla/5.0 (Macintosh; Intel Mac OS X 10_15_5) AppleWebKit/537.36 (KHTML, like Gecko) Chrome/83.0.4103.61 Safari/537.36"
82.102.18.126 - - [14/Sep/2026:19:59:45 +0200] "GET /wp-includes/sodium_compat/src/Core32/Poly1305//wp-includes/sodium_compat/src/Core32/ HTTP/1.1" 200 5783 "-" "-"
82.102.18.126 - - [14/Sep/2026:19:59:46 +0200] "GET /wp-includes/sodium_compat/src/Core32/SecretStream/ HTTP/1.1" 200 937 "-" "-"
82.102.18.126 - - [14/Sep/2026:19:59:46 +0200] "GET /wp-includes/sodium_compat/src/Core32/SecretStream//wp-includes/sodium_compat/src/Core32/ HTTP/1.1" 200 5783 "-" "-"
82.102.18.126 - - [14/Sep/2026:19:59:48 +0200] "GET /wp-includes/sodium_compat/src/PHP52/ HTTP/1.1" 200 910 "-" "-"
82.102.18.126 - - [14/Sep/2026:19:59:48 +0200] "GET /wp-includes/sodium_compat/src/PHP52//wp-includes/sodium_compat/src/ HTTP/1.1" 200 5783 "-" "-"
82.102.18.126 - - [14/Sep/2026:19:59:49 +0200] "GET /wp-includes/style-engine/ HTTP/1.1" 200 1717 "-" "-"
82.102.18.126 - - [14/Sep/2026:19:59:50 +0200] "GET /wp-includes/theme-compat/ HTTP/1.1" 200 2311 "-" "-"
82.102.18.126 - - [14/Sep/2026:19:59:50 +0200] "GET /wp-includes/widgets/ HTTP/1.1" 200 4656 "-" "-"
82.102.18.126 - - [14/Sep/2026:19:59:50 +0200] "GET /wp-admin/css/colors/ectoplasm/ HTTP/1.1" 200 1610 "-" "-"
82.102.18.126 - - [14/Sep/2026:19:59:50 +0200] "GET /wp-admin/css/colors/ HTTP/1.1" 200 2800 "-" "-"
82.102.18.126 - - [14/Sep/2026:19:59:50 +0200] "GET /wp-admin/css/colors/blue/ HTTP/1.1" 200 1600 "-" "-"
82.102.18.126 - - [14/Sep/2026:19:59:50 +0200] "GET /wp-admin/css/colors/blue//wp-admin/css/colors/ HTTP/1.1" 200 5783 "-" "-"
82.102.18.126 - - [14/Sep/2026:19:59:51 +0200] "GET /wp-admin/css/colors/coffee/ HTTP/1.1" 200 1604 "-" "-"
82.102.18.126 - - [14/Sep/2026:19:59:51 +0200] "GET /wp-admin/css/colors/coffee//wp-admin/css/colors/ HTTP/1.1" 200 5783 "-" "-"
82.102.18.126 - - [14/Sep/2026:19:59:51 +0200] "GET /wp-admin/css/colors/ectoplasm//wp-admin/css/colors/ HTTP/1.1" 200 5783 "-" "-"
82.102.18.126 - - [14/Sep/2026:19:59:52 +0200] "GET /wp-admin/css/colors/light/ HTTP/1.1" 200 1602 "-" "-"
82.102.18.126 - - [14/Sep/2026:19:59:52 +0200] "GET /wp-admin/css/colors/light//wp-admin/css/colors/ HTTP/1.1" 200 5783 "-" "-"
82.102.18.126 - - [14/Sep/2026:19:59:52 +0200] "GET /wp-admin/css/colors/midnight/ HTTP/1.1" 200 1608 "-" "-"
82.102.18.126 - - [14/Sep/2026:19:59:52 +0200] "GET /wp-admin/css/colors/midnight//wp-admin/css/colors/ HTTP/1.1" 200 5783 "-" "-"
82.102.18.126 - - [14/Sep/2026:19:59:53 +0200] "GET /wp-admin/css/colors/modern/ HTTP/1.1" 200 1604 "-" "-"
82.102.18.126 - - [14/Sep/2026:19:59:53 +0200] "GET /wp-admin/css/colors/modern//wp-admin/css/colors/ HTTP/1.1" 200 5783 "-" "-"
82.102.18.126 - - [14/Sep/2026:19:59:53 +0200] "GET /wp-admin/css/colors/ocean/ HTTP/1.1" 200 1602 "-" "-"
82.102.18.126 - - [14/Sep/2026:19:59:54 +0200] "GET /wp-admin/css/colors/ocean//wp-admin/css/colors/ HTTP/1.1" 200 5783 "-" "-"
82.102.18.126 - - [14/Sep/2026:19:59:54 +0200] "GET /wp-admin/css/colors/sunrise/ HTTP/1.1" 200 1606 "-" "-"
82.102.18.126 - - [14/Sep/2026:19:59:54 +0200] "GET /wp-admin/css/colors/sunrise//wp-admin/css/colors/ HTTP/1.1" 200 5783 "-" "-"
82.102.18.126 - - [14/Sep/2026:19:59:55 +0200] "GET /admin/images/slider/ HTTP/1.1" 200 151725 "-" "-"
82.102.18.126 - - [14/Sep/2026:19:59:55 +0200] "GET /admin/fckeditor/editor/filemanager/ HTTP/1.1" 200 151749 "-" "-"
82.102.18.126 - - [14/Sep/2026:19:59:56 +0200] "GET /sites/default/files/ HTTP/1.1" 200 151725 "-" "-"
82.102.18.126 - - [14/Sep/2026:19:59:57 +0200] "GET /admin/controller/extension/extension/ HTTP/1.1" 200 151753 "-" "-"
82.102.18.126 - - [14/Sep/2026:19:59:58 +0200] "GET /modules/mod_simplefileuploadv1.3/elements/ HTTP/1.1" 200 151757 "-" "-"
108.132.131.207 - - [14/Sep/2026:19:59:58 +0200] "GET /robots.txt?action=edit&file=user.php&path=%2Fhome2%2Fsc1juliebave%2Flecocondalfred.fr%2Fwp-includes HTTP/1.1" 200 198934 "http://lecocondalfred.fr/robots.txt?path=%2Fhome2%2Fsc1juliebave%2Flecocondalfred.fr%2Fwp-includes" "Mozilla/5.0 (Macintosh; Intel Mac OS X 10_15_5) AppleWebKit/537.36 (KHTML, like Gecko) Chrome/83.0.4103.61 Safari/537.36"
82.102.18.126 - - [14/Sep/2026:19:59:58 +0200] "GET /components/ HTTP/1.1" 200 144039 "-" "-"
82.102.18.126 - - [14/Sep/2026:19:59:59 +0200] "GET /admin/uploads/images/ HTTP/1.1" 200 151729 "-" "-"
82.102.18.126 - - [14/Sep/2026:20:00:00 +0200] "GET /wp-content/plugins/classic-editor/ HTTP/1.1" 200 151745 "-" "-"
82.102.18.126 - - [14/Sep/2026:20:00:01 +0200] "GET /wp-content/fonts/ HTTP/1.1" 200 144051 "-" "-"
82.102.18.126 - - [14/Sep/2026:20:00:01 +0200] "GET /wp-content/plugins/contact-form-7/admin/js/ HTTP/1.1" 200 151761 "-" "-"
82.102.18.126 - - [14/Sep/2026:20:00:02 +0200] "GET /wp-content/plugins/contact-form-7/ HTTP/1.1" 200 151745 "-" "-"
82.102.18.126 - - [14/Sep/2026:20:00:03 +0200] "GET /wordpress/ HTTP/1.1" 200 144039 "-" "-"
82.102.18.126 - - [14/Sep/2026:20:00:04 +0200] "GET /wp-admin/images/ HTTP/1.1" 200 17293 "-" "-"
82.102.18.126 - - [14/Sep/2026:20:00:04 +0200] "GET /wp-content/plugins/wordpress-seo/js/dist/ HTTP/1.1" 200 9790 "-" "-"
82.102.18.126 - - [14/Sep/2026:20:00:04 +0200] "GET /wp-content/plugins/wordpress-seo/js/dist/externals/ HTTP/1.1" 200 4631 "-" "-"
108.132.131.207 - - [14/Sep/2026:20:00:04 +0200] "GET /robots.txt?action=edit&file=utf8.php&path=%2Fhome2%2Fsc1juliebave%2Flecocondalfred.fr%2Fwp-includes HTTP/1.1" 200 8837 "http://lecocondalfred.fr/robots.txt?path=%2Fhome2%2Fsc1juliebave%2Flecocondalfred.fr%2Fwp-includes" "Mozilla/5.0 (Macintosh; Intel Mac OS X 10_15_5) AppleWebKit/537.36 (KHTML, like Gecko) Chrome/83.0.4103.61 Safari/537.36"
82.102.18.126 - - [14/Sep/2026:20:00:04 +0200] "GET /wp-content/plugins/wordpress-seo/js/dist/externals//wp-content/plugins/wordpress-seo/js/dist/ HTTP/1.1" 200 5783 "-" "-"
82.102.18.126 - - [14/Sep/2026:20:00:05 +0200] "GET /wp-content/plugins/wordpress-seo/js/dist/languages/ HTTP/1.1" 200 4750 "-" "-"
82.102.18.126 - - [14/Sep/2026:20:00:05 +0200] "GET /wp-content/plugins/wordpress-seo/js/dist/languages//wp-content/plugins/wordpress-seo/js/dist/ HTTP/1.1" 200 5783 "-" "-"
82.102.18.126 - - [14/Sep/2026:20:00:05 +0200] "GET /wp-content/plugins/wordpress-seo/ HTTP/1.1" 200 - "-" "-"
82.102.18.126 - - [14/Sep/2026:20:00:05 +0200] "GET /js/ HTTP/1.1" 200 144027 "-" "-"
109.234.165.65 - - [14/Sep/2026:20:00:07 +0200] "POST /wp-cron.php?doing_wp_cron=1789408807.3676209449768066406250 HTTP/1.1" 200 - "-" "WordPress/7.1; https://lecocondalfred.fr"
82.102.18.126 - - [14/Sep/2026:20:00:06 +0200] "GET /wp-content/plugins/woocommerce/assets/js/ HTTP/1.1" 200 151761 "-" "-"
82.102.18.126 - - [14/Sep/2026:20:00:07 +0200] "GET /wp-content/plugins/woocommerce/ HTTP/1.1" 200 151741 "-" "-"
82.102.18.126 - - [14/Sep/2026:20:00:08 +0200] "GET /wp-admin/meta/ HTTP/1.1" 200 144047 "-" "-"
82.102.18.126 - - [14/Sep/2026:20:00:09 +0200] "GET /wp-admin/network/ HTTP/1.1" 200 7292 "-" "-"
108.132.131.207 - - [14/Sep/2026:20:00:09 +0200] "GET /robots.txt?action=edit&file=vars.php&path=%2Fhome2%2Fsc1juliebave%2Flecocondalfred.fr%2Fwp-includes HTTP/1.1" 200 9106 "http://lecocondalfred.fr/robots.txt?path=%2Fhome2%2Fsc1juliebave%2Flecocondalfred.fr%2Fwp-includes" "Mozilla/5.0 (Macintosh; Intel Mac OS X 10_15_5) AppleWebKit/537.36 (KHTML, like Gecko) Chrome/83.0.4103.61 Safari/537.36"
82.102.18.126 - - [14/Sep/2026:20:00:09 +0200] "GET /wp-admin/user/ HTTP/1.1" 200 3853 "-" "-"
82.102.18.126 - - [14/Sep/2026:20:00:10 +0200] "GET /wp-content/ HTTP/1.1" 200 - "-" "-"
82.102.18.126 - - [14/Sep/2026:20:00:10 +0200] "GET /wp-content/plugins/ HTTP/1.1" 200 - "-" "-"
82.102.18.126 - - [14/Sep/2026:20:00:10 +0200] "GET /wp-content/themes/ HTTP/1.1" 200 - "-" "-"
82.102.18.126 - - [14/Sep/2026:20:00:11 +0200] "GET /wp-admin/includes/ HTTP/1.1" 200 21031 "-" "-"
82.102.18.126 - - [14/Sep/2026:20:00:12 +0200] "GET /wp-admin/ HTTP/1.1" 200 18948 "-" "-"
82.102.18.126 - - [14/Sep/2026:20:00:12 +0200] "GET /wp-content/upgrade/ HTTP/1.1" 200 672 "-" "-"
108.132.131.207 - - [14/Sep/2026:20:00:14 +0200] "GET /robots.txt?action=edit&file=version.php&path=%2Fhome2%2Fsc1juliebave%2Flecocondalfred.fr%2Fwp-includes HTTP/1.1" 200 2728 "http://lecocondalfred.fr/robots.txt?path=%2Fhome2%2Fsc1juliebave%2Flecocondalfred.fr%2Fwp-includes" "Mozilla/5.0 (Macintosh; Intel Mac OS X 10_15_5) AppleWebKit/537.36 (KHTML, like Gecko) Chrome/83.0.4103.61 Safari/537.36"
170.106.152.218 - - [14/Sep/2026:20:00:15 +0200] "GET /?path=%2Fhome2%2Fsc1juliebave%2Flecocondalfred.fr%2Fwp-content HTTP/1.1" 200 5518 "-" "Mozilla/5.0 (iPhone; CPU iPhone OS 13_2_3 like Mac OS X) AppleWebKit/605.1.15 (KHTML, like Gecko) Version/13.0.3 Mobile/15E148 Safari/604.1"
108.132.131.207 - - [14/Sep/2026:20:00:18 +0200] "GET /robots.txt?action=edit&file=view-config.php&path=%2Fhome2%2Fsc1juliebave%2Flecocondalfred.fr%2Fwp-includes HTTP/1.1" 200 25886 "http://lecocondalfred.fr/robots.txt?path=%2Fhome2%2Fsc1juliebave%2Flecocondalfred.fr%2Fwp-includes" "Mozilla/5.0 (Macintosh; Intel Mac OS X 10_15_5) AppleWebKit/537.36 (KHTML, like Gecko) Chrome/83.0.4103.61 Safari/537.36"
108.132.131.207 - - [14/Sep/2026:20:00:25 +0200] "GET /robots.txt?action=edit&file=view-transitions.php&path=%2Fhome2%2Fsc1juliebave%2Flecocondalfred.fr%2Fwp-includes HTTP/1.1" 200 2178 "http://lecocondalfred.fr/robots.txt?path=%2Fhome2%2Fsc1juliebave%2Flecocondalfred.fr%2Fwp-includes" "Mozilla/5.0 (Macintosh; Intel Mac OS X 10_15_5) AppleWebKit/537.36 (KHTML, like Gecko) Chrome/83.0.4103.61 Safari/537.36"
108.132.131.207 - - [14/Sep/2026:20:00:29 +0200] "GET /robots.txt?action=edit&file=widgets.php&path=%2Fhome2%2Fsc1juliebave%2Flecocondalfred.fr%2Fwp-includes HTTP/1.1" 200 79102 "http://lecocondalfred.fr/robots.txt?path=%2Fhome2%2Fsc1juliebave%2Flecocondalfred.fr%2Fwp-includes" "Mozilla/5.0 (Macintosh; Intel Mac OS X 10_15_5) AppleWebKit/537.36 (KHTML, like Gecko) Chrome/83.0.4103.61 Safari/537.36"
108.132.131.207 - - [14/Sep/2026:20:00:35 +0200] "GET /robots.txt?action=edit&file=wp-db.php&path=%2Fhome2%2Fsc1juliebave%2Flecocondalfred.fr%2Fwp-includes HTTP/1.1" 200 2030 "http://lecocondalfred.fr/robots.txt?path=%2Fhome2%2Fsc1juliebave%2Flecocondalfred.fr%2Fwp-includes" "Mozilla/5.0 (Macintosh; Intel Mac OS X 10_15_5) AppleWebKit/537.36 (KHTML, like Gecko) Chrome/83.0.4103.61 Safari/537.36"
108.132.131.207 - - [14/Sep/2026:20:00:45 +0200] "GET /robots.txt?action=edit&file=wp-diff.php&path=%2Fhome2%2Fsc1juliebave%2Flecocondalfred.fr%2Fwp-includes HTTP/1.1" 200 2404 "http://lecocondalfred.fr/robots.txt?path=%2Fhome2%2Fsc1juliebave%2Flecocondalfred.fr%2Fwp-includes" "Mozilla/5.0 (Macintosh; Intel Mac OS X 10_15_5) AppleWebKit/537.36 (KHTML, like Gecko) Chrome/83.0.4103.61 Safari/537.36"
34.187.245.94 - - [14/Sep/2026:20:03:00 +0200] "GET /wordpress/ HTTP/1.1" 200 144050 "-" "Mozilla/5.0 (Linux; Android 10; vivo 1904) AppleWebKit/537.36 (KHTML, like Gecko) Chrome/117.0.5938.60 Mobile Safari/537.36"
34.187.245.94 - - [14/Sep/2026:20:03:01 +0200] "GET / HTTP/1.1" 200 5783 "-" "Mozilla/5.0 (Linux; Android 13; Infinix X688B) AppleWebKit/537.36 (KHTML, like Gecko) Chrome/124.0.6367.48 Mobile Safari/537.36"
34.187.245.94 - - [14/Sep/2026:20:03:01 +0200] "GET /old/ HTTP/1.1" 200 144042 "-" "Mozilla/5.0 (Linux; Android 14; RMX3842) AppleWebKit/537.36 (KHTML, like Gecko) Chrome/126.0.6478.44 Mobile Safari/537.36"
34.187.245.94 - - [14/Sep/2026:20:03:02 +0200] "GET /blog/ HTTP/1.1" 200 202719 "-" "Mozilla/5.0 (Windows NT 10.0; Win64; x64) AppleWebKit/537.36 (KHTML, like Gecko) Chrome/127.0.6534.42 Safari/537.36"
34.187.245.94 - - [14/Sep/2026:20:03:03 +0200] "GET /backup/ HTTP/1.1" 200 144046 "-" "Mozilla/5.0 (Linux; Android 14; RMX3842) AppleWebKit/537.36 (KHTML, like Gecko) Chrome/126.0.6478.44 Mobile Safari/537.36"
34.187.245.94 - - [14/Sep/2026:20:03:04 +0200] "GET /new/ HTTP/1.1" 200 144042 "-" "Mozilla/5.0 (Linux; U; Android 10; en-US; CPH2015) AppleWebKit/537.36 (KHTML, like Gecko) UCBrowser/13.5.8.1311 Mobile Safari/537.36"
34.187.245.94 - - [14/Sep/2026:20:03:05 +0200] "GET /wp/ HTTP/1.1" 200 629 "-" "Mozilla/5.0 (Linux; Android 13; Nokia G42 5G) AppleWebKit/537.36 (KHTML, like Gecko) Chrome/126.0.6478.41 Mobile Safari/537.36"
116.179.32.130 - - [14/Sep/2026:20:07:48 +0200] "GET /wp-json/wp/v2/posts/10041 HTTP/1.1" 200 51332 "-" "Mozilla/5.0 (compatible; Baiduspider/2.0; +http://www.baidu.com/search/spider.html)"
109.234.165.65 - - [14/Sep/2026:20:08:16 +0200] "POST /wp-cron.php?doing_wp_cron=1789409296.3543069362640380859375 HTTP/1.1" 200 - "-" "WordPress/7.1; https://lecocondalfred.fr"
116.179.37.30 - - [14/Sep/2026:20:08:15 +0200] "GET /%22https:////lecocondalfred.fr//wp-content//uploads//2026//01//game-1232879_1280-1024x682.jpg HTTP/1.1" 200 5783 "http://lecocondalfred.fr/wp-json/wp/v2/posts/10041" "Mozilla/5.0 (compatible; Baiduspider-render/2.0; +http://www.baidu.com/search/spider.html)"
43.166.237.57 - - [14/Sep/2026:20:10:58 +0200] "GET /?action=edit&file=wp-comments-post.php&path=%2Fhome2%2Fsc1juliebave%2Flecocondalfred.fr HTTP/1.1" 200 4027 "-" "Mozilla/5.0 (iPhone; CPU iPhone OS 13_2_3 like Mac OS X) AppleWebKit/605.1.15 (KHTML, like Gecko) Version/13.0.3 Mobile/15E148 Safari/604.1"
43.166.130.123 - - [14/Sep/2026:20:20:03 +0200] "GET /?action=edit&file=.htaccess&path=%2Fhome2%2Fsc1juliebave%2Flecocondalfred.fr HTTP/1.1" 406 5783 "-" "Mozilla/5.0 (iPhone; CPU iPhone OS 13_2_3 like Mac OS X) AppleWebKit/605.1.15 (KHTML, like Gecko) Version/13.0.3 Mobile/15E148 Safari/604.1"
43.166.136.202 - - [14/Sep/2026:20:31:06 +0200] "GET /?action=edit&file=license.txt&path=%2Fhome2%2Fsc1juliebave%2Flecocondalfred.fr HTTP/1.1" 200 21431 "-" "Mozilla/5.0 (iPhone; CPU iPhone OS 13_2_3 like Mac OS X) AppleWebKit/605.1.15 (KHTML, like Gecko) Version/13.0.3 Mobile/15E148 Safari/604.1"
43.157.53.115 - - [14/Sep/2026:20:41:23 +0200] "GET /?action=edit&file=temp-write-test-67585b51c23446-76053461&path=%2Fhome2%2Fsc1juliebave%2Flecocondalfred.fr%2Fwp-content HTTP/1.1" 200 1377 "-" "Mozilla/5.0 (iPhone; CPU iPhone OS 13_2_3 like Mac OS X) AppleWebKit/605.1.15 (KHTML, like Gecko) Version/13.0.3 Mobile/15E148 Safari/604.1"
43.157.149.188 - - [14/Sep/2026:20:50:14 +0200] "GET /?path=%2Fhome2%2Fsc1juliebave%2Flecocondalfred.fr%2Fwp-content%2Fuploads HTTP/1.1" 200 6814 "-" "Mozilla/5.0 (iPhone; CPU iPhone OS 13_2_3 like Mac OS X) AppleWebKit/605.1.15 (KHTML, like Gecko) Version/13.0.3 Mobile/15E148 Safari/604.1"
43.164.192.151 - - [14/Sep/2026:21:01:02 +0200] "GET /?path=/home2/sc1juliebave HTTP/1.1" 200 5682 "-" "Mozilla/5.0 (iPhone; CPU iPhone OS 13_2_3 like Mac OS X) AppleWebKit/605.1.15 (KHTML, like Gecko) Version/13.0.3 Mobile/15E148 Safari/604.1"
109.234.165.65 - - [14/Sep/2026:21:08:22 +0200] "POST /wp-cron.php?doing_wp_cron=1789412902.2422599792480468750000 HTTP/1.1" 200 - "-" "WordPress/7.1; https://lecocondalfred.fr"
43.134.56.214 - - [14/Sep/2026:21:08:21 +0200] "GET /?path=%2Fhome2%2Fsc1juliebave%2Flecocondalfred.fr%2Fcgi-bin HTTP/1.1" 200 2154 "-" "Mozilla/5.0 (iPhone; CPU iPhone OS 13_2_3 like Mac OS X) AppleWebKit/605.1.15 (KHTML, like Gecko) Version/13.0.3 Mobile/15E148 Safari/604.1"
109.234.165.65 - - [14/Sep/2026:21:19:26 +0200] "POST /wp-cron.php?doing_wp_cron=1789413566.1445910930633544921875 HTTP/1.1" 200 - "-" "WordPress/7.1; https://lecocondalfred.fr"
43.135.36.201 - - [14/Sep/2026:21:19:25 +0200] "GET /?path=/ HTTP/1.1" 200 2966 "-" "Mozilla/5.0 (iPhone; CPU iPhone OS 13_2_3 like Mac OS X) AppleWebKit/605.1.15 (KHTML, like Gecko) Version/13.0.3 Mobile/15E148 Safari/604.1"
109.234.165.65 - - [14/Sep/2026:21:28:55 +0200] "POST /wp-cron.php?doing_wp_cron=1789414135.2982079982757568359375 HTTP/1.1" 200 - "-" "WordPress/7.1; https://lecocondalfred.fr"
43.130.101.151 - - [14/Sep/2026:21:28:54 +0200] "GET /?path=/home2/sc1juliebave/lecocondalfred.fr/wp-content HTTP/1.1" 200 5518 "-" "Mozilla/5.0 (iPhone; CPU iPhone OS 13_2_3 like Mac OS X) AppleWebKit/605.1.15 (KHTML, like Gecko) Version/13.0.3 Mobile/15E148 Safari/604.1"
109.234.165.65 - - [14/Sep/2026:21:43:21 +0200] "POST /wp-cron.php?doing_wp_cron=1789415001.4057819843292236328125 HTTP/1.1" 200 - "-" "WordPress/7.1; https://lecocondalfred.fr"
43.134.163.229 - - [14/Sep/2026:21:43:20 +0200] "GET /?path=%2Fhome2%2Fsc1juliebave%2Flecocondalfred.fr%2Fwp-content%2Fuploads%2Fastra-sites HTTP/1.1" 200 2546 "-" "Mozilla/5.0 (iPhone; CPU iPhone OS 13_2_3 like Mac OS X) AppleWebKit/605.1.15 (KHTML, like Gecko) Version/13.0.3 Mobile/15E148 Safari/604.1"
109.234.165.65 - - [14/Sep/2026:21:47:11 +0200] "POST /wp-cron.php?doing_wp_cron=1789415231.3996970653533935546875 HTTP/1.1" 200 - "-" "WordPress/7.1; https://lecocondalfred.fr"
62.60.130.117 - - [14/Sep/2026:21:47:10 +0200] "GET /.vscode/sftp.json HTTP/1.1" 200 144047 "-" "Mozilla/5.0 (Windows NT 10.0; Win64; x64) AppleWebKit/537.36 (KHTML, like Gecko) Chrome/114.0.0.0 Safari/537.36"
62.60.130.117 - - [14/Sep/2026:21:47:15 +0200] "GET /sftp-config.json HTTP/1.1" 200 144043 "-" "Mozilla/5.0 (Windows NT 10.0; Win64; x64) AppleWebKit/537.36 (KHTML, like Gecko) Chrome/114.0.0.0 Safari/537.36"
109.234.165.65 - - [14/Sep/2026:21:50:11 +0200] "POST /wp-cron.php?doing_wp_cron=1789415411.9503090381622314453125 HTTP/1.1" 200 - "-" "WordPress/7.1; https://lecocondalfred.fr"
43.165.186.188 - - [14/Sep/2026:21:50:11 +0200] "GET /?path=%2Fhome2%2Fsc1juliebave%2Flecocondalfred.fr%2Fwp-content%2Fuploads%2Fwc-logs HTTP/1.1" 200 2971 "-" "Mozilla/5.0 (iPhone; CPU iPhone OS 13_2_3 like Mac OS X) AppleWebKit/605.1.15 (KHTML, like Gecko) Version/13.0.3 Mobile/15E148 Safari/604.1"
