108.132.131.207 - - [14/Sep/2026:19:46:49 +0200] "GET /robots.txt?action=edit&file=class-wp-recovery-mode.php&path=%2Fhome2%2Fsc1juliebave%2Flecocondalfred.fr%2Fwp-includes HTTP/1.1" 200 13828 "http://lecocondalfred.fr/robots.txt?path=%2Fhome2%2Fsc1juliebave%2Flecocondalfred.fr%2Fwp-includes" "Mozilla/5.0 (Macintosh; Intel Mac OS X 10_15_5) AppleWebKit/537.36 (KHTML, like Gecko) Chrome/83.0.4103.61 Safari/537.36"
108.132.131.207 - - [14/Sep/2026:19:46:53 +0200] "GET /robots.txt?action=edit&file=class-wp-rewrite.php&path=%2Fhome2%2Fsc1juliebave%2Flecocondalfred.fr%2Fwp-includes HTTP/1.1" 200 70250 "http://lecocondalfred.fr/robots.txt?path=%2Fhome2%2Fsc1juliebave%2Flecocondalfred.fr%2Fwp-includes" "Mozilla/5.0 (Macintosh; Intel Mac OS X 10_15_5) AppleWebKit/537.36 (KHTML, like Gecko) Chrome/83.0.4103.61 Safari/537.36"
108.132.131.207 - - [14/Sep/2026:19:47:03 +0200] "GET /robots.txt?action=edit&file=class-wp-role.php&path=%2Fhome2%2Fsc1juliebave%2Flecocondalfred.fr%2Fwp-includes HTTP/1.1" 200 4096 "http://lecocondalfred.fr/robots.txt?path=%2Fhome2%2Fsc1juliebave%2Flecocondalfred.fr%2Fwp-includes" "Mozilla/5.0 (Macintosh; Intel Mac OS X 10_15_5) AppleWebKit/537.36 (KHTML, like Gecko) Chrome/83.0.4103.61 Safari/537.36"
109.234.165.65 - - [14/Sep/2026:19:47:10 +0200] "POST /wp-cron.php?doing_wp_cron=1789408030.4167590141296386718750 HTTP/1.1" 200 - "-" "WordPress/7.1; https://lecocondalfred.fr"
108.132.131.207 - - [14/Sep/2026:19:47:09 +0200] "GET /robots.txt?action=edit&file=class-wp-roles.php&path=%2Fhome2%2Fsc1juliebave%2Flecocondalfred.fr%2Fwp-includes HTTP/1.1" 200 11471 "http://lecocondalfred.fr/robots.txt?path=%2Fhome2%2Fsc1juliebave%2Flecocondalfred.fr%2Fwp-includes" "Mozilla/5.0 (Macintosh; Intel Mac OS X 10_15_5) AppleWebKit/537.36 (KHTML, like Gecko) Chrome/83.0.4103.61 Safari/537.36"
108.132.131.207 - - [14/Sep/2026:19:47:15 +0200] "GET /robots.txt?action=edit&file=class-wp-script-modules.php&path=%2Fhome2%2Fsc1juliebave%2Flecocondalfred.fr%2Fwp-includes HTTP/1.1" 200 45497 "http://lecocondalfred.fr/robots.txt?path=%2Fhome2%2Fsc1juliebave%2Flecocondalfred.fr%2Fwp-includes" "Mozilla/5.0 (Macintosh; Intel Mac OS X 10_15_5) AppleWebKit/537.36 (KHTML, like Gecko) Chrome/83.0.4103.61 Safari/537.36"
108.132.131.207 - - [14/Sep/2026:19:47:25 +0200] "GET /robots.txt?action=edit&file=class-wp-scripts.php&path=%2Fhome2%2Fsc1juliebave%2Flecocondalfred.fr%2Fwp-includes HTTP/1.1" 200 40896 "http://lecocondalfred.fr/robots.txt?path=%2Fhome2%2Fsc1juliebave%2Flecocondalfred.fr%2Fwp-includes" "Mozilla/5.0 (Macintosh; Intel Mac OS X 10_15_5) AppleWebKit/537.36 (KHTML, like Gecko) Chrome/83.0.4103.61 Safari/537.36"
108.132.131.207 - - [14/Sep/2026:19:47:29 +0200] "GET /robots.txt?action=edit&file=class-wp-session-tokens.php&path=%2Fhome2%2Fsc1juliebave%2Flecocondalfred.fr%2Fwp-includes HTTP/1.1" 200 9116 "http://lecocondalfred.fr/robots.txt?path=%2Fhome2%2Fsc1juliebave%2Flecocondalfred.fr%2Fwp-includes" "Mozilla/5.0 (Macintosh; Intel Mac OS X 10_15_5) AppleWebKit/537.36 (KHTML, like Gecko) Chrome/83.0.4103.61 Safari/537.36"
108.132.131.207 - - [14/Sep/2026:19:47:33 +0200] "GET /robots.txt?action=edit&file=class-wp-simplepie-file.php&path=%2Fhome2%2Fsc1juliebave%2Flecocondalfred.fr%2Fwp-includes HTTP/1.1" 200 5280 "http://lecocondalfred.fr/robots.txt?path=%2Fhome2%2Fsc1juliebave%2Flecocondalfred.fr%2Fwp-includes" "Mozilla/5.0 (Macintosh; Intel Mac OS X 10_15_5) AppleWebKit/537.36 (KHTML, like Gecko) Chrome/83.0.4103.61 Safari/537.36"
108.132.131.207 - - [14/Sep/2026:19:47:37 +0200] "GET /robots.txt?action=edit&file=class-wp-simplepie-sanitize-kses.php&path=%2Fhome2%2Fsc1juliebave%2Flecocondalfred.fr%2Fwp-includes HTTP/1.1" 200 3579 "http://lecocondalfred.fr/robots.txt?path=%2Fhome2%2Fsc1juliebave%2Flecocondalfred.fr%2Fwp-includes" "Mozilla/5.0 (Macintosh; Intel Mac OS X 10_15_5) AppleWebKit/537.36 (KHTML, like Gecko) Chrome/83.0.4103.61 Safari/537.36"
108.132.131.207 - - [14/Sep/2026:19:47:42 +0200] "GET /robots.txt?action=edit&file=class-wp-site-query.php&path=%2Fhome2%2Fsc1juliebave%2Flecocondalfred.fr%2Fwp-includes HTTP/1.1" 200 38174 "http://lecocondalfred.fr/robots.txt?path=%2Fhome2%2Fsc1juliebave%2Flecocondalfred.fr%2Fwp-includes" "Mozilla/5.0 (Macintosh; Intel Mac OS X 10_15_5) AppleWebKit/537.36 (KHTML, like Gecko) Chrome/83.0.4103.61 Safari/537.36"
108.132.131.207 - - [14/Sep/2026:19:47:50 +0200] "GET /robots.txt?action=edit&file=class-wp-site.php&path=%2Fhome2%2Fsc1juliebave%2Flecocondalfred.fr%2Fwp-includes HTTP/1.1" 200 9951 "http://lecocondalfred.fr/robots.txt?path=%2Fhome2%2Fsc1juliebave%2Flecocondalfred.fr%2Fwp-includes" "Mozilla/5.0 (Macintosh; Intel Mac OS X 10_15_5) AppleWebKit/537.36 (KHTML, like Gecko) Chrome/83.0.4103.61 Safari/537.36"
108.132.131.207 - - [14/Sep/2026:19:47:54 +0200] "GET /robots.txt?action=edit&file=class-wp-speculation-rules.php&path=%2Fhome2%2Fsc1juliebave%2Flecocondalfred.fr%2Fwp-includes HTTP/1.1" 200 10452 "http://lecocondalfred.fr/robots.txt?path=%2Fhome2%2Fsc1juliebave%2Flecocondalfred.fr%2Fwp-includes" "Mozilla/5.0 (Macintosh; Intel Mac OS X 10_15_5) AppleWebKit/537.36 (KHTML, like Gecko) Chrome/83.0.4103.61 Safari/537.36"
109.234.165.65 - - [14/Sep/2026:19:48:02 +0200] "POST /wp-cron.php?doing_wp_cron=1789408082.1400709152221679687500 HTTP/1.1" 200 - "-" "WordPress/7.1; https://lecocondalfred.fr"
108.132.131.207 - - [14/Sep/2026:19:48:01 +0200] "GET /robots.txt?action=edit&file=class-wp-styles.php&path=%2Fhome2%2Fsc1juliebave%2Flecocondalfred.fr%2Fwp-includes HTTP/1.1" 200 16218 "http://lecocondalfred.fr/robots.txt?path=%2Fhome2%2Fsc1juliebave%2Flecocondalfred.fr%2Fwp-includes" "Mozilla/5.0 (Macintosh; Intel Mac OS X 10_15_5) AppleWebKit/537.36 (KHTML, like Gecko) Chrome/83.0.4103.61 Safari/537.36"
108.132.131.207 - - [14/Sep/2026:19:48:05 +0200] "GET /robots.txt?action=edit&file=class-wp-tax-query.php&path=%2Fhome2%2Fsc1juliebave%2Flecocondalfred.fr%2Fwp-includes HTTP/1.1" 200 23741 "http://lecocondalfred.fr/robots.txt?path=%2Fhome2%2Fsc1juliebave%2Flecocondalfred.fr%2Fwp-includes" "Mozilla/5.0 (Macintosh; Intel Mac OS X 10_15_5) AppleWebKit/537.36 (KHTML, like Gecko) Chrome/83.0.4103.61 Safari/537.36"
109.234.165.65 - - [14/Sep/2026:19:48:10 +0200] "POST /wp-cron.php?doing_wp_cron=1789408090.5480699539184570312500 HTTP/1.1" 200 - "-" "WordPress/7.1; https://lecocondalfred.fr"
108.132.131.207 - - [14/Sep/2026:19:48:10 +0200] "GET /robots.txt?action=edit&file=class-wp-taxonomy.php&path=%2Fhome2%2Fsc1juliebave%2Flecocondalfred.fr%2Fwp-includes HTTP/1.1" 200 22724 "http://lecocondalfred.fr/robots.txt?path=%2Fhome2%2Fsc1juliebave%2Flecocondalfred.fr%2Fwp-includes" "Mozilla/5.0 (Macintosh; Intel Mac OS X 10_15_5) AppleWebKit/537.36 (KHTML, like Gecko) Chrome/83.0.4103.61 Safari/537.36"
108.132.131.207 - - [14/Sep/2026:19:48:14 +0200] "GET /robots.txt?action=edit&file=class-wp-term-query.php&path=%2Fhome2%2Fsc1juliebave%2Flecocondalfred.fr%2Fwp-includes HTTP/1.1" 200 48153 "http://lecocondalfred.fr/robots.txt?path=%2Fhome2%2Fsc1juliebave%2Flecocondalfred.fr%2Fwp-includes" "Mozilla/5.0 (Macintosh; Intel Mac OS X 10_15_5) AppleWebKit/537.36 (KHTML, like Gecko) Chrome/83.0.4103.61 Safari/537.36"
108.132.131.207 - - [14/Sep/2026:19:48:26 +0200] "GET /robots.txt?action=edit&file=class-wp-term.php&path=%2Fhome2%2Fsc1juliebave%2Flecocondalfred.fr%2Fwp-includes HTTP/1.1" 406 5958 "http://lecocondalfred.fr/robots.txt?path=%2Fhome2%2Fsc1juliebave%2Flecocondalfred.fr%2Fwp-includes" "Mozilla/5.0 (Macintosh; Intel Mac OS X 10_15_5) AppleWebKit/537.36 (KHTML, like Gecko) Chrome/83.0.4103.61 Safari/537.36"
108.132.131.207 - - [14/Sep/2026:19:48:34 +0200] "GET /robots.txt?action=edit&file=class-wp-text-diff-renderer-inline.php&path=%2Fhome2%2Fsc1juliebave%2Flecocondalfred.fr%2Fwp-includes HTTP/1.1" 200 2583 "http://lecocondalfred.fr/robots.txt?path=%2Fhome2%2Fsc1juliebave%2Flecocondalfred.fr%2Fwp-includes" "Mozilla/5.0 (Macintosh; Intel Mac OS X 10_15_5) AppleWebKit/537.36 (KHTML, like Gecko) Chrome/83.0.4103.61 Safari/537.36"
108.132.131.207 - - [14/Sep/2026:19:48:38 +0200] "GET /robots.txt?action=edit&file=class-wp-text-diff-renderer-table.php&path=%2Fhome2%2Fsc1juliebave%2Flecocondalfred.fr%2Fwp-includes HTTP/1.1" 200 21959 "http://lecocondalfred.fr/robots.txt?path=%2Fhome2%2Fsc1juliebave%2Flecocondalfred.fr%2Fwp-includes" "Mozilla/5.0 (Macintosh; Intel Mac OS X 10_15_5) AppleWebKit/537.36 (KHTML, like Gecko) Chrome/83.0.4103.61 Safari/537.36"
108.132.131.207 - - [14/Sep/2026:19:48:42 +0200] "GET /robots.txt?action=edit&file=class-wp-textdomain-registry.php&path=%2Fhome2%2Fsc1juliebave%2Flecocondalfred.fr%2Fwp-includes HTTP/1.1" 200 12627 "http://lecocondalfred.fr/robots.txt?path=%2Fhome2%2Fsc1juliebave%2Flecocondalfred.fr%2Fwp-includes" "Mozilla/5.0 (Macintosh; Intel Mac OS X 10_15_5) AppleWebKit/537.36 (KHTML, like Gecko) Chrome/83.0.4103.61 Safari/537.36"
108.132.131.207 - - [14/Sep/2026:19:48:47 +0200] "GET /robots.txt?action=edit&file=class-wp-theme-json-data.php&path=%2Fhome2%2Fsc1juliebave%2Flecocondalfred.fr%2Fwp-includes HTTP/1.1" 200 3409 "http://lecocondalfred.fr/robots.txt?path=%2Fhome2%2Fsc1juliebave%2Flecocondalfred.fr%2Fwp-includes" "Mozilla/5.0 (Macintosh; Intel Mac OS X 10_15_5) AppleWebKit/537.36 (KHTML, like Gecko) Chrome/83.0.4103.61 Safari/537.36"
108.132.131.207 - - [14/Sep/2026:19:48:58 +0200] "GET /robots.txt?action=edit&file=class-wp-theme-json-resolver.php&path=%2Fhome2%2Fsc1juliebave%2Flecocondalfred.fr%2Fwp-includes HTTP/1.1" 200 40259 "http://lecocondalfred.fr/robots.txt?path=%2Fhome2%2Fsc1juliebave%2Flecocondalfred.fr%2Fwp-includes" "Mozilla/5.0 (Macintosh; Intel Mac OS X 10_15_5) AppleWebKit/537.36 (KHTML, like Gecko) Chrome/83.0.4103.61 Safari/537.36"
108.132.131.207 - - [14/Sep/2026:19:49:05 +0200] "GET /robots.txt?action=edit&file=class-wp-theme-json-schema.php&path=%2Fhome2%2Fsc1juliebave%2Flecocondalfred.fr%2Fwp-includes HTTP/1.1" 200 9616 "http://lecocondalfred.fr/robots.txt?path=%2Fhome2%2Fsc1juliebave%2Flecocondalfred.fr%2Fwp-includes" "Mozilla/5.0 (Macintosh; Intel Mac OS X 10_15_5) AppleWebKit/537.36 (KHTML, like Gecko) Chrome/83.0.4103.61 Safari/537.36"
109.234.165.65 - - [14/Sep/2026:19:49:12 +0200] "POST /wp-cron.php?doing_wp_cron=1789408152.4317278861999511718750 HTTP/1.1" 200 - "-" "WordPress/7.1; https://lecocondalfred.fr"
108.132.131.207 - - [14/Sep/2026:19:49:11 +0200] "GET /robots.txt?action=edit&file=class-wp-theme-json.php&path=%2Fhome2%2Fsc1juliebave%2Flecocondalfred.fr%2Fwp-includes HTTP/1.1" 200 249014 "http://lecocondalfred.fr/robots.txt?path=%2Fhome2%2Fsc1juliebave%2Flecocondalfred.fr%2Fwp-includes" "Mozilla/5.0 (Macintosh; Intel Mac OS X 10_15_5) AppleWebKit/537.36 (KHTML, like Gecko) Chrome/83.0.4103.61 Safari/537.36"
108.132.131.207 - - [14/Sep/2026:19:49:24 +0200] "GET /robots.txt?action=edit&file=class-wp-theme.php&path=%2Fhome2%2Fsc1juliebave%2Flecocondalfred.fr%2Fwp-includes HTTP/1.1" 200 75483 "http://lecocondalfred.fr/robots.txt?path=%2Fhome2%2Fsc1juliebave%2Flecocondalfred.fr%2Fwp-includes" "Mozilla/5.0 (Macintosh; Intel Mac OS X 10_15_5) AppleWebKit/537.36 (KHTML, like Gecko) Chrome/83.0.4103.61 Safari/537.36"
108.132.131.207 - - [14/Sep/2026:19:49:33 +0200] "GET /robots.txt?action=edit&file=class-wp-token-map.php&path=%2Fhome2%2Fsc1juliebave%2Flecocondalfred.fr%2Fwp-includes HTTP/1.1" 200 33125 "http://lecocondalfred.fr/robots.txt?path=%2Fhome2%2Fsc1juliebave%2Flecocondalfred.fr%2Fwp-includes" "Mozilla/5.0 (Macintosh; Intel Mac OS X 10_15_5) AppleWebKit/537.36 (KHTML, like Gecko) Chrome/83.0.4103.61 Safari/537.36"
108.132.131.207 - - [14/Sep/2026:19:49:37 +0200] "GET /robots.txt?action=edit&file=class-wp-url-pattern-prefixer.php&path=%2Fhome2%2Fsc1juliebave%2Flecocondalfred.fr%2Fwp-includes HTTP/1.1" 200 6624 "http://lecocondalfred.fr/robots.txt?path=%2Fhome2%2Fsc1juliebave%2Flecocondalfred.fr%2Fwp-includes" "Mozilla/5.0 (Macintosh; Intel Mac OS X 10_15_5) AppleWebKit/537.36 (KHTML, like Gecko) Chrome/83.0.4103.61 Safari/537.36"
108.132.131.207 - - [14/Sep/2026:19:49:47 +0200] "GET /robots.txt?action=edit&file=class-wp-user-meta-session-tokens.php&path=%2Fhome2%2Fsc1juliebave%2Flecocondalfred.fr%2Fwp-includes HTTP/1.1" 200 4625 "http://lecocondalfred.fr/robots.txt?path=%2Fhome2%2Fsc1juliebave%2Flecocondalfred.fr%2Fwp-includes" "Mozilla/5.0 (Macintosh; Intel Mac OS X 10_15_5) AppleWebKit/537.36 (KHTML, like Gecko) Chrome/83.0.4103.61 Safari/537.36"
43.153.135.208 - - [14/Sep/2026:19:49:47 +0200] "GET /?action=edit&file=wp-trackback.php&path=%2Fhome2%2Fsc1juliebave%2Flecocondalfred.fr HTTP/1.1" 200 7626 "-" "Mozilla/5.0 (iPhone; CPU iPhone OS 13_2_3 like Mac OS X) AppleWebKit/605.1.15 (KHTML, like Gecko) Version/13.0.3 Mobile/15E148 Safari/604.1"
108.132.131.207 - - [14/Sep/2026:19:49:52 +0200] "GET /robots.txt?action=edit&file=class-wp-user-query.php&path=%2Fhome2%2Fsc1juliebave%2Flecocondalfred.fr%2Fwp-includes HTTP/1.1" 200 51879 "http://lecocondalfred.fr/robots.txt?path=%2Fhome2%2Fsc1juliebave%2Flecocondalfred.fr%2Fwp-includes" "Mozilla/5.0 (Macintosh; Intel Mac OS X 10_15_5) AppleWebKit/537.36 (KHTML, like Gecko) Chrome/83.0.4103.61 Safari/537.36"
109.234.165.65 - - [14/Sep/2026:19:49:59 +0200] "POST /wp-cron.php?doing_wp_cron=1789408199.8224871158599853515625 HTTP/1.1" 200 - "-" "WordPress/7.1; https://lecocondalfred.fr"
108.132.131.207 - - [14/Sep/2026:19:49:59 +0200] "GET /robots.txt?action=edit&file=class-wp-user-request.php&path=%2Fhome2%2Fsc1juliebave%2Flecocondalfred.fr%2Fwp-includes HTTP/1.1" 200 4019 "http://lecocondalfred.fr/robots.txt?path=%2Fhome2%2Fsc1juliebave%2Flecocondalfred.fr%2Fwp-includes" "Mozilla/5.0 (Macintosh; Intel Mac OS X 10_15_5) AppleWebKit/537.36 (KHTML, like Gecko) Chrome/83.0.4103.61 Safari/537.36"
108.132.131.207 - - [14/Sep/2026:19:50:03 +0200] "GET /robots.txt?action=edit&file=class-wp-user.php&path=%2Fhome2%2Fsc1juliebave%2Flecocondalfred.fr%2Fwp-includes HTTP/1.1" 200 26373 "http://lecocondalfred.fr/robots.txt?path=%2Fhome2%2Fsc1juliebave%2Flecocondalfred.fr%2Fwp-includes" "Mozilla/5.0 (Macintosh; Intel Mac OS X 10_15_5) AppleWebKit/537.36 (KHTML, like Gecko) Chrome/83.0.4103.61 Safari/537.36"
109.234.165.65 - - [14/Sep/2026:19:50:11 +0200] "POST /wp-cron.php?doing_wp_cron=1789408211.3761799335479736328125 HTTP/1.1" 200 - "-" "WordPress/7.1; https://lecocondalfred.fr"
108.132.131.207 - - [14/Sep/2026:19:50:10 +0200] "GET /robots.txt?action=edit&file=class-wp-view-config-data.php&path=%2Fhome2%2Fsc1juliebave%2Flecocondalfred.fr%2Fwp-includes HTTP/1.1" 200 31915 "http://lecocondalfred.fr/robots.txt?path=%2Fhome2%2Fsc1juliebave%2Flecocondalfred.fr%2Fwp-includes" "Mozilla/5.0 (Macintosh; Intel Mac OS X 10_15_5) AppleWebKit/537.36 (KHTML, like Gecko) Chrome/83.0.4103.61 Safari/537.36"
108.132.131.207 - - [14/Sep/2026:19:50:15 +0200] "GET /robots.txt?action=edit&file=class-wp-walker.php&path=%2Fhome2%2Fsc1juliebave%2Flecocondalfred.fr%2Fwp-includes HTTP/1.1" 200 15176 "http://lecocondalfred.fr/robots.txt?path=%2Fhome2%2Fsc1juliebave%2Flecocondalfred.fr%2Fwp-includes" "Mozilla/5.0 (Macintosh; Intel Mac OS X 10_15_5) AppleWebKit/537.36 (KHTML, like Gecko) Chrome/83.0.4103.61 Safari/537.36"
108.132.131.207 - - [14/Sep/2026:19:50:23 +0200] "GET /robots.txt?action=edit&file=class-wp-widget-factory.php&path=%2Fhome2%2Fsc1juliebave%2Flecocondalfred.fr%2Fwp-includes HTTP/1.1" 200 5006 "http://lecocondalfred.fr/robots.txt?path=%2Fhome2%2Fsc1juliebave%2Flecocondalfred.fr%2Fwp-includes" "Mozilla/5.0 (Macintosh; Intel Mac OS X 10_15_5) AppleWebKit/537.36 (KHTML, like Gecko) Chrome/83.0.4103.61 Safari/537.36"
108.132.131.207 - - [14/Sep/2026:19:50:33 +0200] "GET /robots.txt?action=edit&file=class-wp-widget.php&path=%2Fhome2%2Fsc1juliebave%2Flecocondalfred.fr%2Fwp-includes HTTP/1.1" 200 21225 "http://lecocondalfred.fr/robots.txt?path=%2Fhome2%2Fsc1juliebave%2Flecocondalfred.fr%2Fwp-includes" "Mozilla/5.0 (Macintosh; Intel Mac OS X 10_15_5) AppleWebKit/537.36 (KHTML, like Gecko) Chrome/83.0.4103.61 Safari/537.36"
108.132.131.207 - - [14/Sep/2026:19:50:41 +0200] "GET /robots.txt?action=edit&file=class-wp-xmlrpc-server.php&path=%2Fhome2%2Fsc1juliebave%2Flecocondalfred.fr%2Fwp-includes HTTP/1.1" 200 246365 "http://lecocondalfred.fr/robots.txt?path=%2Fhome2%2Fsc1juliebave%2Flecocondalfred.fr%2Fwp-includes" "Mozilla/5.0 (Macintosh; Intel Mac OS X 10_15_5) AppleWebKit/537.36 (KHTML, like Gecko) Chrome/83.0.4103.61 Safari/537.36"
108.132.131.207 - - [14/Sep/2026:19:50:51 +0200] "GET /robots.txt?action=edit&file=class-wp.php&path=%2Fhome2%2Fsc1juliebave%2Flecocondalfred.fr%2Fwp-includes HTTP/1.1" 200 31050 "http://lecocondalfred.fr/robots.txt?path=%2Fhome2%2Fsc1juliebave%2Flecocondalfred.fr%2Fwp-includes" "Mozilla/5.0 (Macintosh; Intel Mac OS X 10_15_5) AppleWebKit/537.36 (KHTML, like Gecko) Chrome/83.0.4103.61 Safari/537.36"
108.132.131.207 - - [14/Sep/2026:19:50:57 +0200] "GET /robots.txt?action=edit&file=class-wpdb.php&path=%2Fhome2%2Fsc1juliebave%2Flecocondalfred.fr%2Fwp-includes HTTP/1.1" 200 133678 "http://lecocondalfred.fr/robots.txt?path=%2Fhome2%2Fsc1juliebave%2Flecocondalfred.fr%2Fwp-includes" "Mozilla/5.0 (Macintosh; Intel Mac OS X 10_15_5) AppleWebKit/537.36 (KHTML, like Gecko) Chrome/83.0.4103.61 Safari/537.36"
108.132.131.207 - - [14/Sep/2026:19:51:03 +0200] "GET /robots.txt?action=edit&file=class.wp-dependencies.php&path=%2Fhome2%2Fsc1juliebave%2Flecocondalfred.fr%2Fwp-includes HTTP/1.1" 200 1954 "http://lecocondalfred.fr/robots.txt?path=%2Fhome2%2Fsc1juliebave%2Flecocondalfred.fr%2Fwp-includes" "Mozilla/5.0 (Macintosh; Intel Mac OS X 10_15_5) AppleWebKit/537.36 (KHTML, like Gecko) Chrome/83.0.4103.61 Safari/537.36"
108.132.131.207 - - [14/Sep/2026:19:51:09 +0200] "GET /robots.txt?action=edit&file=class.wp-scripts.php&path=%2Fhome2%2Fsc1juliebave%2Flecocondalfred.fr%2Fwp-includes HTTP/1.1" 200 1919 "http://lecocondalfred.fr/robots.txt?path=%2Fhome2%2Fsc1juliebave%2Flecocondalfred.fr%2Fwp-includes" "Mozilla/5.0 (Macintosh; Intel Mac OS X 10_15_5) AppleWebKit/537.36 (KHTML, like Gecko) Chrome/83.0.4103.61 Safari/537.36"
108.132.131.207 - - [14/Sep/2026:19:51:17 +0200] "GET /robots.txt?action=edit&file=class.wp-styles.php&path=%2Fhome2%2Fsc1juliebave%2Flecocondalfred.fr%2Fwp-includes HTTP/1.1" 200 1913 "http://lecocondalfred.fr/robots.txt?path=%2Fhome2%2Fsc1juliebave%2Flecocondalfred.fr%2Fwp-includes" "Mozilla/5.0 (Macintosh; Intel Mac OS X 10_15_5) AppleWebKit/537.36 (KHTML, like Gecko) Chrome/83.0.4103.61 Safari/537.36"
108.132.131.207 - - [14/Sep/2026:19:51:22 +0200] "GET /robots.txt?action=edit&file=comment-template.php&path=%2Fhome2%2Fsc1juliebave%2Flecocondalfred.fr%2Fwp-includes HTTP/1.1" 200 115624 "http://lecocondalfred.fr/robots.txt?path=%2Fhome2%2Fsc1juliebave%2Flecocondalfred.fr%2Fwp-includes" "Mozilla/5.0 (Macintosh; Intel Mac OS X 10_15_5) AppleWebKit/537.36 (KHTML, like Gecko) Chrome/83.0.4103.61 Safari/537.36"
108.132.131.207 - - [14/Sep/2026:19:51:28 +0200] "GET /robots.txt?action=edit&file=comment.php&path=%2Fhome2%2Fsc1juliebave%2Flecocondalfred.fr%2Fwp-includes HTTP/1.1" 200 165831 "http://lecocondalfred.fr/robots.txt?path=%2Fhome2%2Fsc1juliebave%2Flecocondalfred.fr%2Fwp-includes" "Mozilla/5.0 (Macintosh; Intel Mac OS X 10_15_5) AppleWebKit/537.36 (KHTML, like Gecko) Chrome/83.0.4103.61 Safari/537.36"
108.132.131.207 - - [14/Sep/2026:19:51:40 +0200] "GET /robots.txt?action=edit&file=compat-utf8.php&path=%2Fhome2%2Fsc1juliebave%2Flecocondalfred.fr%2Fwp-includes HTTP/1.1" 200 22094 "http://lecocondalfred.fr/robots.txt?path=%2Fhome2%2Fsc1juliebave%2Flecocondalfred.fr%2Fwp-includes" "Mozilla/5.0 (Macintosh; Intel Mac OS X 10_15_5) AppleWebKit/537.36 (KHTML, like Gecko) Chrome/83.0.4103.61 Safari/537.36"
108.132.131.207 - - [14/Sep/2026:19:51:47 +0200] "GET /robots.txt?action=edit&file=compat.php&path=%2Fhome2%2Fsc1juliebave%2Flecocondalfred.fr%2Fwp-includes HTTP/1.1" 200 25103 "http://lecocondalfred.fr/robots.txt?path=%2Fhome2%2Fsc1juliebave%2Flecocondalfred.fr%2Fwp-includes" "Mozilla/5.0 (Macintosh; Intel Mac OS X 10_15_5) AppleWebKit/537.36 (KHTML, like Gecko) Chrome/83.0.4103.61 Safari/537.36"
108.132.131.207 - - [14/Sep/2026:19:51:52 +0200] "GET /robots.txt?action=edit&file=connectors.php&path=%2Fhome2%2Fsc1juliebave%2Flecocondalfred.fr%2Fwp-includes HTTP/1.1" 200 39217 "http://lecocondalfred.fr/robots.txt?path=%2Fhome2%2Fsc1juliebave%2Flecocondalfred.fr%2Fwp-includes" "Mozilla/5.0 (Macintosh; Intel Mac OS X 10_15_5) AppleWebKit/537.36 (KHTML, like Gecko) Chrome/83.0.4103.61 Safari/537.36"
82.102.18.126 - - [14/Sep/2026:19:51:53 +0200] "GET /wp-content/uploads/ HTTP/1.1" 406 144051 "-" "-"
82.102.18.126 - - [14/Sep/2026:19:51:54 +0200] "GET /wp-includes/ HTTP/1.1" 200 55658 "-" "-"
82.102.18.126 - - [14/Sep/2026:19:51:54 +0200] "GET /wp-includes/ID3/ HTTP/1.1" 200 4077 "-" "-"
82.102.18.126 - - [14/Sep/2026:19:51:54 +0200] "GET /wp-includes/ID3//wp-includes/ HTTP/1.1" 200 5783 "-" "-"
108.132.131.207 - - [14/Sep/2026:19:51:56 +0200] "GET /robots.txt?action=edit&file=cron.php&path=%2Fhome2%2Fsc1juliebave%2Flecocondalfred.fr%2Fwp-includes HTTP/1.1" 200 50406 "http://lecocondalfred.fr/robots.txt?path=%2Fhome2%2Fsc1juliebave%2Flecocondalfred.fr%2Fwp-includes" "Mozilla/5.0 (Macintosh; Intel Mac OS X 10_15_5) AppleWebKit/537.36 (KHTML, like Gecko) Chrome/83.0.4103.61 Safari/537.36"
82.102.18.126 - - [14/Sep/2026:19:51:57 +0200] "GET /wp-includes/IXR/ HTTP/1.1" 200 2573 "-" "-"
82.102.18.126 - - [14/Sep/2026:19:51:58 +0200] "GET /wp-includes/IXR//wp-includes/ HTTP/1.1" 200 5783 "-" "-"
82.102.18.126 - - [14/Sep/2026:19:52:00 +0200] "GET /wp-includes/PHPMailer/ HTTP/1.1" 200 1947 "-" "-"
108.132.131.207 - - [14/Sep/2026:19:52:00 +0200] "GET /robots.txt?action=edit&file=date.php&path=%2Fhome2%2Fsc1juliebave%2Flecocondalfred.fr%2Fwp-includes HTTP/1.1" 200 1964 "http://lecocondalfred.fr/robots.txt?path=%2Fhome2%2Fsc1juliebave%2Flecocondalfred.fr%2Fwp-includes" "Mozilla/5.0 (Macintosh; Intel Mac OS X 10_15_5) AppleWebKit/537.36 (KHTML, like Gecko) Chrome/83.0.4103.61 Safari/537.36"
82.102.18.126 - - [14/Sep/2026:19:52:00 +0200] "GET /wp-includes/PHPMailer//wp-includes/ HTTP/1.1" 200 5783 "-" "-"
82.102.18.126 - - [14/Sep/2026:19:52:02 +0200] "GET /wp-includes/Requests/ HTTP/1.1" 200 1025 "-" "-"
82.102.18.126 - - [14/Sep/2026:19:52:02 +0200] "GET /wp-includes/Requests//wp-includes/ HTTP/1.1" 200 5783 "-" "-"
82.102.18.126 - - [14/Sep/2026:19:52:03 +0200] "GET /wp-includes/Requests/library/ HTTP/1.1" 200 882 "-" "-"
82.102.18.126 - - [14/Sep/2026:19:52:03 +0200] "GET /wp-includes/Requests/library//wp-includes/Requests/ HTTP/1.1" 200 5783 "-" "-"
82.102.18.126 - - [14/Sep/2026:19:52:03 +0200] "GET /wp-includes/Requests/src/ HTTP/1.1" 200 4964 "-" "-"
82.102.18.126 - - [14/Sep/2026:19:52:03 +0200] "GET /wp-includes/Requests/src//wp-includes/Requests/ HTTP/1.1" 200 5783 "-" "-"
82.102.18.126 - - [14/Sep/2026:19:52:04 +0200] "GET /wp-includes/Requests/src/Auth/ HTTP/1.1" 200 885 "-" "-"
82.102.18.126 - - [14/Sep/2026:19:52:04 +0200] "GET /wp-includes/Requests/src/Auth//wp-includes/Requests/src/ HTTP/1.1" 200 5783 "-" "-"
82.102.18.126 - - [14/Sep/2026:19:52:05 +0200] "GET /wp-includes/Requests/src/Cookie/ HTTP/1.1" 200 887 "-" "-"
82.102.18.126 - - [14/Sep/2026:19:52:06 +0200] "GET /wp-includes/Requests/src/Cookie//wp-includes/Requests/src/ HTTP/1.1" 200 5783 "-" "-"
82.102.18.126 - - [14/Sep/2026:19:52:06 +0200] "GET /wp-includes/Requests/src/Exception/ HTTP/1.1" 200 1798 "-" "-"
108.132.131.207 - - [14/Sep/2026:19:52:06 +0200] "GET /robots.txt?action=edit&file=default-constants.php&path=%2Fhome2%2Fsc1juliebave%2Flecocondalfred.fr%2Fwp-includes HTTP/1.1" 200 14522 "http://lecocondalfred.fr/robots.txt?path=%2Fhome2%2Fsc1juliebave%2Flecocondalfred.fr%2Fwp-includes" "Mozilla/5.0 (Macintosh; Intel Mac OS X 10_15_5) AppleWebKit/537.36 (KHTML, like Gecko) Chrome/83.0.4103.61 Safari/537.36"
109.234.165.65 - - [14/Sep/2026:19:52:07 +0200] "POST /wp-cron.php?doing_wp_cron=1789408327.2221760749816894531250 HTTP/1.1" 200 - "-" "WordPress/7.1; https://lecocondalfred.fr"
82.102.18.126 - - [14/Sep/2026:19:52:06 +0200] "GET /wp-includes/Requests/src/Exception//wp-includes/Requests/src/ HTTP/1.1" 200 5783 "-" "-"
82.102.18.126 - - [14/Sep/2026:19:52:07 +0200] "GET /wp-includes/Requests/src/Exception/Http/ HTTP/1.1" 200 6715 "-" "-"
82.102.18.126 - - [14/Sep/2026:19:52:07 +0200] "GET /wp-includes/Requests/src/Exception/Http//wp-includes/Requests/src/Exception/ HTTP/1.1" 200 5783 "-" "-"
108.132.131.207 - - [14/Sep/2026:19:52:10 +0200] "GET /robots.txt?action=edit&file=default-filters.php&path=%2Fhome2%2Fsc1juliebave%2Flecocondalfred.fr%2Fwp-includes HTTP/1.1" 200 51259 "http://lecocondalfred.fr/robots.txt?path=%2Fhome2%2Fsc1juliebave%2Flecocondalfred.fr%2Fwp-includes" "Mozilla/5.0 (Macintosh; Intel Mac OS X 10_15_5) AppleWebKit/537.36 (KHTML, like Gecko) Chrome/83.0.4103.61 Safari/537.36"
82.102.18.126 - - [14/Sep/2026:19:52:14 +0200] "GET /wp-includes/Requests/src/Exception/Transport/ HTTP/1.1" 200 924 "-" "-"
109.234.165.65 - - [14/Sep/2026:19:52:15 +0200] "POST /wp-cron.php?doing_wp_cron=1789408335.2258610725402832031250 HTTP/1.1" 200 - "-" "WordPress/7.1; https://lecocondalfred.fr"
82.102.18.126 - - [14/Sep/2026:19:52:14 +0200] "GET /wp-includes/Requests/src/Exception/Transport//wp-includes/Requests/src/Exception/ HTTP/1.1" 200 5783 "-" "-"
108.132.131.207 - - [14/Sep/2026:19:52:15 +0200] "GET /robots.txt?action=edit&file=default-widgets.php&path=%2Fhome2%2Fsc1juliebave%2Flecocondalfred.fr%2Fwp-includes HTTP/1.1" 200 4038 "http://lecocondalfred.fr/robots.txt?path=%2Fhome2%2Fsc1juliebave%2Flecocondalfred.fr%2Fwp-includes" "Mozilla/5.0 (Macintosh; Intel Mac OS X 10_15_5) AppleWebKit/537.36 (KHTML, like Gecko) Chrome/83.0.4103.61 Safari/537.36"
82.102.18.126 - - [14/Sep/2026:19:52:16 +0200] "GET /wp-includes/Requests/src/Proxy/ HTTP/1.1" 200 886 "-" "-"
82.102.18.126 - - [14/Sep/2026:19:52:16 +0200] "GET /wp-includes/Requests/src/Proxy//wp-includes/Requests/src/ HTTP/1.1" 200 5783 "-" "-"
82.102.18.126 - - [14/Sep/2026:19:52:17 +0200] "GET /wp-includes/Requests/src/Response/ HTTP/1.1" 200 895 "-" "-"
82.102.18.126 - - [14/Sep/2026:19:52:17 +0200] "GET /wp-includes/Requests/src/Response//wp-includes/Requests/src/ HTTP/1.1" 200 5783 "-" "-"
82.102.18.126 - - [14/Sep/2026:19:52:18 +0200] "GET /wp-includes/Requests/src/Transport/ HTTP/1.1" 200 1075 "-" "-"
82.102.18.126 - - [14/Sep/2026:19:52:19 +0200] "GET /wp-includes/Requests/src/Transport//wp-includes/Requests/src/ HTTP/1.1" 200 5783 "-" "-"
108.132.131.207 - - [14/Sep/2026:19:52:19 +0200] "GET /robots.txt?action=edit&file=deprecated.php&path=%2Fhome2%2Fsc1juliebave%2Flecocondalfred.fr%2Fwp-includes HTTP/1.1" 200 215041 "http://lecocondalfred.fr/robots.txt?path=%2Fhome2%2Fsc1juliebave%2Flecocondalfred.fr%2Fwp-includes" "Mozilla/5.0 (Macintosh; Intel Mac OS X 10_15_5) AppleWebKit/537.36 (KHTML, like Gecko) Chrome/83.0.4103.61 Safari/537.36"
82.102.18.126 - - [14/Sep/2026:19:52:19 +0200] "GET /wp-includes/Requests/src/Utility/ HTTP/1.1" 200 1288 "-" "-"
82.102.18.126 - - [14/Sep/2026:19:52:19 +0200] "GET /wp-includes/Requests/src/Utility//wp-includes/Requests/src/ HTTP/1.1" 200 5783 "-" "-"
82.102.18.126 - - [14/Sep/2026:19:52:20 +0200] "GET /wp-includes/SimplePie/ HTTP/1.1" 200 1209 "-" "-"
82.102.18.126 - - [14/Sep/2026:19:52:20 +0200] "GET /wp-includes/SimplePie//wp-includes/ HTTP/1.1" 200 5783 "-" "-"
82.102.18.126 - - [14/Sep/2026:19:52:21 +0200] "GET /wp-includes/SimplePie/library/ HTTP/1.1" 200 1064 "-" "-"
82.102.18.126 - - [14/Sep/2026:19:52:21 +0200] "GET /wp-includes/SimplePie/library//wp-includes/SimplePie/ HTTP/1.1" 200 5783 "-" "-"
82.102.18.126 - - [14/Sep/2026:19:52:22 +0200] "GET /wp-includes/SimplePie/library/SimplePie/ HTTP/1.1" 200 5699 "-" "-"
82.102.18.126 - - [14/Sep/2026:19:52:22 +0200] "GET /wp-includes/SimplePie/library/SimplePie//wp-includes/SimplePie/library/ HTTP/1.1" 200 5783 "-" "-"
82.102.18.126 - - [14/Sep/2026:19:52:23 +0200] "GET /wp-includes/SimplePie/library/SimplePie/Cache/ HTTP/1.1" 200 1996 "-" "-"
82.102.18.126 - - [14/Sep/2026:19:52:23 +0200] "GET /wp-includes/SimplePie/library/SimplePie/Cache//wp-includes/SimplePie/library/SimplePie/ HTTP/1.1" 200 5783 "-" "-"
108.132.131.207 - - [14/Sep/2026:19:52:24 +0200] "GET /robots.txt?action=edit&file=embed-template.php&path=%2Fhome2%2Fsc1juliebave%2Flecocondalfred.fr%2Fwp-includes HTTP/1.1" 200 1902 "http://lecocondalfred.fr/robots.txt?path=%2Fhome2%2Fsc1juliebave%2Flecocondalfred.fr%2Fwp-includes" "Mozilla/5.0 (Macintosh; Intel Mac OS X 10_15_5) AppleWebKit/537.36 (KHTML, like Gecko) Chrome/83.0.4103.61 Safari/537.36"
82.102.18.126 - - [14/Sep/2026:19:52:25 +0200] "GET /wp-includes/SimplePie/library/SimplePie/Content/ HTTP/1.1" 200 932 "-" "-"
82.102.18.126 - - [14/Sep/2026:19:52:25 +0200] "GET /wp-includes/SimplePie/library/SimplePie/Content//wp-includes/SimplePie/library/SimplePie/ HTTP/1.1" 200 5783 "-" "-"
82.102.18.126 - - [14/Sep/2026:19:52:26 +0200] "GET /wp-includes/SimplePie/library/SimplePie/Content/Type/ HTTP/1.1" 200 956 "-" "-"
82.102.18.126 - - [14/Sep/2026:19:52:26 +0200] "GET /wp-includes/SimplePie/library/SimplePie/Content/Type//wp-includes/SimplePie/library/SimplePie/Content/ HTTP/1.1" 200 5783 "-" "-"
82.102.18.126 - - [14/Sep/2026:19:52:27 +0200] "GET /wp-includes/SimplePie/library/SimplePie/Decode/ HTTP/1.1" 200 930 "-" "-"
82.102.18.126 - - [14/Sep/2026:19:52:27 +0200] "GET /wp-includes/SimplePie/library/SimplePie/Decode//wp-includes/SimplePie/library/SimplePie/ HTTP/1.1" 200 5783 "-" "-"
82.102.18.126 - - [14/Sep/2026:19:52:28 +0200] "GET /wp-includes/SimplePie/library/SimplePie/Decode/HTML/ HTTP/1.1" 200 954 "-" "-"
82.102.18.126 - - [14/Sep/2026:19:52:28 +0200] "GET /wp-includes/SimplePie/library/SimplePie/Decode/HTML//wp-includes/SimplePie/library/SimplePie/Decode/ HTTP/1.1" 200 5783 "-" "-"
82.102.18.126 - - [14/Sep/2026:19:52:29 +0200] "GET /wp-includes/SimplePie/library/SimplePie/HTTP/ HTTP/1.1" 200 931 "-" "-"
82.102.18.126 - - [14/Sep/2026:19:52:29 +0200] "GET /wp-includes/SimplePie/library/SimplePie/HTTP//wp-includes/SimplePie/library/SimplePie/ HTTP/1.1" 200 5783 "-" "-"
108.132.131.207 - - [14/Sep/2026:19:52:29 +0200] "GET /robots.txt?action=edit&file=embed.php&path=%2Fhome2%2Fsc1juliebave%2Flecocondalfred.fr%2Fwp-includes HTTP/1.1" 200 45494 "http://lecocondalfred.fr/robots.txt?path=%2Fhome2%2Fsc1juliebave%2Flecocondalfred.fr%2Fwp-includes" "Mozilla/5.0 (Macintosh; Intel Mac OS X 10_15_5) AppleWebKit/537.36 (KHTML, like Gecko) Chrome/83.0.4103.61 Safari/537.36"
82.102.18.126 - - [14/Sep/2026:19:52:30 +0200] "GET /wp-includes/SimplePie/library/SimplePie/Net/ HTTP/1.1" 200 927 "-" "-"
82.102.18.126 - - [14/Sep/2026:19:52:30 +0200] "GET /wp-includes/SimplePie/library/SimplePie/Net//wp-includes/SimplePie/library/SimplePie/ HTTP/1.1" 200 5783 "-" "-"
82.102.18.126 - - [14/Sep/2026:19:52:31 +0200] "GET /wp-includes/SimplePie/library/SimplePie/Parse/ HTTP/1.1" 200 931 "-" "-"
82.102.18.126 - - [14/Sep/2026:19:52:31 +0200] "GET /wp-includes/SimplePie/library/SimplePie/Parse//wp-includes/SimplePie/library/SimplePie/ HTTP/1.1" 200 5783 "-" "-"
82.102.18.126 - - [14/Sep/2026:19:52:33 +0200] "GET /wp-includes/SimplePie/library/SimplePie/XML/ HTTP/1.1" 200 931 "-" "-"
82.102.18.126 - - [14/Sep/2026:19:52:33 +0200] "GET /wp-includes/SimplePie/library/SimplePie/XML//wp-includes/SimplePie/library/SimplePie/ HTTP/1.1" 200 5783 "-" "-"
82.102.18.126 - - [14/Sep/2026:19:52:34 +0200] "GET /wp-includes/SimplePie/library/SimplePie/XML/Declaration/ HTTP/1.1" 200 957 "-" "-"
82.102.18.126 - - [14/Sep/2026:19:52:34 +0200] "GET /wp-includes/SimplePie/library/SimplePie/XML/Declaration//wp-includes/SimplePie/library/SimplePie/XML/ HTTP/1.1" 200 5783 "-" "-"
82.102.18.126 - - [14/Sep/2026:19:52:34 +0200] "GET /wp-includes/SimplePie/src/ HTTP/1.1" 200 5678 "-" "-"
108.132.131.207 - - [14/Sep/2026:19:52:34 +0200] "GET /robots.txt?action=edit&file=error-protection.php&path=%2Fhome2%2Fsc1juliebave%2Flecocondalfred.fr%2Fwp-includes HTTP/1.1" 200 5994 "http://lecocondalfred.fr/robots.txt?path=%2Fhome2%2Fsc1juliebave%2Flecocondalfred.fr%2Fwp-includes" "Mozilla/5.0 (Macintosh; Intel Mac OS X 10_15_5) AppleWebKit/537.36 (KHTML, like Gecko) Chrome/83.0.4103.61 Safari/537.36"
82.102.18.126 - - [14/Sep/2026:19:52:35 +0200] "GET /wp-includes/SimplePie/src//wp-includes/SimplePie/ HTTP/1.1" 200 5783 "-" "-"
82.102.18.126 - - [14/Sep/2026:19:52:35 +0200] "GET /wp-includes/SimplePie/src/Cache/ HTTP/1.1" 200 2869 "-" "-"
82.102.18.126 - - [14/Sep/2026:19:52:35 +0200] "GET /wp-includes/SimplePie/src/Cache//wp-includes/SimplePie/src/ HTTP/1.1" 200 5783 "-" "-"
82.102.18.126 - - [14/Sep/2026:19:52:38 +0200] "GET /wp-includes/SimplePie/src/Content/ HTTP/1.1" 200 890 "-" "-"
82.102.18.126 - - [14/Sep/2026:19:52:38 +0200] "GET /wp-includes/SimplePie/src/Content//wp-includes/SimplePie/src/ HTTP/1.1" 200 5783 "-" "-"
82.102.18.126 - - [14/Sep/2026:19:52:39 +0200] "GET /wp-includes/SimplePie/src/Content/Type/ HTTP/1.1" 200 914 "-" "-"
82.102.18.126 - - [14/Sep/2026:19:52:39 +0200] "GET /wp-includes/SimplePie/src/Content/Type//wp-includes/SimplePie/src/Content/ HTTP/1.1" 200 5783 "-" "-"
82.102.18.126 - - [14/Sep/2026:19:52:40 +0200] "GET /wp-includes/SimplePie/src/HTTP/ HTTP/1.1" 200 2170 "-" "-"
82.102.18.126 - - [14/Sep/2026:19:52:40 +0200] "GET /wp-includes/SimplePie/src/HTTP//wp-includes/SimplePie/src/ HTTP/1.1" 200 5783 "-" "-"
108.132.131.207 - - [14/Sep/2026:19:52:42 +0200] "GET /robots.txt?action=edit&file=feed-atom-comments.php&path=%2Fhome2%2Fsc1juliebave%2Flecocondalfred.fr%2Fwp-includes HTTP/1.1" 200 8517 "http://lecocondalfred.fr/robots.txt?path=%2Fhome2%2Fsc1juliebave%2Flecocondalfred.fr%2Fwp-includes" "Mozilla/5.0 (Macintosh; Intel Mac OS X 10_15_5) AppleWebKit/537.36 (KHTML, like Gecko) Chrome/83.0.4103.61 Safari/537.36"
82.102.18.126 - - [14/Sep/2026:19:52:42 +0200] "GET /wp-includes/SimplePie/src/Net/ HTTP/1.1" 200 885 "-" "-"
109.234.165.65 - - [14/Sep/2026:19:52:43 +0200] "POST /wp-cron.php?doing_wp_cron=1789408363.3460850715637207031250 HTTP/1.1" 200 - "-" "WordPress/7.1; https://lecocondalfred.fr"
82.102.18.126 - - [14/Sep/2026:19:52:42 +0200] "GET /wp-includes/SimplePie/src/Net//wp-includes/SimplePie/src/ HTTP/1.1" 200 5783 "-" "-"
82.102.18.126 - - [14/Sep/2026:19:52:43 +0200] "GET /wp-includes/SimplePie/src/Parse/ HTTP/1.1" 200 889 "-" "-"
82.102.18.126 - - [14/Sep/2026:19:52:43 +0200] "GET /wp-includes/SimplePie/src/Parse//wp-includes/SimplePie/src/ HTTP/1.1" 200 5783 "-" "-"
82.102.18.126 - - [14/Sep/2026:19:52:46 +0200] "GET /wp-includes/SimplePie/src/XML/ HTTP/1.1" 200 889 "-" "-"
109.234.165.65 - - [14/Sep/2026:19:52:46 +0200] "POST /wp-cron.php?doing_wp_cron=1789408366.8916580677032470703125 HTTP/1.1" 200 - "-" "WordPress/7.1; https://lecocondalfred.fr"
108.132.131.207 - - [14/Sep/2026:19:52:46 +0200] "GET /robots.txt?action=edit&file=feed-atom.php&path=%2Fhome2%2Fsc1juliebave%2Flecocondalfred.fr%2Fwp-includes HTTP/1.1" 200 5715 "http://lecocondalfred.fr/robots.txt?path=%2Fhome2%2Fsc1juliebave%2Flecocondalfred.fr%2Fwp-includes" "Mozilla/5.0 (Macintosh; Intel Mac OS X 10_15_5) AppleWebKit/537.36 (KHTML, like Gecko) Chrome/83.0.4103.61 Safari/537.36"
82.102.18.126 - - [14/Sep/2026:19:52:46 +0200] "GET /wp-includes/SimplePie/src/XML//wp-includes/SimplePie/src/ HTTP/1.1" 200 5783 "-" "-"
82.102.18.126 - - [14/Sep/2026:19:52:47 +0200] "GET /wp-includes/SimplePie/src/XML/Declaration/ HTTP/1.1" 200 915 "-" "-"
82.102.18.126 - - [14/Sep/2026:19:52:47 +0200] "GET /wp-includes/SimplePie/src/XML/Declaration//wp-includes/SimplePie/src/XML/ HTTP/1.1" 200 5783 "-" "-"
82.102.18.126 - - [14/Sep/2026:19:52:47 +0200] "GET /wp-includes/Text/ HTTP/1.1" 200 1199 "-" "-"
82.102.18.126 - - [14/Sep/2026:19:52:48 +0200] "GET /wp-includes/Text//wp-includes/ HTTP/1.1" 200 5783 "-" "-"
82.102.18.126 - - [14/Sep/2026:19:52:48 +0200] "GET /wp-includes/Text/Diff/ HTTP/1.1" 200 1216 "-" "-"
82.102.18.126 - - [14/Sep/2026:19:52:48 +0200] "GET /wp-includes/Text/Diff//wp-includes/Text/ HTTP/1.1" 200 5783 "-" "-"
82.102.18.126 - - [14/Sep/2026:19:52:49 +0200] "GET /wp-includes/Text/Diff/Engine/ HTTP/1.1" 200 1413 "-" "-"
82.102.18.126 - - [14/Sep/2026:19:52:49 +0200] "GET /wp-includes/Text/Diff/Engine//wp-includes/Text/Diff/ HTTP/1.1" 200 5783 "-" "-"
82.102.18.126 - - [14/Sep/2026:19:52:50 +0200] "GET /wp-includes/Text/Diff/Renderer/ HTTP/1.1" 200 885 "-" "-"
82.102.18.126 - - [14/Sep/2026:19:52:50 +0200] "GET /wp-includes/Text/Diff/Renderer//wp-includes/Text/Diff/ HTTP/1.1" 200 5783 "-" "-"
108.132.131.207 - - [14/Sep/2026:19:52:50 +0200] "GET /robots.txt?action=edit&file=feed-rdf.php&path=%2Fhome2%2Fsc1juliebave%2Flecocondalfred.fr%2Fwp-includes HTTP/1.1" 200 4988 "http://lecocondalfred.fr/robots.txt?path=%2Fhome2%2Fsc1juliebave%2Flecocondalfred.fr%2Fwp-includes" "Mozilla/5.0 (Macintosh; Intel Mac OS X 10_15_5) AppleWebKit/537.36 (KHTML, like Gecko) Chrome/83.0.4103.61 Safari/537.36"
82.102.18.126 - - [14/Sep/2026:19:52:51 +0200] "GET /wp-includes/abilities-api/ HTTP/1.1" 200 1488 "-" "-"
82.102.18.126 - - [14/Sep/2026:19:52:51 +0200] "GET /wp-includes/abilities-api//wp-includes/ HTTP/1.1" 200 5783 "-" "-"
82.102.18.126 - - [14/Sep/2026:19:52:53 +0200] "GET /wp-includes/ai-client/ HTTP/1.1" 200 1283 "-" "-"
82.102.18.126 - - [14/Sep/2026:19:52:53 +0200] "GET /wp-includes/ai-client//wp-includes/ HTTP/1.1" 200 5783 "-" "-"
82.102.18.126 - - [14/Sep/2026:19:52:54 +0200] "GET /wp-includes/ai-client/adapters/ HTTP/1.1" 200 1533 "-" "-"
82.102.18.126 - - [14/Sep/2026:19:52:54 +0200] "GET /wp-includes/ai-client/adapters//wp-includes/ai-client/ HTTP/1.1" 200 5783 "-" "-"
82.102.18.126 - - [14/Sep/2026:19:52:55 +0200] "GET /wp-includes/assets/ HTTP/1.1" 200 1264 "-" "-"
108.132.131.207 - - [14/Sep/2026:19:52:55 +0200] "GET /robots.txt?action=edit&file=feed-rss.php&path=%2Fhome2%2Fsc1juliebave%2Flecocondalfred.fr%2Fwp-includes HTTP/1.1" 200 3118 "http://lecocondalfred.fr/robots.txt?path=%2Fhome2%2Fsc1juliebave%2Flecocondalfred.fr%2Fwp-includes" "Mozilla/5.0 (Macintosh; Intel Mac OS X 10_15_5) AppleWebKit/537.36 (KHTML, like Gecko) Chrome/83.0.4103.61 Safari/537.36"
82.102.18.126 - - [14/Sep/2026:19:52:55 +0200] "GET /wp-includes/assets//wp-includes/ HTTP/1.1" 200 5783 "-" "-"
82.102.18.126 - - [14/Sep/2026:19:52:57 +0200] "GET /wp-includes/block-bindings/ HTTP/1.1" 200 1421 "-" "-"
82.102.18.126 - - [14/Sep/2026:19:52:57 +0200] "GET /wp-includes/block-bindings//wp-includes/ HTTP/1.1" 200 5783 "-" "-"
82.102.18.126 - - [14/Sep/2026:19:52:58 +0200] "GET /wp-includes/block-patterns/ HTTP/1.1" 200 3061 "-" "-"
82.102.18.126 - - [14/Sep/2026:19:52:58 +0200] "GET /wp-includes/block-patterns//wp-includes/ HTTP/1.1" 200 5783 "-" "-"
108.132.131.207 - - [14/Sep/2026:19:52:59 +0200] "GET /robots.txt?action=edit&file=feed-rss2-comments.php&path=%2Fhome2%2Fsc1juliebave%2Flecocondalfred.fr%2Fwp-includes HTTP/1.1" 200 6515 "http://lecocondalfred.fr/robots.txt?path=%2Fhome2%2Fsc1juliebave%2Flecocondalfred.fr%2Fwp-includes" "Mozilla/5.0 (Macintosh; Intel Mac OS X 10_15_5) AppleWebKit/537.36 (KHTML, like Gecko) Chrome/83.0.4103.61 Safari/537.36"
82.102.18.126 - - [14/Sep/2026:19:53:01 +0200] "GET /wp-includes/block-supports/ HTTP/1.1" 200 4868 "-" "-"
82.102.18.126 - - [14/Sep/2026:19:53:01 +0200] "GET /wp-includes/block-supports//wp-includes/ HTTP/1.1" 200 5783 "-" "-"
82.102.18.126 - - [14/Sep/2026:19:53:05 +0200] "GET /wp-includes/blocks/ HTTP/1.1" 200 - "-" "-"
82.102.18.126 - - [14/Sep/2026:19:53:05 +0200] "GET /wp-includes/build/ HTTP/1.1" 200 1556 "-" "-"
82.102.18.126 - - [14/Sep/2026:19:53:05 +0200] "GET /wp-includes/build//wp-includes/ HTTP/1.1" 200 5783 "-" "-"
108.132.131.207 - - [14/Sep/2026:19:53:06 +0200] "GET /robots.txt?action=edit&file=feed-rss2.php&path=%2Fhome2%2Fsc1juliebave%2Flecocondalfred.fr%2Fwp-includes HTTP/1.1" 200 6382 "http://lecocondalfred.fr/robots.txt?path=%2Fhome2%2Fsc1juliebave%2Flecocondalfred.fr%2Fwp-includes" "Mozilla/5.0 (Macintosh; Intel Mac OS X 10_15_5) AppleWebKit/537.36 (KHTML, like Gecko) Chrome/83.0.4103.61 Safari/537.36"
82.102.18.126 - - [14/Sep/2026:19:53:06 +0200] "GET /wp-includes/build/pages/ HTTP/1.1" 200 1057 "-" "-"
109.234.165.65 - - [14/Sep/2026:19:53:07 +0200] "POST /wp-cron.php?doing_wp_cron=1789408387.1388180255889892578125 HTTP/1.1" 200 - "-" "WordPress/7.1; https://lecocondalfred.fr"
82.102.18.126 - - [14/Sep/2026:19:53:06 +0200] "GET /wp-includes/build/pages//wp-includes/build/ HTTP/1.1" 200 5783 "-" "-"
82.102.18.126 - - [14/Sep/2026:19:53:07 +0200] "GET /wp-includes/build/pages/font-library/ HTTP/1.1" 200 1259 "-" "-"
82.102.18.126 - - [14/Sep/2026:19:53:07 +0200] "GET /wp-includes/build/pages/font-library//wp-includes/build/pages/ HTTP/1.1" 200 5783 "-" "-"
82.102.18.126 - - [14/Sep/2026:19:53:07 +0200] "GET /wp-includes/build/pages/options-connectors/ HTTP/1.1" 200 1271 "-" "-"
82.102.18.126 - - [14/Sep/2026:19:53:07 +0200] "GET /wp-includes/build/pages/options-connectors//wp-includes/build/pages/ HTTP/1.1" 200 5783 "-" "-"
82.102.18.126 - - [14/Sep/2026:19:53:08 +0200] "GET /wp-includes/build/routes/ HTTP/1.1" 200 1412 "-" "-"
82.102.18.126 - - [14/Sep/2026:19:53:08 +0200] "GET /wp-includes/build/routes//wp-includes/build/ HTTP/1.1" 200 5783 "-" "-"
82.102.18.126 - - [14/Sep/2026:19:53:09 +0200] "GET /wp-includes/build/routes/connectors-home/ HTTP/1.1" 200 1822 "-" "-"
82.102.18.126 - - [14/Sep/2026:19:53:09 +0200] "GET /wp-includes/build/routes/connectors-home//wp-includes/build/routes/ HTTP/1.1" 200 5783 "-" "-"
82.102.18.126 - - [14/Sep/2026:19:53:10 +0200] "GET /wp-includes/build/routes/font-list/ HTTP/1.1" 200 1810 "-" "-"
108.132.131.207 - - [14/Sep/2026:19:53:09 +0200] "GET /robots.txt?action=edit&file=feed.php&path=%2Fhome2%2Fsc1juliebave%2Flecocondalfred.fr%2Fwp-includes HTTP/1.1" 200 29037 "http://lecocondalfred.fr/robots.txt?path=%2Fhome2%2Fsc1juliebave%2Flecocondalfred.fr%2Fwp-includes" "Mozilla/5.0 (Macintosh; Intel Mac OS X 10_15_5) AppleWebKit/537.36 (KHTML, like Gecko) Chrome/83.0.4103.61 Safari/537.36"
82.102.18.126 - - [14/Sep/2026:19:53:10 +0200] "GET /wp-includes/build/routes/font-list//wp-includes/build/routes/ HTTP/1.1" 200 5783 "-" "-"
82.102.18.126 - - [14/Sep/2026:19:53:11 +0200] "GET /wp-includes/build/routes/fonts-home/ HTTP/1.1" 200 1263 "-" "-"
82.102.18.126 - - [14/Sep/2026:19:53:11 +0200] "GET /wp-includes/build/routes/fonts-home//wp-includes/build/routes/ HTTP/1.1" 200 5783 "-" "-"
82.102.18.126 - - [14/Sep/2026:19:53:12 +0200] "GET /wp-includes/certificates/ HTTP/1.1" 200 866 "-" "-"
82.102.18.126 - - [14/Sep/2026:19:53:12 +0200] "GET /wp-includes/certificates//wp-includes/ HTTP/1.1" 200 5783 "-" "-"
108.132.131.207 - - [14/Sep/2026:19:53:15 +0200] "GET /robots.txt?action=edit&file=fonts.php&path=%2Fhome2%2Fsc1juliebave%2Flecocondalfred.fr%2Fwp-includes HTTP/1.1" 200 12128 "http://lecocondalfred.fr/robots.txt?path=%2Fhome2%2Fsc1juliebave%2Flecocondalfred.fr%2Fwp-includes" "Mozilla/5.0 (Macintosh; Intel Mac OS X 10_15_5) AppleWebKit/537.36 (KHTML, like Gecko) Chrome/83.0.4103.61 Safari/537.36"
109.234.165.65 - - [14/Sep/2026:19:53:20 +0200] "POST /wp-cron.php?doing_wp_cron=1789408400.5148708820343017578125 HTTP/1.1" 200 - "-" "WordPress/7.1; https://lecocondalfred.fr"
108.132.131.207 - - [14/Sep/2026:19:53:20 +0200] "GET /robots.txt?action=edit&file=formatting.php&path=%2Fhome2%2Fsc1juliebave%2Flecocondalfred.fr%2Fwp-includes HTTP/1.1" 200 505257 "http://lecocondalfred.fr/robots.txt?path=%2Fhome2%2Fsc1juliebave%2Flecocondalfred.fr%2Fwp-includes" "Mozilla/5.0 (Macintosh; Intel Mac OS X 10_15_5) AppleWebKit/537.36 (KHTML, like Gecko) Chrome/83.0.4103.61 Safari/537.36"
108.132.131.207 - - [14/Sep/2026:19:53:27 +0200] "GET /robots.txt?action=edit&file=functions.php&path=%2Fhome2%2Fsc1juliebave%2Flecocondalfred.fr%2Fwp-includes HTTP/1.1" 200 325360 "http://lecocondalfred.fr/robots.txt?path=%2Fhome2%2Fsc1juliebave%2Flecocondalfred.fr%2Fwp-includes" "Mozilla/5.0 (Macintosh; Intel Mac OS X 10_15_5) AppleWebKit/537.36 (KHTML, like Gecko) Chrome/83.0.4103.61 Safari/537.36"
82.102.18.126 - - [14/Sep/2026:19:53:33 +0200] "GET /wp-includes/css/ HTTP/1.1" 200 9594 "-" "-"
82.102.18.126 - - [14/Sep/2026:19:53:33 +0200] "GET /wp-includes/css//wp-includes/ HTTP/1.1" 200 5783 "-" "-"
82.102.18.126 - - [14/Sep/2026:19:53:34 +0200] "GET /wp-includes/css/dist/ HTTP/1.1" 200 4633 "-" "-"
82.102.18.126 - - [14/Sep/2026:19:53:34 +0200] "GET /wp-includes/css/dist//wp-includes/css/ HTTP/1.1" 200 5783 "-" "-"
82.102.18.126 - - [14/Sep/2026:19:53:34 +0200] "GET /wp-includes/css/dist/base-styles/ HTTP/1.1" 200 1469 "-" "-"
82.102.18.126 - - [14/Sep/2026:19:53:34 +0200] "GET /wp-includes/css/dist/base-styles//wp-includes/css/dist/ HTTP/1.1" 200 5783 "-" "-"
82.102.18.126 - - [14/Sep/2026:19:53:35 +0200] "GET /wp-includes/css/dist/block-directory/ HTTP/1.1" 200 1442 "-" "-"
108.132.131.207 - - [14/Sep/2026:19:53:35 +0200] "GET /robots.txt?action=edit&file=functions.wp-scripts.php&path=%2Fhome2%2Fsc1juliebave%2Flecocondalfred.fr%2Fwp-includes HTTP/1.1" 200 23815 "http://lecocondalfred.fr/robots.txt?path=%2Fhome2%2Fsc1juliebave%2Flecocondalfred.fr%2Fwp-includes" "Mozilla/5.0 (Macintosh; Intel Mac OS X 10_15_5) AppleWebKit/537.36 (KHTML, like Gecko) Chrome/83.0.4103.61 Safari/537.36"
82.102.18.126 - - [14/Sep/2026:19:53:35 +0200] "GET /wp-includes/css/dist/block-directory//wp-includes/css/dist/ HTTP/1.1" 200 5783 "-" "-"
82.102.18.126 - - [14/Sep/2026:19:53:35 +0200] "GET /wp-includes/css/dist/block-editor/ HTTP/1.1" 200 2968 "-" "-"
82.102.18.126 - - [14/Sep/2026:19:53:35 +0200] "GET /wp-includes/css/dist/block-editor//wp-includes/css/dist/ HTTP/1.1" 200 5783 "-" "-"
82.102.18.126 - - [14/Sep/2026:19:53:36 +0200] "GET /wp-includes/css/dist/block-library/ HTTP/1.1" 200 6577 "-" "-"
82.102.18.126 - - [14/Sep/2026:19:53:36 +0200] "GET /wp-includes/css/dist/block-library//wp-includes/css/dist/ HTTP/1.1" 200 5783 "-" "-"
82.102.18.126 - - [14/Sep/2026:19:53:36 +0200] "GET /wp-includes/css/dist/commands/ HTTP/1.1" 200 1428 "-" "-"
82.102.18.126 - - [14/Sep/2026:19:53:36 +0200] "GET /wp-includes/css/dist/commands//wp-includes/css/dist/ HTTP/1.1" 200 5783 "-" "-"
82.102.18.126 - - [14/Sep/2026:19:53:37 +0200] "GET /wp-includes/css/dist/components/ HTTP/1.1" 200 1432 "-" "-"
82.102.18.126 - - [14/Sep/2026:19:53:37 +0200] "GET /wp-includes/css/dist/components//wp-includes/css/dist/ HTTP/1.1" 200 5783 "-" "-"
82.102.18.126 - - [14/Sep/2026:19:53:38 +0200] "GET /wp-includes/css/dist/customize-widgets/ HTTP/1.1" 200 1446 "-" "-"
82.102.18.126 - - [14/Sep/2026:19:53:38 +0200] "GET /wp-includes/css/dist/customize-widgets//wp-includes/css/dist/ HTTP/1.1" 200 5783 "-" "-"
82.102.18.126 - - [14/Sep/2026:19:53:39 +0200] "GET /wp-includes/css/dist/edit-post/ HTTP/1.1" 200 2162 "-" "-"
108.132.131.207 - - [14/Sep/2026:19:53:39 +0200] "GET /robots.txt?action=edit&file=functions.wp-styles.php&path=%2Fhome2%2Fsc1juliebave%2Flecocondalfred.fr%2Fwp-includes HTTP/1.1" 200 10774 "http://lecocondalfred.fr/robots.txt?path=%2Fhome2%2Fsc1juliebave%2Flecocondalfred.fr%2Fwp-includes" "Mozilla/5.0 (Macintosh; Intel Mac OS X 10_15_5) AppleWebKit/537.36 (KHTML, like Gecko) Chrome/83.0.4103.61 Safari/537.36"
82.102.18.126 - - [14/Sep/2026:19:53:39 +0200] "GET /wp-includes/css/dist/edit-post//wp-includes/css/dist/ HTTP/1.1" 200 5783 "-" "-"
82.102.18.126 - - [14/Sep/2026:19:53:39 +0200] "GET /wp-includes/css/dist/edit-site/ HTTP/1.1" 200 1430 "-" "-"
82.102.18.126 - - [14/Sep/2026:19:53:39 +0200] "GET /wp-includes/css/dist/edit-site//wp-includes/css/dist/ HTTP/1.1" 200 5783 "-" "-"
82.102.18.126 - - [14/Sep/2026:19:53:40 +0200] "GET /wp-includes/css/dist/edit-widgets/ HTTP/1.1" 200 1436 "-" "-"
82.102.18.126 - - [14/Sep/2026:19:53:40 +0200] "GET /wp-includes/css/dist/edit-widgets//wp-includes/css/dist/ HTTP/1.1" 200 5783 "-" "-"
82.102.18.126 - - [14/Sep/2026:19:53:40 +0200] "GET /wp-includes/css/dist/editor/ HTTP/1.1" 200 1424 "-" "-"
82.102.18.126 - - [14/Sep/2026:19:53:41 +0200] "GET /wp-includes/css/dist/editor//wp-includes/css/dist/ HTTP/1.1" 200 5783 "-" "-"
82.102.18.126 - - [14/Sep/2026:19:53:41 +0200] "GET /wp-includes/css/dist/format-library/ HTTP/1.1" 200 1440 "-" "-"
82.102.18.126 - - [14/Sep/2026:19:53:41 +0200] "GET /wp-includes/css/dist/format-library//wp-includes/css/dist/ HTTP/1.1" 200 5783 "-" "-"
82.102.18.126 - - [14/Sep/2026:19:53:42 +0200] "GET /wp-includes/css/dist/list-reusable-blocks/ HTTP/1.1" 200 1452 "-" "-"
82.102.18.126 - - [14/Sep/2026:19:53:42 +0200] "GET /wp-includes/css/dist/list-reusable-blocks//wp-includes/css/dist/ HTTP/1.1" 200 5783 "-" "-"
82.102.18.126 - - [14/Sep/2026:19:53:42 +0200] "GET /wp-includes/css/dist/media-utils/ HTTP/1.1" 200 1434 "-" "-"
82.102.18.126 - - [14/Sep/2026:19:53:42 +0200] "GET /wp-includes/css/dist/media-utils//wp-includes/css/dist/ HTTP/1.1" 200 5783 "-" "-"
82.102.18.126 - - [14/Sep/2026:19:53:43 +0200] "GET /wp-includes/css/dist/notices/ HTTP/1.1" 200 1426 "-" "-"
82.102.18.126 - - [14/Sep/2026:19:53:43 +0200] "GET /wp-includes/css/dist/notices//wp-includes/css/dist/ HTTP/1.1" 200 5783 "-" "-"
82.102.18.126 - - [14/Sep/2026:19:53:43 +0200] "GET /wp-includes/css/dist/nux/ HTTP/1.1" 200 1418 "-" "-"
82.102.18.126 - - [14/Sep/2026:19:53:43 +0200] "GET /wp-includes/css/dist/nux//wp-includes/css/dist/ HTTP/1.1" 200 5783 "-" "-"
82.102.18.126 - - [14/Sep/2026:19:53:44 +0200] "GET /wp-includes/css/dist/patterns/ HTTP/1.1" 200 1428 "-" "-"
108.132.131.207 - - [14/Sep/2026:19:53:44 +0200] "GET /robots.txt?action=edit&file=general-template.php&path=%2Fhome2%2Fsc1juliebave%2Flecocondalfred.fr%2Fwp-includes HTTP/1.1" 200 210262 "http://lecocondalfred.fr/robots.txt?path=%2Fhome2%2Fsc1juliebave%2Flecocondalfred.fr%2Fwp-includes" "Mozilla/5.0 (Macintosh; Intel Mac OS X 10_15_5) AppleWebKit/537.36 (KHTML, like Gecko) Chrome/83.0.4103.61 Safari/537.36"
82.102.18.126 - - [14/Sep/2026:19:53:44 +0200] "GET /wp-includes/css/dist/patterns//wp-includes/css/dist/ HTTP/1.1" 200 5783 "-" "-"
82.102.18.126 - - [14/Sep/2026:19:53:44 +0200] "GET /wp-includes/css/dist/preferences/ HTTP/1.1" 200 1434 "-" "-"
